Jun 11 07:13:08.176150 np0000002582 devstack@placement-api.service[92207]: DEBUG placement.requestlog [req-6ee91726-31f8-4a2d-af94-dd3fa31fdb95 req-f4fe100b-5d52-4b34-b7dc-2cf9189c652a None None] Starting request: 10.4.3.53 "GET /placement/allocations/80a824eb-4139-4063-ac4b-9ebf285499a1" {{(pid=92207) __call__ /opt/stack/placement/placement/requestlog.py:55}}
Jun 11 07:13:08.196788 np0000002582 devstack@placement-api.service[92207]: INFO placement.requestlog [req-6ee91726-31f8-4a2d-af94-dd3fa31fdb95 req-f4fe100b-5d52-4b34-b7dc-2cf9189c652a service nova] 10.4.3.53 "GET /placement/allocations/80a824eb-4139-4063-ac4b-9ebf285499a1" status: 200 len: 244 microversion: 1.28
Jun 11 07:13:08.197942 np0000002582 devstack@placement-api.service[92207]: [pid: 92207|app: 0|req: 254/752] 10.4.3.53 () {68 vars in 1492 bytes} [Thu Jun 11 07:13:08 2026] GET /placement/allocations/80a824eb-4139-4063-ac4b-9ebf285499a1 => generated 244 bytes in 23 msecs (HTTP/1.1 200) 8 headers in 296 bytes (1 switches on core 0)
Jun 11 07:13:08.263217 np0000002582 devstack@placement-api.service[92209]: DEBUG placement.requestlog [req-6ee91726-31f8-4a2d-af94-dd3fa31fdb95 req-7f85b558-7bbd-4f66-95bb-b354e6d5f045 None None] Starting request: 10.4.3.53 "GET /placement/allocations/8f2efc21-3cac-498f-9234-8c97b281edc0" {{(pid=92209) __call__ /opt/stack/placement/placement/requestlog.py:55}}
Jun 11 07:13:08.278872 np0000002582 devstack@placement-api.service[92209]: INFO placement.requestlog [req-6ee91726-31f8-4a2d-af94-dd3fa31fdb95 req-7f85b558-7bbd-4f66-95bb-b354e6d5f045 service nova] 10.4.3.53 "GET /placement/allocations/8f2efc21-3cac-498f-9234-8c97b281edc0" status: 200 len: 258 microversion: 1.28
Jun 11 07:13:08.279279 np0000002582 devstack@placement-api.service[92209]: [pid: 92209|app: 0|req: 249/753] 10.4.3.53 () {68 vars in 1492 bytes} [Thu Jun 11 07:13:08 2026] GET /placement/allocations/8f2efc21-3cac-498f-9234-8c97b281edc0 => generated 258 bytes in 16 msecs (HTTP/1.1 200) 8 headers in 296 bytes (1 switches on core 0)
Jun 11 07:13:08.344093 np0000002582 devstack@placement-api.service[92208]: DEBUG placement.requestlog [req-6ee91726-31f8-4a2d-af94-dd3fa31fdb95 req-b3a60762-cc56-4ee8-8104-a0581ce4bab1 None None] Starting request: 10.4.3.53 "GET /placement/allocations/5324280a-82c5-4c70-9cf3-2c1106e4307c" {{(pid=92208) __call__ /opt/stack/placement/placement/requestlog.py:55}}
Jun 11 07:13:08.366745 np0000002582 devstack@placement-api.service[92208]: INFO placement.requestlog [req-6ee91726-31f8-4a2d-af94-dd3fa31fdb95 req-b3a60762-cc56-4ee8-8104-a0581ce4bab1 service nova] 10.4.3.53 "GET /placement/allocations/5324280a-82c5-4c70-9cf3-2c1106e4307c" status: 200 len: 244 microversion: 1.28
Jun 11 07:13:08.367732 np0000002582 devstack@placement-api.service[92208]: [pid: 92208|app: 0|req: 251/754] 10.4.3.53 () {68 vars in 1492 bytes} [Thu Jun 11 07:13:08 2026] GET /placement/allocations/5324280a-82c5-4c70-9cf3-2c1106e4307c => generated 244 bytes in 24 msecs (HTTP/1.1 200) 8 headers in 296 bytes (1 switches on core 0)
Jun 11 07:13:10.658757 np0000002582 devstack@placement-api.service[92207]: DEBUG placement.requestlog [None req-9a129a11-cfd3-4230-a555-3aa2bf8d74e8 None None] Starting request: 10.4.3.53 "GET /placement/resource_providers/112d0412-b4bf-456e-9075-e32794d6bfba/aggregates" {{(pid=92207) __call__ /opt/stack/placement/placement/requestlog.py:55}}
Jun 11 07:13:10.670431 np0000002582 devstack@placement-api.service[92207]: INFO placement.requestlog [None req-9a129a11-cfd3-4230-a555-3aa2bf8d74e8 service placement] 10.4.3.53 "GET /placement/resource_providers/112d0412-b4bf-456e-9075-e32794d6bfba/aggregates" status: 404 len: 235 microversion: 1.1
Jun 11 07:13:10.670832 np0000002582 devstack@placement-api.service[92207]: [pid: 92207|app: 0|req: 255/755] 10.4.3.53 () {66 vars in 1467 bytes} [Thu Jun 11 07:13:10 2026] GET /placement/resource_providers/112d0412-b4bf-456e-9075-e32794d6bfba/aggregates => generated 235 bytes in 12 msecs (HTTP/1.1 404) 5 headers in 202 bytes (1 switches on core 0)
Jun 11 07:13:10.727066 np0000002582 devstack@placement-api.service[92209]: DEBUG placement.requestlog [None req-f74f08ac-1e7e-49fd-9f4b-26a053069f81 None None] Starting request: 10.4.3.53 "DELETE /placement/resource_providers/112d0412-b4bf-456e-9075-e32794d6bfba" {{(pid=92209) __call__ /opt/stack/placement/placement/requestlog.py:55}}
Jun 11 07:13:10.741582 np0000002582 devstack@placement-api.service[92209]: DEBUG placement.wsgi_wrapper [None req-f74f08ac-1e7e-49fd-9f4b-26a053069f81 service placement] Placement API returning an error response: No resource provider with uuid 112d0412-b4bf-456e-9075-e32794d6bfba found for delete {{(pid=92209) call_func /opt/stack/placement/placement/wsgi_wrapper.py:31}}
Jun 11 07:13:10.744856 np0000002582 devstack@placement-api.service[92209]: INFO placement.requestlog [None req-f74f08ac-1e7e-49fd-9f4b-26a053069f81 service placement] 10.4.3.53 "DELETE /placement/resource_providers/112d0412-b4bf-456e-9075-e32794d6bfba" status: 404 len: 246 microversion: 1.1
Jun 11 07:13:10.744856 np0000002582 devstack@placement-api.service[92209]: [pid: 92209|app: 0|req: 250/756] 10.4.3.53 () {68 vars in 1456 bytes} [Thu Jun 11 07:13:10 2026] DELETE /placement/resource_providers/112d0412-b4bf-456e-9075-e32794d6bfba => generated 246 bytes in 16 msecs (HTTP/1.1 404) 6 headers in 231 bytes (1 switches on core 0)
Jun 11 07:13:12.814169 np0000002582 devstack@placement-api.service[92208]: DEBUG placement.requestlog [None req-c532ee1f-93d2-4b3c-931c-1f0cd01cef64 None None] Starting request: 10.4.3.53 "GET /placement/resource_providers/f7c86357-dc88-475d-ba89-cbeecf77aff3/aggregates" {{(pid=92208) __call__ /opt/stack/placement/placement/requestlog.py:55}}
Jun 11 07:13:12.826630 np0000002582 devstack@placement-api.service[92208]: INFO placement.requestlog [None req-c532ee1f-93d2-4b3c-931c-1f0cd01cef64 service placement] 10.4.3.53 "GET /placement/resource_providers/f7c86357-dc88-475d-ba89-cbeecf77aff3/aggregates" status: 404 len: 235 microversion: 1.1
Jun 11 07:13:12.827298 np0000002582 devstack@placement-api.service[92208]: [pid: 92208|app: 0|req: 252/757] 10.4.3.53 () {66 vars in 1467 bytes} [Thu Jun 11 07:13:12 2026] GET /placement/resource_providers/f7c86357-dc88-475d-ba89-cbeecf77aff3/aggregates => generated 235 bytes in 13 msecs (HTTP/1.1 404) 5 headers in 202 bytes (1 switches on core 0)
Jun 11 07:13:12.913498 np0000002582 devstack@placement-api.service[92207]: DEBUG placement.requestlog [None req-24aa5e37-6a33-4931-908b-b845d4304c7e None None] Starting request: 10.4.3.53 "DELETE /placement/resource_providers/f7c86357-dc88-475d-ba89-cbeecf77aff3" {{(pid=92207) __call__ /opt/stack/placement/placement/requestlog.py:55}}
Jun 11 07:13:12.920679 np0000002582 devstack@placement-api.service[92207]: DEBUG placement.wsgi_wrapper [None req-24aa5e37-6a33-4931-908b-b845d4304c7e service placement] Placement API returning an error response: No resource provider with uuid f7c86357-dc88-475d-ba89-cbeecf77aff3 found for delete {{(pid=92207) call_func /opt/stack/placement/placement/wsgi_wrapper.py:31}}
Jun 11 07:13:12.920679 np0000002582 devstack@placement-api.service[92207]: INFO placement.requestlog [None req-24aa5e37-6a33-4931-908b-b845d4304c7e service placement] 10.4.3.53 "DELETE /placement/resource_providers/f7c86357-dc88-475d-ba89-cbeecf77aff3" status: 404 len: 246 microversion: 1.1
Jun 11 07:13:12.920898 np0000002582 devstack@placement-api.service[92207]: [pid: 92207|app: 0|req: 256/758] 10.4.3.53 () {68 vars in 1456 bytes} [Thu Jun 11 07:13:12 2026] DELETE /placement/resource_providers/f7c86357-dc88-475d-ba89-cbeecf77aff3 => generated 246 bytes in 7 msecs (HTTP/1.1 404) 6 headers in 231 bytes (1 switches on core 0)
Jun 11 07:13:16.731468 np0000002582 devstack@placement-api.service[92209]: DEBUG placement.requestlog [None req-c7db56f5-1dfb-4f85-bca7-5dc96ce420a0 None None] Starting request: 10.4.3.53 "GET /placement/resource_providers/933b3921-62e2-4bbf-8c33-f6b9144bdf40/aggregates" {{(pid=92209) __call__ /opt/stack/placement/placement/requestlog.py:55}}
Jun 11 07:13:16.742636 np0000002582 devstack@placement-api.service[92209]: INFO placement.requestlog [None req-c7db56f5-1dfb-4f85-bca7-5dc96ce420a0 service placement] 10.4.3.53 "GET /placement/resource_providers/933b3921-62e2-4bbf-8c33-f6b9144bdf40/aggregates" status: 404 len: 235 microversion: 1.1
Jun 11 07:13:16.743304 np0000002582 devstack@placement-api.service[92209]: [pid: 92209|app: 0|req: 251/759] 10.4.3.53 () {66 vars in 1467 bytes} [Thu Jun 11 07:13:16 2026] GET /placement/resource_providers/933b3921-62e2-4bbf-8c33-f6b9144bdf40/aggregates => generated 235 bytes in 12 msecs (HTTP/1.1 404) 5 headers in 202 bytes (1 switches on core 0)
Jun 11 07:13:16.798914 np0000002582 devstack@placement-api.service[92208]: DEBUG placement.requestlog [None req-1cf15bf8-306c-4656-aa56-dba3347c3cdf None None] Starting request: 10.4.3.53 "DELETE /placement/resource_providers/933b3921-62e2-4bbf-8c33-f6b9144bdf40" {{(pid=92208) __call__ /opt/stack/placement/placement/requestlog.py:55}}
Jun 11 07:13:16.811210 np0000002582 devstack@placement-api.service[92208]: DEBUG placement.wsgi_wrapper [None req-1cf15bf8-306c-4656-aa56-dba3347c3cdf service placement] Placement API returning an error response: No resource provider with uuid 933b3921-62e2-4bbf-8c33-f6b9144bdf40 found for delete {{(pid=92208) call_func /opt/stack/placement/placement/wsgi_wrapper.py:31}}
Jun 11 07:13:16.811725 np0000002582 devstack@placement-api.service[92208]: INFO placement.requestlog [None req-1cf15bf8-306c-4656-aa56-dba3347c3cdf service placement] 10.4.3.53 "DELETE /placement/resource_providers/933b3921-62e2-4bbf-8c33-f6b9144bdf40" status: 404 len: 246 microversion: 1.1
Jun 11 07:13:16.813903 np0000002582 devstack@placement-api.service[92208]: [pid: 92208|app: 0|req: 253/760] 10.4.3.53 () {68 vars in 1456 bytes} [Thu Jun 11 07:13:16 2026] DELETE /placement/resource_providers/933b3921-62e2-4bbf-8c33-f6b9144bdf40 => generated 246 bytes in 15 msecs (HTTP/1.1 404) 6 headers in 231 bytes (1 switches on core 0)
Jun 11 07:13:17.794078 np0000002582 devstack@placement-api.service[92207]: DEBUG placement.requestlog [None req-6ac75348-92c5-4527-85c8-c7f8adf85408 None None] Starting request: 10.4.3.53 "GET /placement/resource_providers/51a94e86-a0b7-4b66-937a-bc501b08b10f/aggregates" {{(pid=92207) __call__ /opt/stack/placement/placement/requestlog.py:55}}
Jun 11 07:13:17.804892 np0000002582 devstack@placement-api.service[92207]: INFO placement.requestlog [None req-6ac75348-92c5-4527-85c8-c7f8adf85408 service placement] 10.4.3.53 "GET /placement/resource_providers/51a94e86-a0b7-4b66-937a-bc501b08b10f/aggregates" status: 404 len: 235 microversion: 1.1
Jun 11 07:13:17.805439 np0000002582 devstack@placement-api.service[92207]: [pid: 92207|app: 0|req: 257/761] 10.4.3.53 () {66 vars in 1467 bytes} [Thu Jun 11 07:13:17 2026] GET /placement/resource_providers/51a94e86-a0b7-4b66-937a-bc501b08b10f/aggregates => generated 235 bytes in 11 msecs (HTTP/1.1 404) 5 headers in 202 bytes (1 switches on core 0)
Jun 11 07:13:17.865727 np0000002582 devstack@placement-api.service[92209]: DEBUG placement.requestlog [None req-4fddd737-f592-47fa-8483-b3146ecffc8e None None] Starting request: 10.4.3.53 "DELETE /placement/resource_providers/51a94e86-a0b7-4b66-937a-bc501b08b10f" {{(pid=92209) __call__ /opt/stack/placement/placement/requestlog.py:55}}
Jun 11 07:13:17.878749 np0000002582 devstack@placement-api.service[92209]: DEBUG placement.wsgi_wrapper [None req-4fddd737-f592-47fa-8483-b3146ecffc8e service placement] Placement API returning an error response: No resource provider with uuid 51a94e86-a0b7-4b66-937a-bc501b08b10f found for delete {{(pid=92209) call_func /opt/stack/placement/placement/wsgi_wrapper.py:31}}
Jun 11 07:13:17.878749 np0000002582 devstack@placement-api.service[92209]: INFO placement.requestlog [None req-4fddd737-f592-47fa-8483-b3146ecffc8e service placement] 10.4.3.53 "DELETE /placement/resource_providers/51a94e86-a0b7-4b66-937a-bc501b08b10f" status: 404 len: 246 microversion: 1.1
Jun 11 07:13:17.878749 np0000002582 devstack@placement-api.service[92209]: [pid: 92209|app: 0|req: 252/762] 10.4.3.53 () {68 vars in 1456 bytes} [Thu Jun 11 07:13:17 2026] DELETE /placement/resource_providers/51a94e86-a0b7-4b66-937a-bc501b08b10f => generated 246 bytes in 12 msecs (HTTP/1.1 404) 6 headers in 231 bytes (1 switches on core 0)
Jun 11 07:13:18.490762 np0000002582 devstack@placement-api.service[92208]: DEBUG placement.requestlog [req-1fdd598c-e9c8-4c4b-a369-e73c66695cb3 req-d5539445-bd16-42f3-9dcd-8facc449341e None None] Starting request: 10.4.3.53 "GET /placement/allocation_candidates?limit=1000&resources=DISK_GB%3A1%2CMEMORY_MB%3A192%2CVCPU%3A1&root_required=%21COMPUTE_STATUS_DISABLED" {{(pid=92208) __call__ /opt/stack/placement/placement/requestlog.py:55}}
Jun 11 07:13:18.505032 np0000002582 devstack@placement-api.service[92207]: DEBUG placement.requestlog [req-4c0ad9e7-0668-4070-83cf-1be42374c92e req-9e7f1339-79f0-4a39-8dc7-2434f6554092 None None] Starting request: 10.4.3.53 "GET /placement/allocation_candidates?limit=1000&resources=DISK_GB%3A1%2CMEMORY_MB%3A192%2CVCPU%3A1&root_required=%21COMPUTE_STATUS_DISABLED" {{(pid=92207) __call__ /opt/stack/placement/placement/requestlog.py:55}}
Jun 11 07:13:18.525015 np0000002582 devstack@placement-api.service[92208]: DEBUG placement.objects.research_context [req-1fdd598c-e9c8-4c4b-a369-e73c66695cb3 req-d5539445-bd16-42f3-9dcd-8facc449341e service nova] getting providers with 1 DISK_GB {{(pid=92208) __init__ /opt/stack/placement/placement/objects/research_context.py:137}}
Jun 11 07:13:18.530807 np0000002582 devstack@placement-api.service[92207]: DEBUG placement.objects.research_context [req-4c0ad9e7-0668-4070-83cf-1be42374c92e req-9e7f1339-79f0-4a39-8dc7-2434f6554092 service nova] getting providers with 1 DISK_GB {{(pid=92207) __init__ /opt/stack/placement/placement/objects/research_context.py:137}}
Jun 11 07:13:18.531027 np0000002582 devstack@placement-api.service[92208]: DEBUG placement.objects.research_context [req-1fdd598c-e9c8-4c4b-a369-e73c66695cb3 req-d5539445-bd16-42f3-9dcd-8facc449341e service nova] getting providers with 192 MEMORY_MB {{(pid=92208) __init__ /opt/stack/placement/placement/objects/research_context.py:137}}
Jun 11 07:13:18.534595 np0000002582 devstack@placement-api.service[92207]: DEBUG placement.objects.research_context [req-4c0ad9e7-0668-4070-83cf-1be42374c92e req-9e7f1339-79f0-4a39-8dc7-2434f6554092 service nova] getting providers with 192 MEMORY_MB {{(pid=92207) __init__ /opt/stack/placement/placement/objects/research_context.py:137}}
Jun 11 07:13:18.535504 np0000002582 devstack@placement-api.service[92208]: DEBUG placement.objects.research_context [req-1fdd598c-e9c8-4c4b-a369-e73c66695cb3 req-d5539445-bd16-42f3-9dcd-8facc449341e service nova] getting providers with 1 VCPU {{(pid=92208) __init__ /opt/stack/placement/placement/objects/research_context.py:137}}
Jun 11 07:13:18.537227 np0000002582 devstack@placement-api.service[92207]: DEBUG dbcounter [-] [92207] Writing DB stats placement:SELECT=141,placement:DELETE=2 {{(pid=92207) stat_writer /opt/stack/data/venv/lib/python3.12/site-packages/dbcounter.py:115}}
Jun 11 07:13:18.538141 np0000002582 devstack@placement-api.service[92207]: DEBUG placement.objects.research_context [req-4c0ad9e7-0668-4070-83cf-1be42374c92e req-9e7f1339-79f0-4a39-8dc7-2434f6554092 service nova] getting providers with 1 VCPU {{(pid=92207) __init__ /opt/stack/placement/placement/objects/research_context.py:137}}
Jun 11 07:13:18.540272 np0000002582 devstack@placement-api.service[92208]: DEBUG placement.objects.research_context [req-1fdd598c-e9c8-4c4b-a369-e73c66695cb3 req-d5539445-bd16-42f3-9dcd-8facc449341e service nova] found 1 providers with available 1 DISK_GB {{(pid=92208) get_provider_ids_matching /opt/stack/placement/placement/objects/research_context.py:563}}
Jun 11 07:13:18.540419 np0000002582 devstack@placement-api.service[92208]: DEBUG placement.objects.research_context [req-1fdd598c-e9c8-4c4b-a369-e73c66695cb3 req-d5539445-bd16-42f3-9dcd-8facc449341e service nova] found 1 providers with available 192 MEMORY_MB {{(pid=92208) get_provider_ids_matching /opt/stack/placement/placement/objects/research_context.py:563}}
Jun 11 07:13:18.540549 np0000002582 devstack@placement-api.service[92208]: DEBUG placement.objects.research_context [req-1fdd598c-e9c8-4c4b-a369-e73c66695cb3 req-d5539445-bd16-42f3-9dcd-8facc449341e service nova] found 1 providers after filtering by previous result {{(pid=92208) get_provider_ids_matching /opt/stack/placement/placement/objects/research_context.py:594}}
Jun 11 07:13:18.540649 np0000002582 devstack@placement-api.service[92208]: DEBUG placement.objects.research_context [req-1fdd598c-e9c8-4c4b-a369-e73c66695cb3 req-d5539445-bd16-42f3-9dcd-8facc449341e service nova] found 1 providers with available 1 VCPU {{(pid=92208) get_provider_ids_matching /opt/stack/placement/placement/objects/research_context.py:563}}
Jun 11 07:13:18.540773 np0000002582 devstack@placement-api.service[92208]: DEBUG placement.objects.research_context [req-1fdd598c-e9c8-4c4b-a369-e73c66695cb3 req-d5539445-bd16-42f3-9dcd-8facc449341e service nova] found 1 providers after filtering by previous result {{(pid=92208) get_provider_ids_matching /opt/stack/placement/placement/objects/research_context.py:594}}
Jun 11 07:13:18.541467 np0000002582 devstack@placement-api.service[92207]: DEBUG placement.objects.research_context [req-4c0ad9e7-0668-4070-83cf-1be42374c92e req-9e7f1339-79f0-4a39-8dc7-2434f6554092 service nova] found 1 providers with available 1 DISK_GB {{(pid=92207) get_provider_ids_matching /opt/stack/placement/placement/objects/research_context.py:563}}
Jun 11 07:13:18.541760 np0000002582 devstack@placement-api.service[92207]: DEBUG placement.objects.research_context [req-4c0ad9e7-0668-4070-83cf-1be42374c92e req-9e7f1339-79f0-4a39-8dc7-2434f6554092 service nova] found 1 providers with available 192 MEMORY_MB {{(pid=92207) get_provider_ids_matching /opt/stack/placement/placement/objects/research_context.py:563}}
Jun 11 07:13:18.541927 np0000002582 devstack@placement-api.service[92207]: DEBUG placement.objects.research_context [req-4c0ad9e7-0668-4070-83cf-1be42374c92e req-9e7f1339-79f0-4a39-8dc7-2434f6554092 service nova] found 1 providers after filtering by previous result {{(pid=92207) get_provider_ids_matching /opt/stack/placement/placement/objects/research_context.py:594}}
Jun 11 07:13:18.542057 np0000002582 devstack@placement-api.service[92207]: DEBUG placement.objects.research_context [req-4c0ad9e7-0668-4070-83cf-1be42374c92e req-9e7f1339-79f0-4a39-8dc7-2434f6554092 service nova] found 1 providers with available 1 VCPU {{(pid=92207) get_provider_ids_matching /opt/stack/placement/placement/objects/research_context.py:563}}
Jun 11 07:13:18.542184 np0000002582 devstack@placement-api.service[92207]: DEBUG placement.objects.research_context [req-4c0ad9e7-0668-4070-83cf-1be42374c92e req-9e7f1339-79f0-4a39-8dc7-2434f6554092 service nova] found 1 providers after filtering by previous result {{(pid=92207) get_provider_ids_matching /opt/stack/placement/placement/objects/research_context.py:594}}
Jun 11 07:13:18.551354 np0000002582 devstack@placement-api.service[92208]: DEBUG placement.objects.allocation_candidate [req-1fdd598c-e9c8-4c4b-a369-e73c66695cb3 req-d5539445-bd16-42f3-9dcd-8facc449341e service nova] RequestGroup(use_same_provider=False, resources={DISK_GB:1, MEMORY_MB:192, VCPU:1}, traits=(), aggregates=[]) (suffix '') returned 1 matches {{(pid=92208) _get_by_requests /opt/stack/placement/placement/objects/allocation_candidate.py:158}}
Jun 11 07:13:18.551466 np0000002582 devstack@placement-api.service[92208]: DEBUG placement.objects.allocation_candidate [req-1fdd598c-e9c8-4c4b-a369-e73c66695cb3 req-d5539445-bd16-42f3-9dcd-8facc449341e service nova] Merging candidates yields 1 allocation requests and 1 provider summaries {{(pid=92208) _merge_candidates /opt/stack/placement/placement/objects/allocation_candidate.py:908}}
Jun 11 07:13:18.553105 np0000002582 devstack@placement-api.service[92208]: INFO placement.requestlog [req-1fdd598c-e9c8-4c4b-a369-e73c66695cb3 req-d5539445-bd16-42f3-9dcd-8facc449341e service nova] 10.4.3.53 "GET /placement/allocation_candidates?limit=1000&resources=DISK_GB%3A1%2CMEMORY_MB%3A192%2CVCPU%3A1&root_required=%21COMPUTE_STATUS_DISABLED" status: 200 len: 2493 microversion: 1.36
Jun 11 07:13:18.553325 np0000002582 devstack@placement-api.service[92207]: DEBUG placement.objects.allocation_candidate [req-4c0ad9e7-0668-4070-83cf-1be42374c92e req-9e7f1339-79f0-4a39-8dc7-2434f6554092 service nova] RequestGroup(use_same_provider=False, resources={DISK_GB:1, MEMORY_MB:192, VCPU:1}, traits=(), aggregates=[]) (suffix '') returned 1 matches {{(pid=92207) _get_by_requests /opt/stack/placement/placement/objects/allocation_candidate.py:158}}
Jun 11 07:13:18.553390 np0000002582 devstack@placement-api.service[92208]: [pid: 92208|app: 0|req: 254/763] 10.4.3.53 () {68 vars in 1618 bytes} [Thu Jun 11 07:13:18 2026] GET /placement/allocation_candidates?limit=1000&resources=DISK_GB%3A1%2CMEMORY_MB%3A192%2CVCPU%3A1&root_required=%21COMPUTE_STATUS_DISABLED => generated 2493 bytes in 63 msecs (HTTP/1.1 200) 8 headers in 297 bytes (1 switches on core 0)
Jun 11 07:13:18.553594 np0000002582 devstack@placement-api.service[92207]: DEBUG placement.objects.allocation_candidate [req-4c0ad9e7-0668-4070-83cf-1be42374c92e req-9e7f1339-79f0-4a39-8dc7-2434f6554092 service nova] Merging candidates yields 1 allocation requests and 1 provider summaries {{(pid=92207) _merge_candidates /opt/stack/placement/placement/objects/allocation_candidate.py:908}}
Jun 11 07:13:18.556496 np0000002582 devstack@placement-api.service[92207]: INFO placement.requestlog [req-4c0ad9e7-0668-4070-83cf-1be42374c92e req-9e7f1339-79f0-4a39-8dc7-2434f6554092 service nova] 10.4.3.53 "GET /placement/allocation_candidates?limit=1000&resources=DISK_GB%3A1%2CMEMORY_MB%3A192%2CVCPU%3A1&root_required=%21COMPUTE_STATUS_DISABLED" status: 200 len: 2493 microversion: 1.36
Jun 11 07:13:18.556972 np0000002582 devstack@placement-api.service[92207]: [pid: 92207|app: 0|req: 258/764] 10.4.3.53 () {68 vars in 1618 bytes} [Thu Jun 11 07:13:18 2026] GET /placement/allocation_candidates?limit=1000&resources=DISK_GB%3A1%2CMEMORY_MB%3A192%2CVCPU%3A1&root_required=%21COMPUTE_STATUS_DISABLED => generated 2493 bytes in 52 msecs (HTTP/1.1 200) 8 headers in 297 bytes (1 switches on core 0)
Jun 11 07:13:18.619561 np0000002582 devstack@placement-api.service[92209]: DEBUG placement.requestlog [req-1fdd598c-e9c8-4c4b-a369-e73c66695cb3 req-43e0fd8f-5b31-46d1-ab0d-ef5da58e10d9 None None] Starting request: 10.4.3.53 "GET /placement/allocations/2ee77ade-c0fb-49b5-805f-ffa991ed6a67" {{(pid=92209) __call__ /opt/stack/placement/placement/requestlog.py:55}}
Jun 11 07:13:18.621264 np0000002582 devstack@placement-api.service[92208]: DEBUG placement.requestlog [req-4c0ad9e7-0668-4070-83cf-1be42374c92e req-2465bedc-50ab-4f42-8f58-499a1a841325 None None] Starting request: 10.4.3.53 "GET /placement/allocations/fe500f35-6c55-4b77-bb87-bb7a31c0bc7a" {{(pid=92208) __call__ /opt/stack/placement/placement/requestlog.py:55}}
Jun 11 07:13:18.630603 np0000002582 devstack@placement-api.service[92209]: INFO placement.requestlog [req-1fdd598c-e9c8-4c4b-a369-e73c66695cb3 req-43e0fd8f-5b31-46d1-ab0d-ef5da58e10d9 service nova] 10.4.3.53 "GET /placement/allocations/2ee77ade-c0fb-49b5-805f-ffa991ed6a67" status: 200 len: 19 microversion: 1.28
Jun 11 07:13:18.631040 np0000002582 devstack@placement-api.service[92209]: [pid: 92209|app: 0|req: 253/765] 10.4.3.53 () {68 vars in 1494 bytes} [Thu Jun 11 07:13:18 2026] GET /placement/allocations/2ee77ade-c0fb-49b5-805f-ffa991ed6a67 => generated 19 bytes in 11 msecs (HTTP/1.1 200) 8 headers in 295 bytes (1 switches on core 0)
Jun 11 07:13:18.631490 np0000002582 devstack@placement-api.service[92208]: INFO placement.requestlog [req-4c0ad9e7-0668-4070-83cf-1be42374c92e req-2465bedc-50ab-4f42-8f58-499a1a841325 service nova] 10.4.3.53 "GET /placement/allocations/fe500f35-6c55-4b77-bb87-bb7a31c0bc7a" status: 200 len: 19 microversion: 1.28
Jun 11 07:13:18.631490 np0000002582 devstack@placement-api.service[92208]: [pid: 92208|app: 0|req: 255/766] 10.4.3.53 () {68 vars in 1494 bytes} [Thu Jun 11 07:13:18 2026] GET /placement/allocations/fe500f35-6c55-4b77-bb87-bb7a31c0bc7a => generated 19 bytes in 10 msecs (HTTP/1.1 200) 8 headers in 295 bytes (1 switches on core 0)
Jun 11 07:13:18.672634 np0000002582 devstack@placement-api.service[92207]: DEBUG placement.requestlog [req-4c0ad9e7-0668-4070-83cf-1be42374c92e req-24325d41-574f-463a-81d3-6957ca65b404 None None] Starting request: 10.4.3.53 "PUT /placement/allocations/fe500f35-6c55-4b77-bb87-bb7a31c0bc7a" {{(pid=92207) __call__ /opt/stack/placement/placement/requestlog.py:55}}
Jun 11 07:13:18.680438 np0000002582 devstack@placement-api.service[92209]: DEBUG placement.requestlog [req-1fdd598c-e9c8-4c4b-a369-e73c66695cb3 req-dc68fe80-f373-402d-b1c9-4bac590807cd None None] Starting request: 10.4.3.53 "PUT /placement/allocations/2ee77ade-c0fb-49b5-805f-ffa991ed6a67" {{(pid=92209) __call__ /opt/stack/placement/placement/requestlog.py:55}}
Jun 11 07:13:18.732590 np0000002582 devstack@placement-api.service[92207]: DEBUG placement.handlers.allocation [req-4c0ad9e7-0668-4070-83cf-1be42374c92e req-24325d41-574f-463a-81d3-6957ca65b404 service nova] Successfully wrote allocations [, , ] {{(pid=92207) _update_consumers_and_create_allocations /opt/stack/placement/placement/handlers/allocation.py:462}}
Jun 11 07:13:18.737838 np0000002582 devstack@placement-api.service[92207]: INFO placement.requestlog [req-4c0ad9e7-0668-4070-83cf-1be42374c92e req-24325d41-574f-463a-81d3-6957ca65b404 service nova] 10.4.3.53 "PUT /placement/allocations/fe500f35-6c55-4b77-bb87-bb7a31c0bc7a" status: 204 len: 0 microversion: 1.36
Jun 11 07:13:18.739212 np0000002582 devstack@placement-api.service[92207]: [pid: 92207|app: 0|req: 259/767] 10.4.3.53 () {72 vars in 1547 bytes} [Thu Jun 11 07:13:18 2026] PUT /placement/allocations/fe500f35-6c55-4b77-bb87-bb7a31c0bc7a => generated 0 bytes in 66 msecs (HTTP/1.1 204) 5 headers in 199 bytes (1 switches on core 0)
Jun 11 07:13:18.762950 np0000002582 devstack@placement-api.service[92209]: DEBUG placement.handlers.allocation [req-1fdd598c-e9c8-4c4b-a369-e73c66695cb3 req-dc68fe80-f373-402d-b1c9-4bac590807cd service nova] Successfully wrote allocations [, , ] {{(pid=92209) _update_consumers_and_create_allocations /opt/stack/placement/placement/handlers/allocation.py:462}}
Jun 11 07:13:18.771450 np0000002582 devstack@placement-api.service[92209]: INFO placement.requestlog [req-1fdd598c-e9c8-4c4b-a369-e73c66695cb3 req-dc68fe80-f373-402d-b1c9-4bac590807cd service nova] 10.4.3.53 "PUT /placement/allocations/2ee77ade-c0fb-49b5-805f-ffa991ed6a67" status: 204 len: 0 microversion: 1.36
Jun 11 07:13:18.771716 np0000002582 devstack@placement-api.service[92209]: [pid: 92209|app: 0|req: 254/768] 10.4.3.53 () {72 vars in 1547 bytes} [Thu Jun 11 07:13:18 2026] PUT /placement/allocations/2ee77ade-c0fb-49b5-805f-ffa991ed6a67 => generated 0 bytes in 92 msecs (HTTP/1.1 204) 5 headers in 199 bytes (1 switches on core 0)
Jun 11 07:13:20.150880 np0000002582 devstack@placement-api.service[92208]: DEBUG placement.requestlog [req-1fdd598c-e9c8-4c4b-a369-e73c66695cb3 req-ec5d582b-1802-44b3-b2df-b5ca90536204 None None] Starting request: 10.4.3.53 "GET /placement/allocations/2ee77ade-c0fb-49b5-805f-ffa991ed6a67" {{(pid=92208) __call__ /opt/stack/placement/placement/requestlog.py:55}}
Jun 11 07:13:20.158280 np0000002582 devstack@placement-api.service[92208]: INFO placement.requestlog [req-1fdd598c-e9c8-4c4b-a369-e73c66695cb3 req-ec5d582b-1802-44b3-b2df-b5ca90536204 service nova] 10.4.3.53 "GET /placement/allocations/2ee77ade-c0fb-49b5-805f-ffa991ed6a67" status: 200 len: 258 microversion: 1.28
Jun 11 07:13:20.158538 np0000002582 devstack@placement-api.service[92208]: [pid: 92208|app: 0|req: 256/769] 10.4.3.53 () {68 vars in 1492 bytes} [Thu Jun 11 07:13:20 2026] GET /placement/allocations/2ee77ade-c0fb-49b5-805f-ffa991ed6a67 => generated 258 bytes in 8 msecs (HTTP/1.1 200) 8 headers in 296 bytes (1 switches on core 0)
Jun 11 07:13:20.206426 np0000002582 devstack@placement-api.service[92207]: DEBUG placement.requestlog [req-4c0ad9e7-0668-4070-83cf-1be42374c92e req-f24de2d2-45dc-4ba3-a0be-1d4a699ddc01 None None] Starting request: 10.4.3.53 "GET /placement/allocations/fe500f35-6c55-4b77-bb87-bb7a31c0bc7a" {{(pid=92207) __call__ /opt/stack/placement/placement/requestlog.py:55}}
Jun 11 07:13:20.216094 np0000002582 devstack@placement-api.service[92207]: INFO placement.requestlog [req-4c0ad9e7-0668-4070-83cf-1be42374c92e req-f24de2d2-45dc-4ba3-a0be-1d4a699ddc01 service nova] 10.4.3.53 "GET /placement/allocations/fe500f35-6c55-4b77-bb87-bb7a31c0bc7a" status: 200 len: 258 microversion: 1.28
Jun 11 07:13:20.216094 np0000002582 devstack@placement-api.service[92207]: [pid: 92207|app: 0|req: 260/770] 10.4.3.53 () {68 vars in 1492 bytes} [Thu Jun 11 07:13:20 2026] GET /placement/allocations/fe500f35-6c55-4b77-bb87-bb7a31c0bc7a => generated 258 bytes in 10 msecs (HTTP/1.1 200) 8 headers in 296 bytes (1 switches on core 0)
Jun 11 07:13:20.383296 np0000002582 devstack@placement-api.service[92209]: DEBUG placement.requestlog [None req-8b616990-c019-47b5-af80-105a68e3ffd1 None None] Starting request: 10.4.3.53 "GET /placement/resource_providers/a4d9771b-03cb-4569-a292-38989f3d3ccd/aggregates" {{(pid=92209) __call__ /opt/stack/placement/placement/requestlog.py:55}}
Jun 11 07:13:20.632840 np0000002582 devstack@placement-api.service[92209]: INFO placement.requestlog [None req-8b616990-c019-47b5-af80-105a68e3ffd1 service placement] 10.4.3.53 "GET /placement/resource_providers/a4d9771b-03cb-4569-a292-38989f3d3ccd/aggregates" status: 404 len: 235 microversion: 1.1
Jun 11 07:13:20.633437 np0000002582 devstack@placement-api.service[92209]: [pid: 92209|app: 0|req: 255/771] 10.4.3.53 () {66 vars in 1467 bytes} [Thu Jun 11 07:13:20 2026] GET /placement/resource_providers/a4d9771b-03cb-4569-a292-38989f3d3ccd/aggregates => generated 235 bytes in 251 msecs (HTTP/1.1 404) 5 headers in 202 bytes (1 switches on core 0)
Jun 11 07:13:20.694869 np0000002582 devstack@placement-api.service[92208]: DEBUG placement.requestlog [None req-db62038f-1ea2-41cd-be8d-7cfa863c46d7 None None] Starting request: 10.4.3.53 "DELETE /placement/resource_providers/a4d9771b-03cb-4569-a292-38989f3d3ccd" {{(pid=92208) __call__ /opt/stack/placement/placement/requestlog.py:55}}
Jun 11 07:13:20.700607 np0000002582 devstack@placement-api.service[92208]: DEBUG placement.wsgi_wrapper [None req-db62038f-1ea2-41cd-be8d-7cfa863c46d7 service placement] Placement API returning an error response: No resource provider with uuid a4d9771b-03cb-4569-a292-38989f3d3ccd found for delete {{(pid=92208) call_func /opt/stack/placement/placement/wsgi_wrapper.py:31}}
Jun 11 07:13:20.701695 np0000002582 devstack@placement-api.service[92208]: INFO placement.requestlog [None req-db62038f-1ea2-41cd-be8d-7cfa863c46d7 service placement] 10.4.3.53 "DELETE /placement/resource_providers/a4d9771b-03cb-4569-a292-38989f3d3ccd" status: 404 len: 246 microversion: 1.1
Jun 11 07:13:20.702292 np0000002582 devstack@placement-api.service[92208]: [pid: 92208|app: 0|req: 257/772] 10.4.3.53 () {68 vars in 1456 bytes} [Thu Jun 11 07:13:20 2026] DELETE /placement/resource_providers/a4d9771b-03cb-4569-a292-38989f3d3ccd => generated 246 bytes in 7 msecs (HTTP/1.1 404) 6 headers in 231 bytes (1 switches on core 0)
Jun 11 07:13:21.246045 np0000002582 devstack@placement-api.service[92207]: DEBUG placement.requestlog [req-1fdd598c-e9c8-4c4b-a369-e73c66695cb3 req-435949d0-b7f9-43ee-85ef-1d99b539bcc7 None None] Starting request: 10.4.3.53 "GET /placement/resource_providers/24724930-5054-4199-9dac-e376c465079b/allocations" {{(pid=92207) __call__ /opt/stack/placement/placement/requestlog.py:55}}
Jun 11 07:13:21.272540 np0000002582 devstack@placement-api.service[92207]: INFO placement.requestlog [req-1fdd598c-e9c8-4c4b-a369-e73c66695cb3 req-435949d0-b7f9-43ee-85ef-1d99b539bcc7 service nova] 10.4.3.53 "GET /placement/resource_providers/24724930-5054-4199-9dac-e376c465079b/allocations" status: 200 len: 811 microversion: 1.0
Jun 11 07:13:21.276092 np0000002582 devstack@placement-api.service[92207]: [pid: 92207|app: 0|req: 261/773] 10.4.3.53 () {66 vars in 1505 bytes} [Thu Jun 11 07:13:21 2026] GET /placement/resource_providers/24724930-5054-4199-9dac-e376c465079b/allocations => generated 811 bytes in 30 msecs (HTTP/1.1 200) 6 headers in 224 bytes (1 switches on core 0)
Jun 11 07:13:21.318037 np0000002582 devstack@placement-api.service[92209]: DEBUG placement.requestlog [req-1fdd598c-e9c8-4c4b-a369-e73c66695cb3 req-e36755a0-dbec-45ff-8d4e-da0690aa2416 None None] Starting request: 10.4.3.53 "GET /placement/allocations/2ee77ade-c0fb-49b5-805f-ffa991ed6a67" {{(pid=92209) __call__ /opt/stack/placement/placement/requestlog.py:55}}
Jun 11 07:13:21.337685 np0000002582 devstack@placement-api.service[92209]: INFO placement.requestlog [req-1fdd598c-e9c8-4c4b-a369-e73c66695cb3 req-e36755a0-dbec-45ff-8d4e-da0690aa2416 service nova] 10.4.3.53 "GET /placement/allocations/2ee77ade-c0fb-49b5-805f-ffa991ed6a67" status: 200 len: 258 microversion: 1.28
Jun 11 07:13:21.337685 np0000002582 devstack@placement-api.service[92209]: [pid: 92209|app: 0|req: 256/774] 10.4.3.53 () {68 vars in 1492 bytes} [Thu Jun 11 07:13:21 2026] GET /placement/allocations/2ee77ade-c0fb-49b5-805f-ffa991ed6a67 => generated 258 bytes in 19 msecs (HTTP/1.1 200) 8 headers in 296 bytes (1 switches on core 0)
Jun 11 07:13:21.388546 np0000002582 devstack@placement-api.service[92208]: DEBUG placement.requestlog [req-1fdd598c-e9c8-4c4b-a369-e73c66695cb3 req-832d9195-80ca-45e0-ad64-f2b98628f899 None None] Starting request: 10.4.3.53 "GET /placement/allocations/877329e9-72c7-490d-9b1a-d2138a769311" {{(pid=92208) __call__ /opt/stack/placement/placement/requestlog.py:55}}
Jun 11 07:13:21.406095 np0000002582 devstack@placement-api.service[92208]: INFO placement.requestlog [req-1fdd598c-e9c8-4c4b-a369-e73c66695cb3 req-832d9195-80ca-45e0-ad64-f2b98628f899 service nova] 10.4.3.53 "GET /placement/allocations/877329e9-72c7-490d-9b1a-d2138a769311" status: 200 len: 244 microversion: 1.28
Jun 11 07:13:21.406407 np0000002582 devstack@placement-api.service[92208]: [pid: 92208|app: 0|req: 258/775] 10.4.3.53 () {68 vars in 1492 bytes} [Thu Jun 11 07:13:21 2026] GET /placement/allocations/877329e9-72c7-490d-9b1a-d2138a769311 => generated 244 bytes in 18 msecs (HTTP/1.1 200) 8 headers in 296 bytes (1 switches on core 0)
Jun 11 07:13:21.462158 np0000002582 devstack@placement-api.service[92207]: DEBUG placement.requestlog [req-1fdd598c-e9c8-4c4b-a369-e73c66695cb3 req-4679257b-ab1c-4713-bd9b-62a498d095d4 None None] Starting request: 10.4.3.53 "GET /placement/allocations/80a824eb-4139-4063-ac4b-9ebf285499a1" {{(pid=92207) __call__ /opt/stack/placement/placement/requestlog.py:55}}
Jun 11 07:13:21.472061 np0000002582 devstack@placement-api.service[92207]: INFO placement.requestlog [req-1fdd598c-e9c8-4c4b-a369-e73c66695cb3 req-4679257b-ab1c-4713-bd9b-62a498d095d4 service nova] 10.4.3.53 "GET /placement/allocations/80a824eb-4139-4063-ac4b-9ebf285499a1" status: 200 len: 244 microversion: 1.28
Jun 11 07:13:21.472337 np0000002582 devstack@placement-api.service[92207]: [pid: 92207|app: 0|req: 262/776] 10.4.3.53 () {68 vars in 1492 bytes} [Thu Jun 11 07:13:21 2026] GET /placement/allocations/80a824eb-4139-4063-ac4b-9ebf285499a1 => generated 244 bytes in 13 msecs (HTTP/1.1 200) 8 headers in 296 bytes (1 switches on core 0)
Jun 11 07:13:21.510421 np0000002582 devstack@placement-api.service[92209]: DEBUG placement.requestlog [req-1fdd598c-e9c8-4c4b-a369-e73c66695cb3 req-993a4a03-7ca6-4b32-b254-38f6a30ea216 None None] Starting request: 10.4.3.53 "GET /placement/allocations/f40a7329-4255-46d8-9de7-bb29f13f31f3" {{(pid=92209) __call__ /opt/stack/placement/placement/requestlog.py:55}}
Jun 11 07:13:21.520878 np0000002582 devstack@placement-api.service[92209]: INFO placement.requestlog [req-1fdd598c-e9c8-4c4b-a369-e73c66695cb3 req-993a4a03-7ca6-4b32-b254-38f6a30ea216 service nova] 10.4.3.53 "GET /placement/allocations/f40a7329-4255-46d8-9de7-bb29f13f31f3" status: 200 len: 258 microversion: 1.28
Jun 11 07:13:21.521276 np0000002582 devstack@placement-api.service[92209]: [pid: 92209|app: 0|req: 257/777] 10.4.3.53 () {68 vars in 1492 bytes} [Thu Jun 11 07:13:21 2026] GET /placement/allocations/f40a7329-4255-46d8-9de7-bb29f13f31f3 => generated 258 bytes in 11 msecs (HTTP/1.1 200) 8 headers in 296 bytes (1 switches on core 0)
Jun 11 07:13:21.561189 np0000002582 devstack@placement-api.service[92208]: DEBUG placement.requestlog [req-1fdd598c-e9c8-4c4b-a369-e73c66695cb3 req-70fe7622-5948-4d25-83eb-e2e766d42109 None None] Starting request: 10.4.3.53 "GET /placement/allocations/fe500f35-6c55-4b77-bb87-bb7a31c0bc7a" {{(pid=92208) __call__ /opt/stack/placement/placement/requestlog.py:55}}
Jun 11 07:13:21.574129 np0000002582 devstack@placement-api.service[92208]: INFO placement.requestlog [req-1fdd598c-e9c8-4c4b-a369-e73c66695cb3 req-70fe7622-5948-4d25-83eb-e2e766d42109 service nova] 10.4.3.53 "GET /placement/allocations/fe500f35-6c55-4b77-bb87-bb7a31c0bc7a" status: 200 len: 258 microversion: 1.28
Jun 11 07:13:21.574418 np0000002582 devstack@placement-api.service[92208]: [pid: 92208|app: 0|req: 259/778] 10.4.3.53 () {68 vars in 1492 bytes} [Thu Jun 11 07:13:21 2026] GET /placement/allocations/fe500f35-6c55-4b77-bb87-bb7a31c0bc7a => generated 258 bytes in 13 msecs (HTTP/1.1 200) 8 headers in 296 bytes (1 switches on core 0)
Jun 11 07:13:21.614887 np0000002582 devstack@placement-api.service[92207]: DEBUG placement.requestlog [req-1fdd598c-e9c8-4c4b-a369-e73c66695cb3 req-b7c02fc6-0692-4608-b940-f8d8d2e17814 None None] Starting request: 10.4.3.53 "GET /placement/allocations/59a9f9e3-6341-40af-9a87-b483b3633fb6" {{(pid=92207) __call__ /opt/stack/placement/placement/requestlog.py:55}}
Jun 11 07:13:21.629326 np0000002582 devstack@placement-api.service[92207]: INFO placement.requestlog [req-1fdd598c-e9c8-4c4b-a369-e73c66695cb3 req-b7c02fc6-0692-4608-b940-f8d8d2e17814 service nova] 10.4.3.53 "GET /placement/allocations/59a9f9e3-6341-40af-9a87-b483b3633fb6" status: 200 len: 258 microversion: 1.28
Jun 11 07:13:21.629812 np0000002582 devstack@placement-api.service[92207]: [pid: 92207|app: 0|req: 263/779] 10.4.3.53 () {68 vars in 1492 bytes} [Thu Jun 11 07:13:21 2026] GET /placement/allocations/59a9f9e3-6341-40af-9a87-b483b3633fb6 => generated 258 bytes in 16 msecs (HTTP/1.1 200) 8 headers in 296 bytes (1 switches on core 0)
Jun 11 07:13:21.666734 np0000002582 devstack@placement-api.service[92209]: DEBUG placement.requestlog [req-1fdd598c-e9c8-4c4b-a369-e73c66695cb3 req-5addf789-634d-4b59-a5e9-acd837845139 None None] Starting request: 10.4.3.53 "GET /placement/allocations/8f2efc21-3cac-498f-9234-8c97b281edc0" {{(pid=92209) __call__ /opt/stack/placement/placement/requestlog.py:55}}
Jun 11 07:13:21.679134 np0000002582 devstack@placement-api.service[92209]: INFO placement.requestlog [req-1fdd598c-e9c8-4c4b-a369-e73c66695cb3 req-5addf789-634d-4b59-a5e9-acd837845139 service nova] 10.4.3.53 "GET /placement/allocations/8f2efc21-3cac-498f-9234-8c97b281edc0" status: 200 len: 258 microversion: 1.28
Jun 11 07:13:21.679545 np0000002582 devstack@placement-api.service[92209]: [pid: 92209|app: 0|req: 258/780] 10.4.3.53 () {68 vars in 1492 bytes} [Thu Jun 11 07:13:21 2026] GET /placement/allocations/8f2efc21-3cac-498f-9234-8c97b281edc0 => generated 258 bytes in 14 msecs (HTTP/1.1 200) 8 headers in 296 bytes (1 switches on core 0)
Jun 11 07:13:21.718507 np0000002582 devstack@placement-api.service[92208]: DEBUG placement.requestlog [req-1fdd598c-e9c8-4c4b-a369-e73c66695cb3 req-f1954416-0901-40f4-98d1-38435f7141d6 None None] Starting request: 10.4.3.53 "GET /placement/allocations/5324280a-82c5-4c70-9cf3-2c1106e4307c" {{(pid=92208) __call__ /opt/stack/placement/placement/requestlog.py:55}}
Jun 11 07:13:21.728451 np0000002582 devstack@placement-api.service[92208]: INFO placement.requestlog [req-1fdd598c-e9c8-4c4b-a369-e73c66695cb3 req-f1954416-0901-40f4-98d1-38435f7141d6 service nova] 10.4.3.53 "GET /placement/allocations/5324280a-82c5-4c70-9cf3-2c1106e4307c" status: 200 len: 244 microversion: 1.28
Jun 11 07:13:21.728873 np0000002582 devstack@placement-api.service[92208]: [pid: 92208|app: 0|req: 260/781] 10.4.3.53 () {68 vars in 1492 bytes} [Thu Jun 11 07:13:21 2026] GET /placement/allocations/5324280a-82c5-4c70-9cf3-2c1106e4307c => generated 244 bytes in 11 msecs (HTTP/1.1 200) 8 headers in 296 bytes (1 switches on core 0)
Jun 11 07:13:23.863557 np0000002582 devstack@placement-api.service[92207]: DEBUG placement.requestlog [req-4c0ad9e7-0668-4070-83cf-1be42374c92e req-f5baac28-7f6c-4db9-93ce-acdd59c48443 None None] Starting request: 10.4.3.53 "GET /placement/resource_providers/24724930-5054-4199-9dac-e376c465079b/allocations" {{(pid=92207) __call__ /opt/stack/placement/placement/requestlog.py:55}}
Jun 11 07:13:23.877071 np0000002582 devstack@placement-api.service[92207]: INFO placement.requestlog [req-4c0ad9e7-0668-4070-83cf-1be42374c92e req-f5baac28-7f6c-4db9-93ce-acdd59c48443 service nova] 10.4.3.53 "GET /placement/resource_providers/24724930-5054-4199-9dac-e376c465079b/allocations" status: 200 len: 811 microversion: 1.0
Jun 11 07:13:23.877539 np0000002582 devstack@placement-api.service[92207]: [pid: 92207|app: 0|req: 264/782] 10.4.3.53 () {66 vars in 1505 bytes} [Thu Jun 11 07:13:23 2026] GET /placement/resource_providers/24724930-5054-4199-9dac-e376c465079b/allocations => generated 811 bytes in 14 msecs (HTTP/1.1 200) 6 headers in 224 bytes (1 switches on core 0)
Jun 11 07:13:23.921680 np0000002582 devstack@placement-api.service[92209]: DEBUG placement.requestlog [req-4c0ad9e7-0668-4070-83cf-1be42374c92e req-20f33bf1-c85d-4704-b3b3-404aa1563791 None None] Starting request: 10.4.3.53 "GET /placement/allocations/2ee77ade-c0fb-49b5-805f-ffa991ed6a67" {{(pid=92209) __call__ /opt/stack/placement/placement/requestlog.py:55}}
Jun 11 07:13:23.928981 np0000002582 devstack@placement-api.service[92209]: DEBUG dbcounter [-] [92209] Writing DB stats placement:SELECT=113,placement:INSERT=12,placement:DELETE=13,placement:UPDATE=7 {{(pid=92209) stat_writer /opt/stack/data/venv/lib/python3.12/site-packages/dbcounter.py:115}}
Jun 11 07:13:23.938295 np0000002582 devstack@placement-api.service[92209]: INFO placement.requestlog [req-4c0ad9e7-0668-4070-83cf-1be42374c92e req-20f33bf1-c85d-4704-b3b3-404aa1563791 service nova] 10.4.3.53 "GET /placement/allocations/2ee77ade-c0fb-49b5-805f-ffa991ed6a67" status: 200 len: 258 microversion: 1.28
Jun 11 07:13:23.938295 np0000002582 devstack@placement-api.service[92209]: [pid: 92209|app: 0|req: 259/783] 10.4.3.53 () {68 vars in 1492 bytes} [Thu Jun 11 07:13:23 2026] GET /placement/allocations/2ee77ade-c0fb-49b5-805f-ffa991ed6a67 => generated 258 bytes in 17 msecs (HTTP/1.1 200) 8 headers in 296 bytes (1 switches on core 0)
Jun 11 07:13:23.988860 np0000002582 devstack@placement-api.service[92208]: DEBUG placement.requestlog [req-4c0ad9e7-0668-4070-83cf-1be42374c92e req-942d5454-890e-4806-8454-4bd8ac01fc29 None None] Starting request: 10.4.3.53 "GET /placement/allocations/877329e9-72c7-490d-9b1a-d2138a769311" {{(pid=92208) __call__ /opt/stack/placement/placement/requestlog.py:55}}
Jun 11 07:13:24.004263 np0000002582 devstack@placement-api.service[92208]: INFO placement.requestlog [req-4c0ad9e7-0668-4070-83cf-1be42374c92e req-942d5454-890e-4806-8454-4bd8ac01fc29 service nova] 10.4.3.53 "GET /placement/allocations/877329e9-72c7-490d-9b1a-d2138a769311" status: 200 len: 244 microversion: 1.28
Jun 11 07:13:24.004596 np0000002582 devstack@placement-api.service[92208]: [pid: 92208|app: 0|req: 261/784] 10.4.3.53 () {68 vars in 1492 bytes} [Thu Jun 11 07:13:23 2026] GET /placement/allocations/877329e9-72c7-490d-9b1a-d2138a769311 => generated 244 bytes in 16 msecs (HTTP/1.1 200) 8 headers in 296 bytes (1 switches on core 0)
Jun 11 07:13:24.040579 np0000002582 devstack@placement-api.service[92207]: DEBUG placement.requestlog [req-4c0ad9e7-0668-4070-83cf-1be42374c92e req-3efc9cea-f8c1-4a92-b0e4-35f56232b199 None None] Starting request: 10.4.3.53 "GET /placement/allocations/80a824eb-4139-4063-ac4b-9ebf285499a1" {{(pid=92207) __call__ /opt/stack/placement/placement/requestlog.py:55}}
Jun 11 07:13:24.048947 np0000002582 devstack@placement-api.service[92207]: INFO placement.requestlog [req-4c0ad9e7-0668-4070-83cf-1be42374c92e req-3efc9cea-f8c1-4a92-b0e4-35f56232b199 service nova] 10.4.3.53 "GET /placement/allocations/80a824eb-4139-4063-ac4b-9ebf285499a1" status: 200 len: 244 microversion: 1.28
Jun 11 07:13:24.049198 np0000002582 devstack@placement-api.service[92207]: [pid: 92207|app: 0|req: 265/785] 10.4.3.53 () {68 vars in 1492 bytes} [Thu Jun 11 07:13:24 2026] GET /placement/allocations/80a824eb-4139-4063-ac4b-9ebf285499a1 => generated 244 bytes in 9 msecs (HTTP/1.1 200) 8 headers in 296 bytes (1 switches on core 0)
Jun 11 07:13:24.101493 np0000002582 devstack@placement-api.service[92209]: DEBUG placement.requestlog [req-4c0ad9e7-0668-4070-83cf-1be42374c92e req-b86b6342-82ae-4cce-bc19-6f4b1e6a2702 None None] Starting request: 10.4.3.53 "GET /placement/allocations/f40a7329-4255-46d8-9de7-bb29f13f31f3" {{(pid=92209) __call__ /opt/stack/placement/placement/requestlog.py:55}}
Jun 11 07:13:24.114113 np0000002582 devstack@placement-api.service[92209]: INFO placement.requestlog [req-4c0ad9e7-0668-4070-83cf-1be42374c92e req-b86b6342-82ae-4cce-bc19-6f4b1e6a2702 service nova] 10.4.3.53 "GET /placement/allocations/f40a7329-4255-46d8-9de7-bb29f13f31f3" status: 200 len: 258 microversion: 1.28
Jun 11 07:13:24.114113 np0000002582 devstack@placement-api.service[92209]: [pid: 92209|app: 0|req: 260/786] 10.4.3.53 () {68 vars in 1492 bytes} [Thu Jun 11 07:13:24 2026] GET /placement/allocations/f40a7329-4255-46d8-9de7-bb29f13f31f3 => generated 258 bytes in 11 msecs (HTTP/1.1 200) 8 headers in 296 bytes (1 switches on core 0)
Jun 11 07:13:24.167244 np0000002582 devstack@placement-api.service[92208]: DEBUG placement.requestlog [req-4c0ad9e7-0668-4070-83cf-1be42374c92e req-c420f0be-fc85-4faf-b1d4-f9ab5fbee4a3 None None] Starting request: 10.4.3.53 "GET /placement/allocations/fe500f35-6c55-4b77-bb87-bb7a31c0bc7a" {{(pid=92208) __call__ /opt/stack/placement/placement/requestlog.py:55}}
Jun 11 07:13:24.183476 np0000002582 devstack@placement-api.service[92208]: INFO placement.requestlog [req-4c0ad9e7-0668-4070-83cf-1be42374c92e req-c420f0be-fc85-4faf-b1d4-f9ab5fbee4a3 service nova] 10.4.3.53 "GET /placement/allocations/fe500f35-6c55-4b77-bb87-bb7a31c0bc7a" status: 200 len: 258 microversion: 1.28
Jun 11 07:13:24.183785 np0000002582 devstack@placement-api.service[92208]: [pid: 92208|app: 0|req: 262/787] 10.4.3.53 () {68 vars in 1492 bytes} [Thu Jun 11 07:13:24 2026] GET /placement/allocations/fe500f35-6c55-4b77-bb87-bb7a31c0bc7a => generated 258 bytes in 17 msecs (HTTP/1.1 200) 8 headers in 296 bytes (1 switches on core 0)
Jun 11 07:13:24.233058 np0000002582 devstack@placement-api.service[92207]: DEBUG placement.requestlog [req-4c0ad9e7-0668-4070-83cf-1be42374c92e req-87f59e34-f9ad-4f7f-a249-808353f9d91a None None] Starting request: 10.4.3.53 "GET /placement/allocations/59a9f9e3-6341-40af-9a87-b483b3633fb6" {{(pid=92207) __call__ /opt/stack/placement/placement/requestlog.py:55}}
Jun 11 07:13:24.246470 np0000002582 devstack@placement-api.service[92207]: INFO placement.requestlog [req-4c0ad9e7-0668-4070-83cf-1be42374c92e req-87f59e34-f9ad-4f7f-a249-808353f9d91a service nova] 10.4.3.53 "GET /placement/allocations/59a9f9e3-6341-40af-9a87-b483b3633fb6" status: 200 len: 258 microversion: 1.28
Jun 11 07:13:24.246562 np0000002582 devstack@placement-api.service[92207]: [pid: 92207|app: 0|req: 266/788] 10.4.3.53 () {68 vars in 1492 bytes} [Thu Jun 11 07:13:24 2026] GET /placement/allocations/59a9f9e3-6341-40af-9a87-b483b3633fb6 => generated 258 bytes in 14 msecs (HTTP/1.1 200) 8 headers in 296 bytes (1 switches on core 0)
Jun 11 07:13:24.290585 np0000002582 devstack@placement-api.service[92209]: DEBUG placement.requestlog [req-4c0ad9e7-0668-4070-83cf-1be42374c92e req-3dcf6417-8321-4a76-835a-7e5b708827c9 None None] Starting request: 10.4.3.53 "GET /placement/allocations/8f2efc21-3cac-498f-9234-8c97b281edc0" {{(pid=92209) __call__ /opt/stack/placement/placement/requestlog.py:55}}
Jun 11 07:13:24.301404 np0000002582 devstack@placement-api.service[92209]: INFO placement.requestlog [req-4c0ad9e7-0668-4070-83cf-1be42374c92e req-3dcf6417-8321-4a76-835a-7e5b708827c9 service nova] 10.4.3.53 "GET /placement/allocations/8f2efc21-3cac-498f-9234-8c97b281edc0" status: 200 len: 258 microversion: 1.28
Jun 11 07:13:24.301822 np0000002582 devstack@placement-api.service[92209]: [pid: 92209|app: 0|req: 261/789] 10.4.3.53 () {68 vars in 1492 bytes} [Thu Jun 11 07:13:24 2026] GET /placement/allocations/8f2efc21-3cac-498f-9234-8c97b281edc0 => generated 258 bytes in 11 msecs (HTTP/1.1 200) 8 headers in 296 bytes (1 switches on core 0)
Jun 11 07:13:24.359845 np0000002582 devstack@placement-api.service[92208]: DEBUG placement.requestlog [req-4c0ad9e7-0668-4070-83cf-1be42374c92e req-36482162-e25d-42bf-8930-7d23fc1d9b89 None None] Starting request: 10.4.3.53 "GET /placement/allocations/5324280a-82c5-4c70-9cf3-2c1106e4307c" {{(pid=92208) __call__ /opt/stack/placement/placement/requestlog.py:55}}
Jun 11 07:13:24.376164 np0000002582 devstack@placement-api.service[92208]: INFO placement.requestlog [req-4c0ad9e7-0668-4070-83cf-1be42374c92e req-36482162-e25d-42bf-8930-7d23fc1d9b89 service nova] 10.4.3.53 "GET /placement/allocations/5324280a-82c5-4c70-9cf3-2c1106e4307c" status: 200 len: 244 microversion: 1.28
