Aug 03 10:06:51.803930 np0000006335 devstack@g-api.service[99827]: DEBUG glance_store.location [-] Registering scheme swift with {'store': , 'location_class': , 'store_entry': 'swift'} {{(pid=99827) register_scheme_map /opt/stack/data/venv/lib/python3.12/site-packages/glance_store/location.py:146}}
Aug 03 10:06:51.803971 np0000006335 devstack@g-api.service[99826]: DEBUG glance_store.backend [-] Registering store swift with schemes ('swift+https', 'swift', 'swift+http', 'swift+config') {{(pid=99826) create_stores /opt/stack/data/venv/lib/python3.12/site-packages/glance_store/backend.py:261}}
Aug 03 10:06:51.803994 np0000006335 devstack@g-api.service[99827]: DEBUG glance_store.location [-] Registering scheme swift+http with {'store': , 'location_class': , 'store_entry': 'swift'} {{(pid=99827) register_scheme_map /opt/stack/data/venv/lib/python3.12/site-packages/glance_store/location.py:146}}
Aug 03 10:06:51.804022 np0000006335 devstack@g-api.service[99826]: DEBUG glance_store.driver [-] Late loading location class glance_store._drivers.swift.store.StoreLocation {{(pid=99826) get_store_location_class /opt/stack/data/venv/lib/python3.12/site-packages/glance_store/driver.py:134}}
Aug 03 10:06:51.804047 np0000006335 devstack@g-api.service[99827]: DEBUG glance_store.location [-] Registering scheme swift+config with {'store': , 'location_class': , 'store_entry': 'swift'} {{(pid=99827) register_scheme_map /opt/stack/data/venv/lib/python3.12/site-packages/glance_store/location.py:146}}
Aug 03 10:06:51.804115 np0000006335 devstack@g-api.service[99826]: DEBUG glance_store.location [-] Registering scheme swift+https with {'store': , 'location_class': , 'store_entry': 'swift'} {{(pid=99826) register_scheme_map /opt/stack/data/venv/lib/python3.12/site-packages/glance_store/location.py:146}}
Aug 03 10:06:51.804148 np0000006335 devstack@g-api.service[99828]: DEBUG glance.sqlite_migration [-] SQLite caching database not located, skipping migration {{(pid=99828) get_db_path /opt/stack/glance/glance/sqlite_migration.py:68}}
Aug 03 10:06:51.804194 np0000006335 devstack@g-api.service[99826]: DEBUG glance_store.location [-] Registering scheme swift with {'store': , 'location_class': , 'store_entry': 'swift'} {{(pid=99826) register_scheme_map /opt/stack/data/venv/lib/python3.12/site-packages/glance_store/location.py:146}}
Aug 03 10:06:51.804281 np0000006335 devstack@g-api.service[99826]: DEBUG glance_store.location [-] Registering scheme swift+http with {'store': , 'location_class': , 'store_entry': 'swift'} {{(pid=99826) register_scheme_map /opt/stack/data/venv/lib/python3.12/site-packages/glance_store/location.py:146}}
Aug 03 10:06:51.804312 np0000006335 devstack@g-api.service[99827]: DEBUG glance.sqlite_migration [-] SQLite caching database not located, skipping migration {{(pid=99827) get_db_path /opt/stack/glance/glance/sqlite_migration.py:68}}
Aug 03 10:06:51.804337 np0000006335 devstack@g-api.service[99828]: WARNING glance.common.wsgi_app [-] Import methods are enabled but staging directory /tmp/staging/ does not exist; Imports will fail!
Aug 03 10:06:51.804367 np0000006335 devstack@g-api.service[99826]: DEBUG glance_store.location [-] Registering scheme swift+config with {'store': , 'location_class': , 'store_entry': 'swift'} {{(pid=99826) register_scheme_map /opt/stack/data/venv/lib/python3.12/site-packages/glance_store/location.py:146}}
Aug 03 10:06:51.804493 np0000006335 devstack@g-api.service[99827]: WARNING glance.common.wsgi_app [-] Import methods are enabled but staging directory /tmp/staging/ does not exist; Imports will fail!
Aug 03 10:06:51.804528 np0000006335 devstack@g-api.service[99826]: DEBUG glance_store.backend [-] Attempting to import store swift {{(pid=99826) _load_store /opt/stack/data/venv/lib/python3.12/site-packages/glance_store/backend.py:215}}
Aug 03 10:06:51.806117 np0000006335 devstack@g-api.service[99826]: DEBUG glance_store.capabilities [-] Store glance_store._drivers.swift.store.SingleTenantStore doesn't support updating dynamic storage capabilities. Please overwrite 'update_capabilities' method of the store to implement updating logics if needed. {{(pid=99826) update_capabilities /opt/stack/data/venv/lib/python3.12/site-packages/glance_store/capabilities.py:91}}
Aug 03 10:06:51.806212 np0000006335 devstack@g-api.service[99826]: DEBUG glance_store.driver [-] Late loading location class glance_store._drivers.swift.store.StoreLocation {{(pid=99826) get_store_location_class /opt/stack/data/venv/lib/python3.12/site-packages/glance_store/driver.py:134}}
Aug 03 10:06:51.806309 np0000006335 devstack@g-api.service[99826]: DEBUG glance_store.location [-] Registering scheme swift+https with {'store': , 'location_class': , 'store_entry': 'swift'} {{(pid=99826) register_scheme_map /opt/stack/data/venv/lib/python3.12/site-packages/glance_store/location.py:146}}
Aug 03 10:06:51.806397 np0000006335 devstack@g-api.service[99826]: DEBUG glance_store.location [-] Registering scheme swift+https with {'store': , 'location_class': , 'store_entry': 'swift'} {{(pid=99826) register_scheme_map /opt/stack/data/venv/lib/python3.12/site-packages/glance_store/location.py:146}}
Aug 03 10:06:51.806485 np0000006335 devstack@g-api.service[99826]: DEBUG glance_store.location [-] Registering scheme swift with {'store': , 'location_class': , 'store_entry': 'swift'} {{(pid=99826) register_scheme_map /opt/stack/data/venv/lib/python3.12/site-packages/glance_store/location.py:146}}
Aug 03 10:06:51.806577 np0000006335 devstack@g-api.service[99826]: DEBUG glance_store.location [-] Registering scheme swift+https with {'store': , 'location_class': , 'store_entry': 'swift'} {{(pid=99826) register_scheme_map /opt/stack/data/venv/lib/python3.12/site-packages/glance_store/location.py:146}}
Aug 03 10:06:51.806654 np0000006335 devstack@g-api.service[99826]: DEBUG glance_store.location [-] Registering scheme swift with {'store': , 'location_class': , 'store_entry': 'swift'} {{(pid=99826) register_scheme_map /opt/stack/data/venv/lib/python3.12/site-packages/glance_store/location.py:146}}
Aug 03 10:06:51.806732 np0000006335 devstack@g-api.service[99826]: DEBUG glance_store.location [-] Registering scheme swift+http with {'store': , 'location_class': , 'store_entry': 'swift'} {{(pid=99826) register_scheme_map /opt/stack/data/venv/lib/python3.12/site-packages/glance_store/location.py:146}}
Aug 03 10:06:51.806809 np0000006335 devstack@g-api.service[99826]: DEBUG glance_store.location [-] Registering scheme swift+https with {'store': , 'location_class': , 'store_entry': 'swift'} {{(pid=99826) register_scheme_map /opt/stack/data/venv/lib/python3.12/site-packages/glance_store/location.py:146}}
Aug 03 10:06:51.806899 np0000006335 devstack@g-api.service[99826]: DEBUG glance_store.location [-] Registering scheme swift with {'store': , 'location_class': , 'store_entry': 'swift'} {{(pid=99826) register_scheme_map /opt/stack/data/venv/lib/python3.12/site-packages/glance_store/location.py:146}}
Aug 03 10:06:51.806985 np0000006335 devstack@g-api.service[99826]: DEBUG glance_store.location [-] Registering scheme swift+http with {'store': , 'location_class': , 'store_entry': 'swift'} {{(pid=99826) register_scheme_map /opt/stack/data/venv/lib/python3.12/site-packages/glance_store/location.py:146}}
Aug 03 10:06:51.807065 np0000006335 devstack@g-api.service[99826]: DEBUG glance_store.location [-] Registering scheme swift+config with {'store': , 'location_class': , 'store_entry': 'swift'} {{(pid=99826) register_scheme_map /opt/stack/data/venv/lib/python3.12/site-packages/glance_store/location.py:146}}
Aug 03 10:06:51.807452 np0000006335 devstack@g-api.service[99826]: DEBUG glance.sqlite_migration [-] SQLite caching database not located, skipping migration {{(pid=99826) get_db_path /opt/stack/glance/glance/sqlite_migration.py:68}}
Aug 03 10:06:51.807737 np0000006335 devstack@g-api.service[99826]: WARNING glance.common.wsgi_app [-] Import methods are enabled but staging directory /tmp/staging/ does not exist; Imports will fail!
Aug 03 10:06:51.936565 np0000006335 devstack@g-api.service[99827]: DEBUG glance.common.config [None req-fea1c769-f530-4d04-a670-57d8eb54d853 None None] Loading glance-api-keystone+cachemanagement from /etc/glance/glance-api-paste.ini {{(pid=99827) load_paste_app /opt/stack/glance/glance/common/config.py:765}}
Aug 03 10:06:51.939448 np0000006335 devstack@g-api.service[99828]: DEBUG glance.common.config [None req-20860a47-28c2-4249-8068-dd9bd079fb01 None None] Loading glance-api-keystone+cachemanagement from /etc/glance/glance-api-paste.ini {{(pid=99828) load_paste_app /opt/stack/glance/glance/common/config.py:765}}
Aug 03 10:06:51.943325 np0000006335 devstack@g-api.service[99826]: DEBUG glance.common.config [None req-27eeb3e0-b0b2-4776-9f2c-94336ee4d0ff None None] Loading glance-api-keystone+cachemanagement from /etc/glance/glance-api-paste.ini {{(pid=99826) load_paste_app /opt/stack/glance/glance/common/config.py:765}}
Aug 03 10:06:52.568192 np0000006335 devstack@g-api.service[99828]: INFO glance.image_cache [None req-20860a47-28c2-4249-8068-dd9bd079fb01 None None] Image cache loaded driver 'centralized_db'.
Aug 03 10:06:52.570386 np0000006335 devstack@g-api.service[99826]: INFO glance.image_cache [None req-27eeb3e0-b0b2-4776-9f2c-94336ee4d0ff None None] Image cache loaded driver 'centralized_db'.
Aug 03 10:06:52.580400 np0000006335 devstack@g-api.service[99827]: INFO glance.image_cache [None req-fea1c769-f530-4d04-a670-57d8eb54d853 None None] Image cache loaded driver 'centralized_db'.
Aug 03 10:06:52.618220 np0000006335 devstack@g-api.service[99828]: INFO dbcounter [None req-20860a47-28c2-4249-8068-dd9bd079fb01 None None] Registered counter for database glance
Aug 03 10:06:52.620546 np0000006335 devstack@g-api.service[99826]: INFO dbcounter [None req-27eeb3e0-b0b2-4776-9f2c-94336ee4d0ff None None] Registered counter for database glance
Aug 03 10:06:52.633283 np0000006335 devstack@g-api.service[99827]: INFO dbcounter [None req-fea1c769-f530-4d04-a670-57d8eb54d853 None None] Registered counter for database glance
Aug 03 10:06:52.657293 np0000006335 devstack@g-api.service[99828]: DEBUG oslo_db.sqlalchemy.engines [None req-20860a47-28c2-4249-8068-dd9bd079fb01 None None] MySQL server mode set to STRICT_TRANS_TABLES,STRICT_ALL_TABLES,NO_ZERO_IN_DATE,NO_ZERO_DATE,ERROR_FOR_DIVISION_BY_ZERO,TRADITIONAL,NO_ENGINE_SUBSTITUTION {{(pid=99828) _check_effective_sql_mode /opt/stack/data/venv/lib/python3.12/site-packages/oslo_db/sqlalchemy/engines.py:325}}
Aug 03 10:06:52.661294 np0000006335 devstack@g-api.service[99826]: DEBUG oslo_db.sqlalchemy.engines [None req-27eeb3e0-b0b2-4776-9f2c-94336ee4d0ff None None] MySQL server mode set to STRICT_TRANS_TABLES,STRICT_ALL_TABLES,NO_ZERO_IN_DATE,NO_ZERO_DATE,ERROR_FOR_DIVISION_BY_ZERO,TRADITIONAL,NO_ENGINE_SUBSTITUTION {{(pid=99826) _check_effective_sql_mode /opt/stack/data/venv/lib/python3.12/site-packages/oslo_db/sqlalchemy/engines.py:325}}
Aug 03 10:06:52.679405 np0000006335 devstack@g-api.service[99827]: DEBUG oslo_db.sqlalchemy.engines [None req-fea1c769-f530-4d04-a670-57d8eb54d853 None None] MySQL server mode set to STRICT_TRANS_TABLES,STRICT_ALL_TABLES,NO_ZERO_IN_DATE,NO_ZERO_DATE,ERROR_FOR_DIVISION_BY_ZERO,TRADITIONAL,NO_ENGINE_SUBSTITUTION {{(pid=99827) _check_effective_sql_mode /opt/stack/data/venv/lib/python3.12/site-packages/oslo_db/sqlalchemy/engines.py:325}}
Aug 03 10:06:52.782410 np0000006335 devstack@g-api.service[99828]: DEBUG dbcounter [-] [99828] Writer thread running {{(pid=99828) stat_writer /opt/stack/data/venv/lib/python3.12/site-packages/dbcounter.py:102}}
Aug 03 10:06:52.787546 np0000006335 devstack@g-api.service[99826]: DEBUG dbcounter [-] [99826] Writer thread running {{(pid=99826) stat_writer /opt/stack/data/venv/lib/python3.12/site-packages/dbcounter.py:102}}
Aug 03 10:06:52.790930 np0000006335 devstack@g-api.service[99826]: DEBUG glance.image_cache.drivers.centralized_db [None req-27eeb3e0-b0b2-4776-9f2c-94336ee4d0ff None None] Node reference is already recorded, ignoring it {{(pid=99826) configure /opt/stack/glance/glance/image_cache/drivers/centralized_db.py:71}}
Aug 03 10:06:52.797817 np0000006335 devstack@g-api.service[99826]: INFO glance.image_cache [None req-27eeb3e0-b0b2-4776-9f2c-94336ee4d0ff None None] Image cache loaded driver 'centralized_db'.
Aug 03 10:06:52.798183 np0000006335 devstack@g-api.service[99828]: INFO glance.image_cache [None req-20860a47-28c2-4249-8068-dd9bd079fb01 None None] Image cache loaded driver 'centralized_db'.
Aug 03 10:06:52.800081 np0000006335 devstack@g-api.service[99827]: DEBUG dbcounter [-] [99827] Writer thread running {{(pid=99827) stat_writer /opt/stack/data/venv/lib/python3.12/site-packages/dbcounter.py:102}}
Aug 03 10:06:52.803315 np0000006335 devstack@g-api.service[99827]: DEBUG glance.image_cache.drivers.centralized_db [None req-fea1c769-f530-4d04-a670-57d8eb54d853 None None] Node reference is already recorded, ignoring it {{(pid=99827) configure /opt/stack/glance/glance/image_cache/drivers/centralized_db.py:71}}
Aug 03 10:06:52.805432 np0000006335 devstack@g-api.service[99826]: DEBUG glance.image_cache.drivers.centralized_db [None req-27eeb3e0-b0b2-4776-9f2c-94336ee4d0ff None None] Node reference is already recorded, ignoring it {{(pid=99826) configure /opt/stack/glance/glance/image_cache/drivers/centralized_db.py:71}}
Aug 03 10:06:52.809403 np0000006335 devstack@g-api.service[99827]: INFO glance.image_cache [None req-fea1c769-f530-4d04-a670-57d8eb54d853 None None] Image cache loaded driver 'centralized_db'.
Aug 03 10:06:52.809966 np0000006335 devstack@g-api.service[99828]: DEBUG glance.image_cache.drivers.centralized_db [None req-20860a47-28c2-4249-8068-dd9bd079fb01 None None] Node reference is already recorded, ignoring it {{(pid=99828) configure /opt/stack/glance/glance/image_cache/drivers/centralized_db.py:71}}
Aug 03 10:06:52.810353 np0000006335 devstack@g-api.service[99826]: DEBUG glance.api.v2.cached_images [None req-27eeb3e0-b0b2-4776-9f2c-94336ee4d0ff None None] Started cache worker thread {{(pid=99826) __init__ /opt/stack/glance/glance/api/v2/cached_images.py:71}}
Aug 03 10:06:52.811046 np0000006335 devstack@g-api.service[99826]: INFO glance.image_cache [None req-27eeb3e0-b0b2-4776-9f2c-94336ee4d0ff None None] Image cache loaded driver 'centralized_db'.
Aug 03 10:06:52.817985 np0000006335 devstack@g-api.service[99828]: DEBUG glance.api.v2.cached_images [None req-20860a47-28c2-4249-8068-dd9bd079fb01 None None] Started cache worker thread {{(pid=99828) __init__ /opt/stack/glance/glance/api/v2/cached_images.py:71}}
Aug 03 10:06:52.818064 np0000006335 devstack@g-api.service[99827]: DEBUG glance.image_cache.drivers.centralized_db [None req-fea1c769-f530-4d04-a670-57d8eb54d853 None None] Node reference is already recorded, ignoring it {{(pid=99827) configure /opt/stack/glance/glance/image_cache/drivers/centralized_db.py:71}}
Aug 03 10:06:52.818667 np0000006335 devstack@g-api.service[99826]: DEBUG glance.image_cache.drivers.centralized_db [None req-27eeb3e0-b0b2-4776-9f2c-94336ee4d0ff None None] Node reference is already recorded, ignoring it {{(pid=99826) configure /opt/stack/glance/glance/image_cache/drivers/centralized_db.py:71}}
Aug 03 10:06:52.819143 np0000006335 devstack@g-api.service[99828]: INFO glance.image_cache [None req-20860a47-28c2-4249-8068-dd9bd079fb01 None None] Image cache loaded driver 'centralized_db'.
Aug 03 10:06:52.823429 np0000006335 devstack@g-api.service[99827]: DEBUG glance.api.v2.cached_images [None req-fea1c769-f530-4d04-a670-57d8eb54d853 None None] Started cache worker thread {{(pid=99827) __init__ /opt/stack/glance/glance/api/v2/cached_images.py:71}}
Aug 03 10:06:52.825096 np0000006335 devstack@g-api.service[99827]: INFO glance.image_cache [None req-fea1c769-f530-4d04-a670-57d8eb54d853 None None] Image cache loaded driver 'centralized_db'.
Aug 03 10:06:52.825162 np0000006335 devstack@g-api.service[99826]: INFO glance.api.middleware.cache_manage [None req-27eeb3e0-b0b2-4776-9f2c-94336ee4d0ff None None] Initialized image cache management middleware
Aug 03 10:06:52.825162 np0000006335 devstack@g-api.service[99826]: INFO glance.image_cache [None req-27eeb3e0-b0b2-4776-9f2c-94336ee4d0ff None None] Image cache loaded driver 'centralized_db'.
Aug 03 10:06:52.831251 np0000006335 devstack@g-api.service[99828]: DEBUG glance.image_cache.drivers.centralized_db [None req-20860a47-28c2-4249-8068-dd9bd079fb01 None None] Node reference is already recorded, ignoring it {{(pid=99828) configure /opt/stack/glance/glance/image_cache/drivers/centralized_db.py:71}}
Aug 03 10:06:52.833166 np0000006335 devstack@g-api.service[99826]: DEBUG glance.image_cache.drivers.centralized_db [None req-27eeb3e0-b0b2-4776-9f2c-94336ee4d0ff None None] Node reference is already recorded, ignoring it {{(pid=99826) configure /opt/stack/glance/glance/image_cache/drivers/centralized_db.py:71}}
Aug 03 10:06:52.834842 np0000006335 devstack@g-api.service[99827]: DEBUG glance.image_cache.drivers.centralized_db [None req-fea1c769-f530-4d04-a670-57d8eb54d853 None None] Node reference is already recorded, ignoring it {{(pid=99827) configure /opt/stack/glance/glance/image_cache/drivers/centralized_db.py:71}}
Aug 03 10:06:52.835909 np0000006335 devstack@g-api.service[99828]: INFO glance.api.middleware.cache_manage [None req-20860a47-28c2-4249-8068-dd9bd079fb01 None None] Initialized image cache management middleware
Aug 03 10:06:52.836067 np0000006335 devstack@g-api.service[99828]: INFO glance.image_cache [None req-20860a47-28c2-4249-8068-dd9bd079fb01 None None] Image cache loaded driver 'centralized_db'.
Aug 03 10:06:52.837142 np0000006335 devstack@g-api.service[99826]: INFO glance.api.middleware.cache [None req-27eeb3e0-b0b2-4776-9f2c-94336ee4d0ff None None] Initialized image cache middleware
Aug 03 10:06:52.841553 np0000006335 devstack@g-api.service[99827]: INFO glance.api.middleware.cache_manage [None req-fea1c769-f530-4d04-a670-57d8eb54d853 None None] Initialized image cache management middleware
Aug 03 10:06:52.841745 np0000006335 devstack@g-api.service[99827]: INFO glance.image_cache [None req-fea1c769-f530-4d04-a670-57d8eb54d853 None None] Image cache loaded driver 'centralized_db'.
Aug 03 10:06:52.844519 np0000006335 devstack@g-api.service[99828]: DEBUG glance.image_cache.drivers.centralized_db [None req-20860a47-28c2-4249-8068-dd9bd079fb01 None None] Node reference is already recorded, ignoring it {{(pid=99828) configure /opt/stack/glance/glance/image_cache/drivers/centralized_db.py:71}}
Aug 03 10:06:52.848521 np0000006335 devstack@g-api.service[99827]: DEBUG glance.image_cache.drivers.centralized_db [None req-fea1c769-f530-4d04-a670-57d8eb54d853 None None] Node reference is already recorded, ignoring it {{(pid=99827) configure /opt/stack/glance/glance/image_cache/drivers/centralized_db.py:71}}
Aug 03 10:06:52.850403 np0000006335 devstack@g-api.service[99828]: INFO glance.api.middleware.cache [None req-20860a47-28c2-4249-8068-dd9bd079fb01 None None] Initialized image cache middleware
Aug 03 10:06:52.850829 np0000006335 devstack@g-api.service[99826]: DEBUG glance.common.config [None req-27eeb3e0-b0b2-4776-9f2c-94336ee4d0ff None None] ******************************************************************************** {{(pid=99826) log_opt_values /opt/stack/data/venv/lib/python3.12/site-packages/oslo_config/cfg.py:3226}}
Aug 03 10:06:52.850977 np0000006335 devstack@g-api.service[99826]: DEBUG glance.common.config [None req-27eeb3e0-b0b2-4776-9f2c-94336ee4d0ff None None] Configuration options gathered from: {{(pid=99826) log_opt_values /opt/stack/data/venv/lib/python3.12/site-packages/oslo_config/cfg.py:3227}}
Aug 03 10:06:52.851431 np0000006335 devstack@g-api.service[99826]: DEBUG glance.common.config [None req-27eeb3e0-b0b2-4776-9f2c-94336ee4d0ff None None] command line args: [] {{(pid=99826) log_opt_values /opt/stack/data/venv/lib/python3.12/site-packages/oslo_config/cfg.py:3228}}
Aug 03 10:06:52.851626 np0000006335 devstack@g-api.service[99826]: DEBUG glance.common.config [None req-27eeb3e0-b0b2-4776-9f2c-94336ee4d0ff None None] config files: ['/etc/glance/glance-image-import.conf', '/etc/glance/glance-api.conf'] {{(pid=99826) log_opt_values /opt/stack/data/venv/lib/python3.12/site-packages/oslo_config/cfg.py:3229}}
Aug 03 10:06:52.851730 np0000006335 devstack@g-api.service[99826]: DEBUG glance.common.config [None req-27eeb3e0-b0b2-4776-9f2c-94336ee4d0ff None None] ================================================================================ {{(pid=99826) log_opt_values /opt/stack/data/venv/lib/python3.12/site-packages/oslo_config/cfg.py:3234}}
Aug 03 10:06:52.851906 np0000006335 devstack@g-api.service[99826]: DEBUG glance.common.config [None req-27eeb3e0-b0b2-4776-9f2c-94336ee4d0ff None None] allow_anonymous_access = False {{(pid=99826) log_opt_values /opt/stack/data/venv/lib/python3.12/site-packages/oslo_config/cfg.py:3242}}
Aug 03 10:06:52.852048 np0000006335 devstack@g-api.service[99826]: DEBUG glance.common.config [None req-27eeb3e0-b0b2-4776-9f2c-94336ee4d0ff None None] api_limit_max = 1000 {{(pid=99826) log_opt_values /opt/stack/data/venv/lib/python3.12/site-packages/oslo_config/cfg.py:3242}}
Aug 03 10:06:52.852183 np0000006335 devstack@g-api.service[99826]: DEBUG glance.common.config [None req-27eeb3e0-b0b2-4776-9f2c-94336ee4d0ff None None] config_dir = [] {{(pid=99826) log_opt_values /opt/stack/data/venv/lib/python3.12/site-packages/oslo_config/cfg.py:3242}}
Aug 03 10:06:52.852286 np0000006335 devstack@g-api.service[99826]: DEBUG glance.common.config [None req-27eeb3e0-b0b2-4776-9f2c-94336ee4d0ff None None] config_file = ['/etc/glance/glance-image-import.conf', '/etc/glance/glance-api.conf'] {{(pid=99826) log_opt_values /opt/stack/data/venv/lib/python3.12/site-packages/oslo_config/cfg.py:3242}}
Aug 03 10:06:52.852421 np0000006335 devstack@g-api.service[99826]: DEBUG glance.common.config [None req-27eeb3e0-b0b2-4776-9f2c-94336ee4d0ff None None] config_source = [] {{(pid=99826) log_opt_values /opt/stack/data/venv/lib/python3.12/site-packages/oslo_config/cfg.py:3242}}
Aug 03 10:06:52.852533 np0000006335 devstack@g-api.service[99827]: INFO glance.api.middleware.cache [None req-fea1c769-f530-4d04-a670-57d8eb54d853 None None] Initialized image cache middleware
Aug 03 10:06:52.852578 np0000006335 devstack@g-api.service[99826]: DEBUG glance.common.config [None req-27eeb3e0-b0b2-4776-9f2c-94336ee4d0ff None None] control_exchange = glance {{(pid=99826) log_opt_values /opt/stack/data/venv/lib/python3.12/site-packages/oslo_config/cfg.py:3242}}
Aug 03 10:06:52.852682 np0000006335 devstack@g-api.service[99826]: DEBUG glance.common.config [None req-27eeb3e0-b0b2-4776-9f2c-94336ee4d0ff None None] debug = True {{(pid=99826) log_opt_values /opt/stack/data/venv/lib/python3.12/site-packages/oslo_config/cfg.py:3242}}
Aug 03 10:06:52.852953 np0000006335 devstack@g-api.service[99826]: DEBUG glance.common.config [None req-27eeb3e0-b0b2-4776-9f2c-94336ee4d0ff None None] default_log_levels = ['amqp=WARN', 'boto=WARN', 'sqlalchemy=WARN', 'suds=INFO', 'oslo.messaging=INFO', 'oslo_messaging=INFO', 'iso8601=WARN', 'requests.packages.urllib3.connectionpool=WARN', 'urllib3.connectionpool=WARN', 'websocket=WARN', 'requests.packages.urllib3.util.retry=WARN', 'urllib3.util.retry=WARN', 'keystonemiddleware=WARN', 'routes.middleware=WARN', 'stevedore=WARN', 'taskflow=WARN', 'keystoneauth=WARN', 'oslo.cache=INFO', 'oslo_policy=INFO', 'dogpile.core.dogpile=INFO'] {{(pid=99826) log_opt_values /opt/stack/data/venv/lib/python3.12/site-packages/oslo_config/cfg.py:3242}}
Aug 03 10:06:52.853142 np0000006335 devstack@g-api.service[99826]: DEBUG glance.common.config [None req-27eeb3e0-b0b2-4776-9f2c-94336ee4d0ff None None] default_publisher_id = image.localhost {{(pid=99826) log_opt_values /opt/stack/data/venv/lib/python3.12/site-packages/oslo_config/cfg.py:3242}}
Aug 03 10:06:52.853307 np0000006335 devstack@g-api.service[99826]: DEBUG glance.common.config [None req-27eeb3e0-b0b2-4776-9f2c-94336ee4d0ff None None] delayed_delete = False {{(pid=99826) log_opt_values /opt/stack/data/venv/lib/python3.12/site-packages/oslo_config/cfg.py:3242}}
Aug 03 10:06:52.853342 np0000006335 devstack@g-api.service[99826]: DEBUG glance.common.config [None req-27eeb3e0-b0b2-4776-9f2c-94336ee4d0ff None None] digest_algorithm = sha256 {{(pid=99826) log_opt_values /opt/stack/data/venv/lib/python3.12/site-packages/oslo_config/cfg.py:3242}}
Aug 03 10:06:52.853499 np0000006335 devstack@g-api.service[99826]: DEBUG glance.common.config [None req-27eeb3e0-b0b2-4776-9f2c-94336ee4d0ff None None] disabled_notifications = [] {{(pid=99826) log_opt_values /opt/stack/data/venv/lib/python3.12/site-packages/oslo_config/cfg.py:3242}}
Aug 03 10:06:52.853663 np0000006335 devstack@g-api.service[99826]: DEBUG glance.common.config [None req-27eeb3e0-b0b2-4776-9f2c-94336ee4d0ff None None] do_secure_hash = True {{(pid=99826) log_opt_values /opt/stack/data/venv/lib/python3.12/site-packages/oslo_config/cfg.py:3242}}
Aug 03 10:06:52.854084 np0000006335 devstack@g-api.service[99826]: DEBUG glance.common.config [None req-27eeb3e0-b0b2-4776-9f2c-94336ee4d0ff None None] enabled_backends = None {{(pid=99826) log_opt_values /opt/stack/data/venv/lib/python3.12/site-packages/oslo_config/cfg.py:3242}}
Aug 03 10:06:52.854084 np0000006335 devstack@g-api.service[99826]: DEBUG glance.common.config [None req-27eeb3e0-b0b2-4776-9f2c-94336ee4d0ff None None] enabled_import_methods = ['glance-direct', 'web-download', 'copy-image'] {{(pid=99826) log_opt_values /opt/stack/data/venv/lib/python3.12/site-packages/oslo_config/cfg.py:3242}}
Aug 03 10:06:52.854084 np0000006335 devstack@g-api.service[99826]: DEBUG glance.common.config [None req-27eeb3e0-b0b2-4776-9f2c-94336ee4d0ff None None] fatal_deprecations = False {{(pid=99826) log_opt_values /opt/stack/data/venv/lib/python3.12/site-packages/oslo_config/cfg.py:3242}}
Aug 03 10:06:52.854181 np0000006335 devstack@g-api.service[99826]: DEBUG glance.common.config [None req-27eeb3e0-b0b2-4776-9f2c-94336ee4d0ff None None] hashing_algorithm = sha512 {{(pid=99826) log_opt_values /opt/stack/data/venv/lib/python3.12/site-packages/oslo_config/cfg.py:3242}}
Aug 03 10:06:52.854313 np0000006335 devstack@g-api.service[99826]: DEBUG glance.common.config [None req-27eeb3e0-b0b2-4776-9f2c-94336ee4d0ff None None] http_retries = 3 {{(pid=99826) log_opt_values /opt/stack/data/venv/lib/python3.12/site-packages/oslo_config/cfg.py:3242}}
Aug 03 10:06:52.854434 np0000006335 devstack@g-api.service[99826]: DEBUG glance.common.config [None req-27eeb3e0-b0b2-4776-9f2c-94336ee4d0ff None None] image_cache_dir = /opt/stack/data/glance/cache/ {{(pid=99826) log_opt_values /opt/stack/data/venv/lib/python3.12/site-packages/oslo_config/cfg.py:3242}}
Aug 03 10:06:52.854600 np0000006335 devstack@g-api.service[99826]: DEBUG glance.common.config [None req-27eeb3e0-b0b2-4776-9f2c-94336ee4d0ff None None] image_cache_driver = centralized_db {{(pid=99826) log_opt_values /opt/stack/data/venv/lib/python3.12/site-packages/oslo_config/cfg.py:3242}}
Aug 03 10:06:52.854723 np0000006335 devstack@g-api.service[99826]: DEBUG glance.common.config [None req-27eeb3e0-b0b2-4776-9f2c-94336ee4d0ff None None] image_cache_max_size = 10737418240 {{(pid=99826) log_opt_values /opt/stack/data/venv/lib/python3.12/site-packages/oslo_config/cfg.py:3242}}
Aug 03 10:06:52.854876 np0000006335 devstack@g-api.service[99826]: DEBUG glance.common.config [None req-27eeb3e0-b0b2-4776-9f2c-94336ee4d0ff None None] image_cache_sqlite_db = cache.db {{(pid=99826) log_opt_values /opt/stack/data/venv/lib/python3.12/site-packages/oslo_config/cfg.py:3242}}
Aug 03 10:06:52.855003 np0000006335 devstack@g-api.service[99826]: DEBUG glance.common.config [None req-27eeb3e0-b0b2-4776-9f2c-94336ee4d0ff None None] image_cache_stall_time = 86400 {{(pid=99826) log_opt_values /opt/stack/data/venv/lib/python3.12/site-packages/oslo_config/cfg.py:3242}}
Aug 03 10:06:52.855131 np0000006335 devstack@g-api.service[99826]: DEBUG glance.common.config [None req-27eeb3e0-b0b2-4776-9f2c-94336ee4d0ff None None] image_location_quota = 10 {{(pid=99826) log_opt_values /opt/stack/data/venv/lib/python3.12/site-packages/oslo_config/cfg.py:3242}}
Aug 03 10:06:52.855259 np0000006335 devstack@g-api.service[99826]: DEBUG glance.common.config [None req-27eeb3e0-b0b2-4776-9f2c-94336ee4d0ff None None] image_member_quota = 128 {{(pid=99826) log_opt_values /opt/stack/data/venv/lib/python3.12/site-packages/oslo_config/cfg.py:3242}}
Aug 03 10:06:52.855385 np0000006335 devstack@g-api.service[99826]: DEBUG glance.common.config [None req-27eeb3e0-b0b2-4776-9f2c-94336ee4d0ff None None] image_property_quota = 128 {{(pid=99826) log_opt_values /opt/stack/data/venv/lib/python3.12/site-packages/oslo_config/cfg.py:3242}}
Aug 03 10:06:52.855535 np0000006335 devstack@g-api.service[99826]: DEBUG glance.common.config [None req-27eeb3e0-b0b2-4776-9f2c-94336ee4d0ff None None] image_size_cap = 1099511627776 {{(pid=99826) log_opt_values /opt/stack/data/venv/lib/python3.12/site-packages/oslo_config/cfg.py:3242}}
Aug 03 10:06:52.855661 np0000006335 devstack@g-api.service[99826]: DEBUG glance.common.config [None req-27eeb3e0-b0b2-4776-9f2c-94336ee4d0ff None None] image_tag_quota = 128 {{(pid=99826) log_opt_values /opt/stack/data/venv/lib/python3.12/site-packages/oslo_config/cfg.py:3242}}
Aug 03 10:06:52.855808 np0000006335 devstack@g-api.service[99826]: DEBUG glance.common.config [None req-27eeb3e0-b0b2-4776-9f2c-94336ee4d0ff None None] instance_format = [instance: %(uuid)s] {{(pid=99826) log_opt_values /opt/stack/data/venv/lib/python3.12/site-packages/oslo_config/cfg.py:3242}}
Aug 03 10:06:52.855948 np0000006335 devstack@g-api.service[99826]: DEBUG glance.common.config [None req-27eeb3e0-b0b2-4776-9f2c-94336ee4d0ff None None] instance_uuid_format = [instance: %(uuid)s] {{(pid=99826) log_opt_values /opt/stack/data/venv/lib/python3.12/site-packages/oslo_config/cfg.py:3242}}
Aug 03 10:06:52.856104 np0000006335 devstack@g-api.service[99826]: DEBUG glance.common.config [None req-27eeb3e0-b0b2-4776-9f2c-94336ee4d0ff None None] limit_param_default = 25 {{(pid=99826) log_opt_values /opt/stack/data/venv/lib/python3.12/site-packages/oslo_config/cfg.py:3242}}
Aug 03 10:06:52.856213 np0000006335 devstack@g-api.service[99826]: DEBUG glance.common.config [None req-27eeb3e0-b0b2-4776-9f2c-94336ee4d0ff None None] log_color = False {{(pid=99826) log_opt_values /opt/stack/data/venv/lib/python3.12/site-packages/oslo_config/cfg.py:3242}}
Aug 03 10:06:52.856347 np0000006335 devstack@g-api.service[99826]: DEBUG glance.common.config [None req-27eeb3e0-b0b2-4776-9f2c-94336ee4d0ff None None] log_config_append = None {{(pid=99826) log_opt_values /opt/stack/data/venv/lib/python3.12/site-packages/oslo_config/cfg.py:3242}}
Aug 03 10:06:52.856506 np0000006335 devstack@g-api.service[99826]: DEBUG glance.common.config [None req-27eeb3e0-b0b2-4776-9f2c-94336ee4d0ff None None] log_date_format = %Y-%m-%d %H:%M:%S {{(pid=99826) log_opt_values /opt/stack/data/venv/lib/python3.12/site-packages/oslo_config/cfg.py:3242}}
Aug 03 10:06:52.856638 np0000006335 devstack@g-api.service[99826]: DEBUG glance.common.config [None req-27eeb3e0-b0b2-4776-9f2c-94336ee4d0ff None None] log_dir = None {{(pid=99826) log_opt_values /opt/stack/data/venv/lib/python3.12/site-packages/oslo_config/cfg.py:3242}}
Aug 03 10:06:52.856770 np0000006335 devstack@g-api.service[99826]: DEBUG glance.common.config [None req-27eeb3e0-b0b2-4776-9f2c-94336ee4d0ff None None] log_file = None {{(pid=99826) log_opt_values /opt/stack/data/venv/lib/python3.12/site-packages/oslo_config/cfg.py:3242}}
Aug 03 10:06:52.856909 np0000006335 devstack@g-api.service[99826]: DEBUG glance.common.config [None req-27eeb3e0-b0b2-4776-9f2c-94336ee4d0ff None None] log_rotate_interval = 1 {{(pid=99826) log_opt_values /opt/stack/data/venv/lib/python3.12/site-packages/oslo_config/cfg.py:3242}}
Aug 03 10:06:52.857046 np0000006335 devstack@g-api.service[99826]: DEBUG glance.common.config [None req-27eeb3e0-b0b2-4776-9f2c-94336ee4d0ff None None] log_rotate_interval_type = days {{(pid=99826) log_opt_values /opt/stack/data/venv/lib/python3.12/site-packages/oslo_config/cfg.py:3242}}
Aug 03 10:06:52.857182 np0000006335 devstack@g-api.service[99826]: DEBUG glance.common.config [None req-27eeb3e0-b0b2-4776-9f2c-94336ee4d0ff None None] log_rotation_type = none {{(pid=99826) log_opt_values /opt/stack/data/venv/lib/python3.12/site-packages/oslo_config/cfg.py:3242}}
Aug 03 10:06:52.857283 np0000006335 devstack@g-api.service[99826]: DEBUG glance.common.config [None req-27eeb3e0-b0b2-4776-9f2c-94336ee4d0ff None None] logging_context_format_string = %(color)s%(levelname)s %(name)s [%(global_request_id)s %(request_id)s %(project_name)s %(user_name)s%(color)s] %(instance)s%(color)s%(message)s {{(pid=99826) log_opt_values /opt/stack/data/venv/lib/python3.12/site-packages/oslo_config/cfg.py:3242}}
Aug 03 10:06:52.857386 np0000006335 devstack@g-api.service[99826]: DEBUG glance.common.config [None req-27eeb3e0-b0b2-4776-9f2c-94336ee4d0ff None None] logging_debug_format_suffix = {{(pid=%(process)d) %(funcName)s %(pathname)s:%(lineno)d}} {{(pid=99826) log_opt_values /opt/stack/data/venv/lib/python3.12/site-packages/oslo_config/cfg.py:3242}}
Aug 03 10:06:52.857549 np0000006335 devstack@g-api.service[99826]: DEBUG glance.common.config [None req-27eeb3e0-b0b2-4776-9f2c-94336ee4d0ff None None] logging_default_format_string = %(color)s%(levelname)s %(name)s [-%(color)s] %(instance)s%(color)s%(message)s {{(pid=99826) log_opt_values /opt/stack/data/venv/lib/python3.12/site-packages/oslo_config/cfg.py:3242}}
Aug 03 10:06:52.857684 np0000006335 devstack@g-api.service[99826]: DEBUG glance.common.config [None req-27eeb3e0-b0b2-4776-9f2c-94336ee4d0ff None None] logging_exception_prefix = ERROR %(name)s %(instance)s {{(pid=99826) log_opt_values /opt/stack/data/venv/lib/python3.12/site-packages/oslo_config/cfg.py:3242}}
Aug 03 10:06:52.857790 np0000006335 devstack@g-api.service[99826]: DEBUG glance.common.config [None req-27eeb3e0-b0b2-4776-9f2c-94336ee4d0ff None None] logging_user_identity_format = %(user)s %(project)s %(domain)s %(system_scope)s %(user_domain)s %(project_domain)s {{(pid=99826) log_opt_values /opt/stack/data/venv/lib/python3.12/site-packages/oslo_config/cfg.py:3242}}
Aug 03 10:06:52.857934 np0000006335 devstack@g-api.service[99826]: DEBUG glance.common.config [None req-27eeb3e0-b0b2-4776-9f2c-94336ee4d0ff None None] max_logfile_count = 30 {{(pid=99826) log_opt_values /opt/stack/data/venv/lib/python3.12/site-packages/oslo_config/cfg.py:3242}}
Aug 03 10:06:52.858061 np0000006335 devstack@g-api.service[99826]: DEBUG glance.common.config [None req-27eeb3e0-b0b2-4776-9f2c-94336ee4d0ff None None] max_logfile_size_mb = 200 {{(pid=99826) log_opt_values /opt/stack/data/venv/lib/python3.12/site-packages/oslo_config/cfg.py:3242}}
Aug 03 10:06:52.858190 np0000006335 devstack@g-api.service[99826]: DEBUG glance.common.config [None req-27eeb3e0-b0b2-4776-9f2c-94336ee4d0ff None None] max_request_id_length = 64 {{(pid=99826) log_opt_values /opt/stack/data/venv/lib/python3.12/site-packages/oslo_config/cfg.py:3242}}
Aug 03 10:06:52.858320 np0000006335 devstack@g-api.service[99826]: DEBUG glance.common.config [None req-27eeb3e0-b0b2-4776-9f2c-94336ee4d0ff None None] metadata_encryption_key = **** {{(pid=99826) log_opt_values /opt/stack/data/venv/lib/python3.12/site-packages/oslo_config/cfg.py:3242}}
Aug 03 10:06:52.858457 np0000006335 devstack@g-api.service[99826]: DEBUG glance.common.config [None req-27eeb3e0-b0b2-4776-9f2c-94336ee4d0ff None None] node_staging_uri = file:///tmp/staging/ {{(pid=99826) log_opt_values /opt/stack/data/venv/lib/python3.12/site-packages/oslo_config/cfg.py:3242}}
Aug 03 10:06:52.858606 np0000006335 devstack@g-api.service[99826]: DEBUG glance.common.config [None req-27eeb3e0-b0b2-4776-9f2c-94336ee4d0ff None None] property_protection_file = None {{(pid=99826) log_opt_values /opt/stack/data/venv/lib/python3.12/site-packages/oslo_config/cfg.py:3242}}
Aug 03 10:06:52.858740 np0000006335 devstack@g-api.service[99826]: DEBUG glance.common.config [None req-27eeb3e0-b0b2-4776-9f2c-94336ee4d0ff None None] property_protection_rule_format = roles {{(pid=99826) log_opt_values /opt/stack/data/venv/lib/python3.12/site-packages/oslo_config/cfg.py:3242}}
Aug 03 10:06:52.858888 np0000006335 devstack@g-api.service[99826]: DEBUG glance.common.config [None req-27eeb3e0-b0b2-4776-9f2c-94336ee4d0ff None None] public_endpoint = https://10.4.3.234/image {{(pid=99826) log_opt_values /opt/stack/data/venv/lib/python3.12/site-packages/oslo_config/cfg.py:3242}}
Aug 03 10:06:52.859021 np0000006335 devstack@g-api.service[99826]: DEBUG glance.common.config [None req-27eeb3e0-b0b2-4776-9f2c-94336ee4d0ff None None] publish_errors = False {{(pid=99826) log_opt_values /opt/stack/data/venv/lib/python3.12/site-packages/oslo_config/cfg.py:3242}}
Aug 03 10:06:52.859149 np0000006335 devstack@g-api.service[99826]: DEBUG glance.common.config [None req-27eeb3e0-b0b2-4776-9f2c-94336ee4d0ff None None] pydev_worker_debug_host = None {{(pid=99826) log_opt_values /opt/stack/data/venv/lib/python3.12/site-packages/oslo_config/cfg.py:3242}}
Aug 03 10:06:52.859291 np0000006335 devstack@g-api.service[99826]: DEBUG glance.common.config [None req-27eeb3e0-b0b2-4776-9f2c-94336ee4d0ff None None] pydev_worker_debug_port = 5678 {{(pid=99826) log_opt_values /opt/stack/data/venv/lib/python3.12/site-packages/oslo_config/cfg.py:3242}}
Aug 03 10:06:52.859425 np0000006335 devstack@g-api.service[99826]: DEBUG glance.common.config [None req-27eeb3e0-b0b2-4776-9f2c-94336ee4d0ff None None] rate_limit_burst = 0 {{(pid=99826) log_opt_values /opt/stack/data/venv/lib/python3.12/site-packages/oslo_config/cfg.py:3242}}
Aug 03 10:06:52.859584 np0000006335 devstack@g-api.service[99826]: DEBUG glance.common.config [None req-27eeb3e0-b0b2-4776-9f2c-94336ee4d0ff None None] rate_limit_except_level = CRITICAL {{(pid=99826) log_opt_values /opt/stack/data/venv/lib/python3.12/site-packages/oslo_config/cfg.py:3242}}
Aug 03 10:06:52.859716 np0000006335 devstack@g-api.service[99826]: DEBUG glance.common.config [None req-27eeb3e0-b0b2-4776-9f2c-94336ee4d0ff None None] rate_limit_interval = 0 {{(pid=99826) log_opt_values /opt/stack/data/venv/lib/python3.12/site-packages/oslo_config/cfg.py:3242}}
Aug 03 10:06:52.859848 np0000006335 devstack@g-api.service[99826]: DEBUG glance.common.config [None req-27eeb3e0-b0b2-4776-9f2c-94336ee4d0ff None None] scrub_pool_size = 1 {{(pid=99826) log_opt_values /opt/stack/data/venv/lib/python3.12/site-packages/oslo_config/cfg.py:3242}}
Aug 03 10:06:52.859990 np0000006335 devstack@g-api.service[99826]: DEBUG glance.common.config [None req-27eeb3e0-b0b2-4776-9f2c-94336ee4d0ff None None] scrub_time = 0 {{(pid=99826) log_opt_values /opt/stack/data/venv/lib/python3.12/site-packages/oslo_config/cfg.py:3242}}
Aug 03 10:06:52.860119 np0000006335 devstack@g-api.service[99826]: DEBUG glance.common.config [None req-27eeb3e0-b0b2-4776-9f2c-94336ee4d0ff None None] shell_completion = None {{(pid=99826) log_opt_values /opt/stack/data/venv/lib/python3.12/site-packages/oslo_config/cfg.py:3242}}
Aug 03 10:06:52.860253 np0000006335 devstack@g-api.service[99826]: DEBUG glance.common.config [None req-27eeb3e0-b0b2-4776-9f2c-94336ee4d0ff None None] show_image_direct_url = False {{(pid=99826) log_opt_values /opt/stack/data/venv/lib/python3.12/site-packages/oslo_config/cfg.py:3242}}
Aug 03 10:06:52.860552 np0000006335 devstack@g-api.service[99826]: WARNING oslo_config.cfg [None req-27eeb3e0-b0b2-4776-9f2c-94336ee4d0ff None None] Deprecated: Option "show_multiple_locations" from group "DEFAULT" is deprecated for removal (Use of this option, deprecated since Newton, is a security risk and will be removed once we figure out a way to satisfy those use cases that currently require it. An earlier announcement that the same functionality can be achieved with greater granularity by using policies is incorrect. You cannot work around this option via policy configuration at the present time, though that is the direction we believe the fix will take. Please keep an eye on the Glance release notes to stay up to date on progress in addressing this issue.). Its value may be silently ignored in the future.
Aug 03 10:06:52.860706 np0000006335 devstack@g-api.service[99826]: DEBUG glance.common.config [None req-27eeb3e0-b0b2-4776-9f2c-94336ee4d0ff None None] show_multiple_locations = False {{(pid=99826) log_opt_values /opt/stack/data/venv/lib/python3.12/site-packages/oslo_config/cfg.py:3242}}
Aug 03 10:06:52.860855 np0000006335 devstack@g-api.service[99826]: DEBUG glance.common.config [None req-27eeb3e0-b0b2-4776-9f2c-94336ee4d0ff None None] syslog_log_facility = LOG_USER {{(pid=99826) log_opt_values /opt/stack/data/venv/lib/python3.12/site-packages/oslo_config/cfg.py:3242}}
Aug 03 10:06:52.861005 np0000006335 devstack@g-api.service[99826]: DEBUG glance.common.config [None req-27eeb3e0-b0b2-4776-9f2c-94336ee4d0ff None None] transport_url = **** {{(pid=99826) log_opt_values /opt/stack/data/venv/lib/python3.12/site-packages/oslo_config/cfg.py:3242}}
Aug 03 10:06:52.861134 np0000006335 devstack@g-api.service[99826]: DEBUG glance.common.config [None req-27eeb3e0-b0b2-4776-9f2c-94336ee4d0ff None None] use_journal = False {{(pid=99826) log_opt_values /opt/stack/data/venv/lib/python3.12/site-packages/oslo_config/cfg.py:3242}}
Aug 03 10:06:52.861261 np0000006335 devstack@g-api.service[99826]: DEBUG glance.common.config [None req-27eeb3e0-b0b2-4776-9f2c-94336ee4d0ff None None] use_json = False {{(pid=99826) log_opt_values /opt/stack/data/venv/lib/python3.12/site-packages/oslo_config/cfg.py:3242}}
Aug 03 10:06:52.861410 np0000006335 devstack@g-api.service[99826]: DEBUG glance.common.config [None req-27eeb3e0-b0b2-4776-9f2c-94336ee4d0ff None None] use_keystone_limits = True {{(pid=99826) log_opt_values /opt/stack/data/venv/lib/python3.12/site-packages/oslo_config/cfg.py:3242}}
Aug 03 10:06:52.861573 np0000006335 devstack@g-api.service[99826]: DEBUG glance.common.config [None req-27eeb3e0-b0b2-4776-9f2c-94336ee4d0ff None None] use_stderr = False {{(pid=99826) log_opt_values /opt/stack/data/venv/lib/python3.12/site-packages/oslo_config/cfg.py:3242}}
Aug 03 10:06:52.861722 np0000006335 devstack@g-api.service[99826]: DEBUG glance.common.config [None req-27eeb3e0-b0b2-4776-9f2c-94336ee4d0ff None None] use_syslog = False {{(pid=99826) log_opt_values /opt/stack/data/venv/lib/python3.12/site-packages/oslo_config/cfg.py:3242}}
Aug 03 10:06:52.861871 np0000006335 devstack@g-api.service[99826]: DEBUG glance.common.config [None req-27eeb3e0-b0b2-4776-9f2c-94336ee4d0ff None None] user_storage_quota = 0 {{(pid=99826) log_opt_values /opt/stack/data/venv/lib/python3.12/site-packages/oslo_config/cfg.py:3242}}
Aug 03 10:06:52.862006 np0000006335 devstack@g-api.service[99826]: DEBUG glance.common.config [None req-27eeb3e0-b0b2-4776-9f2c-94336ee4d0ff None None] worker_self_reference_url = http://127.0.0.1:60999 {{(pid=99826) log_opt_values /opt/stack/data/venv/lib/python3.12/site-packages/oslo_config/cfg.py:3242}}
Aug 03 10:06:52.862154 np0000006335 devstack@g-api.service[99826]: DEBUG glance.common.config [None req-27eeb3e0-b0b2-4776-9f2c-94336ee4d0ff None None] oslo_concurrency.disable_process_locking = False {{(pid=99826) log_opt_values /opt/stack/data/venv/lib/python3.12/site-packages/oslo_config/cfg.py:3253}}
Aug 03 10:06:52.862302 np0000006335 devstack@g-api.service[99826]: DEBUG glance.common.config [None req-27eeb3e0-b0b2-4776-9f2c-94336ee4d0ff None None] oslo_concurrency.lock_path = /opt/stack/data/glance/locks {{(pid=99826) log_opt_values /opt/stack/data/venv/lib/python3.12/site-packages/oslo_config/cfg.py:3253}}
Aug 03 10:06:52.862448 np0000006335 devstack@g-api.service[99826]: DEBUG glance.common.config [None req-27eeb3e0-b0b2-4776-9f2c-94336ee4d0ff None None] oslo_middleware.enable_proxy_headers_parsing = False {{(pid=99826) log_opt_values /opt/stack/data/venv/lib/python3.12/site-packages/oslo_config/cfg.py:3253}}
Aug 03 10:06:52.862616 np0000006335 devstack@g-api.service[99826]: DEBUG glance.common.config [None req-27eeb3e0-b0b2-4776-9f2c-94336ee4d0ff None None] oslo_middleware.http_basic_auth_user_file = /etc/htpasswd {{(pid=99826) log_opt_values /opt/stack/data/venv/lib/python3.12/site-packages/oslo_config/cfg.py:3253}}
Aug 03 10:06:52.862760 np0000006335 devstack@g-api.service[99826]: DEBUG glance.common.config [None req-27eeb3e0-b0b2-4776-9f2c-94336ee4d0ff None None] paste_deploy.config_file = None {{(pid=99826) log_opt_values /opt/stack/data/venv/lib/python3.12/site-packages/oslo_config/cfg.py:3253}}
Aug 03 10:06:52.862910 np0000006335 devstack@g-api.service[99826]: DEBUG glance.common.config [None req-27eeb3e0-b0b2-4776-9f2c-94336ee4d0ff None None] paste_deploy.flavor = keystone+cachemanagement {{(pid=99826) log_opt_values /opt/stack/data/venv/lib/python3.12/site-packages/oslo_config/cfg.py:3253}}
Aug 03 10:06:52.863093 np0000006335 devstack@g-api.service[99826]: DEBUG glance.common.config [None req-27eeb3e0-b0b2-4776-9f2c-94336ee4d0ff None None] image_format.container_formats = ['ami', 'ari', 'aki', 'bare', 'ovf', 'ova', 'docker', 'compressed'] {{(pid=99826) log_opt_values /opt/stack/data/venv/lib/python3.12/site-packages/oslo_config/cfg.py:3253}}
Aug 03 10:06:52.863314 np0000006335 devstack@g-api.service[99826]: DEBUG glance.common.config [None req-27eeb3e0-b0b2-4776-9f2c-94336ee4d0ff None None] image_format.disk_formats = ['ami', 'ari', 'aki', 'vhd', 'vhdx', 'vmdk', 'raw', 'qcow2', 'vdi', 'iso', 'ploop'] {{(pid=99826) log_opt_values /opt/stack/data/venv/lib/python3.12/site-packages/oslo_config/cfg.py:3253}}
Aug 03 10:06:52.863460 np0000006335 devstack@g-api.service[99826]: DEBUG glance.common.config [None req-27eeb3e0-b0b2-4776-9f2c-94336ee4d0ff None None] image_format.gpt_safety_checks_nonfatal = [] {{(pid=99826) log_opt_values /opt/stack/data/venv/lib/python3.12/site-packages/oslo_config/cfg.py:3253}}
Aug 03 10:06:52.863638 np0000006335 devstack@g-api.service[99826]: DEBUG glance.common.config [None req-27eeb3e0-b0b2-4776-9f2c-94336ee4d0ff None None] image_format.require_image_format_match = True {{(pid=99826) log_opt_values /opt/stack/data/venv/lib/python3.12/site-packages/oslo_config/cfg.py:3253}}
Aug 03 10:06:52.863800 np0000006335 devstack@g-api.service[99826]: DEBUG glance.common.config [None req-27eeb3e0-b0b2-4776-9f2c-94336ee4d0ff None None] image_format.vmdk_allowed_types = ['streamOptimized', 'monolithicSparse'] {{(pid=99826) log_opt_values /opt/stack/data/venv/lib/python3.12/site-packages/oslo_config/cfg.py:3253}}
Aug 03 10:06:52.863966 np0000006335 devstack@g-api.service[99826]: DEBUG glance.common.config [None req-27eeb3e0-b0b2-4776-9f2c-94336ee4d0ff None None] task.task_executor = taskflow {{(pid=99826) log_opt_values /opt/stack/data/venv/lib/python3.12/site-packages/oslo_config/cfg.py:3253}}
Aug 03 10:06:52.864104 np0000006335 devstack@g-api.service[99826]: DEBUG glance.common.config [None req-27eeb3e0-b0b2-4776-9f2c-94336ee4d0ff None None] task.task_time_to_live = 48 {{(pid=99826) log_opt_values /opt/stack/data/venv/lib/python3.12/site-packages/oslo_config/cfg.py:3253}}
Aug 03 10:06:52.864239 np0000006335 devstack@g-api.service[99826]: DEBUG glance.common.config [None req-27eeb3e0-b0b2-4776-9f2c-94336ee4d0ff None None] task.work_dir = None {{(pid=99826) log_opt_values /opt/stack/data/venv/lib/python3.12/site-packages/oslo_config/cfg.py:3253}}
Aug 03 10:06:52.864279 np0000006335 devstack@g-api.service[99827]: DEBUG glance.common.config [None req-fea1c769-f530-4d04-a670-57d8eb54d853 None None] ******************************************************************************** {{(pid=99827) log_opt_values /opt/stack/data/venv/lib/python3.12/site-packages/oslo_config/cfg.py:3226}}
Aug 03 10:06:52.864327 np0000006335 devstack@g-api.service[99827]: DEBUG glance.common.config [None req-fea1c769-f530-4d04-a670-57d8eb54d853 None None] Configuration options gathered from: {{(pid=99827) log_opt_values /opt/stack/data/venv/lib/python3.12/site-packages/oslo_config/cfg.py:3227}}
Aug 03 10:06:52.864393 np0000006335 devstack@g-api.service[99826]: DEBUG glance.common.config [None req-27eeb3e0-b0b2-4776-9f2c-94336ee4d0ff None None] wsgi.python_interpreter = /opt/stack/data/venv/bin/python3 {{(pid=99826) log_opt_values /opt/stack/data/venv/lib/python3.12/site-packages/oslo_config/cfg.py:3253}}
Aug 03 10:06:52.864558 np0000006335 devstack@g-api.service[99826]: DEBUG glance.common.config [None req-27eeb3e0-b0b2-4776-9f2c-94336ee4d0ff None None] wsgi.task_pool_threads = 16 {{(pid=99826) log_opt_values /opt/stack/data/venv/lib/python3.12/site-packages/oslo_config/cfg.py:3253}}
Aug 03 10:06:52.864685 np0000006335 devstack@g-api.service[99827]: DEBUG glance.common.config [None req-fea1c769-f530-4d04-a670-57d8eb54d853 None None] command line args: [] {{(pid=99827) log_opt_values /opt/stack/data/venv/lib/python3.12/site-packages/oslo_config/cfg.py:3228}}
Aug 03 10:06:52.864730 np0000006335 devstack@g-api.service[99826]: DEBUG glance.common.config [None req-27eeb3e0-b0b2-4776-9f2c-94336ee4d0ff None None] import_filtering_opts.allowed_hosts = [] {{(pid=99826) log_opt_values /opt/stack/data/venv/lib/python3.12/site-packages/oslo_config/cfg.py:3253}}
Aug 03 10:06:52.864833 np0000006335 devstack@g-api.service[99826]: DEBUG glance.common.config [None req-27eeb3e0-b0b2-4776-9f2c-94336ee4d0ff None None] import_filtering_opts.allowed_ports = [80, 443] {{(pid=99826) log_opt_values /opt/stack/data/venv/lib/python3.12/site-packages/oslo_config/cfg.py:3253}}
Aug 03 10:06:52.864893 np0000006335 devstack@g-api.service[99827]: DEBUG glance.common.config [None req-fea1c769-f530-4d04-a670-57d8eb54d853 None None] config files: ['/etc/glance/glance-image-import.conf', '/etc/glance/glance-api.conf'] {{(pid=99827) log_opt_values /opt/stack/data/venv/lib/python3.12/site-packages/oslo_config/cfg.py:3229}}
