Aug 03 10:06:30.320212 np0000006335 nova-scheduler[93593]: DEBUG cotyledon.oslo_config_glue [-] oslo_messaging_rabbit.rabbit_quorum_max_memory_bytes = 0 {{(pid=93593) log_opt_values /opt/stack/data/venv/lib/python3.12/site-packages/oslo_config/cfg.py:3253}}
Aug 03 10:06:30.320244 np0000006335 nova-scheduler[93593]: DEBUG cotyledon.oslo_config_glue [-] oslo_messaging_rabbit.rabbit_quorum_max_memory_length = 0 {{(pid=93593) log_opt_values /opt/stack/data/venv/lib/python3.12/site-packages/oslo_config/cfg.py:3253}}
Aug 03 10:06:30.320274 np0000006335 nova-scheduler[93593]: DEBUG cotyledon.oslo_config_glue [-] oslo_messaging_rabbit.rabbit_quorum_queue = False {{(pid=93593) log_opt_values /opt/stack/data/venv/lib/python3.12/site-packages/oslo_config/cfg.py:3253}}
Aug 03 10:06:30.320309 np0000006335 nova-scheduler[93593]: DEBUG cotyledon.oslo_config_glue [-] oslo_messaging_rabbit.rabbit_retry_backoff = 2 {{(pid=93593) log_opt_values /opt/stack/data/venv/lib/python3.12/site-packages/oslo_config/cfg.py:3253}}
Aug 03 10:06:30.320350 np0000006335 nova-scheduler[93593]: DEBUG cotyledon.oslo_config_glue [-] oslo_messaging_rabbit.rabbit_retry_interval = 1 {{(pid=93593) log_opt_values /opt/stack/data/venv/lib/python3.12/site-packages/oslo_config/cfg.py:3253}}
Aug 03 10:06:30.320377 np0000006335 nova-scheduler[93593]: DEBUG cotyledon.oslo_config_glue [-] oslo_messaging_rabbit.rabbit_stream_fanout = False {{(pid=93593) log_opt_values /opt/stack/data/venv/lib/python3.12/site-packages/oslo_config/cfg.py:3253}}
Aug 03 10:06:30.320397 np0000006335 nova-scheduler[93593]: DEBUG cotyledon.oslo_config_glue [-] oslo_messaging_rabbit.rabbit_transient_queues_ttl = 1800 {{(pid=93593) log_opt_values /opt/stack/data/venv/lib/python3.12/site-packages/oslo_config/cfg.py:3253}}
Aug 03 10:06:30.320432 np0000006335 nova-scheduler[93593]: DEBUG cotyledon.oslo_config_glue [-] oslo_messaging_rabbit.rabbit_transient_quorum_queue = False {{(pid=93593) log_opt_values /opt/stack/data/venv/lib/python3.12/site-packages/oslo_config/cfg.py:3253}}
Aug 03 10:06:30.320464 np0000006335 nova-scheduler[93593]: DEBUG cotyledon.oslo_config_glue [-] oslo_messaging_rabbit.rpc_conn_pool_size = 30 {{(pid=93593) log_opt_values /opt/stack/data/venv/lib/python3.12/site-packages/oslo_config/cfg.py:3253}}
Aug 03 10:06:30.320526 np0000006335 nova-scheduler[93593]: DEBUG cotyledon.oslo_config_glue [-] oslo_messaging_rabbit.ssl = False {{(pid=93593) log_opt_values /opt/stack/data/venv/lib/python3.12/site-packages/oslo_config/cfg.py:3253}}
Aug 03 10:06:30.320563 np0000006335 nova-scheduler[93593]: DEBUG cotyledon.oslo_config_glue [-] oslo_messaging_rabbit.ssl_ca_file = {{(pid=93593) log_opt_values /opt/stack/data/venv/lib/python3.12/site-packages/oslo_config/cfg.py:3253}}
Aug 03 10:06:30.320598 np0000006335 nova-scheduler[93593]: DEBUG cotyledon.oslo_config_glue [-] oslo_messaging_rabbit.ssl_cert_file = {{(pid=93593) log_opt_values /opt/stack/data/venv/lib/python3.12/site-packages/oslo_config/cfg.py:3253}}
Aug 03 10:06:30.320634 np0000006335 nova-scheduler[93593]: DEBUG cotyledon.oslo_config_glue [-] oslo_messaging_rabbit.ssl_enforce_fips_mode = False {{(pid=93593) log_opt_values /opt/stack/data/venv/lib/python3.12/site-packages/oslo_config/cfg.py:3253}}
Aug 03 10:06:30.320670 np0000006335 nova-scheduler[93593]: DEBUG cotyledon.oslo_config_glue [-] oslo_messaging_rabbit.ssl_enforce_hostname_verification = True {{(pid=93593) log_opt_values /opt/stack/data/venv/lib/python3.12/site-packages/oslo_config/cfg.py:3253}}
Aug 03 10:06:30.320707 np0000006335 nova-scheduler[93593]: DEBUG cotyledon.oslo_config_glue [-] oslo_messaging_rabbit.ssl_key_file = {{(pid=93593) log_opt_values /opt/stack/data/venv/lib/python3.12/site-packages/oslo_config/cfg.py:3253}}
Aug 03 10:06:30.320739 np0000006335 nova-scheduler[93593]: DEBUG cotyledon.oslo_config_glue [-] oslo_messaging_rabbit.ssl_version = {{(pid=93593) log_opt_values /opt/stack/data/venv/lib/python3.12/site-packages/oslo_config/cfg.py:3253}}
Aug 03 10:06:30.320774 np0000006335 nova-scheduler[93593]: DEBUG cotyledon.oslo_config_glue [-] oslo_messaging_rabbit.use_queue_manager = False {{(pid=93593) log_opt_values /opt/stack/data/venv/lib/python3.12/site-packages/oslo_config/cfg.py:3253}}
Aug 03 10:06:30.320824 np0000006335 nova-scheduler[93593]: DEBUG cotyledon.oslo_config_glue [-] oslo_messaging_notifications.driver = ['messagingv2'] {{(pid=93593) log_opt_values /opt/stack/data/venv/lib/python3.12/site-packages/oslo_config/cfg.py:3253}}
Aug 03 10:06:30.320855 np0000006335 nova-scheduler[93593]: DEBUG cotyledon.oslo_config_glue [-] oslo_messaging_notifications.retry = -1 {{(pid=93593) log_opt_values /opt/stack/data/venv/lib/python3.12/site-packages/oslo_config/cfg.py:3253}}
Aug 03 10:06:30.320910 np0000006335 nova-scheduler[93593]: DEBUG cotyledon.oslo_config_glue [-] oslo_messaging_notifications.topics = ['notifications'] {{(pid=93593) log_opt_values /opt/stack/data/venv/lib/python3.12/site-packages/oslo_config/cfg.py:3253}}
Aug 03 10:06:30.320954 np0000006335 nova-scheduler[93593]: DEBUG cotyledon.oslo_config_glue [-] oslo_messaging_notifications.transport_url = **** {{(pid=93593) log_opt_values /opt/stack/data/venv/lib/python3.12/site-packages/oslo_config/cfg.py:3253}}
Aug 03 10:06:30.321014 np0000006335 nova-scheduler[93593]: DEBUG cotyledon.oslo_config_glue [-] oslo_limit.auth_section = None {{(pid=93593) log_opt_values /opt/stack/data/venv/lib/python3.12/site-packages/oslo_config/cfg.py:3253}}
Aug 03 10:06:30.321048 np0000006335 nova-scheduler[93593]: DEBUG cotyledon.oslo_config_glue [-] oslo_limit.auth_type = None {{(pid=93593) log_opt_values /opt/stack/data/venv/lib/python3.12/site-packages/oslo_config/cfg.py:3253}}
Aug 03 10:06:30.321083 np0000006335 nova-scheduler[93593]: DEBUG cotyledon.oslo_config_glue [-] oslo_limit.cafile = None {{(pid=93593) log_opt_values /opt/stack/data/venv/lib/python3.12/site-packages/oslo_config/cfg.py:3253}}
Aug 03 10:06:30.321118 np0000006335 nova-scheduler[93593]: DEBUG cotyledon.oslo_config_glue [-] oslo_limit.certfile = None {{(pid=93593) log_opt_values /opt/stack/data/venv/lib/python3.12/site-packages/oslo_config/cfg.py:3253}}
Aug 03 10:06:30.321175 np0000006335 nova-scheduler[93593]: DEBUG cotyledon.oslo_config_glue [-] oslo_limit.collect_timing = False {{(pid=93593) log_opt_values /opt/stack/data/venv/lib/python3.12/site-packages/oslo_config/cfg.py:3253}}
Aug 03 10:06:30.321203 np0000006335 nova-scheduler[93593]: DEBUG cotyledon.oslo_config_glue [-] oslo_limit.connect_retries = None {{(pid=93593) log_opt_values /opt/stack/data/venv/lib/python3.12/site-packages/oslo_config/cfg.py:3253}}
Aug 03 10:06:30.321234 np0000006335 nova-scheduler[93593]: DEBUG cotyledon.oslo_config_glue [-] oslo_limit.connect_retry_delay = None {{(pid=93593) log_opt_values /opt/stack/data/venv/lib/python3.12/site-packages/oslo_config/cfg.py:3253}}
Aug 03 10:06:30.321268 np0000006335 nova-scheduler[93593]: DEBUG cotyledon.oslo_config_glue [-] oslo_limit.endpoint_id = None {{(pid=93593) log_opt_values /opt/stack/data/venv/lib/python3.12/site-packages/oslo_config/cfg.py:3253}}
Aug 03 10:06:30.321305 np0000006335 nova-scheduler[93593]: DEBUG cotyledon.oslo_config_glue [-] oslo_limit.endpoint_interface = public {{(pid=93593) log_opt_values /opt/stack/data/venv/lib/python3.12/site-packages/oslo_config/cfg.py:3253}}
Aug 03 10:06:30.321343 np0000006335 nova-scheduler[93593]: DEBUG cotyledon.oslo_config_glue [-] oslo_limit.endpoint_override = None {{(pid=93593) log_opt_values /opt/stack/data/venv/lib/python3.12/site-packages/oslo_config/cfg.py:3253}}
Aug 03 10:06:30.321380 np0000006335 nova-scheduler[93593]: DEBUG cotyledon.oslo_config_glue [-] oslo_limit.endpoint_region_name = None {{(pid=93593) log_opt_values /opt/stack/data/venv/lib/python3.12/site-packages/oslo_config/cfg.py:3253}}
Aug 03 10:06:30.321404 np0000006335 nova-scheduler[93593]: DEBUG cotyledon.oslo_config_glue [-] oslo_limit.endpoint_service_name = None {{(pid=93593) log_opt_values /opt/stack/data/venv/lib/python3.12/site-packages/oslo_config/cfg.py:3253}}
Aug 03 10:06:30.321437 np0000006335 nova-scheduler[93593]: DEBUG cotyledon.oslo_config_glue [-] oslo_limit.endpoint_service_type = None {{(pid=93593) log_opt_values /opt/stack/data/venv/lib/python3.12/site-packages/oslo_config/cfg.py:3253}}
Aug 03 10:06:30.321490 np0000006335 nova-scheduler[93593]: DEBUG cotyledon.oslo_config_glue [-] oslo_limit.insecure = False {{(pid=93593) log_opt_values /opt/stack/data/venv/lib/python3.12/site-packages/oslo_config/cfg.py:3253}}
Aug 03 10:06:30.321538 np0000006335 nova-scheduler[93593]: DEBUG cotyledon.oslo_config_glue [-] oslo_limit.keyfile = None {{(pid=93593) log_opt_values /opt/stack/data/venv/lib/python3.12/site-packages/oslo_config/cfg.py:3253}}
Aug 03 10:06:30.321591 np0000006335 nova-scheduler[93593]: DEBUG cotyledon.oslo_config_glue [-] oslo_limit.max_version = None {{(pid=93593) log_opt_values /opt/stack/data/venv/lib/python3.12/site-packages/oslo_config/cfg.py:3253}}
Aug 03 10:06:30.321632 np0000006335 nova-scheduler[93593]: DEBUG cotyledon.oslo_config_glue [-] oslo_limit.min_version = None {{(pid=93593) log_opt_values /opt/stack/data/venv/lib/python3.12/site-packages/oslo_config/cfg.py:3253}}
Aug 03 10:06:30.321665 np0000006335 nova-scheduler[93593]: DEBUG cotyledon.oslo_config_glue [-] oslo_limit.region_name = None {{(pid=93593) log_opt_values /opt/stack/data/venv/lib/python3.12/site-packages/oslo_config/cfg.py:3253}}
Aug 03 10:06:30.321699 np0000006335 nova-scheduler[93593]: DEBUG cotyledon.oslo_config_glue [-] oslo_limit.retriable_status_codes = None {{(pid=93593) log_opt_values /opt/stack/data/venv/lib/python3.12/site-packages/oslo_config/cfg.py:3253}}
Aug 03 10:06:30.321747 np0000006335 nova-scheduler[93593]: DEBUG cotyledon.oslo_config_glue [-] oslo_limit.service_name = None {{(pid=93593) log_opt_values /opt/stack/data/venv/lib/python3.12/site-packages/oslo_config/cfg.py:3253}}
Aug 03 10:06:30.321784 np0000006335 nova-scheduler[93593]: DEBUG cotyledon.oslo_config_glue [-] oslo_limit.service_type = None {{(pid=93593) log_opt_values /opt/stack/data/venv/lib/python3.12/site-packages/oslo_config/cfg.py:3253}}
Aug 03 10:06:30.321820 np0000006335 nova-scheduler[93593]: DEBUG cotyledon.oslo_config_glue [-] oslo_limit.split_loggers = False {{(pid=93593) log_opt_values /opt/stack/data/venv/lib/python3.12/site-packages/oslo_config/cfg.py:3253}}
Aug 03 10:06:30.321854 np0000006335 nova-scheduler[93593]: DEBUG cotyledon.oslo_config_glue [-] oslo_limit.status_code_retries = None {{(pid=93593) log_opt_values /opt/stack/data/venv/lib/python3.12/site-packages/oslo_config/cfg.py:3253}}
Aug 03 10:06:30.321903 np0000006335 nova-scheduler[93593]: DEBUG cotyledon.oslo_config_glue [-] oslo_limit.status_code_retry_delay = None {{(pid=93593) log_opt_values /opt/stack/data/venv/lib/python3.12/site-packages/oslo_config/cfg.py:3253}}
Aug 03 10:06:30.321946 np0000006335 nova-scheduler[93593]: DEBUG cotyledon.oslo_config_glue [-] oslo_limit.timeout = None {{(pid=93593) log_opt_values /opt/stack/data/venv/lib/python3.12/site-packages/oslo_config/cfg.py:3253}}
Aug 03 10:06:30.321980 np0000006335 nova-scheduler[93593]: DEBUG cotyledon.oslo_config_glue [-] oslo_limit.valid_interfaces = None {{(pid=93593) log_opt_values /opt/stack/data/venv/lib/python3.12/site-packages/oslo_config/cfg.py:3253}}
Aug 03 10:06:30.322018 np0000006335 nova-scheduler[93593]: DEBUG cotyledon.oslo_config_glue [-] oslo_limit.version = None {{(pid=93593) log_opt_values /opt/stack/data/venv/lib/python3.12/site-packages/oslo_config/cfg.py:3253}}
Aug 03 10:06:30.322062 np0000006335 nova-scheduler[93593]: DEBUG cotyledon.oslo_config_glue [-] oslo_reports.file_event_handler = None {{(pid=93593) log_opt_values /opt/stack/data/venv/lib/python3.12/site-packages/oslo_config/cfg.py:3253}}
Aug 03 10:06:30.322107 np0000006335 nova-scheduler[93593]: DEBUG cotyledon.oslo_config_glue [-] oslo_reports.file_event_handler_interval = 1 {{(pid=93593) log_opt_values /opt/stack/data/venv/lib/python3.12/site-packages/oslo_config/cfg.py:3253}}
Aug 03 10:06:30.322150 np0000006335 nova-scheduler[93593]: DEBUG cotyledon.oslo_config_glue [-] oslo_reports.log_dir = None {{(pid=93593) log_opt_values /opt/stack/data/venv/lib/python3.12/site-packages/oslo_config/cfg.py:3253}}
Aug 03 10:06:30.322188 np0000006335 nova-scheduler[93593]: DEBUG cotyledon.oslo_config_glue [-] ******************************************************************************** {{(pid=93593) log_opt_values /opt/stack/data/venv/lib/python3.12/site-packages/oslo_config/cfg.py:3260}}
Aug 03 10:06:30.322319 np0000006335 nova-scheduler[93593]: DEBUG cotyledon._service_worker [-] Run service ServiceWrapper(2) [93593] {{(pid=93593) wait_forever /opt/stack/data/venv/lib/python3.12/site-packages/cotyledon/_service_worker.py:218}}
Aug 03 10:06:30.323444 np0000006335 nova-scheduler[93593]: INFO nova.service [-] Starting scheduler node (version 33.1.0)
Aug 03 10:06:30.327322 np0000006335 nova-scheduler[93593]: INFO dbcounter [None req-b5100736-a536-4887-a8b2-ad1ac730a108 None None] Registered counter for database nova_cell0
Aug 03 10:06:30.337640 np0000006335 nova-scheduler[93589]: DEBUG oslo_db.sqlalchemy.engines [None req-d79fa865-6cd8-4ac7-96cf-ec887400cb24 None None] MySQL server mode set to STRICT_TRANS_TABLES,STRICT_ALL_TABLES,NO_ZERO_IN_DATE,NO_ZERO_DATE,ERROR_FOR_DIVISION_BY_ZERO,TRADITIONAL,NO_ENGINE_SUBSTITUTION {{(pid=93589) _check_effective_sql_mode /opt/stack/data/venv/lib/python3.12/site-packages/oslo_db/sqlalchemy/engines.py:325}}
Aug 03 10:06:30.347666 np0000006335 nova-scheduler[93589]: DEBUG dbcounter [-] [93589] Writer thread running {{(pid=93589) stat_writer /opt/stack/data/venv/lib/python3.12/site-packages/dbcounter.py:102}}
Aug 03 10:06:30.347843 np0000006335 nova-scheduler[93591]: DEBUG oslo_db.sqlalchemy.engines [None req-d42bda15-3f80-4768-97fc-67549ef305df None None] MySQL server mode set to STRICT_TRANS_TABLES,STRICT_ALL_TABLES,NO_ZERO_IN_DATE,NO_ZERO_DATE,ERROR_FOR_DIVISION_BY_ZERO,TRADITIONAL,NO_ENGINE_SUBSTITUTION {{(pid=93591) _check_effective_sql_mode /opt/stack/data/venv/lib/python3.12/site-packages/oslo_db/sqlalchemy/engines.py:325}}
Aug 03 10:06:30.356937 np0000006335 nova-scheduler[93591]: DEBUG dbcounter [-] [93591] Writer thread running {{(pid=93591) stat_writer /opt/stack/data/venv/lib/python3.12/site-packages/dbcounter.py:102}}
Aug 03 10:06:30.364353 np0000006335 nova-scheduler[93589]: DEBUG nova.service [None req-d79fa865-6cd8-4ac7-96cf-ec887400cb24 None None] Creating RPC server for service: nova-scheduler on topic: scheduler {{(pid=93589) start /opt/stack/nova/nova/service.py:196}}
Aug 03 10:06:30.364487 np0000006335 nova-scheduler[93593]: DEBUG oslo_db.sqlalchemy.engines [None req-b5100736-a536-4887-a8b2-ad1ac730a108 None None] MySQL server mode set to STRICT_TRANS_TABLES,STRICT_ALL_TABLES,NO_ZERO_IN_DATE,NO_ZERO_DATE,ERROR_FOR_DIVISION_BY_ZERO,TRADITIONAL,NO_ENGINE_SUBSTITUTION {{(pid=93593) _check_effective_sql_mode /opt/stack/data/venv/lib/python3.12/site-packages/oslo_db/sqlalchemy/engines.py:325}}
Aug 03 10:06:30.372249 np0000006335 nova-scheduler[93591]: DEBUG nova.service [None req-d42bda15-3f80-4768-97fc-67549ef305df None None] Creating RPC server for service: nova-scheduler on topic: scheduler {{(pid=93591) start /opt/stack/nova/nova/service.py:196}}
Aug 03 10:06:30.376283 np0000006335 nova-scheduler[93593]: DEBUG dbcounter [-] [93593] Writer thread running {{(pid=93593) stat_writer /opt/stack/data/venv/lib/python3.12/site-packages/dbcounter.py:102}}
Aug 03 10:06:30.379590 np0000006335 nova-scheduler[93593]: DEBUG nova.service [None req-b5100736-a536-4887-a8b2-ad1ac730a108 None None] Creating RPC server for service: nova-scheduler on topic: scheduler {{(pid=93593) start /opt/stack/nova/nova/service.py:196}}
Aug 03 10:06:30.390832 np0000006335 nova-scheduler[93591]: DEBUG nova.service [None req-d42bda15-3f80-4768-97fc-67549ef305df None None] Join ServiceGroup membership for this service scheduler {{(pid=93591) start /opt/stack/nova/nova/service.py:222}}
Aug 03 10:06:30.391068 np0000006335 nova-scheduler[93591]: DEBUG nova.servicegroup.drivers.db [None req-d42bda15-3f80-4768-97fc-67549ef305df None None] DB_Driver: join new ServiceGroup member np0000006335 to the scheduler group, service = {{(pid=93591) join /opt/stack/nova/nova/servicegroup/drivers/db.py:44}}
Aug 03 10:06:30.397965 np0000006335 nova-scheduler[93589]: DEBUG nova.service [None req-d79fa865-6cd8-4ac7-96cf-ec887400cb24 None None] Join ServiceGroup membership for this service scheduler {{(pid=93589) start /opt/stack/nova/nova/service.py:222}}
Aug 03 10:06:30.398208 np0000006335 nova-scheduler[93589]: DEBUG nova.servicegroup.drivers.db [None req-d79fa865-6cd8-4ac7-96cf-ec887400cb24 None None] DB_Driver: join new ServiceGroup member np0000006335 to the scheduler group, service = {{(pid=93589) join /opt/stack/nova/nova/servicegroup/drivers/db.py:44}}
Aug 03 10:06:30.398388 np0000006335 nova-scheduler[93593]: DEBUG nova.service [None req-b5100736-a536-4887-a8b2-ad1ac730a108 None None] Join ServiceGroup membership for this service scheduler {{(pid=93593) start /opt/stack/nova/nova/service.py:222}}
Aug 03 10:06:30.398605 np0000006335 nova-scheduler[93593]: DEBUG nova.servicegroup.drivers.db [None req-b5100736-a536-4887-a8b2-ad1ac730a108 None None] DB_Driver: join new ServiceGroup member np0000006335 to the scheduler group, service = {{(pid=93593) join /opt/stack/nova/nova/servicegroup/drivers/db.py:44}}
Aug 03 10:06:35.409196 np0000006335 nova-scheduler[93591]: DEBUG oslo.service.backend._threading.loopingcall [-] Fixed interval looping call 'nova.servicegroup.drivers.db.DbDriver._report_state' sleeping for 119.98 seconds {{(pid=93591) _run_loop /opt/stack/data/venv/lib/python3.12/site-packages/oslo_service/backend/_threading/loopingcall.py:125}}
Aug 03 10:06:35.414700 np0000006335 nova-scheduler[93593]: DEBUG oslo.service.backend._threading.loopingcall [-] Fixed interval looping call 'nova.servicegroup.drivers.db.DbDriver._report_state' sleeping for 119.99 seconds {{(pid=93593) _run_loop /opt/stack/data/venv/lib/python3.12/site-packages/oslo_service/backend/_threading/loopingcall.py:125}}
Aug 03 10:06:35.415228 np0000006335 nova-scheduler[93589]: DEBUG oslo.service.backend._threading.loopingcall [-] Fixed interval looping call 'nova.servicegroup.drivers.db.DbDriver._report_state' sleeping for 119.98 seconds {{(pid=93589) _run_loop /opt/stack/data/venv/lib/python3.12/site-packages/oslo_service/backend/_threading/loopingcall.py:125}}
Aug 03 10:06:38.949786 np0000006335 nova-scheduler[92243]: DEBUG dbcounter [-] [92243] Writing DB stats nova_api:SELECT=3 {{(pid=92243) stat_writer /opt/stack/data/venv/lib/python3.12/site-packages/dbcounter.py:115}}
Aug 03 10:06:39.069634 np0000006335 nova-scheduler[92243]: DEBUG dbcounter [-] [92243] Writing DB stats nova_cell0:SELECT=1 {{(pid=92243) stat_writer /opt/stack/data/venv/lib/python3.12/site-packages/dbcounter.py:115}}
Aug 03 10:06:39.074648 np0000006335 nova-scheduler[92243]: DEBUG dbcounter [-] [92243] Writing DB stats nova_cell1:SELECT=1 {{(pid=92243) stat_writer /opt/stack/data/venv/lib/python3.12/site-packages/dbcounter.py:115}}
Aug 03 10:06:44.395492 np0000006335 nova-scheduler[93591]: DEBUG oslo.service.backend._threading.loopingcall [None req-9c355ebe-cbe7-4933-90c3-d3ea645071c6 None None] Dynamic interval looping call 'nova.service.Service.periodic_tasks' sleeping for 60.00 seconds {{(pid=93591) _run_loop /opt/stack/data/venv/lib/python3.12/site-packages/oslo_service/backend/_threading/loopingcall.py:125}}
Aug 03 10:06:45.405098 np0000006335 nova-scheduler[93591]: DEBUG dbcounter [-] [93591] Writing DB stats nova_cell0:SELECT=5,nova_cell0:INSERT=1,nova_cell0:UPDATE=1 {{(pid=93591) stat_writer /opt/stack/data/venv/lib/python3.12/site-packages/dbcounter.py:115}}
Aug 03 10:06:45.413490 np0000006335 nova-scheduler[93593]: DEBUG dbcounter [-] [93593] Writing DB stats nova_cell0:SELECT=3 {{(pid=93593) stat_writer /opt/stack/data/venv/lib/python3.12/site-packages/dbcounter.py:115}}
Aug 03 10:06:45.417571 np0000006335 nova-scheduler[93589]: DEBUG dbcounter [-] [93589] Writing DB stats nova_cell0:SELECT=4,nova_cell0:INSERT=1 {{(pid=93589) stat_writer /opt/stack/data/venv/lib/python3.12/site-packages/dbcounter.py:115}}
Aug 03 10:07:04.400877 np0000006335 nova-scheduler[93593]: DEBUG oslo.service.backend._threading.loopingcall [None req-5a2ab3d3-f573-4d29-9c35-b0b4eb5a3296 None None] Dynamic interval looping call 'nova.service.Service.periodic_tasks' sleeping for 60.00 seconds {{(pid=93593) _run_loop /opt/stack/data/venv/lib/python3.12/site-packages/oslo_service/backend/_threading/loopingcall.py:125}}
Aug 03 10:07:13.400363 np0000006335 nova-scheduler[93589]: DEBUG oslo.service.backend._threading.loopingcall [None req-baf70f7e-ed93-472b-902f-ab38be954ff0 None None] Dynamic interval looping call 'nova.service.Service.periodic_tasks' sleeping for 60.00 seconds {{(pid=93589) _run_loop /opt/stack/data/venv/lib/python3.12/site-packages/oslo_service/backend/_threading/loopingcall.py:125}}
Aug 03 10:07:44.394053 np0000006335 nova-scheduler[93591]: DEBUG oslo.service.backend._threading.loopingcall [None req-9c355ebe-cbe7-4933-90c3-d3ea645071c6 None None] Dynamic interval looping call 'nova.service.Service.periodic_tasks' sleeping for 60.00 seconds {{(pid=93591) _run_loop /opt/stack/data/venv/lib/python3.12/site-packages/oslo_service/backend/_threading/loopingcall.py:125}}
Aug 03 10:08:04.401432 np0000006335 nova-scheduler[93593]: DEBUG oslo.service.backend._threading.loopingcall [None req-5a2ab3d3-f573-4d29-9c35-b0b4eb5a3296 None None] Dynamic interval looping call 'nova.service.Service.periodic_tasks' sleeping for 60.00 seconds {{(pid=93593) _run_loop /opt/stack/data/venv/lib/python3.12/site-packages/oslo_service/backend/_threading/loopingcall.py:125}}
Aug 03 10:08:13.400982 np0000006335 nova-scheduler[93589]: DEBUG oslo.service.backend._threading.loopingcall [None req-baf70f7e-ed93-472b-902f-ab38be954ff0 None None] Dynamic interval looping call 'nova.service.Service.periodic_tasks' sleeping for 60.00 seconds {{(pid=93589) _run_loop /opt/stack/data/venv/lib/python3.12/site-packages/oslo_service/backend/_threading/loopingcall.py:125}}
Aug 03 10:08:35.397381 np0000006335 nova-scheduler[93591]: DEBUG oslo.service.backend._threading.loopingcall [-] Fixed interval looping call 'nova.servicegroup.drivers.db.DbDriver._report_state' sleeping for 119.99 seconds {{(pid=93591) _run_loop /opt/stack/data/venv/lib/python3.12/site-packages/oslo_service/backend/_threading/loopingcall.py:125}}
Aug 03 10:08:35.399412 np0000006335 nova-scheduler[93589]: DEBUG oslo.service.backend._threading.loopingcall [-] Fixed interval looping call 'nova.servicegroup.drivers.db.DbDriver._report_state' sleeping for 120.00 seconds {{(pid=93589) _run_loop /opt/stack/data/venv/lib/python3.12/site-packages/oslo_service/backend/_threading/loopingcall.py:125}}
Aug 03 10:08:35.407850 np0000006335 nova-scheduler[93593]: DEBUG oslo.service.backend._threading.loopingcall [-] Fixed interval looping call 'nova.servicegroup.drivers.db.DbDriver._report_state' sleeping for 120.00 seconds {{(pid=93593) _run_loop /opt/stack/data/venv/lib/python3.12/site-packages/oslo_service/backend/_threading/loopingcall.py:125}}
Aug 03 10:08:44.394730 np0000006335 nova-scheduler[93591]: DEBUG oslo.service.backend._threading.loopingcall [None req-9c355ebe-cbe7-4933-90c3-d3ea645071c6 None None] Dynamic interval looping call 'nova.service.Service.periodic_tasks' sleeping for 60.00 seconds {{(pid=93591) _run_loop /opt/stack/data/venv/lib/python3.12/site-packages/oslo_service/backend/_threading/loopingcall.py:125}}
Aug 03 10:08:45.393034 np0000006335 nova-scheduler[93591]: DEBUG dbcounter [-] [93591] Writing DB stats nova_cell0:SELECT=1,nova_cell0:UPDATE=1 {{(pid=93591) stat_writer /opt/stack/data/venv/lib/python3.12/site-packages/dbcounter.py:115}}
Aug 03 10:08:45.397359 np0000006335 nova-scheduler[93589]: DEBUG dbcounter [-] [93589] Writing DB stats nova_cell0:SELECT=1 {{(pid=93589) stat_writer /opt/stack/data/venv/lib/python3.12/site-packages/dbcounter.py:115}}
Aug 03 10:08:45.406607 np0000006335 nova-scheduler[93593]: DEBUG dbcounter [-] [93593] Writing DB stats nova_cell0:SELECT=1 {{(pid=93593) stat_writer /opt/stack/data/venv/lib/python3.12/site-packages/dbcounter.py:115}}
Aug 03 10:08:55.790133 np0000006335 nova-scheduler[93591]: DEBUG nova.scheduler.manager [None req-b3449079-2467-4ec8-885a-70d8b389beb5 tempest-ServersNegativeTestJSON-1876741294 tempest-ServersNegativeTestJSON-1876741294-project-member] Starting to schedule for instances: ['49fa2901-c747-4543-85b1-50b804b1fb5a'] {{(pid=93591) select_destinations /opt/stack/nova/nova/scheduler/manager.py:209}}
Aug 03 10:08:55.790543 np0000006335 nova-scheduler[93591]: DEBUG nova.scheduler.request_filter [None req-b3449079-2467-4ec8-885a-70d8b389beb5 tempest-ServersNegativeTestJSON-1876741294 tempest-ServersNegativeTestJSON-1876741294-project-member] compute_status_filter request filter added forbidden trait COMPUTE_STATUS_DISABLED {{(pid=93591) compute_status_filter /opt/stack/nova/nova/scheduler/request_filter.py:253}}
Aug 03 10:08:55.790543 np0000006335 nova-scheduler[93591]: DEBUG nova.scheduler.request_filter [None req-b3449079-2467-4ec8-885a-70d8b389beb5 tempest-ServersNegativeTestJSON-1876741294 tempest-ServersNegativeTestJSON-1876741294-project-member] Request filter 'compute_status_filter' took 0.0 seconds {{(pid=93591) wrapper /opt/stack/nova/nova/scheduler/request_filter.py:46}}
Aug 03 10:08:55.790659 np0000006335 nova-scheduler[93591]: DEBUG nova.scheduler.request_filter [None req-b3449079-2467-4ec8-885a-70d8b389beb5 tempest-ServersNegativeTestJSON-1876741294 tempest-ServersNegativeTestJSON-1876741294-project-member] Request filter 'accelerators_filter' took 0.0 seconds {{(pid=93591) wrapper /opt/stack/nova/nova/scheduler/request_filter.py:46}}
Aug 03 10:08:55.790837 np0000006335 nova-scheduler[93591]: DEBUG nova.scheduler.request_filter [None req-b3449079-2467-4ec8-885a-70d8b389beb5 tempest-ServersNegativeTestJSON-1876741294 tempest-ServersNegativeTestJSON-1876741294-project-member] Request filter 'packed_virtqueue_filter' took 0.0 seconds {{(pid=93591) wrapper /opt/stack/nova/nova/scheduler/request_filter.py:46}}
Aug 03 10:08:55.791169 np0000006335 nova-scheduler[93591]: DEBUG nova.scheduler.request_filter [None req-b3449079-2467-4ec8-885a-70d8b389beb5 tempest-ServersNegativeTestJSON-1876741294 tempest-ServersNegativeTestJSON-1876741294-project-member] Request filter 'remote_managed_ports_filter' took 0.0 seconds {{(pid=93591) wrapper /opt/stack/nova/nova/scheduler/request_filter.py:46}}
Aug 03 10:08:55.791351 np0000006335 nova-scheduler[93591]: DEBUG nova.scheduler.request_filter [None req-b3449079-2467-4ec8-885a-70d8b389beb5 tempest-ServersNegativeTestJSON-1876741294 tempest-ServersNegativeTestJSON-1876741294-project-member] ephemeral_encryption_filter skipped {{(pid=93591) ephemeral_encryption_filter /opt/stack/nova/nova/scheduler/request_filter.py:426}}
Aug 03 10:08:55.791552 np0000006335 nova-scheduler[93591]: DEBUG nova.scheduler.request_filter [None req-b3449079-2467-4ec8-885a-70d8b389beb5 tempest-ServersNegativeTestJSON-1876741294 tempest-ServersNegativeTestJSON-1876741294-project-member] virtio_sound_filter skipped {{(pid=93591) virtio_sound_filter /opt/stack/nova/nova/scheduler/request_filter.py:460}}
Aug 03 10:08:55.791681 np0000006335 nova-scheduler[93591]: DEBUG nova.scheduler.request_filter [None req-b3449079-2467-4ec8-885a-70d8b389beb5 tempest-ServersNegativeTestJSON-1876741294 tempest-ServersNegativeTestJSON-1876741294-project-member] tpm_secret_security_filter skipped {{(pid=93591) tpm_secret_security_filter /opt/stack/nova/nova/scheduler/request_filter.py:477}}
Aug 03 10:08:56.424463 np0000006335 nova-scheduler[93591]: INFO nova.utils [None req-b3449079-2467-4ec8-885a-70d8b389beb5 tempest-ServersNegativeTestJSON-1876741294 tempest-ServersNegativeTestJSON-1876741294-project-member] The cell worker thread pool ForkProcess-2.cell_worker is initialized
Aug 03 10:08:56.424934 np0000006335 nova-scheduler[93591]: DEBUG oslo_concurrency.lockutils [None req-b3449079-2467-4ec8-885a-70d8b389beb5 tempest-ServersNegativeTestJSON-1876741294 tempest-ServersNegativeTestJSON-1876741294-project-member] Acquiring lock "19433ab2-de0a-4091-94ca-f860b9fdde2d" by "nova.context.set_target_cell..get_or_set_cached_cell_and_set_connections" {{(pid=93591) inner /opt/stack/data/venv/lib/python3.12/site-packages/oslo_concurrency/lockutils.py:512}}
Aug 03 10:08:56.425035 np0000006335 nova-scheduler[93591]: DEBUG oslo_concurrency.lockutils [None req-b3449079-2467-4ec8-885a-70d8b389beb5 tempest-ServersNegativeTestJSON-1876741294 tempest-ServersNegativeTestJSON-1876741294-project-member] Lock "19433ab2-de0a-4091-94ca-f860b9fdde2d" acquired by "nova.context.set_target_cell..get_or_set_cached_cell_and_set_connections" :: waited 0.000s {{(pid=93591) inner /opt/stack/data/venv/lib/python3.12/site-packages/oslo_concurrency/lockutils.py:525}}
Aug 03 10:08:56.426207 np0000006335 nova-scheduler[93591]: DEBUG oslo_concurrency.lockutils [None req-b3449079-2467-4ec8-885a-70d8b389beb5 tempest-ServersNegativeTestJSON-1876741294 tempest-ServersNegativeTestJSON-1876741294-project-member] Lock "19433ab2-de0a-4091-94ca-f860b9fdde2d" "released" by "nova.context.set_target_cell..get_or_set_cached_cell_and_set_connections" :: held 0.001s {{(pid=93591) inner /opt/stack/data/venv/lib/python3.12/site-packages/oslo_concurrency/lockutils.py:544}}
Aug 03 10:08:56.427791 np0000006335 nova-scheduler[93591]: INFO dbcounter [None req-b3449079-2467-4ec8-885a-70d8b389beb5 tempest-ServersNegativeTestJSON-1876741294 tempest-ServersNegativeTestJSON-1876741294-project-member] Registered counter for database nova_cell1
Aug 03 10:08:56.459027 np0000006335 nova-scheduler[93591]: DEBUG oslo_db.sqlalchemy.engines [None req-b3449079-2467-4ec8-885a-70d8b389beb5 tempest-ServersNegativeTestJSON-1876741294 tempest-ServersNegativeTestJSON-1876741294-project-member] MySQL server mode set to STRICT_TRANS_TABLES,STRICT_ALL_TABLES,NO_ZERO_IN_DATE,NO_ZERO_DATE,ERROR_FOR_DIVISION_BY_ZERO,TRADITIONAL,NO_ENGINE_SUBSTITUTION {{(pid=93591) _check_effective_sql_mode /opt/stack/data/venv/lib/python3.12/site-packages/oslo_db/sqlalchemy/engines.py:325}}
Aug 03 10:08:56.464247 np0000006335 nova-scheduler[93591]: DEBUG dbcounter [-] [93591] Writer thread running {{(pid=93591) stat_writer /opt/stack/data/venv/lib/python3.12/site-packages/dbcounter.py:102}}
Aug 03 10:08:56.475806 np0000006335 nova-scheduler[93591]: DEBUG oslo_db.sqlalchemy.engines [None req-b3449079-2467-4ec8-885a-70d8b389beb5 tempest-ServersNegativeTestJSON-1876741294 tempest-ServersNegativeTestJSON-1876741294-project-member] Parent process 92243 forked (93591) with an open database connection, which is being discarded and recreated. {{(pid=93591) checkout /opt/stack/data/venv/lib/python3.12/site-packages/oslo_db/sqlalchemy/engines.py:402}}
Aug 03 10:08:56.507213 np0000006335 nova-scheduler[93591]: DEBUG dbcounter [-] [93591] Writer thread running {{(pid=93591) stat_writer /opt/stack/data/venv/lib/python3.12/site-packages/dbcounter.py:102}}
Aug 03 10:08:56.510033 np0000006335 nova-scheduler[93591]: DEBUG oslo_concurrency.lockutils [None req-b3449079-2467-4ec8-885a-70d8b389beb5 tempest-ServersNegativeTestJSON-1876741294 tempest-ServersNegativeTestJSON-1876741294-project-member] Acquiring lock "19433ab2-de0a-4091-94ca-f860b9fdde2d" by "nova.context.set_target_cell..get_or_set_cached_cell_and_set_connections" {{(pid=93591) inner /opt/stack/data/venv/lib/python3.12/site-packages/oslo_concurrency/lockutils.py:512}}
Aug 03 10:08:56.510033 np0000006335 nova-scheduler[93591]: DEBUG oslo_concurrency.lockutils [None req-b3449079-2467-4ec8-885a-70d8b389beb5 tempest-ServersNegativeTestJSON-1876741294 tempest-ServersNegativeTestJSON-1876741294-project-member] Lock "19433ab2-de0a-4091-94ca-f860b9fdde2d" acquired by "nova.context.set_target_cell..get_or_set_cached_cell_and_set_connections" :: waited 0.000s {{(pid=93591) inner /opt/stack/data/venv/lib/python3.12/site-packages/oslo_concurrency/lockutils.py:525}}
Aug 03 10:08:56.510033 np0000006335 nova-scheduler[93591]: DEBUG oslo_concurrency.lockutils [None req-b3449079-2467-4ec8-885a-70d8b389beb5 tempest-ServersNegativeTestJSON-1876741294 tempest-ServersNegativeTestJSON-1876741294-project-member] Lock "19433ab2-de0a-4091-94ca-f860b9fdde2d" "released" by "nova.context.set_target_cell..get_or_set_cached_cell_and_set_connections" :: held 0.000s {{(pid=93591) inner /opt/stack/data/venv/lib/python3.12/site-packages/oslo_concurrency/lockutils.py:544}}
Aug 03 10:08:56.512608 np0000006335 nova-scheduler[93591]: DEBUG oslo_concurrency.lockutils [None req-b3449079-2467-4ec8-885a-70d8b389beb5 tempest-ServersNegativeTestJSON-1876741294 tempest-ServersNegativeTestJSON-1876741294-project-member] Acquiring lock "np0000006335-np0000006335" by "nova.scheduler.host_manager.HostState.update.._locked_update" {{(pid=93591) inner /opt/stack/data/venv/lib/python3.12/site-packages/oslo_concurrency/lockutils.py:512}}
Aug 03 10:08:56.512827 np0000006335 nova-scheduler[93591]: DEBUG oslo_concurrency.lockutils [None req-b3449079-2467-4ec8-885a-70d8b389beb5 tempest-ServersNegativeTestJSON-1876741294 tempest-ServersNegativeTestJSON-1876741294-project-member] Lock "np0000006335-np0000006335" acquired by "nova.scheduler.host_manager.HostState.update.._locked_update" :: waited 0.000s {{(pid=93591) inner /opt/stack/data/venv/lib/python3.12/site-packages/oslo_concurrency/lockutils.py:525}}
Aug 03 10:08:56.513655 np0000006335 nova-scheduler[93591]: DEBUG nova.scheduler.host_manager [None req-b3449079-2467-4ec8-885a-70d8b389beb5 tempest-ServersNegativeTestJSON-1876741294 tempest-ServersNegativeTestJSON-1876741294-project-member] Update host state from compute node: ComputeNode(cpu_allocation_ratio=4.0,cpu_info='{"arch": "x86_64", "model": "EPYC-Milan", "vendor": "AMD", "topology": {"cells": 1, "sockets": 16, "cores": 1, "threads": 1}, "maxphysaddr": {"mode": "emulate", "bits": 40}, "features": ["fxsr", "amd-ssbd", "pae", "pse36", "umip", "rdctl-no", "fsrm", "sha-ni", "sse4a", "arat", "mmxext", "ibrs", "pdpe1gb", "vme", "clflushopt", "fma", "vmcb-clean", "f16c", "clzero", "vgif", "wbnoinvd", "fpu", "xsaveerptr", "erms", "topoext", "bmi1", "xsaveopt", "clwb", "tsc", "lm", "mmx", "nrip-save", "pause-filter", "xsave", "virt-ssbd", "skip-l1dfl-vmentry", "cr8legacy", "tsc_adjust", "fsgsbase", "3dnowprefetch", "vaes", "mce", "fxsr_opt", "tsc-scale", "pse", "lbrv", "svme-addr-chk", "v-vmsave-vmload", "pschange-mc-no", "amd-stibp", "lahf_lm", "clflush", "pfthreshold", "ssse3", "lfence-always-serializing", "sep", "de", "mtrr", "sse4.1", "pku", "rdpid", "no-nested-data-bp", "apic", "mds-no", "npt", "amd-psfd", "popcnt", "gds-no", "msr", "pclmuldq", "adx", "sse2", "hypervisor", "xsavec", "mca", "spec-ctrl", "tsc-deadline", "arch-capabilities", "cmov", "invpcid", "stibp", "rdrand", "pcid", "misalignsse", "cx8", "nx", "cx16", "svm", "pge", "ibpb", "avx2", "sse4.2", "rdseed", "pat", "smap", "xsaves", "bmi2", "avx", "flushbyasid", "ssbd", "perfctr_core", "pni", "osvw", "x2apic", "sse", "movbe", "xgetbv1", "cmp_legacy", "abm", "aes", "stibp-always-on", "vpclmulqdq", "smep", "null-sel-clr-base", "syscall", "rdtscp"]}',created_at=2026-08-03T10:06:51Z,current_workload=0,deleted=False,deleted_at=None,disk_allocation_ratio=1.0,disk_available_least=73,free_disk_gb=95,free_ram_mb=62765,host='np0000006335',host_ip=10.4.3.234,hypervisor_hostname='np0000006335',hypervisor_type='QEMU',hypervisor_version=8002002,id=1,local_gb=95,local_gb_used=0,mapped=1,memory_mb=63277,memory_mb_used=512,metrics='[]',numa_topology='{"nova_object.name": "NUMATopology", "nova_object.namespace": "nova", "nova_object.version": "1.2", "nova_object.data": {"cells": [{"nova_object.name": "NUMACell", "nova_object.namespace": "nova", "nova_object.version": "1.5", "nova_object.data": {"id": 0, "cpuset": [0, 1, 2, 3, 4, 5, 6, 7, 8, 9, 10, 11, 12, 13, 14, 15], "pcpuset": [0, 1, 2, 3, 4, 5, 6, 7, 8, 9, 10, 11, 12, 13, 14, 15], "memory": 63277, "cpu_usage": 0, "memory_usage": 0, "pinned_cpus": [], "siblings": [[6], [12], [2], [15], [5], [11], [8], [14], [4], [1], [7], [10], [0], [13], [3], [9]], "mempages": [{"nova_object.name": "NUMAPagesTopology", "nova_object.namespace": "nova", "nova_object.version": "1.1", "nova_object.data": {"size_kb": 4, "total": 16177929, "used": 0, "reserved": 0}, "nova_object.changes": ["used", "reserved", "total", "size_kb"]}, {"nova_object.name": "NUMAPagesTopology", "nova_object.namespace": "nova", "nova_object.version": "1.1", "nova_object.data": {"size_kb": 2048, "total": 41, "used": 0, "reserved": 0}, "nova_object.changes": ["used", "reserved", "total", "size_kb"]}, {"nova_object.name": "NUMAPagesTopology", "nova_object.namespace": "nova", "nova_object.version": "1.1", "nova_object.data": {"size_kb": 1048576, "total": 0, "used": 0, "reserved": 0}, "nova_object.changes": ["used", "reserved", "total", "size_kb"]}], "network_metadata": {"nova_object.name": "NetworkMetadata", "nova_object.namespace": "nova", "nova_object.version": "1.0", "nova_object.data": {"physnets": [], "tunneled": false}, "nova_object.changes": ["tunneled", "physnets"]}, "socket": null}, "nova_object.changes": ["pcpuset", "cpu_usage", "memory_usage", "pinned_cpus", "mempages", "socket", "cpuset", "network_metadata", "id", "memory", "siblings"]}]}, "nova_object.changes": ["cells"]}',pci_device_pools=PciDevicePoolList,ram_allocation_ratio=1.0,running_vms=0,service_id=2,stats={failed_builds='0',uptime=' 10:08:39 up 13 min, 2 users, load average: 1.49, 1.44, 0.84
Aug 03 10:08:56.513655 np0000006335 nova-scheduler[93591]: '},supported_hv_specs=[HVSpec,HVSpec,HVSpec,HVSpec,HVSpec,HVSpec,HVSpec,HVSpec,HVSpec,HVSpec,HVSpec,HVSpec,HVSpec,HVSpec,HVSpec,HVSpec,HVSpec,HVSpec,HVSpec,HVSpec,HVSpec,HVSpec,HVSpec,HVSpec,HVSpec],updated_at=2026-08-03T10:08:40Z,uuid=c1c8637e-c9f0-4f0c-bdb1-7affd3ea4fe7,vcpus=16,vcpus_used=0) {{(pid=93591) _locked_update /opt/stack/nova/nova/scheduler/host_manager.py:168}}
Aug 03 10:08:56.514331 np0000006335 nova-scheduler[93591]: DEBUG nova.scheduler.host_manager [None req-b3449079-2467-4ec8-885a-70d8b389beb5 tempest-ServersNegativeTestJSON-1876741294 tempest-ServersNegativeTestJSON-1876741294-project-member] Update host state with aggregates: [] {{(pid=93591) _locked_update /opt/stack/nova/nova/scheduler/host_manager.py:171}}
Aug 03 10:08:56.514435 np0000006335 nova-scheduler[93591]: DEBUG nova.scheduler.host_manager [None req-b3449079-2467-4ec8-885a-70d8b389beb5 tempest-ServersNegativeTestJSON-1876741294 tempest-ServersNegativeTestJSON-1876741294-project-member] Update host state with service dict: {'id': 2, 'uuid': '14a40ccb-e84a-4adb-b0de-0e54a8333ad5', 'host': 'np0000006335', 'binary': 'nova-compute', 'topic': 'compute', 'report_count': 1, 'disabled': False, 'disabled_reason': None, 'last_seen_up': datetime.datetime(2026, 8, 3, 10, 6, 57, tzinfo=datetime.timezone.utc), 'forced_down': False, 'version': 72, 'created_at': datetime.datetime(2026, 8, 3, 10, 6, 51, tzinfo=datetime.timezone.utc), 'updated_at': datetime.datetime(2026, 8, 3, 10, 6, 57, tzinfo=datetime.timezone.utc), 'deleted_at': None, 'deleted': False} {{(pid=93591) _locked_update /opt/stack/nova/nova/scheduler/host_manager.py:174}}
Aug 03 10:08:56.514576 np0000006335 nova-scheduler[93591]: DEBUG nova.scheduler.host_manager [None req-b3449079-2467-4ec8-885a-70d8b389beb5 tempest-ServersNegativeTestJSON-1876741294 tempest-ServersNegativeTestJSON-1876741294-project-member] Update host state with instances: [] {{(pid=93591) _locked_update /opt/stack/nova/nova/scheduler/host_manager.py:177}}
Aug 03 10:08:56.514720 np0000006335 nova-scheduler[93591]: DEBUG oslo_concurrency.lockutils [None req-b3449079-2467-4ec8-885a-70d8b389beb5 tempest-ServersNegativeTestJSON-1876741294 tempest-ServersNegativeTestJSON-1876741294-project-member] Lock "np0000006335-np0000006335" "released" by "nova.scheduler.host_manager.HostState.update.._locked_update" :: held 0.002s {{(pid=93591) inner /opt/stack/data/venv/lib/python3.12/site-packages/oslo_concurrency/lockutils.py:544}}
Aug 03 10:08:56.515175 np0000006335 nova-scheduler[93591]: DEBUG nova.filters [None req-b3449079-2467-4ec8-885a-70d8b389beb5 tempest-ServersNegativeTestJSON-1876741294 tempest-ServersNegativeTestJSON-1876741294-project-member] Starting with 1 host(s) {{(pid=93591) get_filtered_objects /opt/stack/nova/nova/filters.py:70}}
Aug 03 10:08:56.515387 np0000006335 nova-scheduler[93591]: DEBUG nova.filters [None req-b3449079-2467-4ec8-885a-70d8b389beb5 tempest-ServersNegativeTestJSON-1876741294 tempest-ServersNegativeTestJSON-1876741294-project-member] Filter ComputeFilter returned 1 host(s) {{(pid=93591) get_filtered_objects /opt/stack/nova/nova/filters.py:102}}
Aug 03 10:08:56.515533 np0000006335 nova-scheduler[93591]: DEBUG nova.filters [None req-b3449079-2467-4ec8-885a-70d8b389beb5 tempest-ServersNegativeTestJSON-1876741294 tempest-ServersNegativeTestJSON-1876741294-project-member] Filter ComputeCapabilitiesFilter returned 1 host(s) {{(pid=93591) get_filtered_objects /opt/stack/nova/nova/filters.py:102}}
Aug 03 10:08:56.517142 np0000006335 nova-scheduler[93591]: DEBUG nova.filters [None req-b3449079-2467-4ec8-885a-70d8b389beb5 tempest-ServersNegativeTestJSON-1876741294 tempest-ServersNegativeTestJSON-1876741294-project-member] Filter ImagePropertiesFilter returned 1 host(s) {{(pid=93591) get_filtered_objects /opt/stack/nova/nova/filters.py:102}}
Aug 03 10:08:56.517142 np0000006335 nova-scheduler[93591]: DEBUG nova.filters [None req-b3449079-2467-4ec8-885a-70d8b389beb5 tempest-ServersNegativeTestJSON-1876741294 tempest-ServersNegativeTestJSON-1876741294-project-member] Filter ServerGroupAntiAffinityFilter returned 1 host(s) {{(pid=93591) get_filtered_objects /opt/stack/nova/nova/filters.py:102}}
Aug 03 10:08:56.517142 np0000006335 nova-scheduler[93591]: DEBUG nova.filters [None req-b3449079-2467-4ec8-885a-70d8b389beb5 tempest-ServersNegativeTestJSON-1876741294 tempest-ServersNegativeTestJSON-1876741294-project-member] Filter ServerGroupAffinityFilter returned 1 host(s) {{(pid=93591) get_filtered_objects /opt/stack/nova/nova/filters.py:102}}
Aug 03 10:08:56.517142 np0000006335 nova-scheduler[93591]: DEBUG nova.filters [None req-b3449079-2467-4ec8-885a-70d8b389beb5 tempest-ServersNegativeTestJSON-1876741294 tempest-ServersNegativeTestJSON-1876741294-project-member] Filter SameHostFilter returned 1 host(s) {{(pid=93591) get_filtered_objects /opt/stack/nova/nova/filters.py:102}}
Aug 03 10:08:56.517142 np0000006335 nova-scheduler[93591]: DEBUG nova.filters [None req-b3449079-2467-4ec8-885a-70d8b389beb5 tempest-ServersNegativeTestJSON-1876741294 tempest-ServersNegativeTestJSON-1876741294-project-member] Filter DifferentHostFilter returned 1 host(s) {{(pid=93591) get_filtered_objects /opt/stack/nova/nova/filters.py:102}}
Aug 03 10:08:56.517142 np0000006335 nova-scheduler[93591]: DEBUG nova.scheduler.manager [None req-b3449079-2467-4ec8-885a-70d8b389beb5 tempest-ServersNegativeTestJSON-1876741294 tempest-ServersNegativeTestJSON-1876741294-project-member] Filtered [(np0000006335, np0000006335) ram: 62765MB disk: 74752MB io_ops: 0 instances: 0, allocation_candidates: 1] {{(pid=93591) _get_sorted_hosts /opt/stack/nova/nova/scheduler/manager.py:742}}
Aug 03 10:08:56.517142 np0000006335 nova-scheduler[93591]: DEBUG nova.scheduler.manager [None req-b3449079-2467-4ec8-885a-70d8b389beb5 tempest-ServersNegativeTestJSON-1876741294 tempest-ServersNegativeTestJSON-1876741294-project-member] Weighed [WeighedHost [host: (np0000006335, np0000006335) ram: 62765MB disk: 74752MB io_ops: 0 instances: 0, allocation_candidates: 1, weight: 0.0]] {{(pid=93591) _get_sorted_hosts /opt/stack/nova/nova/scheduler/manager.py:764}}
Aug 03 10:08:56.517142 np0000006335 nova-scheduler[93591]: DEBUG nova.scheduler.utils [None req-b3449079-2467-4ec8-885a-70d8b389beb5 tempest-ServersNegativeTestJSON-1876741294 tempest-ServersNegativeTestJSON-1876741294-project-member] Attempting to claim resources in the placement API for instance 49fa2901-c747-4543-85b1-50b804b1fb5a {{(pid=93591) claim_resources /opt/stack/nova/nova/scheduler/utils.py:1345}}
Aug 03 10:08:56.680821 np0000006335 nova-scheduler[93591]: DEBUG nova.scheduler.manager [None req-b3449079-2467-4ec8-885a-70d8b389beb5 tempest-ServersNegativeTestJSON-1876741294 tempest-ServersNegativeTestJSON-1876741294-project-member] [instance: 49fa2901-c747-4543-85b1-50b804b1fb5a] Selected host: (np0000006335, np0000006335) ram: 62765MB disk: 74752MB io_ops: 0 instances: 0, allocation_candidates: 1 {{(pid=93591) _consume_selected_host /opt/stack/nova/nova/scheduler/manager.py:624}}
Aug 03 10:08:56.680821 np0000006335 nova-scheduler[93591]: DEBUG oslo_concurrency.lockutils [None req-b3449079-2467-4ec8-885a-70d8b389beb5 tempest-ServersNegativeTestJSON-1876741294 tempest-ServersNegativeTestJSON-1876741294-project-member] Acquiring lock "np0000006335-np0000006335" by "nova.scheduler.host_manager.HostState.consume_from_request.._locked" {{(pid=93591) inner /opt/stack/data/venv/lib/python3.12/site-packages/oslo_concurrency/lockutils.py:512}}
Aug 03 10:08:56.680821 np0000006335 nova-scheduler[93591]: DEBUG oslo_concurrency.lockutils [None req-b3449079-2467-4ec8-885a-70d8b389beb5 tempest-ServersNegativeTestJSON-1876741294 tempest-ServersNegativeTestJSON-1876741294-project-member] Lock "np0000006335-np0000006335" acquired by "nova.scheduler.host_manager.HostState.consume_from_request.._locked" :: waited 0.000s {{(pid=93591) inner /opt/stack/data/venv/lib/python3.12/site-packages/oslo_concurrency/lockutils.py:525}}
Aug 03 10:08:56.680821 np0000006335 nova-scheduler[93591]: DEBUG oslo_concurrency.lockutils [None req-b3449079-2467-4ec8-885a-70d8b389beb5 tempest-ServersNegativeTestJSON-1876741294 tempest-ServersNegativeTestJSON-1876741294-project-member] Lock "np0000006335-np0000006335" "released" by "nova.scheduler.host_manager.HostState.consume_from_request.._locked" :: held 0.000s {{(pid=93591) inner /opt/stack/data/venv/lib/python3.12/site-packages/oslo_concurrency/lockutils.py:544}}
Aug 03 10:08:57.738759 np0000006335 nova-scheduler[93589]: DEBUG nova.scheduler.manager [None req-28fc6a7f-6785-4fad-9411-c5680086c09b tempest-DeleteServersTestJSON-5369318 tempest-DeleteServersTestJSON-5369318-project-member] Starting to schedule for instances: ['c64e5740-9950-48cb-8393-14b8115bad6d'] {{(pid=93589) select_destinations /opt/stack/nova/nova/scheduler/manager.py:209}}
Aug 03 10:08:57.739267 np0000006335 nova-scheduler[93589]: DEBUG nova.scheduler.request_filter [None req-28fc6a7f-6785-4fad-9411-c5680086c09b tempest-DeleteServersTestJSON-5369318 tempest-DeleteServersTestJSON-5369318-project-member] compute_status_filter request filter added forbidden trait COMPUTE_STATUS_DISABLED {{(pid=93589) compute_status_filter /opt/stack/nova/nova/scheduler/request_filter.py:253}}
Aug 03 10:08:57.739382 np0000006335 nova-scheduler[93589]: DEBUG nova.scheduler.request_filter [None req-28fc6a7f-6785-4fad-9411-c5680086c09b tempest-DeleteServersTestJSON-5369318 tempest-DeleteServersTestJSON-5369318-project-member] Request filter 'compute_status_filter' took 0.0 seconds {{(pid=93589) wrapper /opt/stack/nova/nova/scheduler/request_filter.py:46}}
Aug 03 10:08:57.739601 np0000006335 nova-scheduler[93589]: DEBUG nova.scheduler.request_filter [None req-28fc6a7f-6785-4fad-9411-c5680086c09b tempest-DeleteServersTestJSON-5369318 tempest-DeleteServersTestJSON-5369318-project-member] Request filter 'accelerators_filter' took 0.0 seconds {{(pid=93589) wrapper /opt/stack/nova/nova/scheduler/request_filter.py:46}}
Aug 03 10:08:57.739798 np0000006335 nova-scheduler[93589]: DEBUG nova.scheduler.request_filter [None req-28fc6a7f-6785-4fad-9411-c5680086c09b tempest-DeleteServersTestJSON-5369318 tempest-DeleteServersTestJSON-5369318-project-member] Request filter 'packed_virtqueue_filter' took 0.0 seconds {{(pid=93589) wrapper /opt/stack/nova/nova/scheduler/request_filter.py:46}}
Aug 03 10:08:57.740064 np0000006335 nova-scheduler[93589]: DEBUG nova.scheduler.request_filter [None req-28fc6a7f-6785-4fad-9411-c5680086c09b tempest-DeleteServersTestJSON-5369318 tempest-DeleteServersTestJSON-5369318-project-member] Request filter 'remote_managed_ports_filter' took 0.0 seconds {{(pid=93589) wrapper /opt/stack/nova/nova/scheduler/request_filter.py:46}}
Aug 03 10:08:57.740240 np0000006335 nova-scheduler[93589]: DEBUG nova.scheduler.request_filter [None req-28fc6a7f-6785-4fad-9411-c5680086c09b tempest-DeleteServersTestJSON-5369318 tempest-DeleteServersTestJSON-5369318-project-member] ephemeral_encryption_filter skipped {{(pid=93589) ephemeral_encryption_filter /opt/stack/nova/nova/scheduler/request_filter.py:426}}
Aug 03 10:08:57.740355 np0000006335 nova-scheduler[93589]: DEBUG nova.scheduler.request_filter [None req-28fc6a7f-6785-4fad-9411-c5680086c09b tempest-DeleteServersTestJSON-5369318 tempest-DeleteServersTestJSON-5369318-project-member] virtio_sound_filter skipped {{(pid=93589) virtio_sound_filter /opt/stack/nova/nova/scheduler/request_filter.py:460}}
Aug 03 10:08:57.740499 np0000006335 nova-scheduler[93589]: DEBUG nova.scheduler.request_filter [None req-28fc6a7f-6785-4fad-9411-c5680086c09b tempest-DeleteServersTestJSON-5369318 tempest-DeleteServersTestJSON-5369318-project-member] tpm_secret_security_filter skipped {{(pid=93589) tpm_secret_security_filter /opt/stack/nova/nova/scheduler/request_filter.py:477}}
Aug 03 10:08:57.821502 np0000006335 nova-scheduler[93589]: INFO nova.utils [None req-28fc6a7f-6785-4fad-9411-c5680086c09b tempest-DeleteServersTestJSON-5369318 tempest-DeleteServersTestJSON-5369318-project-member] The cell worker thread pool ForkProcess-1.cell_worker is initialized
