Aug 18 20:18:51.465568 np0000007697 devstack@c-api.service[97478]: DEBUG cinder.api.openstack.wsgi [None req-b164073c-deb9-4932-9817-76977ae82e0d tempest-GroupsV314Test-1954544032 tempest-GroupsV314Test-1954544032-project-member] Empty body provided in request {{(pid=97478) get_body /opt/stack/cinder/cinder/api/openstack/wsgi.py:725}}
Aug 18 20:18:51.465568 np0000007697 devstack@c-api.service[97478]: DEBUG cinder.api.openstack.wsgi [None req-b164073c-deb9-4932-9817-76977ae82e0d tempest-GroupsV314Test-1954544032 tempest-GroupsV314Test-1954544032-project-member] Calling method 'version_select' {{(pid=97478) _process_stack /opt/stack/cinder/cinder/api/openstack/wsgi.py:878}}
Aug 18 20:18:51.465568 np0000007697 devstack@c-api.service[97478]: DEBUG cinder.api.v3.groups [None req-b164073c-deb9-4932-9817-76977ae82e0d tempest-GroupsV314Test-1954544032 tempest-GroupsV314Test-1954544032-project-member] show called for member bf08f299-59e4-4154-a75a-c7e8d55bc650 {{(pid=97478) show /opt/stack/cinder/cinder/api/v3/groups.py:58}}
Aug 18 20:18:51.474001 np0000007697 devstack@c-api.service[97478]: /opt/stack/data/venv/lib/python3.12/site-packages/oslo_context/context.py:102: DeprecationWarning: Policy enforcement is depending on the value of is_admin. This key is deprecated. Please update your policy file to use the standard policy values.
Aug 18 20:18:51.474001 np0000007697 devstack@c-api.service[97478]: warnings.warn(
Aug 18 20:18:51.495241 np0000007697 devstack@c-api.service[97478]: INFO cinder.api.openstack.wsgi [None req-b164073c-deb9-4932-9817-76977ae82e0d tempest-GroupsV314Test-1954544032 tempest-GroupsV314Test-1954544032-project-member] https://10.4.3.246/volume/v3/groups/bf08f299-59e4-4154-a75a-c7e8d55bc650 returned with HTTP 200
Aug 18 20:18:51.495871 np0000007697 devstack@c-api.service[97478]: [pid: 97478|app: 0|req: 127/399] 10.4.3.246 () {68 vars in 1386 bytes} [Tue Aug 18 20:18:51 2026] GET /volume/v3/groups/bf08f299-59e4-4154-a75a-c7e8d55bc650 => generated 389 bytes in 35 msecs (HTTP/1.1 200) 7 headers in 286 bytes (1 switches on core 0)
Aug 18 20:18:51.502694 np0000007697 devstack@c-api.service[97479]: DEBUG cinder.api.middleware.request_id [None req-bafcc1c6-daeb-4fb9-9c7c-9e32cd8fcd19 None None] RequestId filter calling following filter/app {{(pid=97479) _context_setter /opt/stack/cinder/cinder/api/middleware/request_id.py:62}}
Aug 18 20:18:51.512241 np0000007697 devstack@c-api.service[97479]: INFO cinder.api.openstack.wsgi [None req-bafcc1c6-daeb-4fb9-9c7c-9e32cd8fcd19 tempest-ServerActionsTestOtherB-1844921967 tempest-ServerActionsTestOtherB-1844921967-project-member] GET https://10.4.3.246/volume/v3/volumes/fa43c4bc-0ddf-4232-a002-5fd3f927024b
Aug 18 20:18:51.512592 np0000007697 devstack@c-api.service[97479]: DEBUG cinder.api.openstack.wsgi [None req-bafcc1c6-daeb-4fb9-9c7c-9e32cd8fcd19 tempest-ServerActionsTestOtherB-1844921967 tempest-ServerActionsTestOtherB-1844921967-project-member] Empty body provided in request {{(pid=97479) get_body /opt/stack/cinder/cinder/api/openstack/wsgi.py:725}}
Aug 18 20:18:51.512958 np0000007697 devstack@c-api.service[97479]: DEBUG cinder.api.openstack.wsgi [None req-bafcc1c6-daeb-4fb9-9c7c-9e32cd8fcd19 tempest-ServerActionsTestOtherB-1844921967 tempest-ServerActionsTestOtherB-1844921967-project-member] Calling method 'show' {{(pid=97479) _process_stack /opt/stack/cinder/cinder/api/openstack/wsgi.py:878}}
Aug 18 20:18:51.516114 np0000007697 devstack@c-api.service[97477]: DEBUG cinder.api.middleware.request_id [None req-672a3b44-3968-4787-be8f-a7254183bb89 None None] RequestId filter calling following filter/app {{(pid=97477) _context_setter /opt/stack/cinder/cinder/api/middleware/request_id.py:62}}
Aug 18 20:18:51.519854 np0000007697 devstack@c-api.service[97477]: INFO cinder.api.openstack.wsgi [None req-672a3b44-3968-4787-be8f-a7254183bb89 tempest-GroupsV314Test-1954544032 tempest-GroupsV314Test-1954544032-project-member] POST https://10.4.3.246/volume/v3/volumes
Aug 18 20:18:51.520461 np0000007697 devstack@c-api.service[97477]: DEBUG cinder.api.openstack.wsgi [None req-672a3b44-3968-4787-be8f-a7254183bb89 tempest-GroupsV314Test-1954544032 tempest-GroupsV314Test-1954544032-project-member] Action: 'create', calling method: create, body: {"volume": {"name": "tempest-volume-1487262721", "volume_type": "220e5d1a-fcc2-48aa-b221-21381fc1e770", "group_id": "bf08f299-59e4-4154-a75a-c7e8d55bc650", "size": 1}} {{(pid=97477) _process_stack /opt/stack/cinder/cinder/api/openstack/wsgi.py:876}}
Aug 18 20:18:51.522520 np0000007697 devstack@c-api.service[97477]: DEBUG cinder.api.v3.volumes [None req-672a3b44-3968-4787-be8f-a7254183bb89 tempest-GroupsV314Test-1954544032 tempest-GroupsV314Test-1954544032-project-member] Create volume request body: {'volume': {'name': 'tempest-volume-1487262721', 'volume_type': '220e5d1a-fcc2-48aa-b221-21381fc1e770', 'group_id': 'bf08f299-59e4-4154-a75a-c7e8d55bc650', 'size': 1}} {{(pid=97477) create /opt/stack/cinder/cinder/api/v3/volumes.py:368}}
Aug 18 20:18:51.527188 np0000007697 devstack@c-api.service[97479]: /opt/stack/data/venv/lib/python3.12/site-packages/oslo_context/context.py:102: DeprecationWarning: Policy enforcement is depending on the value of is_admin. This key is deprecated. Please update your policy file to use the standard policy values.
Aug 18 20:18:51.527188 np0000007697 devstack@c-api.service[97479]: warnings.warn(
Aug 18 20:18:51.531901 np0000007697 devstack@c-api.service[97477]: /opt/stack/data/venv/lib/python3.12/site-packages/oslo_context/context.py:102: DeprecationWarning: Policy enforcement is depending on the value of is_admin. This key is deprecated. Please update your policy file to use the standard policy values.
Aug 18 20:18:51.531901 np0000007697 devstack@c-api.service[97477]: warnings.warn(
Aug 18 20:18:51.532143 np0000007697 devstack@c-api.service[97479]: INFO cinder.volume.api [None req-bafcc1c6-daeb-4fb9-9c7c-9e32cd8fcd19 tempest-ServerActionsTestOtherB-1844921967 tempest-ServerActionsTestOtherB-1844921967-project-member] Volume info retrieved successfully.
Aug 18 20:18:51.533368 np0000007697 devstack@c-api.service[97477]: INFO cinder.api.v3.volumes [None req-672a3b44-3968-4787-be8f-a7254183bb89 tempest-GroupsV314Test-1954544032 tempest-GroupsV314Test-1954544032-project-member] Create volume of 1 GB
Aug 18 20:18:51.541081 np0000007697 devstack@c-api.service[97477]: INFO cinder.volume.api [None req-672a3b44-3968-4787-be8f-a7254183bb89 tempest-GroupsV314Test-1954544032 tempest-GroupsV314Test-1954544032-project-member] Availability Zones retrieved successfully.
Aug 18 20:18:51.542055 np0000007697 devstack@c-api.service[97479]: INFO cinder.api.openstack.wsgi [None req-bafcc1c6-daeb-4fb9-9c7c-9e32cd8fcd19 tempest-ServerActionsTestOtherB-1844921967 tempest-ServerActionsTestOtherB-1844921967-project-member] https://10.4.3.246/volume/v3/volumes/fa43c4bc-0ddf-4232-a002-5fd3f927024b returned with HTTP 200
Aug 18 20:18:51.542615 np0000007697 devstack@c-api.service[97479]: [pid: 97479|app: 0|req: 142/400] 10.4.3.246 () {66 vars in 1348 bytes} [Tue Aug 18 20:18:51 2026] GET /volume/v3/volumes/fa43c4bc-0ddf-4232-a002-5fd3f927024b => generated 847 bytes in 43 msecs (HTTP/1.1 200) 7 headers in 285 bytes (1 switches on core 0)
Aug 18 20:18:51.550493 np0000007697 devstack@c-api.service[97477]: DEBUG cinder.volume.api [None req-672a3b44-3968-4787-be8f-a7254183bb89 tempest-GroupsV314Test-1954544032 tempest-GroupsV314Test-1954544032-project-member] Flow 'volume_create_api' (25d0eff7-6051-42fc-b0a6-71f35acbdca9) transitioned into state 'RUNNING' from state 'PENDING' {{(pid=97477) _flow_receiver /opt/stack/data/venv/lib/python3.12/site-packages/taskflow/listeners/logging.py:160}}
Aug 18 20:18:51.554037 np0000007697 devstack@c-api.service[97477]: DEBUG cinder.volume.api [None req-672a3b44-3968-4787-be8f-a7254183bb89 tempest-GroupsV314Test-1954544032 tempest-GroupsV314Test-1954544032-project-member] Task 'cinder.volume.flows.api.create_volume.ExtractVolumeRequestTask;volume:create' (db09eb8a-bc77-47b2-b583-174668e3ab18) transitioned into state 'RUNNING' from state 'PENDING' {{(pid=97477) _task_receiver /opt/stack/data/venv/lib/python3.12/site-packages/taskflow/listeners/logging.py:242}}
Aug 18 20:18:51.555470 np0000007697 devstack@c-api.service[97477]: /opt/stack/data/venv/lib/python3.12/site-packages/oslo_context/context.py:102: DeprecationWarning: Policy enforcement is depending on the value of is_admin. This key is deprecated. Please update your policy file to use the standard policy values.
Aug 18 20:18:51.555470 np0000007697 devstack@c-api.service[97477]: warnings.warn(
Aug 18 20:18:51.556705 np0000007697 devstack@c-api.service[97477]: DEBUG cinder.volume.flows.api.create_volume [None req-672a3b44-3968-4787-be8f-a7254183bb89 tempest-GroupsV314Test-1954544032 tempest-GroupsV314Test-1954544032-project-member] Validating volume size '1' using validate_int {{(pid=97477) _extract_size /opt/stack/cinder/cinder/volume/flows/api/create_volume.py:226}}
Aug 18 20:18:51.590307 np0000007697 devstack@c-api.service[97477]: DEBUG cinder.volume.api [None req-672a3b44-3968-4787-be8f-a7254183bb89 tempest-GroupsV314Test-1954544032 tempest-GroupsV314Test-1954544032-project-member] Task 'cinder.volume.flows.api.create_volume.ExtractVolumeRequestTask;volume:create' (db09eb8a-bc77-47b2-b583-174668e3ab18) transitioned into state 'SUCCESS' from state 'RUNNING' with result '{'size': 1, 'snapshot_id': None, 'source_volid': None, 'volume_type': VolumeType(created_at=2026-08-18T20:18:50Z,deleted=False,deleted_at=None,description=None,extra_specs={},id=220e5d1a-fcc2-48aa-b221-21381fc1e770,is_public=True,name='tempest-GroupsV314Test-volume-type-1157181805',projects=[],qos_specs=,qos_specs_id=None,updated_at=None), 'volume_type_id': '220e5d1a-fcc2-48aa-b221-21381fc1e770', 'encryption_key_id': None, 'qos_specs': None, 'consistencygroup_id': None, 'cgsnapshot_id': None, 'group_id': 'bf08f299-59e4-4154-a75a-c7e8d55bc650', 'replication_status': 'disabled', 'refresh_az': False, 'backup_id': None, 'multiattach': False, 'availability_zones': ['nova']}' {{(pid=97477) _task_receiver /opt/stack/data/venv/lib/python3.12/site-packages/taskflow/listeners/logging.py:218}}
Aug 18 20:18:51.590759 np0000007697 devstack@c-api.service[97477]: DEBUG cinder.volume.api [None req-672a3b44-3968-4787-be8f-a7254183bb89 tempest-GroupsV314Test-1954544032 tempest-GroupsV314Test-1954544032-project-member] Task 'cinder.volume.flows.api.create_volume.QuotaReserveTask;volume:create' (417dd612-73a7-4bff-b9cd-d5d2129f2c77) transitioned into state 'RUNNING' from state 'PENDING' {{(pid=97477) _task_receiver /opt/stack/data/venv/lib/python3.12/site-packages/taskflow/listeners/logging.py:242}}
Aug 18 20:18:51.603393 np0000007697 devstack@c-api.service[97478]: DEBUG cinder.api.middleware.request_id [None req-dcdf5969-a79c-4296-a4b3-7d1a02278dc2 None None] RequestId filter calling following filter/app {{(pid=97478) _context_setter /opt/stack/cinder/cinder/api/middleware/request_id.py:62}}
Aug 18 20:18:51.603823 np0000007697 devstack@c-api.service[97478]: INFO cinder.api.openstack.wsgi [None req-dcdf5969-a79c-4296-a4b3-7d1a02278dc2 tempest-ServerActionsTestOtherB-1844921967 tempest-ServerActionsTestOtherB-1844921967-project-member] GET https://10.4.3.246/volume/v3/volumes/fa43c4bc-0ddf-4232-a002-5fd3f927024b
Aug 18 20:18:51.604135 np0000007697 devstack@c-api.service[97478]: DEBUG cinder.api.openstack.wsgi [None req-dcdf5969-a79c-4296-a4b3-7d1a02278dc2 tempest-ServerActionsTestOtherB-1844921967 tempest-ServerActionsTestOtherB-1844921967-project-member] Empty body provided in request {{(pid=97478) get_body /opt/stack/cinder/cinder/api/openstack/wsgi.py:725}}
Aug 18 20:18:51.604363 np0000007697 devstack@c-api.service[97478]: DEBUG cinder.api.openstack.wsgi [None req-dcdf5969-a79c-4296-a4b3-7d1a02278dc2 tempest-ServerActionsTestOtherB-1844921967 tempest-ServerActionsTestOtherB-1844921967-project-member] Calling method 'show' {{(pid=97478) _process_stack /opt/stack/cinder/cinder/api/openstack/wsgi.py:878}}
Aug 18 20:18:51.618604 np0000007697 devstack@c-api.service[97478]: /opt/stack/data/venv/lib/python3.12/site-packages/oslo_context/context.py:102: DeprecationWarning: Policy enforcement is depending on the value of is_admin. This key is deprecated. Please update your policy file to use the standard policy values.
Aug 18 20:18:51.618604 np0000007697 devstack@c-api.service[97478]: warnings.warn(
Aug 18 20:18:51.626835 np0000007697 devstack@c-api.service[97478]: INFO cinder.volume.api [None req-dcdf5969-a79c-4296-a4b3-7d1a02278dc2 tempest-ServerActionsTestOtherB-1844921967 tempest-ServerActionsTestOtherB-1844921967-project-member] Volume info retrieved successfully.
Aug 18 20:18:51.636025 np0000007697 devstack@c-api.service[97478]: INFO cinder.api.openstack.wsgi [None req-dcdf5969-a79c-4296-a4b3-7d1a02278dc2 tempest-ServerActionsTestOtherB-1844921967 tempest-ServerActionsTestOtherB-1844921967-project-member] https://10.4.3.246/volume/v3/volumes/fa43c4bc-0ddf-4232-a002-5fd3f927024b returned with HTTP 200
Aug 18 20:18:51.636601 np0000007697 devstack@c-api.service[97478]: [pid: 97478|app: 0|req: 128/401] 10.4.3.246 () {66 vars in 1348 bytes} [Tue Aug 18 20:18:51 2026] GET /volume/v3/volumes/fa43c4bc-0ddf-4232-a002-5fd3f927024b => generated 847 bytes in 36 msecs (HTTP/1.1 200) 7 headers in 285 bytes (1 switches on core 0)
Aug 18 20:18:51.647347 np0000007697 devstack@c-api.service[97477]: WARNING cinder.quota [None req-672a3b44-3968-4787-be8f-a7254183bb89 tempest-GroupsV314Test-1954544032 tempest-GroupsV314Test-1954544032-project-member] Deprecated: Default quota for resource: volumes_tempest-GroupsV314Test-volume-type-1157181805 is set by the default quota flag: quota_volumes_tempest-GroupsV314Test-volume-type-1157181805, it is now deprecated. Please use the default quota class for default quota.
Aug 18 20:18:51.647822 np0000007697 devstack@c-api.service[97477]: WARNING cinder.quota [None req-672a3b44-3968-4787-be8f-a7254183bb89 tempest-GroupsV314Test-1954544032 tempest-GroupsV314Test-1954544032-project-member] Deprecated: Default quota for resource: gigabytes_tempest-GroupsV314Test-volume-type-1157181805 is set by the default quota flag: quota_gigabytes_tempest-GroupsV314Test-volume-type-1157181805, it is now deprecated. Please use the default quota class for default quota.
Aug 18 20:18:51.664769 np0000007697 devstack@c-api.service[97479]: DEBUG cinder.api.middleware.request_id [None req-fe0adef5-b3e9-4969-aa01-3185a2eb4788 None None] RequestId filter calling following filter/app {{(pid=97479) _context_setter /opt/stack/cinder/cinder/api/middleware/request_id.py:62}}
Aug 18 20:18:51.667824 np0000007697 devstack@c-api.service[97478]: DEBUG cinder.api.middleware.request_id [None req-a63e26ee-6c5a-4e85-bc24-978ff4ed8e4c None None] RequestId filter calling following filter/app {{(pid=97478) _context_setter /opt/stack/cinder/cinder/api/middleware/request_id.py:62}}
Aug 18 20:18:51.667970 np0000007697 devstack@c-api.service[97479]: INFO cinder.api.openstack.wsgi [None req-fe0adef5-b3e9-4969-aa01-3185a2eb4788 tempest-VolumesBackupsAdminTest-1150596205 tempest-VolumesBackupsAdminTest-1150596205-project-member] GET https://10.4.3.246/volume/v3/backups/934ca6a5-19db-4f6f-a83e-b9df71fe863c
Aug 18 20:18:51.667970 np0000007697 devstack@c-api.service[97479]: DEBUG cinder.api.openstack.wsgi [None req-fe0adef5-b3e9-4969-aa01-3185a2eb4788 tempest-VolumesBackupsAdminTest-1150596205 tempest-VolumesBackupsAdminTest-1150596205-project-member] Empty body provided in request {{(pid=97479) get_body /opt/stack/cinder/cinder/api/openstack/wsgi.py:725}}
Aug 18 20:18:51.667970 np0000007697 devstack@c-api.service[97479]: DEBUG cinder.api.openstack.wsgi [None req-fe0adef5-b3e9-4969-aa01-3185a2eb4788 tempest-VolumesBackupsAdminTest-1150596205 tempest-VolumesBackupsAdminTest-1150596205-project-member] Calling method 'show' {{(pid=97479) _process_stack /opt/stack/cinder/cinder/api/openstack/wsgi.py:878}}
Aug 18 20:18:51.667970 np0000007697 devstack@c-api.service[97479]: DEBUG cinder.api.v3.backups [None req-fe0adef5-b3e9-4969-aa01-3185a2eb4788 tempest-VolumesBackupsAdminTest-1150596205 tempest-VolumesBackupsAdminTest-1150596205-project-member] Show backup with id 934ca6a5-19db-4f6f-a83e-b9df71fe863c. {{(pid=97479) show /opt/stack/cinder/cinder/api/v3/backups.py:75}}
Aug 18 20:18:51.669481 np0000007697 devstack@c-api.service[97478]: INFO cinder.api.openstack.wsgi [None req-a63e26ee-6c5a-4e85-bc24-978ff4ed8e4c tempest-ServerActionsTestOtherB-1844921967 tempest-ServerActionsTestOtherB-1844921967-project-member] DELETE https://10.4.3.246/volume/v3/volumes/fa43c4bc-0ddf-4232-a002-5fd3f927024b
Aug 18 20:18:51.669760 np0000007697 devstack@c-api.service[97478]: DEBUG cinder.api.openstack.wsgi [None req-a63e26ee-6c5a-4e85-bc24-978ff4ed8e4c tempest-ServerActionsTestOtherB-1844921967 tempest-ServerActionsTestOtherB-1844921967-project-member] Empty body provided in request {{(pid=97478) get_body /opt/stack/cinder/cinder/api/openstack/wsgi.py:725}}
Aug 18 20:18:51.670094 np0000007697 devstack@c-api.service[97478]: DEBUG cinder.api.openstack.wsgi [None req-a63e26ee-6c5a-4e85-bc24-978ff4ed8e4c tempest-ServerActionsTestOtherB-1844921967 tempest-ServerActionsTestOtherB-1844921967-project-member] Calling method 'delete' {{(pid=97478) _process_stack /opt/stack/cinder/cinder/api/openstack/wsgi.py:878}}
Aug 18 20:18:51.670297 np0000007697 devstack@c-api.service[97478]: INFO cinder.api.v3.volumes [None req-a63e26ee-6c5a-4e85-bc24-978ff4ed8e4c tempest-ServerActionsTestOtherB-1844921967 tempest-ServerActionsTestOtherB-1844921967-project-member] Delete volume with id: fa43c4bc-0ddf-4232-a002-5fd3f927024b
Aug 18 20:18:51.674879 np0000007697 devstack@c-api.service[97479]: /opt/stack/data/venv/lib/python3.12/site-packages/oslo_context/context.py:102: DeprecationWarning: Policy enforcement is depending on the value of is_admin. This key is deprecated. Please update your policy file to use the standard policy values.
Aug 18 20:18:51.674879 np0000007697 devstack@c-api.service[97479]: warnings.warn(
Aug 18 20:18:51.674879 np0000007697 devstack@c-api.service[97479]: INFO cinder.api.openstack.wsgi [None req-fe0adef5-b3e9-4969-aa01-3185a2eb4788 tempest-VolumesBackupsAdminTest-1150596205 tempest-VolumesBackupsAdminTest-1150596205-project-member] https://10.4.3.246/volume/v3/backups/934ca6a5-19db-4f6f-a83e-b9df71fe863c returned with HTTP 200
Aug 18 20:18:51.674879 np0000007697 devstack@c-api.service[97479]: [pid: 97479|app: 0|req: 143/402] 10.4.3.246 () {66 vars in 1348 bytes} [Tue Aug 18 20:18:51 2026] GET /volume/v3/backups/934ca6a5-19db-4f6f-a83e-b9df71fe863c => generated 801 bytes in 12 msecs (HTTP/1.1 200) 7 headers in 285 bytes (2 switches on core 0)
Aug 18 20:18:51.681782 np0000007697 devstack@c-api.service[97478]: /opt/stack/data/venv/lib/python3.12/site-packages/oslo_context/context.py:102: DeprecationWarning: Policy enforcement is depending on the value of is_admin. This key is deprecated. Please update your policy file to use the standard policy values.
Aug 18 20:18:51.681782 np0000007697 devstack@c-api.service[97478]: warnings.warn(
Aug 18 20:18:51.685828 np0000007697 devstack@c-api.service[97478]: INFO cinder.volume.api [None req-a63e26ee-6c5a-4e85-bc24-978ff4ed8e4c tempest-ServerActionsTestOtherB-1844921967 tempest-ServerActionsTestOtherB-1844921967-project-member] Volume info retrieved successfully.
Aug 18 20:18:51.702613 np0000007697 devstack@c-api.service[97477]: DEBUG cinder.quota [None req-672a3b44-3968-4787-be8f-a7254183bb89 tempest-GroupsV314Test-1954544032 tempest-GroupsV314Test-1954544032-project-member] Created reservations ['9436ce75-a15d-405f-9031-5ad1f00c3ad5', 'b373c335-f009-4ef9-b537-c8bc7dc121c8', 'd81f2d0f-1a7f-4dc0-9111-480a2c434972', '32a2df7f-b4ed-4d03-8145-f28c8c6aec81'] {{(pid=97477) reserve /opt/stack/cinder/cinder/quota.py:752}}
Aug 18 20:18:51.703654 np0000007697 devstack@c-api.service[97477]: DEBUG cinder.volume.api [None req-672a3b44-3968-4787-be8f-a7254183bb89 tempest-GroupsV314Test-1954544032 tempest-GroupsV314Test-1954544032-project-member] Task 'cinder.volume.flows.api.create_volume.QuotaReserveTask;volume:create' (417dd612-73a7-4bff-b9cd-d5d2129f2c77) transitioned into state 'SUCCESS' from state 'RUNNING' with result '{'reservations': ['9436ce75-a15d-405f-9031-5ad1f00c3ad5', 'b373c335-f009-4ef9-b537-c8bc7dc121c8', 'd81f2d0f-1a7f-4dc0-9111-480a2c434972', '32a2df7f-b4ed-4d03-8145-f28c8c6aec81']}' {{(pid=97477) _task_receiver /opt/stack/data/venv/lib/python3.12/site-packages/taskflow/listeners/logging.py:218}}
Aug 18 20:18:51.704686 np0000007697 devstack@c-api.service[97477]: DEBUG cinder.volume.api [None req-672a3b44-3968-4787-be8f-a7254183bb89 tempest-GroupsV314Test-1954544032 tempest-GroupsV314Test-1954544032-project-member] Task 'cinder.volume.flows.api.create_volume.EntryCreateTask;volume:create' (e613bd90-f013-4ee3-8f0b-0fa038bd4970) transitioned into state 'RUNNING' from state 'PENDING' {{(pid=97477) _task_receiver /opt/stack/data/venv/lib/python3.12/site-packages/taskflow/listeners/logging.py:242}}
Aug 18 20:18:51.710261 np0000007697 devstack@c-api.service[97478]: INFO cinder.volume.api [None req-a63e26ee-6c5a-4e85-bc24-978ff4ed8e4c tempest-ServerActionsTestOtherB-1844921967 tempest-ServerActionsTestOtherB-1844921967-project-member] Delete volume request issued successfully.
Aug 18 20:18:51.710725 np0000007697 devstack@c-api.service[97478]: INFO cinder.api.openstack.wsgi [None req-a63e26ee-6c5a-4e85-bc24-978ff4ed8e4c tempest-ServerActionsTestOtherB-1844921967 tempest-ServerActionsTestOtherB-1844921967-project-member] https://10.4.3.246/volume/v3/volumes/fa43c4bc-0ddf-4232-a002-5fd3f927024b returned with HTTP 202
Aug 18 20:18:51.711488 np0000007697 devstack@c-api.service[97478]: [pid: 97478|app: 0|req: 129/403] 10.4.3.246 () {66 vars in 1351 bytes} [Tue Aug 18 20:18:51 2026] DELETE /volume/v3/volumes/fa43c4bc-0ddf-4232-a002-5fd3f927024b => generated 0 bytes in 46 msecs (HTTP/1.1 202) 6 headers in 233 bytes (1 switches on core 0)
Aug 18 20:18:51.722582 np0000007697 devstack@c-api.service[97479]: DEBUG cinder.api.middleware.request_id [None req-45058fb5-954e-4bd9-b753-5457440b0d4c None None] RequestId filter calling following filter/app {{(pid=97479) _context_setter /opt/stack/cinder/cinder/api/middleware/request_id.py:62}}
Aug 18 20:18:51.724527 np0000007697 devstack@c-api.service[97479]: INFO cinder.api.openstack.wsgi [None req-45058fb5-954e-4bd9-b753-5457440b0d4c tempest-ServerActionsTestOtherB-1844921967 tempest-ServerActionsTestOtherB-1844921967-project-member] GET https://10.4.3.246/volume/v3/volumes/fa43c4bc-0ddf-4232-a002-5fd3f927024b
Aug 18 20:18:51.724731 np0000007697 devstack@c-api.service[97479]: DEBUG cinder.api.openstack.wsgi [None req-45058fb5-954e-4bd9-b753-5457440b0d4c tempest-ServerActionsTestOtherB-1844921967 tempest-ServerActionsTestOtherB-1844921967-project-member] Empty body provided in request {{(pid=97479) get_body /opt/stack/cinder/cinder/api/openstack/wsgi.py:725}}
Aug 18 20:18:51.724940 np0000007697 devstack@c-api.service[97479]: DEBUG cinder.api.openstack.wsgi [None req-45058fb5-954e-4bd9-b753-5457440b0d4c tempest-ServerActionsTestOtherB-1844921967 tempest-ServerActionsTestOtherB-1844921967-project-member] Calling method 'show' {{(pid=97479) _process_stack /opt/stack/cinder/cinder/api/openstack/wsgi.py:878}}
Aug 18 20:18:51.732520 np0000007697 devstack@c-api.service[97479]: /opt/stack/data/venv/lib/python3.12/site-packages/oslo_context/context.py:102: DeprecationWarning: Policy enforcement is depending on the value of is_admin. This key is deprecated. Please update your policy file to use the standard policy values.
Aug 18 20:18:51.732520 np0000007697 devstack@c-api.service[97479]: warnings.warn(
Aug 18 20:18:51.736647 np0000007697 devstack@c-api.service[97477]: DEBUG cinder.volume.api [None req-672a3b44-3968-4787-be8f-a7254183bb89 tempest-GroupsV314Test-1954544032 tempest-GroupsV314Test-1954544032-project-member] Task 'cinder.volume.flows.api.create_volume.EntryCreateTask;volume:create' (e613bd90-f013-4ee3-8f0b-0fa038bd4970) transitioned into state 'SUCCESS' from state 'RUNNING' with result '{'volume_id': 'e1956549-9d05-4fcc-925b-230e1a313489', 'volume_properties': VolumeProperties(attach_status='detached',availability_zone='nova',cgsnapshot_id=None,consistencygroup_id=None,display_description=None,display_name='tempest-volume-1487262721',encryption_key_id=None,group_id=bf08f299-59e4-4154-a75a-c7e8d55bc650,group_type_id=,metadata={},multiattach=False,project_id='2da5eb9c0bce4822a37e1ae887eb8724',qos_specs=None,replication_status=,reservations=['9436ce75-a15d-405f-9031-5ad1f00c3ad5','b373c335-f009-4ef9-b537-c8bc7dc121c8','d81f2d0f-1a7f-4dc0-9111-480a2c434972','32a2df7f-b4ed-4d03-8145-f28c8c6aec81'],size=1,snapshot_id=None,source_replicaid=,source_volid=None,status='creating',user_id='61e372f9c3eb43ce9c3100fb7032a3cc',volume_type_id=220e5d1a-fcc2-48aa-b221-21381fc1e770), 'volume': Volume(_name_id=None,admin_metadata=,attach_status='detached',availability_zone='nova',bootable=False,cluster=,cluster_name=None,consistencygroup=,consistencygroup_id=None,created_at=2026-08-18T20:18:51Z,deleted=False,deleted_at=None,display_description=None,display_name='tempest-volume-1487262721',ec2_id=None,encryption_key_id=None,glance_metadata=,group=,group_id=bf08f299-59e4-4154-a75a-c7e8d55bc650,host=None,id=e1956549-9d05-4fcc-925b-230e1a313489,launched_at=None,metadata={},migration_status=None,multiattach=False,previous_status=None,project_id='2da5eb9c0bce4822a37e1ae887eb8724',provider_auth=None,provider_geometry=None,provider_id=None,provider_location=None,replication_driver_data=None,replication_extended_status=None,replication_status=None,scheduled_at=None,service_uuid=None,shared_targets=True,size=1,snapshot_id=None,snapshots=,source_volid=None,status='creating',terminated_at=None,updated_at=None,use_quota=True,user_id='61e372f9c3eb43ce9c3100fb7032a3cc',volume_attachment=VolumeAttachmentList,volume_type=VolumeType(220e5d1a-fcc2-48aa-b221-21381fc1e770),volume_type_id=220e5d1a-fcc2-48aa-b221-21381fc1e770)}' {{(pid=97477) _task_receiver /opt/stack/data/venv/lib/python3.12/site-packages/taskflow/listeners/logging.py:218}}
Aug 18 20:18:51.737746 np0000007697 devstack@c-api.service[97477]: DEBUG cinder.volume.api [None req-672a3b44-3968-4787-be8f-a7254183bb89 tempest-GroupsV314Test-1954544032 tempest-GroupsV314Test-1954544032-project-member] Task 'cinder.volume.flows.api.create_volume.QuotaCommitTask;volume:create' (a14ecdb8-66a9-4ea0-989f-f5a6cf43935b) transitioned into state 'RUNNING' from state 'PENDING' {{(pid=97477) _task_receiver /opt/stack/data/venv/lib/python3.12/site-packages/taskflow/listeners/logging.py:242}}
Aug 18 20:18:51.737904 np0000007697 devstack@c-api.service[97479]: INFO cinder.volume.api [None req-45058fb5-954e-4bd9-b753-5457440b0d4c tempest-ServerActionsTestOtherB-1844921967 tempest-ServerActionsTestOtherB-1844921967-project-member] Volume info retrieved successfully.
Aug 18 20:18:51.745848 np0000007697 devstack@c-api.service[97479]: INFO cinder.api.openstack.wsgi [None req-45058fb5-954e-4bd9-b753-5457440b0d4c tempest-ServerActionsTestOtherB-1844921967 tempest-ServerActionsTestOtherB-1844921967-project-member] https://10.4.3.246/volume/v3/volumes/fa43c4bc-0ddf-4232-a002-5fd3f927024b returned with HTTP 200
Aug 18 20:18:51.745848 np0000007697 devstack@c-api.service[97479]: [pid: 97479|app: 0|req: 144/404] 10.4.3.246 () {66 vars in 1348 bytes} [Tue Aug 18 20:18:51 2026] GET /volume/v3/volumes/fa43c4bc-0ddf-4232-a002-5fd3f927024b => generated 846 bytes in 25 msecs (HTTP/1.1 200) 7 headers in 285 bytes (1 switches on core 0)
Aug 18 20:18:51.788232 np0000007697 devstack@c-api.service[97477]: DEBUG cinder.volume.api [None req-672a3b44-3968-4787-be8f-a7254183bb89 tempest-GroupsV314Test-1954544032 tempest-GroupsV314Test-1954544032-project-member] Task 'cinder.volume.flows.api.create_volume.QuotaCommitTask;volume:create' (a14ecdb8-66a9-4ea0-989f-f5a6cf43935b) transitioned into state 'SUCCESS' from state 'RUNNING' with result '{'volume_properties': VolumeProperties(attach_status='detached',availability_zone='nova',cgsnapshot_id=None,consistencygroup_id=None,display_description=None,display_name='tempest-volume-1487262721',encryption_key_id=None,group_id=bf08f299-59e4-4154-a75a-c7e8d55bc650,group_type_id=,metadata={},multiattach=False,project_id='2da5eb9c0bce4822a37e1ae887eb8724',qos_specs=None,replication_status=,reservations=['9436ce75-a15d-405f-9031-5ad1f00c3ad5','b373c335-f009-4ef9-b537-c8bc7dc121c8','d81f2d0f-1a7f-4dc0-9111-480a2c434972','32a2df7f-b4ed-4d03-8145-f28c8c6aec81'],size=1,snapshot_id=None,source_replicaid=,source_volid=None,status='creating',user_id='61e372f9c3eb43ce9c3100fb7032a3cc',volume_type_id=220e5d1a-fcc2-48aa-b221-21381fc1e770)}' {{(pid=97477) _task_receiver /opt/stack/data/venv/lib/python3.12/site-packages/taskflow/listeners/logging.py:218}}
Aug 18 20:18:51.789382 np0000007697 devstack@c-api.service[97477]: DEBUG cinder.volume.api [None req-672a3b44-3968-4787-be8f-a7254183bb89 tempest-GroupsV314Test-1954544032 tempest-GroupsV314Test-1954544032-project-member] Task 'cinder.volume.flows.api.create_volume.VolumeCastTask;volume:create' (302b6e20-0b31-48cb-8b95-13f75cde5965) transitioned into state 'RUNNING' from state 'PENDING' {{(pid=97477) _task_receiver /opt/stack/data/venv/lib/python3.12/site-packages/taskflow/listeners/logging.py:242}}
Aug 18 20:18:51.811619 np0000007697 devstack@c-api.service[97477]: DEBUG cinder.volume.api [None req-672a3b44-3968-4787-be8f-a7254183bb89 tempest-GroupsV314Test-1954544032 tempest-GroupsV314Test-1954544032-project-member] Task 'cinder.volume.flows.api.create_volume.VolumeCastTask;volume:create' (302b6e20-0b31-48cb-8b95-13f75cde5965) transitioned into state 'SUCCESS' from state 'RUNNING' with result 'None' {{(pid=97477) _task_receiver /opt/stack/data/venv/lib/python3.12/site-packages/taskflow/listeners/logging.py:218}}
Aug 18 20:18:51.812690 np0000007697 devstack@c-api.service[97477]: DEBUG cinder.volume.api [None req-672a3b44-3968-4787-be8f-a7254183bb89 tempest-GroupsV314Test-1954544032 tempest-GroupsV314Test-1954544032-project-member] Flow 'volume_create_api' (25d0eff7-6051-42fc-b0a6-71f35acbdca9) transitioned into state 'SUCCESS' from state 'RUNNING' {{(pid=97477) _flow_receiver /opt/stack/data/venv/lib/python3.12/site-packages/taskflow/listeners/logging.py:160}}
Aug 18 20:18:51.813101 np0000007697 devstack@c-api.service[97477]: INFO cinder.volume.api [None req-672a3b44-3968-4787-be8f-a7254183bb89 tempest-GroupsV314Test-1954544032 tempest-GroupsV314Test-1954544032-project-member] Create volume request issued successfully.
Aug 18 20:18:51.813919 np0000007697 devstack@c-api.service[97477]: WARNING stevedore.named [None req-672a3b44-3968-4787-be8f-a7254183bb89 tempest-GroupsV314Test-1954544032 tempest-GroupsV314Test-1954544032-project-member] Could not load cinder.keymgr.conf_key_mgr.ConfKeyManager
Aug 18 20:18:51.814154 np0000007697 devstack@c-api.service[97477]: WARNING castellan.key_manager [None req-672a3b44-3968-4787-be8f-a7254183bb89 tempest-GroupsV314Test-1954544032 tempest-GroupsV314Test-1954544032-project-member] Deprecation Warning : cinder.keymgr.conf_key_mgr.ConfKeyManager is not a stevedore based driver, trying to load it as a class: stevedore.exception.NoMatches: No 'castellan.drivers' driver found, looking for 'cinder.keymgr.conf_key_mgr.ConfKeyManager'
Aug 18 20:18:51.859006 np0000007697 devstack@c-api.service[97477]: DEBUG oslo_db.sqlalchemy.engines [None req-672a3b44-3968-4787-be8f-a7254183bb89 tempest-GroupsV314Test-1954544032 tempest-GroupsV314Test-1954544032-project-member] MySQL server mode set to STRICT_TRANS_TABLES,STRICT_ALL_TABLES,NO_ZERO_IN_DATE,NO_ZERO_DATE,ERROR_FOR_DIVISION_BY_ZERO,TRADITIONAL,NO_ENGINE_SUBSTITUTION {{(pid=97477) _check_effective_sql_mode /opt/stack/data/venv/lib/python3.12/site-packages/oslo_db/sqlalchemy/engines.py:325}}
Aug 18 20:18:51.864395 np0000007697 devstack@c-api.service[97477]: /opt/stack/data/venv/lib/python3.12/site-packages/oslo_context/context.py:102: DeprecationWarning: Policy enforcement is depending on the value of is_admin. This key is deprecated. Please update your policy file to use the standard policy values.
Aug 18 20:18:51.864395 np0000007697 devstack@c-api.service[97477]: warnings.warn(
Aug 18 20:18:51.869694 np0000007697 devstack@c-api.service[97477]: INFO cinder.api.openstack.wsgi [None req-672a3b44-3968-4787-be8f-a7254183bb89 tempest-GroupsV314Test-1954544032 tempest-GroupsV314Test-1954544032-project-member] https://10.4.3.246/volume/v3/volumes returned with HTTP 202
Aug 18 20:18:51.870577 np0000007697 devstack@c-api.service[97477]: [pid: 97477|app: 0|req: 132/405] 10.4.3.246 () {70 vars in 1300 bytes} [Tue Aug 18 20:18:51 2026] POST /volume/v3/volumes => generated 819 bytes in 355 msecs (HTTP/1.1 202) 7 headers in 292 bytes (1 switches on core 0)
Aug 18 20:18:51.887449 np0000007697 devstack@c-api.service[97478]: DEBUG cinder.api.middleware.request_id [None req-0f4e700c-4f05-4d59-8337-94112a49645b None None] RequestId filter calling following filter/app {{(pid=97478) _context_setter /opt/stack/cinder/cinder/api/middleware/request_id.py:62}}
Aug 18 20:18:51.890477 np0000007697 devstack@c-api.service[97478]: INFO cinder.api.openstack.wsgi [None req-0f4e700c-4f05-4d59-8337-94112a49645b tempest-GroupsV314Test-1954544032 tempest-GroupsV314Test-1954544032-project-member] GET https://10.4.3.246/volume/v3/volumes/e1956549-9d05-4fcc-925b-230e1a313489
Aug 18 20:18:51.890817 np0000007697 devstack@c-api.service[97478]: DEBUG cinder.api.openstack.wsgi [None req-0f4e700c-4f05-4d59-8337-94112a49645b tempest-GroupsV314Test-1954544032 tempest-GroupsV314Test-1954544032-project-member] Empty body provided in request {{(pid=97478) get_body /opt/stack/cinder/cinder/api/openstack/wsgi.py:725}}
Aug 18 20:18:51.891096 np0000007697 devstack@c-api.service[97478]: DEBUG cinder.api.openstack.wsgi [None req-0f4e700c-4f05-4d59-8337-94112a49645b tempest-GroupsV314Test-1954544032 tempest-GroupsV314Test-1954544032-project-member] Calling method 'show' {{(pid=97478) _process_stack /opt/stack/cinder/cinder/api/openstack/wsgi.py:878}}
Aug 18 20:18:51.901167 np0000007697 devstack@c-api.service[97478]: /opt/stack/data/venv/lib/python3.12/site-packages/oslo_context/context.py:102: DeprecationWarning: Policy enforcement is depending on the value of is_admin. This key is deprecated. Please update your policy file to use the standard policy values.
Aug 18 20:18:51.901167 np0000007697 devstack@c-api.service[97478]: warnings.warn(
Aug 18 20:18:51.906837 np0000007697 devstack@c-api.service[97478]: INFO cinder.volume.api [None req-0f4e700c-4f05-4d59-8337-94112a49645b tempest-GroupsV314Test-1954544032 tempest-GroupsV314Test-1954544032-project-member] Volume info retrieved successfully.
Aug 18 20:18:51.907937 np0000007697 devstack@c-api.service[97478]: WARNING stevedore.named [None req-0f4e700c-4f05-4d59-8337-94112a49645b tempest-GroupsV314Test-1954544032 tempest-GroupsV314Test-1954544032-project-member] Could not load cinder.keymgr.conf_key_mgr.ConfKeyManager
Aug 18 20:18:51.908165 np0000007697 devstack@c-api.service[97478]: WARNING castellan.key_manager [None req-0f4e700c-4f05-4d59-8337-94112a49645b tempest-GroupsV314Test-1954544032 tempest-GroupsV314Test-1954544032-project-member] Deprecation Warning : cinder.keymgr.conf_key_mgr.ConfKeyManager is not a stevedore based driver, trying to load it as a class: stevedore.exception.NoMatches: No 'castellan.drivers' driver found, looking for 'cinder.keymgr.conf_key_mgr.ConfKeyManager'
Aug 18 20:18:51.962314 np0000007697 devstack@c-api.service[97478]: DEBUG oslo_db.sqlalchemy.engines [None req-0f4e700c-4f05-4d59-8337-94112a49645b tempest-GroupsV314Test-1954544032 tempest-GroupsV314Test-1954544032-project-member] MySQL server mode set to STRICT_TRANS_TABLES,STRICT_ALL_TABLES,NO_ZERO_IN_DATE,NO_ZERO_DATE,ERROR_FOR_DIVISION_BY_ZERO,TRADITIONAL,NO_ENGINE_SUBSTITUTION {{(pid=97478) _check_effective_sql_mode /opt/stack/data/venv/lib/python3.12/site-packages/oslo_db/sqlalchemy/engines.py:325}}
Aug 18 20:18:51.969485 np0000007697 devstack@c-api.service[97478]: /opt/stack/data/venv/lib/python3.12/site-packages/oslo_context/context.py:102: DeprecationWarning: Policy enforcement is depending on the value of is_admin. This key is deprecated. Please update your policy file to use the standard policy values.
Aug 18 20:18:51.969485 np0000007697 devstack@c-api.service[97478]: warnings.warn(
Aug 18 20:18:51.982992 np0000007697 devstack@c-api.service[97478]: INFO cinder.api.openstack.wsgi [None req-0f4e700c-4f05-4d59-8337-94112a49645b tempest-GroupsV314Test-1954544032 tempest-GroupsV314Test-1954544032-project-member] https://10.4.3.246/volume/v3/volumes/e1956549-9d05-4fcc-925b-230e1a313489 returned with HTTP 200
Aug 18 20:18:51.983547 np0000007697 devstack@c-api.service[97478]: [pid: 97478|app: 0|req: 130/406] 10.4.3.246 () {68 vars in 1389 bytes} [Tue Aug 18 20:18:51 2026] GET /volume/v3/volumes/e1956549-9d05-4fcc-925b-230e1a313489 => generated 887 bytes in 97 msecs (HTTP/1.1 200) 7 headers in 286 bytes (1 switches on core 0)
Aug 18 20:18:52.689296 np0000007697 devstack@c-api.service[97479]: DEBUG cinder.api.middleware.request_id [None req-ddef2ddc-2267-4fe2-b90e-0f66ab20513e None None] RequestId filter calling following filter/app {{(pid=97479) _context_setter /opt/stack/cinder/cinder/api/middleware/request_id.py:62}}
Aug 18 20:18:52.691174 np0000007697 devstack@c-api.service[97479]: INFO cinder.api.openstack.wsgi [None req-ddef2ddc-2267-4fe2-b90e-0f66ab20513e tempest-VolumesBackupsAdminTest-1150596205 tempest-VolumesBackupsAdminTest-1150596205-project-member] GET https://10.4.3.246/volume/v3/backups/934ca6a5-19db-4f6f-a83e-b9df71fe863c
Aug 18 20:18:52.691748 np0000007697 devstack@c-api.service[97479]: DEBUG cinder.api.openstack.wsgi [None req-ddef2ddc-2267-4fe2-b90e-0f66ab20513e tempest-VolumesBackupsAdminTest-1150596205 tempest-VolumesBackupsAdminTest-1150596205-project-member] Empty body provided in request {{(pid=97479) get_body /opt/stack/cinder/cinder/api/openstack/wsgi.py:725}}
Aug 18 20:18:52.691748 np0000007697 devstack@c-api.service[97479]: DEBUG cinder.api.openstack.wsgi [None req-ddef2ddc-2267-4fe2-b90e-0f66ab20513e tempest-VolumesBackupsAdminTest-1150596205 tempest-VolumesBackupsAdminTest-1150596205-project-member] Calling method 'show' {{(pid=97479) _process_stack /opt/stack/cinder/cinder/api/openstack/wsgi.py:878}}
Aug 18 20:18:52.691748 np0000007697 devstack@c-api.service[97479]: DEBUG cinder.api.v3.backups [None req-ddef2ddc-2267-4fe2-b90e-0f66ab20513e tempest-VolumesBackupsAdminTest-1150596205 tempest-VolumesBackupsAdminTest-1150596205-project-member] Show backup with id 934ca6a5-19db-4f6f-a83e-b9df71fe863c. {{(pid=97479) show /opt/stack/cinder/cinder/api/v3/backups.py:75}}
Aug 18 20:18:52.698355 np0000007697 devstack@c-api.service[97479]: /opt/stack/data/venv/lib/python3.12/site-packages/oslo_context/context.py:102: DeprecationWarning: Policy enforcement is depending on the value of is_admin. This key is deprecated. Please update your policy file to use the standard policy values.
Aug 18 20:18:52.698355 np0000007697 devstack@c-api.service[97479]: warnings.warn(
Aug 18 20:18:52.699407 np0000007697 devstack@c-api.service[97479]: INFO cinder.api.openstack.wsgi [None req-ddef2ddc-2267-4fe2-b90e-0f66ab20513e tempest-VolumesBackupsAdminTest-1150596205 tempest-VolumesBackupsAdminTest-1150596205-project-member] https://10.4.3.246/volume/v3/backups/934ca6a5-19db-4f6f-a83e-b9df71fe863c returned with HTTP 200
Aug 18 20:18:52.700877 np0000007697 devstack@c-api.service[97479]: [pid: 97479|app: 0|req: 145/407] 10.4.3.246 () {66 vars in 1348 bytes} [Tue Aug 18 20:18:52 2026] GET /volume/v3/backups/934ca6a5-19db-4f6f-a83e-b9df71fe863c => generated 801 bytes in 12 msecs (HTTP/1.1 200) 7 headers in 285 bytes (1 switches on core 0)
Aug 18 20:18:52.765459 np0000007697 devstack@c-api.service[97477]: DEBUG cinder.api.middleware.request_id [None req-a4c7e0d7-e6db-4410-9c7e-244fc7b5b6b2 None None] RequestId filter calling following filter/app {{(pid=97477) _context_setter /opt/stack/cinder/cinder/api/middleware/request_id.py:62}}
Aug 18 20:18:52.771150 np0000007697 devstack@c-api.service[97477]: INFO cinder.api.openstack.wsgi [None req-a4c7e0d7-e6db-4410-9c7e-244fc7b5b6b2 tempest-ServerActionsTestOtherB-1844921967 tempest-ServerActionsTestOtherB-1844921967-project-member] GET https://10.4.3.246/volume/v3/volumes/fa43c4bc-0ddf-4232-a002-5fd3f927024b
Aug 18 20:18:52.772430 np0000007697 devstack@c-api.service[97477]: DEBUG cinder.api.openstack.wsgi [None req-a4c7e0d7-e6db-4410-9c7e-244fc7b5b6b2 tempest-ServerActionsTestOtherB-1844921967 tempest-ServerActionsTestOtherB-1844921967-project-member] Empty body provided in request {{(pid=97477) get_body /opt/stack/cinder/cinder/api/openstack/wsgi.py:725}}
Aug 18 20:18:52.772430 np0000007697 devstack@c-api.service[97477]: DEBUG cinder.api.openstack.wsgi [None req-a4c7e0d7-e6db-4410-9c7e-244fc7b5b6b2 tempest-ServerActionsTestOtherB-1844921967 tempest-ServerActionsTestOtherB-1844921967-project-member] Calling method 'show' {{(pid=97477) _process_stack /opt/stack/cinder/cinder/api/openstack/wsgi.py:878}}
Aug 18 20:18:52.779895 np0000007697 devstack@c-api.service[97477]: INFO cinder.api.openstack.wsgi [None req-a4c7e0d7-e6db-4410-9c7e-244fc7b5b6b2 tempest-ServerActionsTestOtherB-1844921967 tempest-ServerActionsTestOtherB-1844921967-project-member] https://10.4.3.246/volume/v3/volumes/fa43c4bc-0ddf-4232-a002-5fd3f927024b returned with HTTP 404
Aug 18 20:18:52.781308 np0000007697 devstack@c-api.service[97477]: [pid: 97477|app: 0|req: 133/408] 10.4.3.246 () {66 vars in 1348 bytes} [Tue Aug 18 20:18:52 2026] GET /volume/v3/volumes/fa43c4bc-0ddf-4232-a002-5fd3f927024b => generated 109 bytes in 16 msecs (HTTP/1.1 404) 7 headers in 292 bytes (1 switches on core 0)
Aug 18 20:18:53.003761 np0000007697 devstack@c-api.service[97478]: DEBUG cinder.api.middleware.request_id [None req-0aa6ddf1-d38d-4973-81f7-eea20e1e008f None None] RequestId filter calling following filter/app {{(pid=97478) _context_setter /opt/stack/cinder/cinder/api/middleware/request_id.py:62}}
Aug 18 20:18:53.006164 np0000007697 devstack@c-api.service[97478]: INFO cinder.api.openstack.wsgi [None req-0aa6ddf1-d38d-4973-81f7-eea20e1e008f tempest-GroupsV314Test-1954544032 tempest-GroupsV314Test-1954544032-project-member] GET https://10.4.3.246/volume/v3/volumes/e1956549-9d05-4fcc-925b-230e1a313489
Aug 18 20:18:53.006460 np0000007697 devstack@c-api.service[97478]: DEBUG cinder.api.openstack.wsgi [None req-0aa6ddf1-d38d-4973-81f7-eea20e1e008f tempest-GroupsV314Test-1954544032 tempest-GroupsV314Test-1954544032-project-member] Empty body provided in request {{(pid=97478) get_body /opt/stack/cinder/cinder/api/openstack/wsgi.py:725}}
Aug 18 20:18:53.006719 np0000007697 devstack@c-api.service[97478]: DEBUG cinder.api.openstack.wsgi [None req-0aa6ddf1-d38d-4973-81f7-eea20e1e008f tempest-GroupsV314Test-1954544032 tempest-GroupsV314Test-1954544032-project-member] Calling method 'show' {{(pid=97478) _process_stack /opt/stack/cinder/cinder/api/openstack/wsgi.py:878}}
Aug 18 20:18:53.018998 np0000007697 devstack@c-api.service[97478]: /opt/stack/data/venv/lib/python3.12/site-packages/oslo_context/context.py:102: DeprecationWarning: Policy enforcement is depending on the value of is_admin. This key is deprecated. Please update your policy file to use the standard policy values.
Aug 18 20:18:53.018998 np0000007697 devstack@c-api.service[97478]: warnings.warn(
Aug 18 20:18:53.025963 np0000007697 devstack@c-api.service[97478]: INFO cinder.volume.api [None req-0aa6ddf1-d38d-4973-81f7-eea20e1e008f tempest-GroupsV314Test-1954544032 tempest-GroupsV314Test-1954544032-project-member] Volume info retrieved successfully.
Aug 18 20:18:53.026952 np0000007697 devstack@c-api.service[97478]: WARNING stevedore.named [None req-0aa6ddf1-d38d-4973-81f7-eea20e1e008f tempest-GroupsV314Test-1954544032 tempest-GroupsV314Test-1954544032-project-member] Could not load cinder.keymgr.conf_key_mgr.ConfKeyManager
Aug 18 20:18:53.027201 np0000007697 devstack@c-api.service[97478]: WARNING castellan.key_manager [None req-0aa6ddf1-d38d-4973-81f7-eea20e1e008f tempest-GroupsV314Test-1954544032 tempest-GroupsV314Test-1954544032-project-member] Deprecation Warning : cinder.keymgr.conf_key_mgr.ConfKeyManager is not a stevedore based driver, trying to load it as a class: stevedore.exception.NoMatches: No 'castellan.drivers' driver found, looking for 'cinder.keymgr.conf_key_mgr.ConfKeyManager'
Aug 18 20:18:53.083871 np0000007697 devstack@c-api.service[97478]: DEBUG oslo_db.sqlalchemy.engines [None req-0aa6ddf1-d38d-4973-81f7-eea20e1e008f tempest-GroupsV314Test-1954544032 tempest-GroupsV314Test-1954544032-project-member] MySQL server mode set to STRICT_TRANS_TABLES,STRICT_ALL_TABLES,NO_ZERO_IN_DATE,NO_ZERO_DATE,ERROR_FOR_DIVISION_BY_ZERO,TRADITIONAL,NO_ENGINE_SUBSTITUTION {{(pid=97478) _check_effective_sql_mode /opt/stack/data/venv/lib/python3.12/site-packages/oslo_db/sqlalchemy/engines.py:325}}
Aug 18 20:18:53.090334 np0000007697 devstack@c-api.service[97478]: /opt/stack/data/venv/lib/python3.12/site-packages/oslo_context/context.py:102: DeprecationWarning: Policy enforcement is depending on the value of is_admin. This key is deprecated. Please update your policy file to use the standard policy values.
Aug 18 20:18:53.090334 np0000007697 devstack@c-api.service[97478]: warnings.warn(
Aug 18 20:18:53.101506 np0000007697 devstack@c-api.service[97478]: INFO cinder.api.openstack.wsgi [None req-0aa6ddf1-d38d-4973-81f7-eea20e1e008f tempest-GroupsV314Test-1954544032 tempest-GroupsV314Test-1954544032-project-member] https://10.4.3.246/volume/v3/volumes/e1956549-9d05-4fcc-925b-230e1a313489 returned with HTTP 200
Aug 18 20:18:53.102064 np0000007697 devstack@c-api.service[97478]: [pid: 97478|app: 0|req: 131/409] 10.4.3.246 () {68 vars in 1389 bytes} [Tue Aug 18 20:18:53 2026] GET /volume/v3/volumes/e1956549-9d05-4fcc-925b-230e1a313489 => generated 912 bytes in 100 msecs (HTTP/1.1 200) 7 headers in 286 bytes (1 switches on core 0)
Aug 18 20:18:53.123701 np0000007697 devstack@c-api.service[97479]: DEBUG cinder.api.middleware.request_id [None req-4acfa162-f81e-4d94-b278-696a0aee83dc None None] RequestId filter calling following filter/app {{(pid=97479) _context_setter /opt/stack/cinder/cinder/api/middleware/request_id.py:62}}
Aug 18 20:18:53.126938 np0000007697 devstack@c-api.service[97479]: INFO cinder.api.openstack.wsgi [None req-4acfa162-f81e-4d94-b278-696a0aee83dc tempest-GroupsV314Test-1954544032 tempest-GroupsV314Test-1954544032-project-member] POST https://10.4.3.246/volume/v3/groups/action
Aug 18 20:18:53.127460 np0000007697 devstack@c-api.service[97479]: DEBUG cinder.api.openstack.wsgi [None req-4acfa162-f81e-4d94-b278-696a0aee83dc tempest-GroupsV314Test-1954544032 tempest-GroupsV314Test-1954544032-project-member] Action body: b'{"create-from-src": {"source_group_id": "bf08f299-59e4-4154-a75a-c7e8d55bc650", "name": "tempest-Group_from_grp-370115506"}}' {{(pid=97479) get_method /opt/stack/cinder/cinder/api/openstack/wsgi.py:993}}
Aug 18 20:18:53.127705 np0000007697 devstack@c-api.service[97479]: DEBUG cinder.api.openstack.wsgi [None req-4acfa162-f81e-4d94-b278-696a0aee83dc tempest-GroupsV314Test-1954544032 tempest-GroupsV314Test-1954544032-project-member] Action: 'action', calling method: version_select, body: {"create-from-src": {"source_group_id": "bf08f299-59e4-4154-a75a-c7e8d55bc650", "name": "tempest-Group_from_grp-370115506"}} {{(pid=97479) _process_stack /opt/stack/cinder/cinder/api/openstack/wsgi.py:876}}
Aug 18 20:18:53.129423 np0000007697 devstack@c-api.service[97479]: DEBUG cinder.api.v3.groups [None req-4acfa162-f81e-4d94-b278-696a0aee83dc tempest-GroupsV314Test-1954544032 tempest-GroupsV314Test-1954544032-project-member] Creating new group {'create-from-src': {'source_group_id': 'bf08f299-59e4-4154-a75a-c7e8d55bc650', 'name': 'tempest-Group_from_grp-370115506'}}. {{(pid=97479) create_from_src /opt/stack/cinder/cinder/api/v3/groups.py:236}}
Aug 18 20:18:53.129423 np0000007697 devstack@c-api.service[97479]: INFO cinder.api.v3.groups [None req-4acfa162-f81e-4d94-b278-696a0aee83dc tempest-GroupsV314Test-1954544032 tempest-GroupsV314Test-1954544032-project-member] Creating group tempest-Group_from_grp-370115506 from source group bf08f299-59e4-4154-a75a-c7e8d55bc650.
Aug 18 20:18:53.147129 np0000007697 devstack@c-api.service[97479]: /opt/stack/data/venv/lib/python3.12/site-packages/oslo_context/context.py:102: DeprecationWarning: Policy enforcement is depending on the value of is_admin. This key is deprecated. Please update your policy file to use the standard policy values.
Aug 18 20:18:53.147129 np0000007697 devstack@c-api.service[97479]: warnings.warn(
Aug 18 20:18:53.147129 np0000007697 devstack@c-api.service[97479]: /opt/stack/data/venv/lib/python3.12/site-packages/oslo_context/context.py:102: DeprecationWarning: Policy enforcement is depending on the value of is_admin. This key is deprecated. Please update your policy file to use the standard policy values.
Aug 18 20:18:53.147129 np0000007697 devstack@c-api.service[97479]: warnings.warn(
Aug 18 20:18:53.212487 np0000007697 devstack@c-api.service[97479]: DEBUG cinder.quota [None req-4acfa162-f81e-4d94-b278-696a0aee83dc tempest-GroupsV314Test-1954544032 tempest-GroupsV314Test-1954544032-project-member] Created reservations ['0faa3d59-430e-4fd0-b8ce-1b55fd20b58c'] {{(pid=97479) reserve /opt/stack/cinder/cinder/quota.py:752}}
Aug 18 20:18:53.283102 np0000007697 devstack@c-api.service[97479]: INFO cinder.group.api [None req-4acfa162-f81e-4d94-b278-696a0aee83dc tempest-GroupsV314Test-1954544032 tempest-GroupsV314Test-1954544032-project-member] A mapping entry already exists for group c863aa89-5316-4a78-a099-51877fec6d8b and volume type 220e5d1a-fcc2-48aa-b221-21381fc1e770. Do not need to create again.
