Aug 18 20:15:00.178859 np0000007697 nova-conductor[96310]: DEBUG cotyledon.oslo_config_glue [-] oslo_messaging_rabbit.rabbit_qos_prefetch_count = 0 {{(pid=96310) log_opt_values /opt/stack/data/venv/lib/python3.12/site-packages/oslo_config/cfg.py:3560}}
Aug 18 20:15:00.178859 np0000007697 nova-conductor[96310]: DEBUG cotyledon.oslo_config_glue [-] oslo_messaging_rabbit.rabbit_quorum_delivery_limit = 0 {{(pid=96310) log_opt_values /opt/stack/data/venv/lib/python3.12/site-packages/oslo_config/cfg.py:3560}}
Aug 18 20:15:00.178859 np0000007697 nova-conductor[96310]: DEBUG cotyledon.oslo_config_glue [-] oslo_messaging_rabbit.rabbit_quorum_max_memory_bytes = 0 {{(pid=96310) log_opt_values /opt/stack/data/venv/lib/python3.12/site-packages/oslo_config/cfg.py:3560}}
Aug 18 20:15:00.178859 np0000007697 nova-conductor[96310]: DEBUG cotyledon.oslo_config_glue [-] oslo_messaging_rabbit.rabbit_quorum_max_memory_length = 0 {{(pid=96310) log_opt_values /opt/stack/data/venv/lib/python3.12/site-packages/oslo_config/cfg.py:3560}}
Aug 18 20:15:00.178859 np0000007697 nova-conductor[96310]: DEBUG cotyledon.oslo_config_glue [-] oslo_messaging_rabbit.rabbit_quorum_queue = False {{(pid=96310) log_opt_values /opt/stack/data/venv/lib/python3.12/site-packages/oslo_config/cfg.py:3560}}
Aug 18 20:15:00.179049 np0000007697 nova-conductor[96310]: DEBUG cotyledon.oslo_config_glue [-] oslo_messaging_rabbit.rabbit_retry_backoff = 2 {{(pid=96310) log_opt_values /opt/stack/data/venv/lib/python3.12/site-packages/oslo_config/cfg.py:3560}}
Aug 18 20:15:00.179049 np0000007697 nova-conductor[96310]: DEBUG cotyledon.oslo_config_glue [-] oslo_messaging_rabbit.rabbit_retry_interval = 1 {{(pid=96310) log_opt_values /opt/stack/data/venv/lib/python3.12/site-packages/oslo_config/cfg.py:3560}}
Aug 18 20:15:00.179049 np0000007697 nova-conductor[96310]: DEBUG cotyledon.oslo_config_glue [-] oslo_messaging_rabbit.rabbit_stream_fanout = False {{(pid=96310) log_opt_values /opt/stack/data/venv/lib/python3.12/site-packages/oslo_config/cfg.py:3560}}
Aug 18 20:15:00.179049 np0000007697 nova-conductor[96310]: DEBUG cotyledon.oslo_config_glue [-] oslo_messaging_rabbit.rabbit_transient_queues_ttl = 1800 {{(pid=96310) log_opt_values /opt/stack/data/venv/lib/python3.12/site-packages/oslo_config/cfg.py:3560}}
Aug 18 20:15:00.179049 np0000007697 nova-conductor[96310]: DEBUG cotyledon.oslo_config_glue [-] oslo_messaging_rabbit.rabbit_transient_quorum_queue = False {{(pid=96310) log_opt_values /opt/stack/data/venv/lib/python3.12/site-packages/oslo_config/cfg.py:3560}}
Aug 18 20:15:00.179049 np0000007697 nova-conductor[96310]: DEBUG cotyledon.oslo_config_glue [-] oslo_messaging_rabbit.rpc_conn_pool_size = 30 {{(pid=96310) log_opt_values /opt/stack/data/venv/lib/python3.12/site-packages/oslo_config/cfg.py:3560}}
Aug 18 20:15:00.179049 np0000007697 nova-conductor[96310]: DEBUG cotyledon.oslo_config_glue [-] oslo_messaging_rabbit.ssl = False {{(pid=96310) log_opt_values /opt/stack/data/venv/lib/python3.12/site-packages/oslo_config/cfg.py:3560}}
Aug 18 20:15:00.179049 np0000007697 nova-conductor[96310]: DEBUG cotyledon.oslo_config_glue [-] oslo_messaging_rabbit.ssl_ca_file = {{(pid=96310) log_opt_values /opt/stack/data/venv/lib/python3.12/site-packages/oslo_config/cfg.py:3560}}
Aug 18 20:15:00.179049 np0000007697 nova-conductor[96310]: DEBUG cotyledon.oslo_config_glue [-] oslo_messaging_rabbit.ssl_cert_file = {{(pid=96310) log_opt_values /opt/stack/data/venv/lib/python3.12/site-packages/oslo_config/cfg.py:3560}}
Aug 18 20:15:00.179266 np0000007697 nova-conductor[96310]: DEBUG cotyledon.oslo_config_glue [-] oslo_messaging_rabbit.ssl_enforce_fips_mode = False {{(pid=96310) log_opt_values /opt/stack/data/venv/lib/python3.12/site-packages/oslo_config/cfg.py:3560}}
Aug 18 20:15:00.179266 np0000007697 nova-conductor[96310]: DEBUG cotyledon.oslo_config_glue [-] oslo_messaging_rabbit.ssl_enforce_hostname_verification = True {{(pid=96310) log_opt_values /opt/stack/data/venv/lib/python3.12/site-packages/oslo_config/cfg.py:3560}}
Aug 18 20:15:00.179266 np0000007697 nova-conductor[96310]: DEBUG cotyledon.oslo_config_glue [-] oslo_messaging_rabbit.ssl_key_file = {{(pid=96310) log_opt_values /opt/stack/data/venv/lib/python3.12/site-packages/oslo_config/cfg.py:3560}}
Aug 18 20:15:00.179266 np0000007697 nova-conductor[96310]: DEBUG cotyledon.oslo_config_glue [-] oslo_messaging_rabbit.ssl_version = {{(pid=96310) log_opt_values /opt/stack/data/venv/lib/python3.12/site-packages/oslo_config/cfg.py:3560}}
Aug 18 20:15:00.179266 np0000007697 nova-conductor[96310]: DEBUG cotyledon.oslo_config_glue [-] oslo_messaging_rabbit.use_queue_manager = False {{(pid=96310) log_opt_values /opt/stack/data/venv/lib/python3.12/site-packages/oslo_config/cfg.py:3560}}
Aug 18 20:15:00.179266 np0000007697 nova-conductor[96310]: DEBUG cotyledon.oslo_config_glue [-] oslo_messaging_notifications.driver = ['messagingv2'] {{(pid=96310) log_opt_values /opt/stack/data/venv/lib/python3.12/site-packages/oslo_config/cfg.py:3560}}
Aug 18 20:15:00.179266 np0000007697 nova-conductor[96310]: DEBUG cotyledon.oslo_config_glue [-] oslo_messaging_notifications.retry = -1 {{(pid=96310) log_opt_values /opt/stack/data/venv/lib/python3.12/site-packages/oslo_config/cfg.py:3560}}
Aug 18 20:15:00.179266 np0000007697 nova-conductor[96310]: DEBUG cotyledon.oslo_config_glue [-] oslo_messaging_notifications.topics = ['notifications'] {{(pid=96310) log_opt_values /opt/stack/data/venv/lib/python3.12/site-packages/oslo_config/cfg.py:3560}}
Aug 18 20:15:00.179266 np0000007697 nova-conductor[96310]: DEBUG cotyledon.oslo_config_glue [-] oslo_messaging_notifications.transport_url = **** {{(pid=96310) log_opt_values /opt/stack/data/venv/lib/python3.12/site-packages/oslo_config/cfg.py:3560}}
Aug 18 20:15:00.179490 np0000007697 nova-conductor[96310]: DEBUG cotyledon.oslo_config_glue [-] oslo_limit.auth_section = None {{(pid=96310) log_opt_values /opt/stack/data/venv/lib/python3.12/site-packages/oslo_config/cfg.py:3560}}
Aug 18 20:15:00.179490 np0000007697 nova-conductor[96310]: DEBUG cotyledon.oslo_config_glue [-] oslo_limit.auth_type = None {{(pid=96310) log_opt_values /opt/stack/data/venv/lib/python3.12/site-packages/oslo_config/cfg.py:3560}}
Aug 18 20:15:00.179490 np0000007697 nova-conductor[96310]: DEBUG cotyledon.oslo_config_glue [-] oslo_limit.cafile = None {{(pid=96310) log_opt_values /opt/stack/data/venv/lib/python3.12/site-packages/oslo_config/cfg.py:3560}}
Aug 18 20:15:00.179490 np0000007697 nova-conductor[96310]: DEBUG cotyledon.oslo_config_glue [-] oslo_limit.certfile = None {{(pid=96310) log_opt_values /opt/stack/data/venv/lib/python3.12/site-packages/oslo_config/cfg.py:3560}}
Aug 18 20:15:00.179490 np0000007697 nova-conductor[96310]: DEBUG cotyledon.oslo_config_glue [-] oslo_limit.collect_timing = False {{(pid=96310) log_opt_values /opt/stack/data/venv/lib/python3.12/site-packages/oslo_config/cfg.py:3560}}
Aug 18 20:15:00.179490 np0000007697 nova-conductor[96310]: DEBUG cotyledon.oslo_config_glue [-] oslo_limit.connect_retries = None {{(pid=96310) log_opt_values /opt/stack/data/venv/lib/python3.12/site-packages/oslo_config/cfg.py:3560}}
Aug 18 20:15:00.179490 np0000007697 nova-conductor[96310]: DEBUG cotyledon.oslo_config_glue [-] oslo_limit.connect_retry_delay = None {{(pid=96310) log_opt_values /opt/stack/data/venv/lib/python3.12/site-packages/oslo_config/cfg.py:3560}}
Aug 18 20:15:00.179490 np0000007697 nova-conductor[96310]: DEBUG cotyledon.oslo_config_glue [-] oslo_limit.endpoint_id = None {{(pid=96310) log_opt_values /opt/stack/data/venv/lib/python3.12/site-packages/oslo_config/cfg.py:3560}}
Aug 18 20:15:00.179490 np0000007697 nova-conductor[96310]: DEBUG cotyledon.oslo_config_glue [-] oslo_limit.endpoint_interface = public {{(pid=96310) log_opt_values /opt/stack/data/venv/lib/python3.12/site-packages/oslo_config/cfg.py:3560}}
Aug 18 20:15:00.179714 np0000007697 nova-conductor[96310]: DEBUG cotyledon.oslo_config_glue [-] oslo_limit.endpoint_override = None {{(pid=96310) log_opt_values /opt/stack/data/venv/lib/python3.12/site-packages/oslo_config/cfg.py:3560}}
Aug 18 20:15:00.179714 np0000007697 nova-conductor[96310]: DEBUG cotyledon.oslo_config_glue [-] oslo_limit.endpoint_region_name = None {{(pid=96310) log_opt_values /opt/stack/data/venv/lib/python3.12/site-packages/oslo_config/cfg.py:3560}}
Aug 18 20:15:00.179714 np0000007697 nova-conductor[96310]: DEBUG cotyledon.oslo_config_glue [-] oslo_limit.endpoint_service_name = None {{(pid=96310) log_opt_values /opt/stack/data/venv/lib/python3.12/site-packages/oslo_config/cfg.py:3560}}
Aug 18 20:15:00.179714 np0000007697 nova-conductor[96310]: DEBUG cotyledon.oslo_config_glue [-] oslo_limit.endpoint_service_type = None {{(pid=96310) log_opt_values /opt/stack/data/venv/lib/python3.12/site-packages/oslo_config/cfg.py:3560}}
Aug 18 20:15:00.179714 np0000007697 nova-conductor[96310]: DEBUG cotyledon.oslo_config_glue [-] oslo_limit.insecure = False {{(pid=96310) log_opt_values /opt/stack/data/venv/lib/python3.12/site-packages/oslo_config/cfg.py:3560}}
Aug 18 20:15:00.179714 np0000007697 nova-conductor[96310]: DEBUG cotyledon.oslo_config_glue [-] oslo_limit.keyfile = None {{(pid=96310) log_opt_values /opt/stack/data/venv/lib/python3.12/site-packages/oslo_config/cfg.py:3560}}
Aug 18 20:15:00.179714 np0000007697 nova-conductor[96310]: DEBUG cotyledon.oslo_config_glue [-] oslo_limit.max_version = None {{(pid=96310) log_opt_values /opt/stack/data/venv/lib/python3.12/site-packages/oslo_config/cfg.py:3560}}
Aug 18 20:15:00.179714 np0000007697 nova-conductor[96310]: DEBUG cotyledon.oslo_config_glue [-] oslo_limit.min_version = None {{(pid=96310) log_opt_values /opt/stack/data/venv/lib/python3.12/site-packages/oslo_config/cfg.py:3560}}
Aug 18 20:15:00.179714 np0000007697 nova-conductor[96310]: DEBUG cotyledon.oslo_config_glue [-] oslo_limit.region_name = None {{(pid=96310) log_opt_values /opt/stack/data/venv/lib/python3.12/site-packages/oslo_config/cfg.py:3560}}
Aug 18 20:15:00.179915 np0000007697 nova-conductor[96310]: DEBUG cotyledon.oslo_config_glue [-] oslo_limit.retriable_status_codes = None {{(pid=96310) log_opt_values /opt/stack/data/venv/lib/python3.12/site-packages/oslo_config/cfg.py:3560}}
Aug 18 20:15:00.179915 np0000007697 nova-conductor[96310]: DEBUG cotyledon.oslo_config_glue [-] oslo_limit.service_name = None {{(pid=96310) log_opt_values /opt/stack/data/venv/lib/python3.12/site-packages/oslo_config/cfg.py:3560}}
Aug 18 20:15:00.179915 np0000007697 nova-conductor[96310]: DEBUG cotyledon.oslo_config_glue [-] oslo_limit.service_type = None {{(pid=96310) log_opt_values /opt/stack/data/venv/lib/python3.12/site-packages/oslo_config/cfg.py:3560}}
Aug 18 20:15:00.179915 np0000007697 nova-conductor[96310]: DEBUG cotyledon.oslo_config_glue [-] oslo_limit.split_loggers = False {{(pid=96310) log_opt_values /opt/stack/data/venv/lib/python3.12/site-packages/oslo_config/cfg.py:3560}}
Aug 18 20:15:00.179915 np0000007697 nova-conductor[96310]: DEBUG cotyledon.oslo_config_glue [-] oslo_limit.status_code_retries = None {{(pid=96310) log_opt_values /opt/stack/data/venv/lib/python3.12/site-packages/oslo_config/cfg.py:3560}}
Aug 18 20:15:00.179915 np0000007697 nova-conductor[96310]: DEBUG cotyledon.oslo_config_glue [-] oslo_limit.status_code_retry_delay = None {{(pid=96310) log_opt_values /opt/stack/data/venv/lib/python3.12/site-packages/oslo_config/cfg.py:3560}}
Aug 18 20:15:00.179915 np0000007697 nova-conductor[96310]: DEBUG cotyledon.oslo_config_glue [-] oslo_limit.timeout = None {{(pid=96310) log_opt_values /opt/stack/data/venv/lib/python3.12/site-packages/oslo_config/cfg.py:3560}}
Aug 18 20:15:00.179915 np0000007697 nova-conductor[96310]: DEBUG cotyledon.oslo_config_glue [-] oslo_limit.valid_interfaces = None {{(pid=96310) log_opt_values /opt/stack/data/venv/lib/python3.12/site-packages/oslo_config/cfg.py:3560}}
Aug 18 20:15:00.179915 np0000007697 nova-conductor[96310]: DEBUG cotyledon.oslo_config_glue [-] oslo_limit.version = None {{(pid=96310) log_opt_values /opt/stack/data/venv/lib/python3.12/site-packages/oslo_config/cfg.py:3560}}
Aug 18 20:15:00.180088 np0000007697 nova-conductor[96310]: DEBUG cotyledon.oslo_config_glue [-] oslo_reports.file_event_handler = None {{(pid=96310) log_opt_values /opt/stack/data/venv/lib/python3.12/site-packages/oslo_config/cfg.py:3560}}
Aug 18 20:15:00.180088 np0000007697 nova-conductor[96310]: DEBUG cotyledon.oslo_config_glue [-] oslo_reports.file_event_handler_interval = 1 {{(pid=96310) log_opt_values /opt/stack/data/venv/lib/python3.12/site-packages/oslo_config/cfg.py:3560}}
Aug 18 20:15:00.180088 np0000007697 nova-conductor[96310]: DEBUG cotyledon.oslo_config_glue [-] oslo_reports.log_dir = None {{(pid=96310) log_opt_values /opt/stack/data/venv/lib/python3.12/site-packages/oslo_config/cfg.py:3560}}
Aug 18 20:15:00.180088 np0000007697 nova-conductor[96310]: DEBUG cotyledon.oslo_config_glue [-] ******************************************************************************** {{(pid=96310) log_opt_values /opt/stack/data/venv/lib/python3.12/site-packages/oslo_config/cfg.py:3567}}
Aug 18 20:15:00.180088 np0000007697 nova-conductor[96310]: DEBUG cotyledon._service_worker [-] Run service ServiceWrapper(2) [96310] {{(pid=96310) wait_forever /opt/stack/data/venv/lib/python3.12/site-packages/cotyledon/_service_worker.py:218}}
Aug 18 20:15:00.180088 np0000007697 nova-conductor[96310]: INFO nova.service [-] Starting conductor node (version 33.1.0)
Aug 18 20:15:00.180206 np0000007697 nova-conductor[96295]: DEBUG oslo_db.sqlalchemy.engines [None req-3076e685-6f78-4b0b-8b5c-8a010e497a35 None None] MySQL server mode set to STRICT_TRANS_TABLES,STRICT_ALL_TABLES,NO_ZERO_IN_DATE,NO_ZERO_DATE,ERROR_FOR_DIVISION_BY_ZERO,TRADITIONAL,NO_ENGINE_SUBSTITUTION {{(pid=96295) _check_effective_sql_mode /opt/stack/data/venv/lib/python3.12/site-packages/oslo_db/sqlalchemy/engines.py:325}}
Aug 18 20:15:00.180245 np0000007697 nova-conductor[96310]: INFO dbcounter [None req-60fe92fe-bfae-4eb4-a70f-9a7c4829241f None None] Registered counter for database nova_cell0
Aug 18 20:15:00.181965 np0000007697 nova-conductor[96295]: DEBUG dbcounter [-] [96295] Writer thread running {{(pid=96295) stat_writer /opt/stack/data/venv/lib/python3.12/site-packages/dbcounter.py:102}}
Aug 18 20:15:00.194548 np0000007697 nova-conductor[96299]: DEBUG oslo_db.sqlalchemy.engines [None req-a19aebf9-0c69-495a-9a86-d5ff2014be72 None None] MySQL server mode set to STRICT_TRANS_TABLES,STRICT_ALL_TABLES,NO_ZERO_IN_DATE,NO_ZERO_DATE,ERROR_FOR_DIVISION_BY_ZERO,TRADITIONAL,NO_ENGINE_SUBSTITUTION {{(pid=96299) _check_effective_sql_mode /opt/stack/data/venv/lib/python3.12/site-packages/oslo_db/sqlalchemy/engines.py:325}}
Aug 18 20:15:00.199267 np0000007697 nova-conductor[96295]: DEBUG nova.service [None req-3076e685-6f78-4b0b-8b5c-8a010e497a35 None None] Creating RPC server for service: nova-conductor on topic: conductor {{(pid=96295) start /opt/stack/nova/nova/service.py:262}}
Aug 18 20:15:00.203915 np0000007697 nova-conductor[96299]: DEBUG dbcounter [-] [96299] Writer thread running {{(pid=96299) stat_writer /opt/stack/data/venv/lib/python3.12/site-packages/dbcounter.py:102}}
Aug 18 20:15:00.206753 np0000007697 nova-conductor[96299]: DEBUG nova.service [None req-a19aebf9-0c69-495a-9a86-d5ff2014be72 None None] Creating RPC server for service: nova-conductor on topic: conductor {{(pid=96299) start /opt/stack/nova/nova/service.py:262}}
Aug 18 20:15:00.209781 np0000007697 nova-conductor[96310]: DEBUG oslo_db.sqlalchemy.engines [None req-60fe92fe-bfae-4eb4-a70f-9a7c4829241f None None] MySQL server mode set to STRICT_TRANS_TABLES,STRICT_ALL_TABLES,NO_ZERO_IN_DATE,NO_ZERO_DATE,ERROR_FOR_DIVISION_BY_ZERO,TRADITIONAL,NO_ENGINE_SUBSTITUTION {{(pid=96310) _check_effective_sql_mode /opt/stack/data/venv/lib/python3.12/site-packages/oslo_db/sqlalchemy/engines.py:325}}
Aug 18 20:15:00.220717 np0000007697 nova-conductor[96310]: DEBUG dbcounter [-] [96310] Writer thread running {{(pid=96310) stat_writer /opt/stack/data/venv/lib/python3.12/site-packages/dbcounter.py:102}}
Aug 18 20:15:00.224099 np0000007697 nova-conductor[96310]: DEBUG nova.service [None req-60fe92fe-bfae-4eb4-a70f-9a7c4829241f None None] Creating RPC server for service: nova-conductor on topic: conductor {{(pid=96310) start /opt/stack/nova/nova/service.py:262}}
Aug 18 20:15:00.228054 np0000007697 nova-conductor[96299]: DEBUG nova.service [None req-a19aebf9-0c69-495a-9a86-d5ff2014be72 None None] Join ServiceGroup membership for this service conductor {{(pid=96299) start /opt/stack/nova/nova/service.py:288}}
Aug 18 20:15:00.228229 np0000007697 nova-conductor[96299]: DEBUG nova.servicegroup.drivers.db [None req-a19aebf9-0c69-495a-9a86-d5ff2014be72 None None] DB_Driver: join new ServiceGroup member np0000007697 to the conductor group, service = {{(pid=96299) join /opt/stack/nova/nova/servicegroup/drivers/db.py:44}}
Aug 18 20:15:00.236317 np0000007697 nova-conductor[96295]: DEBUG nova.service [None req-3076e685-6f78-4b0b-8b5c-8a010e497a35 None None] Join ServiceGroup membership for this service conductor {{(pid=96295) start /opt/stack/nova/nova/service.py:288}}
Aug 18 20:15:00.236533 np0000007697 nova-conductor[96295]: DEBUG nova.servicegroup.drivers.db [None req-3076e685-6f78-4b0b-8b5c-8a010e497a35 None None] DB_Driver: join new ServiceGroup member np0000007697 to the conductor group, service = {{(pid=96295) join /opt/stack/nova/nova/servicegroup/drivers/db.py:44}}
Aug 18 20:15:00.242576 np0000007697 nova-conductor[96310]: DEBUG nova.service [None req-60fe92fe-bfae-4eb4-a70f-9a7c4829241f None None] Join ServiceGroup membership for this service conductor {{(pid=96310) start /opt/stack/nova/nova/service.py:288}}
Aug 18 20:15:00.242855 np0000007697 nova-conductor[96310]: DEBUG nova.servicegroup.drivers.db [None req-60fe92fe-bfae-4eb4-a70f-9a7c4829241f None None] DB_Driver: join new ServiceGroup member np0000007697 to the conductor group, service = {{(pid=96310) join /opt/stack/nova/nova/servicegroup/drivers/db.py:44}}
Aug 18 20:15:05.246395 np0000007697 nova-conductor[96299]: DEBUG oslo.service.backend._threading.loopingcall [-] Fixed interval looping call 'nova.servicegroup.drivers.db.DbDriver._report_state' sleeping for 119.98 seconds {{(pid=96299) _run_loop /opt/stack/data/venv/lib/python3.12/site-packages/oslo_service/backend/_threading/loopingcall.py:125}}
Aug 18 20:15:05.250313 np0000007697 nova-conductor[96295]: DEBUG oslo.service.backend._threading.loopingcall [-] Fixed interval looping call 'nova.servicegroup.drivers.db.DbDriver._report_state' sleeping for 119.99 seconds {{(pid=96295) _run_loop /opt/stack/data/venv/lib/python3.12/site-packages/oslo_service/backend/_threading/loopingcall.py:125}}
Aug 18 20:15:05.254581 np0000007697 nova-conductor[96310]: DEBUG oslo.service.backend._threading.loopingcall [-] Fixed interval looping call 'nova.servicegroup.drivers.db.DbDriver._report_state' sleeping for 119.99 seconds {{(pid=96310) _run_loop /opt/stack/data/venv/lib/python3.12/site-packages/oslo_service/backend/_threading/loopingcall.py:125}}
Aug 18 20:15:08.244891 np0000007697 nova-conductor[96310]: DEBUG oslo.service.backend._threading.loopingcall [None req-e6ad91e0-0ec0-45fc-a2f6-ad32d135a722 None None] Dynamic interval looping call 'nova.service.Service.periodic_tasks' sleeping for 60.00 seconds {{(pid=96310) _run_loop /opt/stack/data/venv/lib/python3.12/site-packages/oslo_service/backend/_threading/loopingcall.py:125}}
Aug 18 20:15:08.816154 np0000007697 nova-conductor[94811]: DEBUG dbcounter [-] [94811] Writing DB stats nova_api:SELECT=1 {{(pid=94811) stat_writer /opt/stack/data/venv/lib/python3.12/site-packages/dbcounter.py:115}}
Aug 18 20:15:08.942088 np0000007697 nova-conductor[94811]: DEBUG dbcounter [-] [94811] Writing DB stats nova_cell0:SELECT=1 {{(pid=94811) stat_writer /opt/stack/data/venv/lib/python3.12/site-packages/dbcounter.py:115}}
Aug 18 20:15:08.946931 np0000007697 nova-conductor[94811]: DEBUG dbcounter [-] [94811] Writing DB stats nova_cell1:SELECT=1 {{(pid=94811) stat_writer /opt/stack/data/venv/lib/python3.12/site-packages/dbcounter.py:115}}
Aug 18 20:15:15.242125 np0000007697 nova-conductor[96299]: DEBUG dbcounter [-] [96299] Writing DB stats nova_cell0:SELECT=3,nova_cell0:UPDATE=1 {{(pid=96299) stat_writer /opt/stack/data/venv/lib/python3.12/site-packages/dbcounter.py:115}}
Aug 18 20:15:15.249668 np0000007697 nova-conductor[96295]: DEBUG dbcounter [-] [96295] Writing DB stats nova_cell0:SELECT=4,nova_cell0:INSERT=1 {{(pid=96295) stat_writer /opt/stack/data/venv/lib/python3.12/site-packages/dbcounter.py:115}}
Aug 18 20:15:15.251894 np0000007697 nova-conductor[96310]: DEBUG dbcounter [-] [96310] Writing DB stats nova_cell0:SELECT=3 {{(pid=96310) stat_writer /opt/stack/data/venv/lib/python3.12/site-packages/dbcounter.py:115}}
Aug 18 20:15:49.239500 np0000007697 nova-conductor[96295]: DEBUG oslo.service.backend._threading.loopingcall [None req-ec4935a6-8cf1-4666-9c52-2ce81eb79880 None None] Dynamic interval looping call 'nova.service.Service.periodic_tasks' sleeping for 60.00 seconds {{(pid=96295) _run_loop /opt/stack/data/venv/lib/python3.12/site-packages/oslo_service/backend/_threading/loopingcall.py:125}}
Aug 18 20:15:59.229911 np0000007697 nova-conductor[96299]: DEBUG oslo.service.backend._threading.loopingcall [None req-60257f34-f184-435a-ba07-8618e62f88a1 None None] Dynamic interval looping call 'nova.service.Service.periodic_tasks' sleeping for 60.00 seconds {{(pid=96299) _run_loop /opt/stack/data/venv/lib/python3.12/site-packages/oslo_service/backend/_threading/loopingcall.py:125}}
Aug 18 20:16:08.246458 np0000007697 nova-conductor[96310]: DEBUG oslo.service.backend._threading.loopingcall [None req-e6ad91e0-0ec0-45fc-a2f6-ad32d135a722 None None] Dynamic interval looping call 'nova.service.Service.periodic_tasks' sleeping for 60.00 seconds {{(pid=96310) _run_loop /opt/stack/data/venv/lib/python3.12/site-packages/oslo_service/backend/_threading/loopingcall.py:125}}
Aug 18 20:16:49.240097 np0000007697 nova-conductor[96295]: DEBUG oslo.service.backend._threading.loopingcall [None req-ec4935a6-8cf1-4666-9c52-2ce81eb79880 None None] Dynamic interval looping call 'nova.service.Service.periodic_tasks' sleeping for 60.00 seconds {{(pid=96295) _run_loop /opt/stack/data/venv/lib/python3.12/site-packages/oslo_service/backend/_threading/loopingcall.py:125}}
Aug 18 20:16:59.230394 np0000007697 nova-conductor[96299]: DEBUG oslo.service.backend._threading.loopingcall [None req-60257f34-f184-435a-ba07-8618e62f88a1 None None] Dynamic interval looping call 'nova.service.Service.periodic_tasks' sleeping for 60.00 seconds {{(pid=96299) _run_loop /opt/stack/data/venv/lib/python3.12/site-packages/oslo_service/backend/_threading/loopingcall.py:125}}
Aug 18 20:17:05.246853 np0000007697 nova-conductor[96299]: DEBUG oslo.service.backend._threading.loopingcall [-] Fixed interval looping call 'nova.servicegroup.drivers.db.DbDriver._report_state' sleeping for 119.98 seconds {{(pid=96299) _run_loop /opt/stack/data/venv/lib/python3.12/site-packages/oslo_service/backend/_threading/loopingcall.py:125}}
Aug 18 20:17:05.247332 np0000007697 nova-conductor[96295]: DEBUG oslo.service.backend._threading.loopingcall [-] Fixed interval looping call 'nova.servicegroup.drivers.db.DbDriver._report_state' sleeping for 119.99 seconds {{(pid=96295) _run_loop /opt/stack/data/venv/lib/python3.12/site-packages/oslo_service/backend/_threading/loopingcall.py:125}}
Aug 18 20:17:05.248870 np0000007697 nova-conductor[96310]: DEBUG oslo.service.backend._threading.loopingcall [-] Fixed interval looping call 'nova.servicegroup.drivers.db.DbDriver._report_state' sleeping for 120.00 seconds {{(pid=96310) _run_loop /opt/stack/data/venv/lib/python3.12/site-packages/oslo_service/backend/_threading/loopingcall.py:125}}
Aug 18 20:17:08.246910 np0000007697 nova-conductor[96310]: DEBUG oslo.service.backend._threading.loopingcall [None req-e6ad91e0-0ec0-45fc-a2f6-ad32d135a722 None None] Dynamic interval looping call 'nova.service.Service.periodic_tasks' sleeping for 60.00 seconds {{(pid=96310) _run_loop /opt/stack/data/venv/lib/python3.12/site-packages/oslo_service/backend/_threading/loopingcall.py:125}}
Aug 18 20:17:15.230304 np0000007697 nova-conductor[96299]: DEBUG dbcounter [-] [96299] Writing DB stats nova_cell0:SELECT=1,nova_cell0:UPDATE=1 {{(pid=96299) stat_writer /opt/stack/data/venv/lib/python3.12/site-packages/dbcounter.py:115}}
Aug 18 20:17:15.245482 np0000007697 nova-conductor[96295]: DEBUG dbcounter [-] [96295] Writing DB stats nova_cell0:SELECT=1,nova_cell0:UPDATE=1 {{(pid=96295) stat_writer /opt/stack/data/venv/lib/python3.12/site-packages/dbcounter.py:115}}
Aug 18 20:17:15.247542 np0000007697 nova-conductor[96310]: DEBUG dbcounter [-] [96310] Writing DB stats nova_cell0:SELECT=1 {{(pid=96310) stat_writer /opt/stack/data/venv/lib/python3.12/site-packages/dbcounter.py:115}}
Aug 18 20:17:30.253928 np0000007697 nova-conductor[96299]: DEBUG oslo_db.sqlalchemy.engines [None req-739a28be-282a-4a14-8a7a-2987fba448e1 tempest-DeleteServersTestJSON-541372650 tempest-DeleteServersTestJSON-541372650-project-member] Parent process 94811 forked (96299) with an open database connection, which is being discarded and recreated. {{(pid=96299) checkout /opt/stack/data/venv/lib/python3.12/site-packages/oslo_db/sqlalchemy/engines.py:402}}
Aug 18 20:17:30.300227 np0000007697 nova-conductor[96299]: DEBUG dbcounter [-] [96299] Writer thread running {{(pid=96299) stat_writer /opt/stack/data/venv/lib/python3.12/site-packages/dbcounter.py:102}}
Aug 18 20:17:30.318955 np0000007697 nova-conductor[96295]: DEBUG dbcounter [-] [96295] Writer thread running {{(pid=96295) stat_writer /opt/stack/data/venv/lib/python3.12/site-packages/dbcounter.py:102}}
Aug 18 20:17:30.699774 np0000007697 nova-conductor[96310]: DEBUG dbcounter [-] [96310] Writer thread running {{(pid=96310) stat_writer /opt/stack/data/venv/lib/python3.12/site-packages/dbcounter.py:102}}
Aug 18 20:17:31.212396 np0000007697 nova-conductor[96295]: DEBUG nova.conductor.manager [None req-b8733d49-72a0-478d-8d56-6e60f374e5d6 tempest-ServerActionsTestOtherA-1039396642 tempest-ServerActionsTestOtherA-1039396642-project-member] Took 0.89 seconds to select destinations for 1 instance(s). {{(pid=96295) _schedule_instances /opt/stack/nova/nova/conductor/manager.py:956}}
Aug 18 20:17:31.248176 np0000007697 nova-conductor[96295]: DEBUG oslo_concurrency.lockutils [None req-b8733d49-72a0-478d-8d56-6e60f374e5d6 tempest-ServerActionsTestOtherA-1039396642 tempest-ServerActionsTestOtherA-1039396642-project-member] Acquiring lock "b778bc73-80e2-4ead-b08f-f8c725bc0a09" by "nova.context.set_target_cell..get_or_set_cached_cell_and_set_connections" {{(pid=96295) inner /opt/stack/data/venv/lib/python3.12/site-packages/oslo_concurrency/lockutils.py:512}}
Aug 18 20:17:31.248345 np0000007697 nova-conductor[96295]: DEBUG oslo_concurrency.lockutils [None req-b8733d49-72a0-478d-8d56-6e60f374e5d6 tempest-ServerActionsTestOtherA-1039396642 tempest-ServerActionsTestOtherA-1039396642-project-member] Lock "b778bc73-80e2-4ead-b08f-f8c725bc0a09" acquired by "nova.context.set_target_cell..get_or_set_cached_cell_and_set_connections" :: waited 0.000s {{(pid=96295) inner /opt/stack/data/venv/lib/python3.12/site-packages/oslo_concurrency/lockutils.py:525}}
Aug 18 20:17:31.249686 np0000007697 nova-conductor[96295]: DEBUG oslo_concurrency.lockutils [None req-b8733d49-72a0-478d-8d56-6e60f374e5d6 tempest-ServerActionsTestOtherA-1039396642 tempest-ServerActionsTestOtherA-1039396642-project-member] Lock "b778bc73-80e2-4ead-b08f-f8c725bc0a09" "released" by "nova.context.set_target_cell..get_or_set_cached_cell_and_set_connections" :: held 0.001s {{(pid=96295) inner /opt/stack/data/venv/lib/python3.12/site-packages/oslo_concurrency/lockutils.py:544}}
Aug 18 20:17:31.251575 np0000007697 nova-conductor[96295]: INFO dbcounter [None req-b8733d49-72a0-478d-8d56-6e60f374e5d6 tempest-ServerActionsTestOtherA-1039396642 tempest-ServerActionsTestOtherA-1039396642-project-member] Registered counter for database nova_cell1
Aug 18 20:17:31.305715 np0000007697 nova-conductor[96295]: DEBUG oslo_db.sqlalchemy.engines [None req-b8733d49-72a0-478d-8d56-6e60f374e5d6 tempest-ServerActionsTestOtherA-1039396642 tempest-ServerActionsTestOtherA-1039396642-project-member] MySQL server mode set to STRICT_TRANS_TABLES,STRICT_ALL_TABLES,NO_ZERO_IN_DATE,NO_ZERO_DATE,ERROR_FOR_DIVISION_BY_ZERO,TRADITIONAL,NO_ENGINE_SUBSTITUTION {{(pid=96295) _check_effective_sql_mode /opt/stack/data/venv/lib/python3.12/site-packages/oslo_db/sqlalchemy/engines.py:325}}
Aug 18 20:17:31.313492 np0000007697 nova-conductor[96295]: DEBUG dbcounter [-] [96295] Writer thread running {{(pid=96295) stat_writer /opt/stack/data/venv/lib/python3.12/site-packages/dbcounter.py:102}}
Aug 18 20:17:31.387419 np0000007697 nova-conductor[96295]: INFO nova.utils [None req-b8733d49-72a0-478d-8d56-6e60f374e5d6 tempest-ServerActionsTestOtherA-1039396642 tempest-ServerActionsTestOtherA-1039396642-project-member] The cell worker thread pool ForkProcess-1.cell_worker is initialized
Aug 18 20:17:31.387929 np0000007697 nova-conductor[96295]: DEBUG oslo_concurrency.lockutils [None req-b8733d49-72a0-478d-8d56-6e60f374e5d6 tempest-ServerActionsTestOtherA-1039396642 tempest-ServerActionsTestOtherA-1039396642-project-member] Acquiring lock "00000000-0000-0000-0000-000000000000" by "nova.context.set_target_cell..get_or_set_cached_cell_and_set_connections" {{(pid=96295) inner /opt/stack/data/venv/lib/python3.12/site-packages/oslo_concurrency/lockutils.py:512}}
Aug 18 20:17:31.387929 np0000007697 nova-conductor[96295]: DEBUG oslo_concurrency.lockutils [None req-b8733d49-72a0-478d-8d56-6e60f374e5d6 tempest-ServerActionsTestOtherA-1039396642 tempest-ServerActionsTestOtherA-1039396642-project-member] Lock "00000000-0000-0000-0000-000000000000" acquired by "nova.context.set_target_cell..get_or_set_cached_cell_and_set_connections" :: waited 0.000s {{(pid=96295) inner /opt/stack/data/venv/lib/python3.12/site-packages/oslo_concurrency/lockutils.py:525}}
Aug 18 20:17:31.388403 np0000007697 nova-conductor[96295]: DEBUG oslo_concurrency.lockutils [None req-b8733d49-72a0-478d-8d56-6e60f374e5d6 tempest-ServerActionsTestOtherA-1039396642 tempest-ServerActionsTestOtherA-1039396642-project-member] Lock "00000000-0000-0000-0000-000000000000" "released" by "nova.context.set_target_cell..get_or_set_cached_cell_and_set_connections" :: held 0.001s {{(pid=96295) inner /opt/stack/data/venv/lib/python3.12/site-packages/oslo_concurrency/lockutils.py:544}}
Aug 18 20:17:31.389572 np0000007697 nova-conductor[96295]: DEBUG oslo_concurrency.lockutils [None req-b8733d49-72a0-478d-8d56-6e60f374e5d6 tempest-ServerActionsTestOtherA-1039396642 tempest-ServerActionsTestOtherA-1039396642-project-member] Acquiring lock "b778bc73-80e2-4ead-b08f-f8c725bc0a09" by "nova.context.set_target_cell..get_or_set_cached_cell_and_set_connections" {{(pid=96295) inner /opt/stack/data/venv/lib/python3.12/site-packages/oslo_concurrency/lockutils.py:512}}
Aug 18 20:17:31.390385 np0000007697 nova-conductor[96295]: INFO dbcounter [None req-b8733d49-72a0-478d-8d56-6e60f374e5d6 tempest-ServerActionsTestOtherA-1039396642 tempest-ServerActionsTestOtherA-1039396642-project-member] Registered counter for database nova_cell0
Aug 18 20:17:31.392000 np0000007697 nova-conductor[96295]: DEBUG oslo_concurrency.lockutils [None req-b8733d49-72a0-478d-8d56-6e60f374e5d6 tempest-ServerActionsTestOtherA-1039396642 tempest-ServerActionsTestOtherA-1039396642-project-member] Lock "b778bc73-80e2-4ead-b08f-f8c725bc0a09" acquired by "nova.context.set_target_cell..get_or_set_cached_cell_and_set_connections" :: waited 0.001s {{(pid=96295) inner /opt/stack/data/venv/lib/python3.12/site-packages/oslo_concurrency/lockutils.py:525}}
Aug 18 20:17:31.392191 np0000007697 nova-conductor[96295]: DEBUG oslo_concurrency.lockutils [None req-b8733d49-72a0-478d-8d56-6e60f374e5d6 tempest-ServerActionsTestOtherA-1039396642 tempest-ServerActionsTestOtherA-1039396642-project-member] Lock "b778bc73-80e2-4ead-b08f-f8c725bc0a09" "released" by "nova.context.set_target_cell..get_or_set_cached_cell_and_set_connections" :: held 0.002s {{(pid=96295) inner /opt/stack/data/venv/lib/python3.12/site-packages/oslo_concurrency/lockutils.py:544}}
Aug 18 20:17:31.401973 np0000007697 nova-conductor[96299]: DEBUG nova.conductor.manager [None req-739a28be-282a-4a14-8a7a-2987fba448e1 tempest-DeleteServersTestJSON-541372650 tempest-DeleteServersTestJSON-541372650-project-member] Took 1.10 seconds to select destinations for 1 instance(s). {{(pid=96299) _schedule_instances /opt/stack/nova/nova/conductor/manager.py:956}}
Aug 18 20:17:31.432200 np0000007697 nova-conductor[96299]: DEBUG oslo_concurrency.lockutils [None req-739a28be-282a-4a14-8a7a-2987fba448e1 tempest-DeleteServersTestJSON-541372650 tempest-DeleteServersTestJSON-541372650-project-member] Acquiring lock "b778bc73-80e2-4ead-b08f-f8c725bc0a09" by "nova.context.set_target_cell..get_or_set_cached_cell_and_set_connections" {{(pid=96299) inner /opt/stack/data/venv/lib/python3.12/site-packages/oslo_concurrency/lockutils.py:512}}
Aug 18 20:17:31.432481 np0000007697 nova-conductor[96299]: DEBUG oslo_concurrency.lockutils [None req-739a28be-282a-4a14-8a7a-2987fba448e1 tempest-DeleteServersTestJSON-541372650 tempest-DeleteServersTestJSON-541372650-project-member] Lock "b778bc73-80e2-4ead-b08f-f8c725bc0a09" acquired by "nova.context.set_target_cell..get_or_set_cached_cell_and_set_connections" :: waited 0.000s {{(pid=96299) inner /opt/stack/data/venv/lib/python3.12/site-packages/oslo_concurrency/lockutils.py:525}}
Aug 18 20:17:31.434299 np0000007697 nova-conductor[96299]: DEBUG oslo_concurrency.lockutils [None req-739a28be-282a-4a14-8a7a-2987fba448e1 tempest-DeleteServersTestJSON-541372650 tempest-DeleteServersTestJSON-541372650-project-member] Lock "b778bc73-80e2-4ead-b08f-f8c725bc0a09" "released" by "nova.context.set_target_cell..get_or_set_cached_cell_and_set_connections" :: held 0.002s {{(pid=96299) inner /opt/stack/data/venv/lib/python3.12/site-packages/oslo_concurrency/lockutils.py:544}}
Aug 18 20:17:31.436186 np0000007697 nova-conductor[96299]: INFO dbcounter [None req-739a28be-282a-4a14-8a7a-2987fba448e1 tempest-DeleteServersTestJSON-541372650 tempest-DeleteServersTestJSON-541372650-project-member] Registered counter for database nova_cell1
Aug 18 20:17:31.442460 np0000007697 nova-conductor[96295]: DEBUG oslo_db.sqlalchemy.engines [None req-b8733d49-72a0-478d-8d56-6e60f374e5d6 tempest-ServerActionsTestOtherA-1039396642 tempest-ServerActionsTestOtherA-1039396642-project-member] MySQL server mode set to STRICT_TRANS_TABLES,STRICT_ALL_TABLES,NO_ZERO_IN_DATE,NO_ZERO_DATE,ERROR_FOR_DIVISION_BY_ZERO,TRADITIONAL,NO_ENGINE_SUBSTITUTION {{(pid=96295) _check_effective_sql_mode /opt/stack/data/venv/lib/python3.12/site-packages/oslo_db/sqlalchemy/engines.py:325}}
Aug 18 20:17:31.449613 np0000007697 nova-conductor[96295]: DEBUG dbcounter [-] [96295] Writer thread running {{(pid=96295) stat_writer /opt/stack/data/venv/lib/python3.12/site-packages/dbcounter.py:102}}
Aug 18 20:17:31.467027 np0000007697 nova-conductor[96295]: DEBUG nova.quota [None req-b8733d49-72a0-478d-8d56-6e60f374e5d6 tempest-ServerActionsTestOtherA-1039396642 tempest-ServerActionsTestOtherA-1039396642-project-member] Getting quotas for project 3aecf8478f17494fa884b53ca3d0ff97. Resources: {'cores', 'ram', 'instances'} {{(pid=96295) _get_quotas /opt/stack/nova/nova/quota.py:389}}
Aug 18 20:17:31.474380 np0000007697 nova-conductor[96295]: DEBUG nova.quota [None req-b8733d49-72a0-478d-8d56-6e60f374e5d6 tempest-ServerActionsTestOtherA-1039396642 tempest-ServerActionsTestOtherA-1039396642-project-member] Getting quotas for user 47a8c9a5beff4ce2aa05f097ff66a259 and project 3aecf8478f17494fa884b53ca3d0ff97. Resources: {'cores', 'ram', 'instances'} {{(pid=96295) _get_quotas /opt/stack/nova/nova/quota.py:379}}
Aug 18 20:17:31.481501 np0000007697 nova-conductor[96299]: DEBUG oslo_db.sqlalchemy.engines [None req-739a28be-282a-4a14-8a7a-2987fba448e1 tempest-DeleteServersTestJSON-541372650 tempest-DeleteServersTestJSON-541372650-project-member] MySQL server mode set to STRICT_TRANS_TABLES,STRICT_ALL_TABLES,NO_ZERO_IN_DATE,NO_ZERO_DATE,ERROR_FOR_DIVISION_BY_ZERO,TRADITIONAL,NO_ENGINE_SUBSTITUTION {{(pid=96299) _check_effective_sql_mode /opt/stack/data/venv/lib/python3.12/site-packages/oslo_db/sqlalchemy/engines.py:325}}
Aug 18 20:17:31.488997 np0000007697 nova-conductor[96299]: DEBUG dbcounter [-] [96299] Writer thread running {{(pid=96299) stat_writer /opt/stack/data/venv/lib/python3.12/site-packages/dbcounter.py:102}}
Aug 18 20:17:31.489124 np0000007697 nova-conductor[96295]: DEBUG nova.conductor.manager [None req-b8733d49-72a0-478d-8d56-6e60f374e5d6 tempest-ServerActionsTestOtherA-1039396642 tempest-ServerActionsTestOtherA-1039396642-project-member] [instance: cdc9414d-d079-4604-b43b-22099a77d0c5] Selected host: np0000007697; Selected node: np0000007697; Alternates: [] {{(pid=96295) schedule_and_build_instances /opt/stack/nova/nova/conductor/manager.py:1772}}
Aug 18 20:17:31.489555 np0000007697 nova-conductor[96295]: DEBUG oslo_concurrency.lockutils [None req-b8733d49-72a0-478d-8d56-6e60f374e5d6 tempest-ServerActionsTestOtherA-1039396642 tempest-ServerActionsTestOtherA-1039396642-project-member] Acquiring lock "b778bc73-80e2-4ead-b08f-f8c725bc0a09" by "nova.context.set_target_cell..get_or_set_cached_cell_and_set_connections" {{(pid=96295) inner /opt/stack/data/venv/lib/python3.12/site-packages/oslo_concurrency/lockutils.py:512}}
Aug 18 20:17:31.489735 np0000007697 nova-conductor[96295]: DEBUG oslo_concurrency.lockutils [None req-b8733d49-72a0-478d-8d56-6e60f374e5d6 tempest-ServerActionsTestOtherA-1039396642 tempest-ServerActionsTestOtherA-1039396642-project-member] Lock "b778bc73-80e2-4ead-b08f-f8c725bc0a09" acquired by "nova.context.set_target_cell..get_or_set_cached_cell_and_set_connections" :: waited 0.000s {{(pid=96295) inner /opt/stack/data/venv/lib/python3.12/site-packages/oslo_concurrency/lockutils.py:525}}
Aug 18 20:17:31.489903 np0000007697 nova-conductor[96295]: DEBUG oslo_concurrency.lockutils [None req-b8733d49-72a0-478d-8d56-6e60f374e5d6 tempest-ServerActionsTestOtherA-1039396642 tempest-ServerActionsTestOtherA-1039396642-project-member] Lock "b778bc73-80e2-4ead-b08f-f8c725bc0a09" "released" by "nova.context.set_target_cell..get_or_set_cached_cell_and_set_connections" :: held 0.000s {{(pid=96295) inner /opt/stack/data/venv/lib/python3.12/site-packages/oslo_concurrency/lockutils.py:544}}
Aug 18 20:17:31.509829 np0000007697 nova-conductor[96295]: DEBUG nova.conductor.manager [None req-b8733d49-72a0-478d-8d56-6e60f374e5d6 tempest-ServerActionsTestOtherA-1039396642 tempest-ServerActionsTestOtherA-1039396642-project-member] [instance: cdc9414d-d079-4604-b43b-22099a77d0c5] block_device_mapping [BlockDeviceMapping(attachment_id=,boot_index=0,connection_info=None,created_at=,delete_on_termination=True,deleted=,deleted_at=,destination_type='local',device_name=None,device_type='disk',disk_bus=None,encrypted=False,encryption_format=None,encryption_options=None,encryption_secret_uuid=None,guest_format=None,id=,image_id='ad82ed8b-524b-4d48-9f28-6f33202c49ae',instance=,instance_uuid=,no_device=False,snapshot_id=None,source_type='image',tag=None,updated_at=,uuid=,volume_id=None,volume_size=None,volume_type=None)] {{(pid=96295) _create_block_device_mapping /opt/stack/nova/nova/conductor/manager.py:1517}}
Aug 18 20:17:31.509829 np0000007697 nova-conductor[96295]: DEBUG oslo_concurrency.lockutils [None req-b8733d49-72a0-478d-8d56-6e60f374e5d6 tempest-ServerActionsTestOtherA-1039396642 tempest-ServerActionsTestOtherA-1039396642-project-member] Acquiring lock "b778bc73-80e2-4ead-b08f-f8c725bc0a09" by "nova.context.set_target_cell..get_or_set_cached_cell_and_set_connections" {{(pid=96295) inner /opt/stack/data/venv/lib/python3.12/site-packages/oslo_concurrency/lockutils.py:512}}
Aug 18 20:17:31.509829 np0000007697 nova-conductor[96295]: DEBUG oslo_concurrency.lockutils [None req-b8733d49-72a0-478d-8d56-6e60f374e5d6 tempest-ServerActionsTestOtherA-1039396642 tempest-ServerActionsTestOtherA-1039396642-project-member] Lock "b778bc73-80e2-4ead-b08f-f8c725bc0a09" acquired by "nova.context.set_target_cell..get_or_set_cached_cell_and_set_connections" :: waited 0.000s {{(pid=96295) inner /opt/stack/data/venv/lib/python3.12/site-packages/oslo_concurrency/lockutils.py:525}}
Aug 18 20:17:31.510150 np0000007697 nova-conductor[96295]: DEBUG oslo_concurrency.lockutils [None req-b8733d49-72a0-478d-8d56-6e60f374e5d6 tempest-ServerActionsTestOtherA-1039396642 tempest-ServerActionsTestOtherA-1039396642-project-member] Lock "b778bc73-80e2-4ead-b08f-f8c725bc0a09" "released" by "nova.context.set_target_cell..get_or_set_cached_cell_and_set_connections" :: held 0.000s {{(pid=96295) inner /opt/stack/data/venv/lib/python3.12/site-packages/oslo_concurrency/lockutils.py:544}}
Aug 18 20:17:31.559851 np0000007697 nova-conductor[96295]: DEBUG oslo_concurrency.lockutils [None req-b8733d49-72a0-478d-8d56-6e60f374e5d6 tempest-ServerActionsTestOtherA-1039396642 tempest-ServerActionsTestOtherA-1039396642-project-member] Acquiring lock "b778bc73-80e2-4ead-b08f-f8c725bc0a09" by "nova.context.set_target_cell..get_or_set_cached_cell_and_set_connections" {{(pid=96295) inner /opt/stack/data/venv/lib/python3.12/site-packages/oslo_concurrency/lockutils.py:512}}
Aug 18 20:17:31.560480 np0000007697 nova-conductor[96295]: DEBUG oslo_concurrency.lockutils [None req-b8733d49-72a0-478d-8d56-6e60f374e5d6 tempest-ServerActionsTestOtherA-1039396642 tempest-ServerActionsTestOtherA-1039396642-project-member] Lock "b778bc73-80e2-4ead-b08f-f8c725bc0a09" acquired by "nova.context.set_target_cell..get_or_set_cached_cell_and_set_connections" :: waited 0.000s {{(pid=96295) inner /opt/stack/data/venv/lib/python3.12/site-packages/oslo_concurrency/lockutils.py:525}}
Aug 18 20:17:31.560480 np0000007697 nova-conductor[96295]: DEBUG oslo_concurrency.lockutils [None req-b8733d49-72a0-478d-8d56-6e60f374e5d6 tempest-ServerActionsTestOtherA-1039396642 tempest-ServerActionsTestOtherA-1039396642-project-member] Lock "b778bc73-80e2-4ead-b08f-f8c725bc0a09" "released" by "nova.context.set_target_cell..get_or_set_cached_cell_and_set_connections" :: held 0.000s {{(pid=96295) inner /opt/stack/data/venv/lib/python3.12/site-packages/oslo_concurrency/lockutils.py:544}}
Aug 18 20:17:31.560480 np0000007697 nova-conductor[96295]: DEBUG oslo_concurrency.lockutils [None req-b8733d49-72a0-478d-8d56-6e60f374e5d6 tempest-ServerActionsTestOtherA-1039396642 tempest-ServerActionsTestOtherA-1039396642-project-member] Acquiring lock "compute-rpcapi-router" {{(pid=96295) lock /opt/stack/data/venv/lib/python3.12/site-packages/oslo_concurrency/lockutils.py:396}}
Aug 18 20:17:31.560480 np0000007697 nova-conductor[96295]: DEBUG oslo_concurrency.lockutils [None req-b8733d49-72a0-478d-8d56-6e60f374e5d6 tempest-ServerActionsTestOtherA-1039396642 tempest-ServerActionsTestOtherA-1039396642-project-member] Acquired lock "compute-rpcapi-router" {{(pid=96295) lock /opt/stack/data/venv/lib/python3.12/site-packages/oslo_concurrency/lockutils.py:399}}
Aug 18 20:17:31.561021 np0000007697 nova-conductor[96295]: DEBUG oslo_concurrency.lockutils [None req-e57d8fb5-3e77-41b4-8e04-8333e5d983ac None None] Acquiring lock "00000000-0000-0000-0000-000000000000" by "nova.context.set_target_cell..get_or_set_cached_cell_and_set_connections" {{(pid=96295) inner /opt/stack/data/venv/lib/python3.12/site-packages/oslo_concurrency/lockutils.py:512}}
Aug 18 20:17:31.561098 np0000007697 nova-conductor[96295]: DEBUG oslo_concurrency.lockutils [None req-e57d8fb5-3e77-41b4-8e04-8333e5d983ac None None] Lock "00000000-0000-0000-0000-000000000000" acquired by "nova.context.set_target_cell..get_or_set_cached_cell_and_set_connections" :: waited 0.000s {{(pid=96295) inner /opt/stack/data/venv/lib/python3.12/site-packages/oslo_concurrency/lockutils.py:525}}
Aug 18 20:17:31.561238 np0000007697 nova-conductor[96295]: DEBUG oslo_concurrency.lockutils [None req-e57d8fb5-3e77-41b4-8e04-8333e5d983ac None None] Lock "00000000-0000-0000-0000-000000000000" "released" by "nova.context.set_target_cell..get_or_set_cached_cell_and_set_connections" :: held 0.000s {{(pid=96295) inner /opt/stack/data/venv/lib/python3.12/site-packages/oslo_concurrency/lockutils.py:544}}
Aug 18 20:17:31.562467 np0000007697 nova-conductor[96295]: DEBUG oslo_concurrency.lockutils [None req-e57d8fb5-3e77-41b4-8e04-8333e5d983ac None None] Acquiring lock "b778bc73-80e2-4ead-b08f-f8c725bc0a09" by "nova.context.set_target_cell..get_or_set_cached_cell_and_set_connections" {{(pid=96295) inner /opt/stack/data/venv/lib/python3.12/site-packages/oslo_concurrency/lockutils.py:512}}
Aug 18 20:17:31.562668 np0000007697 nova-conductor[96295]: DEBUG oslo_concurrency.lockutils [None req-e57d8fb5-3e77-41b4-8e04-8333e5d983ac None None] Lock "b778bc73-80e2-4ead-b08f-f8c725bc0a09" acquired by "nova.context.set_target_cell..get_or_set_cached_cell_and_set_connections" :: waited 0.001s {{(pid=96295) inner /opt/stack/data/venv/lib/python3.12/site-packages/oslo_concurrency/lockutils.py:525}}
Aug 18 20:17:31.562854 np0000007697 nova-conductor[96295]: DEBUG oslo_concurrency.lockutils [None req-e57d8fb5-3e77-41b4-8e04-8333e5d983ac None None] Lock "b778bc73-80e2-4ead-b08f-f8c725bc0a09" "released" by "nova.context.set_target_cell..get_or_set_cached_cell_and_set_connections" :: held 0.000s {{(pid=96295) inner /opt/stack/data/venv/lib/python3.12/site-packages/oslo_concurrency/lockutils.py:544}}
Aug 18 20:17:31.563336 np0000007697 nova-conductor[96299]: INFO nova.utils [None req-739a28be-282a-4a14-8a7a-2987fba448e1 tempest-DeleteServersTestJSON-541372650 tempest-DeleteServersTestJSON-541372650-project-member] The cell worker thread pool ForkProcess-2.cell_worker is initialized
Aug 18 20:17:31.564287 np0000007697 nova-conductor[96299]: DEBUG oslo_concurrency.lockutils [None req-739a28be-282a-4a14-8a7a-2987fba448e1 tempest-DeleteServersTestJSON-541372650 tempest-DeleteServersTestJSON-541372650-project-member] Acquiring lock "00000000-0000-0000-0000-000000000000" by "nova.context.set_target_cell..get_or_set_cached_cell_and_set_connections" {{(pid=96299) inner /opt/stack/data/venv/lib/python3.12/site-packages/oslo_concurrency/lockutils.py:512}}
Aug 18 20:17:31.564287 np0000007697 nova-conductor[96299]: DEBUG oslo_concurrency.lockutils [None req-739a28be-282a-4a14-8a7a-2987fba448e1 tempest-DeleteServersTestJSON-541372650 tempest-DeleteServersTestJSON-541372650-project-member] Lock "00000000-0000-0000-0000-000000000000" acquired by "nova.context.set_target_cell..get_or_set_cached_cell_and_set_connections" :: waited 0.000s {{(pid=96299) inner /opt/stack/data/venv/lib/python3.12/site-packages/oslo_concurrency/lockutils.py:525}}
Aug 18 20:17:31.564427 np0000007697 nova-conductor[96299]: DEBUG oslo_concurrency.lockutils [None req-739a28be-282a-4a14-8a7a-2987fba448e1 tempest-DeleteServersTestJSON-541372650 tempest-DeleteServersTestJSON-541372650-project-member] Lock "00000000-0000-0000-0000-000000000000" "released" by "nova.context.set_target_cell..get_or_set_cached_cell_and_set_connections" :: held 0.001s {{(pid=96299) inner /opt/stack/data/venv/lib/python3.12/site-packages/oslo_concurrency/lockutils.py:544}}
Aug 18 20:17:31.565203 np0000007697 nova-conductor[96299]: DEBUG oslo_concurrency.lockutils [None req-739a28be-282a-4a14-8a7a-2987fba448e1 tempest-DeleteServersTestJSON-541372650 tempest-DeleteServersTestJSON-541372650-project-member] Acquiring lock "b778bc73-80e2-4ead-b08f-f8c725bc0a09" by "nova.context.set_target_cell..get_or_set_cached_cell_and_set_connections" {{(pid=96299) inner /opt/stack/data/venv/lib/python3.12/site-packages/oslo_concurrency/lockutils.py:512}}
Aug 18 20:17:31.565495 np0000007697 nova-conductor[96299]: DEBUG oslo_concurrency.lockutils [None req-739a28be-282a-4a14-8a7a-2987fba448e1 tempest-DeleteServersTestJSON-541372650 tempest-DeleteServersTestJSON-541372650-project-member] Lock "b778bc73-80e2-4ead-b08f-f8c725bc0a09" acquired by "nova.context.set_target_cell..get_or_set_cached_cell_and_set_connections" :: waited 0.000s {{(pid=96299) inner /opt/stack/data/venv/lib/python3.12/site-packages/oslo_concurrency/lockutils.py:525}}
Aug 18 20:17:31.565549 np0000007697 nova-conductor[96299]: DEBUG oslo_concurrency.lockutils [None req-739a28be-282a-4a14-8a7a-2987fba448e1 tempest-DeleteServersTestJSON-541372650 tempest-DeleteServersTestJSON-541372650-project-member] Lock "b778bc73-80e2-4ead-b08f-f8c725bc0a09" "released" by "nova.context.set_target_cell..get_or_set_cached_cell_and_set_connections" :: held 0.000s {{(pid=96299) inner /opt/stack/data/venv/lib/python3.12/site-packages/oslo_concurrency/lockutils.py:544}}
Aug 18 20:17:31.569152 np0000007697 nova-conductor[96299]: INFO dbcounter [None req-739a28be-282a-4a14-8a7a-2987fba448e1 tempest-DeleteServersTestJSON-541372650 tempest-DeleteServersTestJSON-541372650-project-member] Registered counter for database nova_cell0
Aug 18 20:17:31.571014 np0000007697 nova-conductor[96295]: INFO nova.compute.rpcapi [None req-e57d8fb5-3e77-41b4-8e04-8333e5d983ac None None] Automatically selected compute RPC version 6.5 from minimum service version 72
Aug 18 20:17:31.571915 np0000007697 nova-conductor[96295]: DEBUG oslo_concurrency.lockutils [None req-e57d8fb5-3e77-41b4-8e04-8333e5d983ac None None] Releasing lock "compute-rpcapi-router" {{(pid=96295) lock /opt/stack/data/venv/lib/python3.12/site-packages/oslo_concurrency/lockutils.py:419}}
