Jun 07 19:34:48.007882 np0000002243 devstack@g-api.service[98955]: DEBUG glance.common.config [None req-6c9e227d-0133-4634-9cbb-06a17dda0c11 None None] database.connection_recycle_time = 3600 {{(pid=98955) log_opt_values /opt/stack/data/venv/lib/python3.12/site-packages/oslo_config/cfg.py:3256}}
Jun 07 19:34:48.007912 np0000002243 devstack@g-api.service[98956]: DEBUG glance.common.config [None req-8a6f09d9-c5bb-4603-b6cf-05719ac8a5a2 None None] database.pool_timeout = None {{(pid=98956) log_opt_values /opt/stack/data/venv/lib/python3.12/site-packages/oslo_config/cfg.py:3256}}
Jun 07 19:34:48.007981 np0000002243 devstack@g-api.service[98955]: DEBUG glance.common.config [None req-6c9e227d-0133-4634-9cbb-06a17dda0c11 None None] database.connection_trace = False {{(pid=98955) log_opt_values /opt/stack/data/venv/lib/python3.12/site-packages/oslo_config/cfg.py:3256}}
Jun 07 19:34:48.008010 np0000002243 devstack@g-api.service[98956]: DEBUG glance.common.config [None req-8a6f09d9-c5bb-4603-b6cf-05719ac8a5a2 None None] database.retry_interval = 10 {{(pid=98956) log_opt_values /opt/stack/data/venv/lib/python3.12/site-packages/oslo_config/cfg.py:3256}}
Jun 07 19:34:48.008067 np0000002243 devstack@g-api.service[98956]: DEBUG glance.common.config [None req-8a6f09d9-c5bb-4603-b6cf-05719ac8a5a2 None None] database.slave_connection = **** {{(pid=98956) log_opt_values /opt/stack/data/venv/lib/python3.12/site-packages/oslo_config/cfg.py:3256}}
Jun 07 19:34:48.008102 np0000002243 devstack@g-api.service[98955]: DEBUG glance.common.config [None req-6c9e227d-0133-4634-9cbb-06a17dda0c11 None None] database.db_inc_retry_interval = True {{(pid=98955) log_opt_values /opt/stack/data/venv/lib/python3.12/site-packages/oslo_config/cfg.py:3256}}
Jun 07 19:34:48.008145 np0000002243 devstack@g-api.service[98956]: DEBUG glance.common.config [None req-8a6f09d9-c5bb-4603-b6cf-05719ac8a5a2 None None] database.sqlite_synchronous = True {{(pid=98956) log_opt_values /opt/stack/data/venv/lib/python3.12/site-packages/oslo_config/cfg.py:3256}}
Jun 07 19:34:48.008174 np0000002243 devstack@g-api.service[98955]: DEBUG glance.common.config [None req-6c9e227d-0133-4634-9cbb-06a17dda0c11 None None] database.db_max_retries = 20 {{(pid=98955) log_opt_values /opt/stack/data/venv/lib/python3.12/site-packages/oslo_config/cfg.py:3256}}
Jun 07 19:34:48.008236 np0000002243 devstack@g-api.service[98956]: DEBUG glance.common.config [None req-8a6f09d9-c5bb-4603-b6cf-05719ac8a5a2 None None] database.synchronous_reader = True {{(pid=98956) log_opt_values /opt/stack/data/venv/lib/python3.12/site-packages/oslo_config/cfg.py:3256}}
Jun 07 19:34:48.008263 np0000002243 devstack@g-api.service[98955]: DEBUG glance.common.config [None req-6c9e227d-0133-4634-9cbb-06a17dda0c11 None None] database.db_max_retry_interval = 10 {{(pid=98955) log_opt_values /opt/stack/data/venv/lib/python3.12/site-packages/oslo_config/cfg.py:3256}}
Jun 07 19:34:48.008320 np0000002243 devstack@g-api.service[98956]: DEBUG glance.common.config [None req-8a6f09d9-c5bb-4603-b6cf-05719ac8a5a2 None None] database.use_db_reconnect = False {{(pid=98956) log_opt_values /opt/stack/data/venv/lib/python3.12/site-packages/oslo_config/cfg.py:3256}}
Jun 07 19:34:48.008345 np0000002243 devstack@g-api.service[98955]: DEBUG glance.common.config [None req-6c9e227d-0133-4634-9cbb-06a17dda0c11 None None] database.db_retry_interval = 1 {{(pid=98955) log_opt_values /opt/stack/data/venv/lib/python3.12/site-packages/oslo_config/cfg.py:3256}}
Jun 07 19:34:48.008415 np0000002243 devstack@g-api.service[98956]: DEBUG glance.common.config [None req-8a6f09d9-c5bb-4603-b6cf-05719ac8a5a2 None None] healthcheck.allowed_source_ranges = [] {{(pid=98956) log_opt_values /opt/stack/data/venv/lib/python3.12/site-packages/oslo_config/cfg.py:3256}}
Jun 07 19:34:48.008459 np0000002243 devstack@g-api.service[98955]: DEBUG glance.common.config [None req-6c9e227d-0133-4634-9cbb-06a17dda0c11 None None] database.max_overflow = 50 {{(pid=98955) log_opt_values /opt/stack/data/venv/lib/python3.12/site-packages/oslo_config/cfg.py:3256}}
Jun 07 19:34:48.008515 np0000002243 devstack@g-api.service[98956]: DEBUG glance.common.config [None req-8a6f09d9-c5bb-4603-b6cf-05719ac8a5a2 None None] healthcheck.backends = ['disable_by_file'] {{(pid=98956) log_opt_values /opt/stack/data/venv/lib/python3.12/site-packages/oslo_config/cfg.py:3256}}
Jun 07 19:34:48.008554 np0000002243 devstack@g-api.service[98955]: DEBUG glance.common.config [None req-6c9e227d-0133-4634-9cbb-06a17dda0c11 None None] database.max_pool_size = 5 {{(pid=98955) log_opt_values /opt/stack/data/venv/lib/python3.12/site-packages/oslo_config/cfg.py:3256}}
Jun 07 19:34:48.008605 np0000002243 devstack@g-api.service[98956]: DEBUG glance.common.config [None req-8a6f09d9-c5bb-4603-b6cf-05719ac8a5a2 None None] healthcheck.detailed = False {{(pid=98956) log_opt_values /opt/stack/data/venv/lib/python3.12/site-packages/oslo_config/cfg.py:3256}}
Jun 07 19:34:48.008632 np0000002243 devstack@g-api.service[98955]: DEBUG glance.common.config [None req-6c9e227d-0133-4634-9cbb-06a17dda0c11 None None] database.max_retries = 10 {{(pid=98955) log_opt_values /opt/stack/data/venv/lib/python3.12/site-packages/oslo_config/cfg.py:3256}}
Jun 07 19:34:48.008687 np0000002243 devstack@g-api.service[98956]: DEBUG glance.common.config [None req-8a6f09d9-c5bb-4603-b6cf-05719ac8a5a2 None None] healthcheck.disable_by_file_path = None {{(pid=98956) log_opt_values /opt/stack/data/venv/lib/python3.12/site-packages/oslo_config/cfg.py:3256}}
Jun 07 19:34:48.008721 np0000002243 devstack@g-api.service[98955]: DEBUG glance.common.config [None req-6c9e227d-0133-4634-9cbb-06a17dda0c11 None None] database.mysql_sql_mode = TRADITIONAL {{(pid=98955) log_opt_values /opt/stack/data/venv/lib/python3.12/site-packages/oslo_config/cfg.py:3256}}
Jun 07 19:34:48.008771 np0000002243 devstack@g-api.service[98956]: DEBUG glance.common.config [None req-8a6f09d9-c5bb-4603-b6cf-05719ac8a5a2 None None] healthcheck.ignore_proxied_requests = False {{(pid=98956) log_opt_values /opt/stack/data/venv/lib/python3.12/site-packages/oslo_config/cfg.py:3256}}
Jun 07 19:34:48.008804 np0000002243 devstack@g-api.service[98955]: DEBUG glance.common.config [None req-6c9e227d-0133-4634-9cbb-06a17dda0c11 None None] database.mysql_wsrep_sync_wait = None {{(pid=98955) log_opt_values /opt/stack/data/venv/lib/python3.12/site-packages/oslo_config/cfg.py:3256}}
Jun 07 19:34:48.008839 np0000002243 devstack@g-api.service[98956]: DEBUG glance.common.config [None req-8a6f09d9-c5bb-4603-b6cf-05719ac8a5a2 None None] ******************************************************************************** {{(pid=98956) log_opt_values /opt/stack/data/venv/lib/python3.12/site-packages/oslo_config/cfg.py:3263}}
Jun 07 19:34:48.008913 np0000002243 devstack@g-api.service[98955]: DEBUG glance.common.config [None req-6c9e227d-0133-4634-9cbb-06a17dda0c11 None None] database.pool_timeout = None {{(pid=98955) log_opt_values /opt/stack/data/venv/lib/python3.12/site-packages/oslo_config/cfg.py:3256}}
Jun 07 19:34:48.008959 np0000002243 devstack@g-api.service[98956]: WSGI app 0 (mountpoint='') ready in 3 seconds on interpreter 0x733b108a3668 pid: 98956 (default app)
Jun 07 19:34:48.009003 np0000002243 devstack@g-api.service[98955]: DEBUG glance.common.config [None req-6c9e227d-0133-4634-9cbb-06a17dda0c11 None None] database.retry_interval = 10 {{(pid=98955) log_opt_values /opt/stack/data/venv/lib/python3.12/site-packages/oslo_config/cfg.py:3256}}
Jun 07 19:34:48.009088 np0000002243 devstack@g-api.service[98955]: DEBUG glance.common.config [None req-6c9e227d-0133-4634-9cbb-06a17dda0c11 None None] database.slave_connection = **** {{(pid=98955) log_opt_values /opt/stack/data/venv/lib/python3.12/site-packages/oslo_config/cfg.py:3256}}
Jun 07 19:34:48.009175 np0000002243 devstack@g-api.service[98955]: DEBUG glance.common.config [None req-6c9e227d-0133-4634-9cbb-06a17dda0c11 None None] database.sqlite_synchronous = True {{(pid=98955) log_opt_values /opt/stack/data/venv/lib/python3.12/site-packages/oslo_config/cfg.py:3256}}
Jun 07 19:34:48.009263 np0000002243 devstack@g-api.service[98955]: DEBUG glance.common.config [None req-6c9e227d-0133-4634-9cbb-06a17dda0c11 None None] database.synchronous_reader = True {{(pid=98955) log_opt_values /opt/stack/data/venv/lib/python3.12/site-packages/oslo_config/cfg.py:3256}}
Jun 07 19:34:48.009352 np0000002243 devstack@g-api.service[98955]: DEBUG glance.common.config [None req-6c9e227d-0133-4634-9cbb-06a17dda0c11 None None] database.use_db_reconnect = False {{(pid=98955) log_opt_values /opt/stack/data/venv/lib/python3.12/site-packages/oslo_config/cfg.py:3256}}
Jun 07 19:34:48.009495 np0000002243 devstack@g-api.service[98955]: DEBUG glance.common.config [None req-6c9e227d-0133-4634-9cbb-06a17dda0c11 None None] healthcheck.allowed_source_ranges = [] {{(pid=98955) log_opt_values /opt/stack/data/venv/lib/python3.12/site-packages/oslo_config/cfg.py:3256}}
Jun 07 19:34:48.009583 np0000002243 devstack@g-api.service[98955]: DEBUG glance.common.config [None req-6c9e227d-0133-4634-9cbb-06a17dda0c11 None None] healthcheck.backends = ['disable_by_file'] {{(pid=98955) log_opt_values /opt/stack/data/venv/lib/python3.12/site-packages/oslo_config/cfg.py:3256}}
Jun 07 19:34:48.009613 np0000002243 devstack@g-api.service[98956]: DEBUG glance.api.middleware.version_negotiation [None req-8a6f09d9-c5bb-4603-b6cf-05719ac8a5a2 None None] Determining version of request: GET / Accept: */* {{(pid=98956) process_request /opt/stack/glance/glance/api/middleware/version_negotiation.py:44}}
Jun 07 19:34:48.009677 np0000002243 devstack@g-api.service[98955]: DEBUG glance.common.config [None req-6c9e227d-0133-4634-9cbb-06a17dda0c11 None None] healthcheck.detailed = False {{(pid=98955) log_opt_values /opt/stack/data/venv/lib/python3.12/site-packages/oslo_config/cfg.py:3256}}
Jun 07 19:34:48.009755 np0000002243 devstack@g-api.service[98956]: DEBUG glance.api.middleware.version_negotiation [None req-8a6f09d9-c5bb-4603-b6cf-05719ac8a5a2 None None] Using url versioning {{(pid=98956) process_request /opt/stack/glance/glance/api/middleware/version_negotiation.py:57}}
Jun 07 19:34:48.009808 np0000002243 devstack@g-api.service[98955]: DEBUG glance.common.config [None req-6c9e227d-0133-4634-9cbb-06a17dda0c11 None None] healthcheck.disable_by_file_path = None {{(pid=98955) log_opt_values /opt/stack/data/venv/lib/python3.12/site-packages/oslo_config/cfg.py:3256}}
Jun 07 19:34:48.009870 np0000002243 devstack@g-api.service[98955]: DEBUG glance.common.config [None req-6c9e227d-0133-4634-9cbb-06a17dda0c11 None None] healthcheck.ignore_proxied_requests = False {{(pid=98955) log_opt_values /opt/stack/data/venv/lib/python3.12/site-packages/oslo_config/cfg.py:3256}}
Jun 07 19:34:48.009947 np0000002243 devstack@g-api.service[98955]: DEBUG glance.common.config [None req-6c9e227d-0133-4634-9cbb-06a17dda0c11 None None] ******************************************************************************** {{(pid=98955) log_opt_values /opt/stack/data/venv/lib/python3.12/site-packages/oslo_config/cfg.py:3263}}
Jun 07 19:34:48.009973 np0000002243 devstack@g-api.service[98956]: DEBUG glance.api.middleware.version_negotiation [None req-8a6f09d9-c5bb-4603-b6cf-05719ac8a5a2 None None] Unknown version. Returning version choices. {{(pid=98956) process_request /opt/stack/glance/glance/api/middleware/version_negotiation.py:64}}
Jun 07 19:34:48.010071 np0000002243 devstack@g-api.service[98955]: WSGI app 0 (mountpoint='') ready in 3 seconds on interpreter 0x733b108a3668 pid: 98955 (default app)
Jun 07 19:34:48.010817 np0000002243 devstack@g-api.service[98956]: [pid: 98956|app: 0|req: 1/1] 127.0.0.1 () {34 vars in 451 bytes} [Sun Jun 7 19:34:48 2026] GET / => generated 1394 bytes in 1 msecs (HTTP/1.1 300) 3 headers in 106 bytes (1 switches on core 0)
Jun 07 19:34:50.479399 np0000002243 devstack@g-api.service[98955]: DEBUG glance.api.middleware.version_negotiation [None req-6c9e227d-0133-4634-9cbb-06a17dda0c11 None None] Determining version of request: GET / Accept: application/json {{(pid=98955) process_request /opt/stack/glance/glance/api/middleware/version_negotiation.py:44}}
Jun 07 19:34:50.479876 np0000002243 devstack@g-api.service[98955]: DEBUG glance.api.middleware.version_negotiation [None req-6c9e227d-0133-4634-9cbb-06a17dda0c11 None None] Using url versioning {{(pid=98955) process_request /opt/stack/glance/glance/api/middleware/version_negotiation.py:57}}
Jun 07 19:34:50.479876 np0000002243 devstack@g-api.service[98955]: DEBUG glance.api.middleware.version_negotiation [None req-6c9e227d-0133-4634-9cbb-06a17dda0c11 None None] Unknown version. Returning version choices. {{(pid=98955) process_request /opt/stack/glance/glance/api/middleware/version_negotiation.py:64}}
Jun 07 19:34:50.480625 np0000002243 devstack@g-api.service[98955]: [pid: 98955|app: 0|req: 1/2] 127.0.0.1 () {36 vars in 569 bytes} [Sun Jun 7 19:34:50 2026] GET / => generated 1394 bytes in 1 msecs (HTTP/1.1 300) 3 headers in 106 bytes (1 switches on core 0)
Jun 07 19:34:50.491367 np0000002243 devstack@g-api.service[98956]: DEBUG glance.api.middleware.version_negotiation [None req-8a6f09d9-c5bb-4603-b6cf-05719ac8a5a2 None None] Determining version of request: POST /v2/images Accept: */* {{(pid=98956) process_request /opt/stack/glance/glance/api/middleware/version_negotiation.py:44}}
Jun 07 19:34:50.491776 np0000002243 devstack@g-api.service[98956]: DEBUG glance.api.middleware.version_negotiation [None req-8a6f09d9-c5bb-4603-b6cf-05719ac8a5a2 None None] Using url versioning {{(pid=98956) process_request /opt/stack/glance/glance/api/middleware/version_negotiation.py:57}}
Jun 07 19:34:50.492003 np0000002243 devstack@g-api.service[98956]: DEBUG glance.api.middleware.version_negotiation [None req-8a6f09d9-c5bb-4603-b6cf-05719ac8a5a2 None None] Matched version: v2 {{(pid=98956) process_request /opt/stack/glance/glance/api/middleware/version_negotiation.py:69}}
Jun 07 19:34:50.492107 np0000002243 devstack@g-api.service[98956]: DEBUG glance.api.middleware.version_negotiation [None req-8a6f09d9-c5bb-4603-b6cf-05719ac8a5a2 None None] new path /v2/images {{(pid=98956) process_request /opt/stack/glance/glance/api/middleware/version_negotiation.py:70}}
Jun 07 19:34:51.510442 np0000002243 devstack@g-api.service[98956]: [pid: 98956|app: 0|req: 2/3] 127.0.0.1 () {42 vars in 832 bytes} [Sun Jun 7 19:34:50 2026] POST /v2/images => generated 807 bytes in 1019 msecs (HTTP/1.1 201) 6 headers in 315 bytes (1 switches on core 0)
Jun 07 19:34:51.519154 np0000002243 devstack@g-api.service[98955]: DEBUG glance.api.middleware.version_negotiation [None req-6c9e227d-0133-4634-9cbb-06a17dda0c11 None None] Determining version of request: PUT /v2/images/e43feb20-a55c-45c0-a286-04152cdbff6f/stage Accept: {{(pid=98955) process_request /opt/stack/glance/glance/api/middleware/version_negotiation.py:44}}
Jun 07 19:34:51.519552 np0000002243 devstack@g-api.service[98955]: DEBUG glance.api.middleware.version_negotiation [None req-6c9e227d-0133-4634-9cbb-06a17dda0c11 None None] Using url versioning {{(pid=98955) process_request /opt/stack/glance/glance/api/middleware/version_negotiation.py:57}}
Jun 07 19:34:51.519646 np0000002243 devstack@g-api.service[98955]: DEBUG glance.api.middleware.version_negotiation [None req-6c9e227d-0133-4634-9cbb-06a17dda0c11 None None] Matched version: v2 {{(pid=98955) process_request /opt/stack/glance/glance/api/middleware/version_negotiation.py:69}}
Jun 07 19:34:51.519755 np0000002243 devstack@g-api.service[98955]: DEBUG glance.api.middleware.version_negotiation [None req-6c9e227d-0133-4634-9cbb-06a17dda0c11 None None] new path /v2/images/e43feb20-a55c-45c0-a286-04152cdbff6f/stage {{(pid=98955) process_request /opt/stack/glance/glance/api/middleware/version_negotiation.py:70}}
Jun 07 19:34:52.122681 np0000002243 devstack@g-api.service[98955]: DEBUG glance_store.backend [None req-5854c14c-cbae-4cf5-9b95-b289b8a3dbcd admin admin] Attempting to import store cinder {{(pid=98955) _load_store /opt/stack/data/venv/lib/python3.12/site-packages/glance_store/backend.py:215}}
Jun 07 19:34:52.122908 np0000002243 devstack@g-api.service[98955]: DEBUG glance_store.backend [None req-5854c14c-cbae-4cf5-9b95-b289b8a3dbcd admin admin] Attempting to import store file {{(pid=98955) _load_store /opt/stack/data/venv/lib/python3.12/site-packages/glance_store/backend.py:215}}
Jun 07 19:34:52.123102 np0000002243 devstack@g-api.service[98955]: DEBUG glance_store.backend [None req-5854c14c-cbae-4cf5-9b95-b289b8a3dbcd admin admin] Attempting to import store glance.store.cinder.Store {{(pid=98955) _load_store /opt/stack/data/venv/lib/python3.12/site-packages/glance_store/backend.py:215}}
Jun 07 19:34:52.123291 np0000002243 devstack@g-api.service[98955]: DEBUG glance_store.backend [None req-5854c14c-cbae-4cf5-9b95-b289b8a3dbcd admin admin] Attempting to import store glance.store.filesystem.Store {{(pid=98955) _load_store /opt/stack/data/venv/lib/python3.12/site-packages/glance_store/backend.py:215}}
Jun 07 19:34:52.123535 np0000002243 devstack@g-api.service[98955]: DEBUG glance_store.backend [None req-5854c14c-cbae-4cf5-9b95-b289b8a3dbcd admin admin] Attempting to import store glance.store.http.Store {{(pid=98955) _load_store /opt/stack/data/venv/lib/python3.12/site-packages/glance_store/backend.py:215}}
Jun 07 19:34:52.123711 np0000002243 devstack@g-api.service[98955]: DEBUG glance_store.backend [None req-5854c14c-cbae-4cf5-9b95-b289b8a3dbcd admin admin] Attempting to import store glance.store.rbd.Store {{(pid=98955) _load_store /opt/stack/data/venv/lib/python3.12/site-packages/glance_store/backend.py:215}}
Jun 07 19:34:52.123872 np0000002243 devstack@g-api.service[98955]: DEBUG glance_store.backend [None req-5854c14c-cbae-4cf5-9b95-b289b8a3dbcd admin admin] Attempting to import store glance.store.s3.Store {{(pid=98955) _load_store /opt/stack/data/venv/lib/python3.12/site-packages/glance_store/backend.py:215}}
Jun 07 19:34:52.124025 np0000002243 devstack@g-api.service[98955]: DEBUG glance_store.backend [None req-5854c14c-cbae-4cf5-9b95-b289b8a3dbcd admin admin] Attempting to import store glance.store.swift.Store {{(pid=98955) _load_store /opt/stack/data/venv/lib/python3.12/site-packages/glance_store/backend.py:215}}
Jun 07 19:34:52.124206 np0000002243 devstack@g-api.service[98955]: DEBUG glance_store.backend [None req-5854c14c-cbae-4cf5-9b95-b289b8a3dbcd admin admin] Attempting to import store glance.store.vmware_datastore.Store {{(pid=98955) _load_store /opt/stack/data/venv/lib/python3.12/site-packages/glance_store/backend.py:215}}
Jun 07 19:34:52.124359 np0000002243 devstack@g-api.service[98955]: DEBUG glance_store.backend [None req-5854c14c-cbae-4cf5-9b95-b289b8a3dbcd admin admin] Attempting to import store http {{(pid=98955) _load_store /opt/stack/data/venv/lib/python3.12/site-packages/glance_store/backend.py:215}}
Jun 07 19:34:52.124530 np0000002243 devstack@g-api.service[98955]: DEBUG glance_store.backend [None req-5854c14c-cbae-4cf5-9b95-b289b8a3dbcd admin admin] Attempting to import store no_conf {{(pid=98955) _load_store /opt/stack/data/venv/lib/python3.12/site-packages/glance_store/backend.py:215}}
Jun 07 19:34:52.124681 np0000002243 devstack@g-api.service[98955]: DEBUG glance_store.backend [None req-5854c14c-cbae-4cf5-9b95-b289b8a3dbcd admin admin] Attempting to import store rbd {{(pid=98955) _load_store /opt/stack/data/venv/lib/python3.12/site-packages/glance_store/backend.py:215}}
Jun 07 19:34:52.124826 np0000002243 devstack@g-api.service[98955]: DEBUG glance_store.backend [None req-5854c14c-cbae-4cf5-9b95-b289b8a3dbcd admin admin] Attempting to import store s3 {{(pid=98955) _load_store /opt/stack/data/venv/lib/python3.12/site-packages/glance_store/backend.py:215}}
Jun 07 19:34:52.124934 np0000002243 devstack@g-api.service[98955]: DEBUG glance_store.backend [None req-5854c14c-cbae-4cf5-9b95-b289b8a3dbcd admin admin] Attempting to import store swift {{(pid=98955) _load_store /opt/stack/data/venv/lib/python3.12/site-packages/glance_store/backend.py:215}}
Jun 07 19:34:52.125041 np0000002243 devstack@g-api.service[98955]: DEBUG glance_store.backend [None req-5854c14c-cbae-4cf5-9b95-b289b8a3dbcd admin admin] Attempting to import store vmware {{(pid=98955) _load_store /opt/stack/data/venv/lib/python3.12/site-packages/glance_store/backend.py:215}}
Jun 07 19:34:52.125150 np0000002243 devstack@g-api.service[98955]: DEBUG glance_store.backend [None req-5854c14c-cbae-4cf5-9b95-b289b8a3dbcd admin admin] Registering options for group glance_store {{(pid=98955) register_opts /opt/stack/data/venv/lib/python3.12/site-packages/glance_store/backend.py:144}}
Jun 07 19:34:52.125252 np0000002243 devstack@g-api.service[98955]: DEBUG glance_store.backend [None req-5854c14c-cbae-4cf5-9b95-b289b8a3dbcd admin admin] Registering options for group glance_store {{(pid=98955) register_opts /opt/stack/data/venv/lib/python3.12/site-packages/glance_store/backend.py:144}}
Jun 07 19:34:52.125627 np0000002243 devstack@g-api.service[98955]: DEBUG glance_store.backend [None req-5854c14c-cbae-4cf5-9b95-b289b8a3dbcd admin admin] Attempting to import store file {{(pid=98955) _load_store /opt/stack/data/venv/lib/python3.12/site-packages/glance_store/backend.py:215}}
Jun 07 19:34:52.125979 np0000002243 devstack@g-api.service[98955]: INFO glance_store._drivers.filesystem [None req-5854c14c-cbae-4cf5-9b95-b289b8a3dbcd admin admin] Directory to write image files does not exist (/tmp/staging/). Creating.
Jun 07 19:34:52.126204 np0000002243 devstack@g-api.service[98955]: DEBUG glance_store.capabilities [None req-5854c14c-cbae-4cf5-9b95-b289b8a3dbcd admin admin] Store glance_store._drivers.filesystem.Store doesn't support updating dynamic storage capabilities. Please overwrite 'update_capabilities' method of the store to implement updating logics if needed. {{(pid=98955) update_capabilities /opt/stack/data/venv/lib/python3.12/site-packages/glance_store/capabilities.py:91}}
Jun 07 19:34:52.766187 np0000002243 devstack@g-api.service[98955]: DEBUG glance_store._drivers.filesystem [None req-5854c14c-cbae-4cf5-9b95-b289b8a3dbcd admin admin] Wrote 21430272 bytes to /tmp/staging/e43feb20-a55c-45c0-a286-04152cdbff6f with checksum c8fc807773e5354afe61636071771906 and multihash c8fc807773e5354afe61636071771906 {{(pid=98955) add /opt/stack/data/venv/lib/python3.12/site-packages/glance_store/_drivers/filesystem.py:899}}
Jun 07 19:34:52.788092 np0000002243 devstack@g-api.service[98955]: [pid: 98955|app: 0|req: 2/4] 127.0.0.1 () {42 vars in 927 bytes} [Sun Jun 7 19:34:51 2026] PUT /v2/images/e43feb20-a55c-45c0-a286-04152cdbff6f/stage => generated 0 bytes in 1269 msecs (HTTP/1.1 204) 4 headers in 171 bytes (1 switches on core 0)
Jun 07 19:34:52.799585 np0000002243 devstack@g-api.service[98956]: DEBUG glance.api.middleware.version_negotiation [None req-e9e7c1ce-1cd5-405c-a4a7-fc550ebc910b admin admin] Determining version of request: POST /v2/images/e43feb20-a55c-45c0-a286-04152cdbff6f/import Accept: */* {{(pid=98956) process_request /opt/stack/glance/glance/api/middleware/version_negotiation.py:44}}
Jun 07 19:34:52.799992 np0000002243 devstack@g-api.service[98956]: DEBUG glance.api.middleware.version_negotiation [None req-e9e7c1ce-1cd5-405c-a4a7-fc550ebc910b admin admin] Using url versioning {{(pid=98956) process_request /opt/stack/glance/glance/api/middleware/version_negotiation.py:57}}
Jun 07 19:34:52.799992 np0000002243 devstack@g-api.service[98956]: DEBUG glance.api.middleware.version_negotiation [None req-e9e7c1ce-1cd5-405c-a4a7-fc550ebc910b admin admin] Matched version: v2 {{(pid=98956) process_request /opt/stack/glance/glance/api/middleware/version_negotiation.py:69}}
Jun 07 19:34:52.799992 np0000002243 devstack@g-api.service[98956]: DEBUG glance.api.middleware.version_negotiation [None req-e9e7c1ce-1cd5-405c-a4a7-fc550ebc910b admin admin] new path /v2/images/e43feb20-a55c-45c0-a286-04152cdbff6f/import {{(pid=98956) process_request /opt/stack/glance/glance/api/middleware/version_negotiation.py:70}}
Jun 07 19:34:53.279513 np0000002243 devstack@g-api.service[98956]: DEBUG glance.domain [None req-d0979399-352e-431d-814c-fb707d26411e admin admin] Loading taskflow executor {{(pid=98956) new_task_executor /opt/stack/glance/glance/domain/__init__.py:530}}
Jun 07 19:34:53.476798 np0000002243 devstack@g-api.service[98956]: DEBUG oslo_concurrency.lockutils [None req-d0979399-352e-431d-814c-fb707d26411e admin admin] Acquiring lock "tasks_pool" by "glance.api.common.memoize..memoizer_wrapper..memoizer" {{(pid=98956) inner /opt/stack/data/venv/lib/python3.12/site-packages/oslo_concurrency/lockutils.py:511}}
Jun 07 19:34:53.476956 np0000002243 devstack@g-api.service[98956]: DEBUG oslo_concurrency.lockutils [None req-d0979399-352e-431d-814c-fb707d26411e admin admin] Lock "tasks_pool" acquired by "glance.api.common.memoize..memoizer_wrapper..memoizer" :: waited 0.000s {{(pid=98956) inner /opt/stack/data/venv/lib/python3.12/site-packages/oslo_concurrency/lockutils.py:524}}
Jun 07 19:34:53.477378 np0000002243 devstack@g-api.service[98956]: DEBUG glance.api.common [None req-d0979399-352e-431d-814c-fb707d26411e admin admin] Initializing named threadpool 'tasks_pool' {{(pid=98956) _get_thread_pool /opt/stack/glance/glance/api/common.py:242}}
Jun 07 19:34:53.477497 np0000002243 devstack@g-api.service[98956]: DEBUG glance.async_ [None req-d0979399-352e-431d-814c-fb707d26411e admin admin] Creating threadpool model 'ThreadPoolExecutor' with size 16 {{(pid=98956) __init__ /opt/stack/glance/glance/async_/__init__.py:100}}
Jun 07 19:34:53.477650 np0000002243 devstack@g-api.service[98956]: DEBUG oslo_concurrency.lockutils [None req-d0979399-352e-431d-814c-fb707d26411e admin admin] Lock "tasks_pool" "released" by "glance.api.common.memoize..memoizer_wrapper..memoizer" :: held 0.001s {{(pid=98956) inner /opt/stack/data/venv/lib/python3.12/site-packages/oslo_concurrency/lockutils.py:543}}
Jun 07 19:34:53.477781 np0000002243 devstack@g-api.service[98956]: DEBUG glance.async_ [None req-d0979399-352e-431d-814c-fb707d26411e admin admin] Spawning with ThreadPoolExecutor: >((,), {}) {{(pid=98956) spawn /opt/stack/glance/glance/async_/__init__.py:106}}
Jun 07 19:34:53.479559 np0000002243 devstack@g-api.service[98956]: [pid: 98956|app: 0|req: 3/5] 127.0.0.1 () {42 vars in 919 bytes} [Sun Jun 7 19:34:52 2026] POST /v2/images/e43feb20-a55c-45c0-a286-04152cdbff6f/import => generated 0 bytes in 680 msecs (HTTP/1.1 202) 4 headers in 169 bytes (1 switches on core 0)
Jun 07 19:34:53.482124 np0000002243 devstack@g-api.service[98956]: INFO glance.domain [-] Task [35299127-c859-417d-9cd7-fcb843d85c6c] status changing from pending to processing
Jun 07 19:34:53.491934 np0000002243 devstack@g-api.service[98955]: DEBUG glance.api.middleware.version_negotiation [None req-5854c14c-cbae-4cf5-9b95-b289b8a3dbcd admin admin] Determining version of request: GET /v2/images/e43feb20-a55c-45c0-a286-04152cdbff6f Accept: */* {{(pid=98955) process_request /opt/stack/glance/glance/api/middleware/version_negotiation.py:44}}
Jun 07 19:34:53.492171 np0000002243 devstack@g-api.service[98955]: DEBUG glance.api.middleware.version_negotiation [None req-5854c14c-cbae-4cf5-9b95-b289b8a3dbcd admin admin] Using url versioning {{(pid=98955) process_request /opt/stack/glance/glance/api/middleware/version_negotiation.py:57}}
Jun 07 19:34:53.492593 np0000002243 devstack@g-api.service[98955]: DEBUG glance.api.middleware.version_negotiation [None req-5854c14c-cbae-4cf5-9b95-b289b8a3dbcd admin admin] Matched version: v2 {{(pid=98955) process_request /opt/stack/glance/glance/api/middleware/version_negotiation.py:69}}
Jun 07 19:34:53.492760 np0000002243 devstack@g-api.service[98955]: DEBUG glance.api.middleware.version_negotiation [None req-5854c14c-cbae-4cf5-9b95-b289b8a3dbcd admin admin] new path /v2/images/e43feb20-a55c-45c0-a286-04152cdbff6f {{(pid=98955) process_request /opt/stack/glance/glance/api/middleware/version_negotiation.py:70}}
Jun 07 19:34:53.499230 np0000002243 devstack@g-api.service[98956]: DEBUG glance.async_.taskflow_executor [-] Taskflow executor picked up the execution of task ID 35299127-c859-417d-9cd7-fcb843d85c6c of task type api_image_import {{(pid=98956) _run /opt/stack/glance/glance/async_/taskflow_executor.py:163}}
Jun 07 19:34:53.500818 np0000002243 devstack@g-api.service[98955]: [pid: 98955|app: 0|req: 3/6] 127.0.0.1 () {38 vars in 852 bytes} [Sun Jun 7 19:34:53 2026] GET /v2/images/e43feb20-a55c-45c0-a286-04152cdbff6f => generated 879 bytes in 9 msecs (HTTP/1.1 200) 4 headers in 157 bytes (1 switches on core 0)
Jun 07 19:34:53.519031 np0000002243 devstack@g-api.service[98956]: DEBUG glance_store.backend [-] Attempting to import store cinder {{(pid=98956) _load_store /opt/stack/data/venv/lib/python3.12/site-packages/glance_store/backend.py:215}}
Jun 07 19:34:53.519195 np0000002243 devstack@g-api.service[98956]: DEBUG glance_store.backend [-] Attempting to import store file {{(pid=98956) _load_store /opt/stack/data/venv/lib/python3.12/site-packages/glance_store/backend.py:215}}
Jun 07 19:34:53.519286 np0000002243 devstack@g-api.service[98956]: DEBUG glance_store.backend [-] Attempting to import store glance.store.cinder.Store {{(pid=98956) _load_store /opt/stack/data/venv/lib/python3.12/site-packages/glance_store/backend.py:215}}
Jun 07 19:34:53.519393 np0000002243 devstack@g-api.service[98956]: DEBUG glance_store.backend [-] Attempting to import store glance.store.filesystem.Store {{(pid=98956) _load_store /opt/stack/data/venv/lib/python3.12/site-packages/glance_store/backend.py:215}}
Jun 07 19:34:53.519520 np0000002243 devstack@g-api.service[98956]: DEBUG glance_store.backend [-] Attempting to import store glance.store.http.Store {{(pid=98956) _load_store /opt/stack/data/venv/lib/python3.12/site-packages/glance_store/backend.py:215}}
Jun 07 19:34:53.519628 np0000002243 devstack@g-api.service[98956]: DEBUG glance_store.backend [-] Attempting to import store glance.store.rbd.Store {{(pid=98956) _load_store /opt/stack/data/venv/lib/python3.12/site-packages/glance_store/backend.py:215}}
Jun 07 19:34:53.519723 np0000002243 devstack@g-api.service[98956]: DEBUG glance_store.backend [-] Attempting to import store glance.store.s3.Store {{(pid=98956) _load_store /opt/stack/data/venv/lib/python3.12/site-packages/glance_store/backend.py:215}}
Jun 07 19:34:53.519841 np0000002243 devstack@g-api.service[98956]: DEBUG glance_store.backend [-] Attempting to import store glance.store.swift.Store {{(pid=98956) _load_store /opt/stack/data/venv/lib/python3.12/site-packages/glance_store/backend.py:215}}
Jun 07 19:34:53.519955 np0000002243 devstack@g-api.service[98956]: DEBUG glance_store.backend [-] Attempting to import store glance.store.vmware_datastore.Store {{(pid=98956) _load_store /opt/stack/data/venv/lib/python3.12/site-packages/glance_store/backend.py:215}}
Jun 07 19:34:53.520048 np0000002243 devstack@g-api.service[98956]: DEBUG glance_store.backend [-] Attempting to import store http {{(pid=98956) _load_store /opt/stack/data/venv/lib/python3.12/site-packages/glance_store/backend.py:215}}
Jun 07 19:34:53.520156 np0000002243 devstack@g-api.service[98956]: DEBUG glance_store.backend [-] Attempting to import store no_conf {{(pid=98956) _load_store /opt/stack/data/venv/lib/python3.12/site-packages/glance_store/backend.py:215}}
Jun 07 19:34:53.520261 np0000002243 devstack@g-api.service[98956]: DEBUG glance_store.backend [-] Attempting to import store rbd {{(pid=98956) _load_store /opt/stack/data/venv/lib/python3.12/site-packages/glance_store/backend.py:215}}
Jun 07 19:34:53.520356 np0000002243 devstack@g-api.service[98956]: DEBUG glance_store.backend [-] Attempting to import store s3 {{(pid=98956) _load_store /opt/stack/data/venv/lib/python3.12/site-packages/glance_store/backend.py:215}}
Jun 07 19:34:53.520482 np0000002243 devstack@g-api.service[98956]: DEBUG glance_store.backend [-] Attempting to import store swift {{(pid=98956) _load_store /opt/stack/data/venv/lib/python3.12/site-packages/glance_store/backend.py:215}}
Jun 07 19:34:53.520580 np0000002243 devstack@g-api.service[98956]: DEBUG glance_store.backend [-] Attempting to import store vmware {{(pid=98956) _load_store /opt/stack/data/venv/lib/python3.12/site-packages/glance_store/backend.py:215}}
Jun 07 19:34:53.520688 np0000002243 devstack@g-api.service[98956]: DEBUG glance_store.backend [-] Registering options for group glance_store {{(pid=98956) register_opts /opt/stack/data/venv/lib/python3.12/site-packages/glance_store/backend.py:144}}
Jun 07 19:34:53.520793 np0000002243 devstack@g-api.service[98956]: DEBUG glance_store.backend [-] Registering options for group glance_store {{(pid=98956) register_opts /opt/stack/data/venv/lib/python3.12/site-packages/glance_store/backend.py:144}}
Jun 07 19:34:53.521281 np0000002243 devstack@g-api.service[98956]: DEBUG glance_store.backend [-] Attempting to import store file {{(pid=98956) _load_store /opt/stack/data/venv/lib/python3.12/site-packages/glance_store/backend.py:215}}
Jun 07 19:34:53.521930 np0000002243 devstack@g-api.service[98956]: DEBUG glance_store.capabilities [-] Store glance_store._drivers.filesystem.Store doesn't support updating dynamic storage capabilities. Please overwrite 'update_capabilities' method of the store to implement updating logics if needed. {{(pid=98956) update_capabilities /opt/stack/data/venv/lib/python3.12/site-packages/glance_store/capabilities.py:91}}
Jun 07 19:34:53.530624 np0000002243 devstack@g-api.service[98956]: DEBUG glance.async_.flows.api_image_import [-] Image e43feb20-a55c-45c0-a286-04152cdbff6f os_glance_importing_to_stores= {{(pid=98956) merge_store_list /opt/stack/glance/glance/async_/flows/api_image_import.py:277}}
Jun 07 19:34:53.530715 np0000002243 devstack@g-api.service[98956]: DEBUG glance.async_.flows.api_image_import [-] Image e43feb20-a55c-45c0-a286-04152cdbff6f os_glance_failed_import= {{(pid=98956) merge_store_list /opt/stack/glance/glance/async_/flows/api_image_import.py:277}}
Jun 07 19:34:53.536743 np0000002243 devstack@g-api.service[98956]: DEBUG glance.async_.flows.api_image_import [-] Image e43feb20-a55c-45c0-a286-04152cdbff6f status changing from uploading to importing {{(pid=98956) __exit__ /opt/stack/glance/glance/async_/flows/api_image_import.py:166}}
Jun 07 19:34:54.070106 np0000002243 devstack@g-api.service[98956]: DEBUG glance.async_ [-] Creating threadpool model 'ThreadPoolExecutor' with size 10 {{(pid=98956) __init__ /opt/stack/glance/glance/async_/__init__.py:100}}
Jun 07 19:34:54.093166 np0000002243 devstack@g-api.service[98956]: DEBUG glance.async_.taskflow_executor [-] Flow 'api_image_import' (a17d7bdd-c7ab-4dc2-bc3e-1fbbc8e7010b) transitioned into state 'RUNNING' from state 'PENDING' {{(pid=98956) _flow_receiver /opt/stack/data/venv/lib/python3.12/site-packages/taskflow/listeners/logging.py:160}}
Jun 07 19:34:54.095691 np0000002243 devstack@g-api.service[98956]: DEBUG glance.async_.taskflow_executor [-] Task 'api_image_import-ImageLock-35299127-c859-417d-9cd7-fcb843d85c6c' (dd1267fc-a99d-4b0e-b6d9-d99a31d89e8b) transitioned into state 'RUNNING' from state 'PENDING' {{(pid=98956) _task_receiver /opt/stack/data/venv/lib/python3.12/site-packages/taskflow/listeners/logging.py:242}}
Jun 07 19:34:54.102996 np0000002243 devstack@g-api.service[98956]: DEBUG glance.async_.flows.api_image_import [-] Image e43feb20-a55c-45c0-a286-04152cdbff6f import task 35299127-c859-417d-9cd7-fcb843d85c6c lock confirmed {{(pid=98956) execute /opt/stack/glance/glance/async_/flows/api_image_import.py:477}}
Jun 07 19:34:54.103914 np0000002243 devstack@g-api.service[98956]: DEBUG glance.async_.taskflow_executor [-] Task 'api_image_import-ImageLock-35299127-c859-417d-9cd7-fcb843d85c6c' (dd1267fc-a99d-4b0e-b6d9-d99a31d89e8b) transitioned into state 'SUCCESS' from state 'RUNNING' with result 'None' {{(pid=98956) _task_receiver /opt/stack/data/venv/lib/python3.12/site-packages/taskflow/listeners/logging.py:218}}
Jun 07 19:34:54.104840 np0000002243 devstack@g-api.service[98956]: DEBUG glance.async_.taskflow_executor [-] Task 'api_image_import-ConfigureStaging-35299127-c859-417d-9cd7-fcb843d85c6c' (9bcea8e9-2a2e-43db-984e-84ff7e2b3d41) transitioned into state 'RUNNING' from state 'PENDING' {{(pid=98956) _task_receiver /opt/stack/data/venv/lib/python3.12/site-packages/taskflow/listeners/logging.py:242}}
Jun 07 19:34:54.106039 np0000002243 devstack@g-api.service[98956]: DEBUG glance.async_.taskflow_executor [-] Task 'api_image_import-ConfigureStaging-35299127-c859-417d-9cd7-fcb843d85c6c' (9bcea8e9-2a2e-43db-984e-84ff7e2b3d41) transitioned into state 'SUCCESS' from state 'RUNNING' with result 'file:///tmp/staging/e43feb20-a55c-45c0-a286-04152cdbff6f' {{(pid=98956) _task_receiver /opt/stack/data/venv/lib/python3.12/site-packages/taskflow/listeners/logging.py:218}}
Jun 07 19:34:54.106898 np0000002243 devstack@g-api.service[98956]: DEBUG glance.async_.taskflow_executor [-] Task 'api_image_import--ImportToStore-35299127-c859-417d-9cd7-fcb843d85c6c' (57ecf06c-c313-4266-b099-9a5ae189ea3d) transitioned into state 'RUNNING' from state 'PENDING' {{(pid=98956) _task_receiver /opt/stack/data/venv/lib/python3.12/site-packages/taskflow/listeners/logging.py:242}}
Jun 07 19:34:54.112780 np0000002243 devstack@g-api.service[98956]: INFO glance.common.scripts.image_import.main [-] Task 35299127-c859-417d-9cd7-fcb843d85c6c: Got image data uri file:///tmp/staging/e43feb20-a55c-45c0-a286-04152cdbff6f to be imported
Jun 07 19:34:54.114083 np0000002243 devstack@g-api.service[98956]: DEBUG glance.location [-] Enabling in-flight format inspection for qcow2 {{(pid=98956) set_data /opt/stack/glance/glance/location.py:616}}
Jun 07 19:34:54.114432 np0000002243 devstack@g-api.service[98956]: DEBUG glance_store.backend [-] Attempting to import store swift {{(pid=98956) _load_store /opt/stack/data/venv/lib/python3.12/site-packages/glance_store/backend.py:215}}
Jun 07 19:34:54.115621 np0000002243 devstack@g-api.service[98956]: DEBUG glance_store.capabilities [-] Store glance_store._drivers.swift.store.SingleTenantStore doesn't support updating dynamic storage capabilities. Please overwrite 'update_capabilities' method of the store to implement updating logics if needed. {{(pid=98956) update_capabilities /opt/stack/data/venv/lib/python3.12/site-packages/glance_store/capabilities.py:91}}
Jun 07 19:34:54.115685 np0000002243 devstack@g-api.service[98956]: DEBUG glance_store.driver [-] Late loading location class glance_store._drivers.swift.store.StoreLocation {{(pid=98956) get_store_location_class /opt/stack/data/venv/lib/python3.12/site-packages/glance_store/driver.py:134}}
Jun 07 19:34:54.115758 np0000002243 devstack@g-api.service[98956]: DEBUG glance_store.location [-] Registering scheme swift+https with {'store': , 'location_class': , 'store_entry': 'swift'} {{(pid=98956) register_scheme_map /opt/stack/data/venv/lib/python3.12/site-packages/glance_store/location.py:146}}
Jun 07 19:34:54.115801 np0000002243 devstack@g-api.service[98956]: DEBUG glance_store.location [-] Registering scheme swift+https with {'store': , 'location_class': , 'store_entry': 'swift'} {{(pid=98956) register_scheme_map /opt/stack/data/venv/lib/python3.12/site-packages/glance_store/location.py:146}}
Jun 07 19:34:54.115883 np0000002243 devstack@g-api.service[98956]: DEBUG glance_store.location [-] Registering scheme swift with {'store': , 'location_class': , 'store_entry': 'swift'} {{(pid=98956) register_scheme_map /opt/stack/data/venv/lib/python3.12/site-packages/glance_store/location.py:146}}
Jun 07 19:34:54.115923 np0000002243 devstack@g-api.service[98956]: DEBUG glance_store.location [-] Registering scheme swift+https with {'store': , 'location_class': , 'store_entry': 'swift'} {{(pid=98956) register_scheme_map /opt/stack/data/venv/lib/python3.12/site-packages/glance_store/location.py:146}}
Jun 07 19:34:54.115981 np0000002243 devstack@g-api.service[98956]: DEBUG glance_store.location [-] Registering scheme swift with {'store': , 'location_class': , 'store_entry': 'swift'} {{(pid=98956) register_scheme_map /opt/stack/data/venv/lib/python3.12/site-packages/glance_store/location.py:146}}
Jun 07 19:34:54.116035 np0000002243 devstack@g-api.service[98956]: DEBUG glance_store.location [-] Registering scheme swift+http with {'store': , 'location_class': , 'store_entry': 'swift'} {{(pid=98956) register_scheme_map /opt/stack/data/venv/lib/python3.12/site-packages/glance_store/location.py:146}}
Jun 07 19:34:54.116069 np0000002243 devstack@g-api.service[98956]: DEBUG glance_store.location [-] Registering scheme swift+https with {'store': , 'location_class': , 'store_entry': 'swift'} {{(pid=98956) register_scheme_map /opt/stack/data/venv/lib/python3.12/site-packages/glance_store/location.py:146}}
Jun 07 19:34:54.116152 np0000002243 devstack@g-api.service[98956]: DEBUG glance_store.location [-] Registering scheme swift with {'store': , 'location_class': , 'store_entry': 'swift'} {{(pid=98956) register_scheme_map /opt/stack/data/venv/lib/python3.12/site-packages/glance_store/location.py:146}}
Jun 07 19:34:54.116210 np0000002243 devstack@g-api.service[98956]: DEBUG glance_store.location [-] Registering scheme swift+http with {'store': , 'location_class': , 'store_entry': 'swift'} {{(pid=98956) register_scheme_map /opt/stack/data/venv/lib/python3.12/site-packages/glance_store/location.py:146}}
Jun 07 19:34:54.116261 np0000002243 devstack@g-api.service[98956]: DEBUG glance_store.location [-] Registering scheme swift+config with {'store': , 'location_class': , 'store_entry': 'swift'} {{(pid=98956) register_scheme_map /opt/stack/data/venv/lib/python3.12/site-packages/glance_store/location.py:146}}
Jun 07 19:34:54.648787 np0000002243 devstack@g-api.service[98956]: INFO swiftclient [-] REQ: curl -i https://10.4.3.19:8080/v1/AUTH_8c8c407539cb4c2bae8ad18fc0c0b7c6/glance -I -H "X-Auth-Token: gAAAAABqJcfeotGH..."
Jun 07 19:34:54.648881 np0000002243 devstack@g-api.service[98956]: INFO swiftclient [-] RESP STATUS: 404 Not Found
Jun 07 19:34:54.648960 np0000002243 devstack@g-api.service[98956]: INFO swiftclient [-] RESP HEADERS: {'Date': 'Sun, 07 Jun 2026 19:34:54 GMT', 'Server': 'Apache/2.4.58 (Ubuntu)', 'Content-Type': 'text/html; charset=UTF-8', 'X-Trans-Id': 'tx8a2617cf9c904153b156b-006a25c7de', 'X-Openstack-Request-Id': 'tx8a2617cf9c904153b156b-006a25c7de', 'Connection': 'close'}
Jun 07 19:34:54.649180 np0000002243 devstack@g-api.service[98956]: INFO glance_store._drivers.swift.store [-] Creating swift container glance
Jun 07 19:34:54.702055 np0000002243 devstack@g-api.service[98956]: DEBUG swiftclient [-] REQ: curl -i https://10.4.3.19:8080/v1/AUTH_8c8c407539cb4c2bae8ad18fc0c0b7c6/glance -X PUT -H "X-Auth-Token: gAAAAABqJcfeotGH..." -H "Content-Length: 0" {{(pid=98956) http_log /opt/stack/data/venv/lib/python3.12/site-packages/swiftclient/client.py:160}}
Jun 07 19:34:54.702138 np0000002243 devstack@g-api.service[98956]: DEBUG swiftclient [-] RESP STATUS: 201 Created {{(pid=98956) http_log /opt/stack/data/venv/lib/python3.12/site-packages/swiftclient/client.py:161}}
Jun 07 19:34:54.702396 np0000002243 devstack@g-api.service[98956]: DEBUG swiftclient [-] RESP HEADERS: {'Date': 'Sun, 07 Jun 2026 19:34:54 GMT', 'Server': 'Apache/2.4.58 (Ubuntu)', 'Content-Type': 'text/html; charset=UTF-8', 'Content-Length': '0', 'X-Trans-Id': 'tx9f3d90e4f044466fb593a-006a25c7de', 'X-Openstack-Request-Id': 'tx9f3d90e4f044466fb593a-006a25c7de', 'Connection': 'close'} {{(pid=98956) http_log /opt/stack/data/venv/lib/python3.12/site-packages/swiftclient/client.py:162}}
Jun 07 19:34:54.702396 np0000002243 devstack@g-api.service[98956]: DEBUG glance_store._drivers.swift.store [-] Adding image object 'e43feb20-a55c-45c0-a286-04152cdbff6f' to Swift {{(pid=98956) add /opt/stack/data/venv/lib/python3.12/site-packages/glance_store/_drivers/swift/store.py:970}}
Jun 07 19:34:54.708003 np0000002243 devstack@g-api.service[98956]: DEBUG oslo_utils.imageutils.format_inspector [-] Format inspector for vmdk does not match, excluding from consideration (Signature KDMV not found: b'QFI\xfb') {{(pid=98956) _process_chunk /opt/stack/data/venv/lib/python3.12/site-packages/oslo_utils/imageutils/format_inspector.py:1758}}
Jun 07 19:34:54.711521 np0000002243 devstack@g-api.service[98956]: DEBUG oslo_utils.imageutils.format_inspector [-] Format inspector for vhdx does not match, excluding from consideration (Region signature not found at 30000) {{(pid=98956) _process_chunk /opt/stack/data/venv/lib/python3.12/site-packages/oslo_utils/imageutils/format_inspector.py:1758}}
Jun 07 19:34:55.035602 np0000002243 devstack@g-api.service[98956]: DEBUG swiftclient [-] REQ: curl -i https://10.4.3.19:8080/v1/AUTH_8c8c407539cb4c2bae8ad18fc0c0b7c6/glance/e43feb20-a55c-45c0-a286-04152cdbff6f -X PUT -H "X-Auth-Token: gAAAAABqJcfeotGH..." -H "Content-Length: 21430272" {{(pid=98956) http_log /opt/stack/data/venv/lib/python3.12/site-packages/swiftclient/client.py:160}}
Jun 07 19:34:55.035737 np0000002243 devstack@g-api.service[98956]: DEBUG swiftclient [-] RESP STATUS: 201 Created {{(pid=98956) http_log /opt/stack/data/venv/lib/python3.12/site-packages/swiftclient/client.py:161}}
Jun 07 19:34:55.035958 np0000002243 devstack@g-api.service[98956]: DEBUG swiftclient [-] RESP HEADERS: {'Date': 'Sun, 07 Jun 2026 19:34:55 GMT', 'Server': 'Apache/2.4.58 (Ubuntu)', 'Content-Type': 'text/html; charset=UTF-8', 'Content-Length': '0', 'Etag': 'c8fc807773e5354afe61636071771906', 'Last-Modified': 'Sun, 07 Jun 2026 19:34:55 GMT', 'X-Trans-Id': 'txf0ad7caa8d3b4464987a1-006a25c7de', 'X-Openstack-Request-Id': 'txf0ad7caa8d3b4464987a1-006a25c7de', 'Connection': 'close'} {{(pid=98956) http_log /opt/stack/data/venv/lib/python3.12/site-packages/swiftclient/client.py:162}}
Jun 07 19:34:55.049854 np0000002243 devstack@g-api.service[98956]: INFO glance.location [-] Image format matched and virtual size computed: 117440512
Jun 07 19:34:55.057639 np0000002243 devstack@g-api.service[98956]: DEBUG glance.async_.flows.api_image_import [-] Image e43feb20-a55c-45c0-a286-04152cdbff6f status changing from importing to active {{(pid=98956) __exit__ /opt/stack/glance/glance/async_/flows/api_image_import.py:166}}
Jun 07 19:34:55.080357 np0000002243 devstack@g-api.service[98956]: DEBUG glance_store.backend [-] Attempting to import store swift {{(pid=98956) _load_store /opt/stack/data/venv/lib/python3.12/site-packages/glance_store/backend.py:215}}
Jun 07 19:34:55.081638 np0000002243 devstack@g-api.service[98956]: DEBUG glance_store.capabilities [-] Store glance_store._drivers.swift.store.SingleTenantStore doesn't support updating dynamic storage capabilities. Please overwrite 'update_capabilities' method of the store to implement updating logics if needed. {{(pid=98956) update_capabilities /opt/stack/data/venv/lib/python3.12/site-packages/glance_store/capabilities.py:91}}
Jun 07 19:34:55.081715 np0000002243 devstack@g-api.service[98956]: DEBUG glance_store.driver [-] Late loading location class glance_store._drivers.swift.store.StoreLocation {{(pid=98956) get_store_location_class /opt/stack/data/venv/lib/python3.12/site-packages/glance_store/driver.py:134}}
Jun 07 19:34:55.081849 np0000002243 devstack@g-api.service[98956]: DEBUG glance_store.location [-] Registering scheme swift+https with {'store': , 'location_class': , 'store_entry': 'swift'} {{(pid=98956) register_scheme_map /opt/stack/data/venv/lib/python3.12/site-packages/glance_store/location.py:146}}
Jun 07 19:34:55.081940 np0000002243 devstack@g-api.service[98956]: DEBUG glance_store.location [-] Registering scheme swift+https with {'store': , 'location_class': , 'store_entry': 'swift'} {{(pid=98956) register_scheme_map /opt/stack/data/venv/lib/python3.12/site-packages/glance_store/location.py:146}}
Jun 07 19:34:55.082007 np0000002243 devstack@g-api.service[98956]: DEBUG glance_store.location [-] Registering scheme swift with {'store': , 'location_class': , 'store_entry': 'swift'} {{(pid=98956) register_scheme_map /opt/stack/data/venv/lib/python3.12/site-packages/glance_store/location.py:146}}
Jun 07 19:34:55.082120 np0000002243 devstack@g-api.service[98956]: DEBUG glance_store.location [-] Registering scheme swift+https with {'store': , 'location_class': , 'store_entry': 'swift'} {{(pid=98956) register_scheme_map /opt/stack/data/venv/lib/python3.12/site-packages/glance_store/location.py:146}}
Jun 07 19:34:55.082209 np0000002243 devstack@g-api.service[98956]: DEBUG glance_store.location [-] Registering scheme swift with {'store': , 'location_class': , 'store_entry': 'swift'} {{(pid=98956) register_scheme_map /opt/stack/data/venv/lib/python3.12/site-packages/glance_store/location.py:146}}
Jun 07 19:34:55.082340 np0000002243 devstack@g-api.service[98956]: DEBUG glance_store.location [-] Registering scheme swift+http with {'store': , 'location_class': , 'store_entry': 'swift'} {{(pid=98956) register_scheme_map /opt/stack/data/venv/lib/python3.12/site-packages/glance_store/location.py:146}}
Jun 07 19:34:55.082449 np0000002243 devstack@g-api.service[98956]: DEBUG glance_store.location [-] Registering scheme swift+https with {'store': , 'location_class': , 'store_entry': 'swift'} {{(pid=98956) register_scheme_map /opt/stack/data/venv/lib/python3.12/site-packages/glance_store/location.py:146}}
Jun 07 19:34:55.082541 np0000002243 devstack@g-api.service[98956]: DEBUG glance_store.location [-] Registering scheme swift with {'store': , 'location_class': , 'store_entry': 'swift'} {{(pid=98956) register_scheme_map /opt/stack/data/venv/lib/python3.12/site-packages/glance_store/location.py:146}}
Jun 07 19:34:55.082629 np0000002243 devstack@g-api.service[98956]: DEBUG glance_store.location [-] Registering scheme swift+http with {'store': , 'location_class': , 'store_entry': 'swift'} {{(pid=98956) register_scheme_map /opt/stack/data/venv/lib/python3.12/site-packages/glance_store/location.py:146}}
