Jun 09 16:02:34.922518 np0000002459 nova-scheduler[95901]: DEBUG cotyledon.oslo_config_glue [-] oslo_limit.endpoint_id = None {{(pid=95901) log_opt_values /opt/stack/data/venv/lib/python3.12/site-packages/oslo_config/cfg.py:3256}}
Jun 09 16:02:34.922582 np0000002459 nova-scheduler[95901]: DEBUG cotyledon.oslo_config_glue [-] oslo_limit.endpoint_interface = public {{(pid=95901) log_opt_values /opt/stack/data/venv/lib/python3.12/site-packages/oslo_config/cfg.py:3256}}
Jun 09 16:02:34.922648 np0000002459 nova-scheduler[95901]: DEBUG cotyledon.oslo_config_glue [-] oslo_limit.endpoint_override = None {{(pid=95901) log_opt_values /opt/stack/data/venv/lib/python3.12/site-packages/oslo_config/cfg.py:3256}}
Jun 09 16:02:34.922713 np0000002459 nova-scheduler[95901]: DEBUG cotyledon.oslo_config_glue [-] oslo_limit.endpoint_region_name = None {{(pid=95901) log_opt_values /opt/stack/data/venv/lib/python3.12/site-packages/oslo_config/cfg.py:3256}}
Jun 09 16:02:34.922791 np0000002459 nova-scheduler[95901]: DEBUG cotyledon.oslo_config_glue [-] oslo_limit.endpoint_service_name = None {{(pid=95901) log_opt_values /opt/stack/data/venv/lib/python3.12/site-packages/oslo_config/cfg.py:3256}}
Jun 09 16:02:34.922858 np0000002459 nova-scheduler[95901]: DEBUG cotyledon.oslo_config_glue [-] oslo_limit.endpoint_service_type = None {{(pid=95901) log_opt_values /opt/stack/data/venv/lib/python3.12/site-packages/oslo_config/cfg.py:3256}}
Jun 09 16:02:34.922934 np0000002459 nova-scheduler[95901]: DEBUG cotyledon.oslo_config_glue [-] oslo_limit.insecure = False {{(pid=95901) log_opt_values /opt/stack/data/venv/lib/python3.12/site-packages/oslo_config/cfg.py:3256}}
Jun 09 16:02:34.923015 np0000002459 nova-scheduler[95901]: DEBUG cotyledon.oslo_config_glue [-] oslo_limit.keyfile = None {{(pid=95901) log_opt_values /opt/stack/data/venv/lib/python3.12/site-packages/oslo_config/cfg.py:3256}}
Jun 09 16:02:34.923085 np0000002459 nova-scheduler[95901]: DEBUG cotyledon.oslo_config_glue [-] oslo_limit.max_version = None {{(pid=95901) log_opt_values /opt/stack/data/venv/lib/python3.12/site-packages/oslo_config/cfg.py:3256}}
Jun 09 16:02:34.923151 np0000002459 nova-scheduler[95901]: DEBUG cotyledon.oslo_config_glue [-] oslo_limit.min_version = None {{(pid=95901) log_opt_values /opt/stack/data/venv/lib/python3.12/site-packages/oslo_config/cfg.py:3256}}
Jun 09 16:02:34.923224 np0000002459 nova-scheduler[95901]: DEBUG cotyledon.oslo_config_glue [-] oslo_limit.region_name = None {{(pid=95901) log_opt_values /opt/stack/data/venv/lib/python3.12/site-packages/oslo_config/cfg.py:3256}}
Jun 09 16:02:34.923303 np0000002459 nova-scheduler[95901]: DEBUG cotyledon.oslo_config_glue [-] oslo_limit.retriable_status_codes = None {{(pid=95901) log_opt_values /opt/stack/data/venv/lib/python3.12/site-packages/oslo_config/cfg.py:3256}}
Jun 09 16:02:34.923383 np0000002459 nova-scheduler[95901]: DEBUG cotyledon.oslo_config_glue [-] oslo_limit.service_name = None {{(pid=95901) log_opt_values /opt/stack/data/venv/lib/python3.12/site-packages/oslo_config/cfg.py:3256}}
Jun 09 16:02:34.923447 np0000002459 nova-scheduler[95901]: DEBUG cotyledon.oslo_config_glue [-] oslo_limit.service_type = None {{(pid=95901) log_opt_values /opt/stack/data/venv/lib/python3.12/site-packages/oslo_config/cfg.py:3256}}
Jun 09 16:02:34.923520 np0000002459 nova-scheduler[95901]: DEBUG cotyledon.oslo_config_glue [-] oslo_limit.split_loggers = False {{(pid=95901) log_opt_values /opt/stack/data/venv/lib/python3.12/site-packages/oslo_config/cfg.py:3256}}
Jun 09 16:02:34.923582 np0000002459 nova-scheduler[95901]: DEBUG cotyledon.oslo_config_glue [-] oslo_limit.status_code_retries = None {{(pid=95901) log_opt_values /opt/stack/data/venv/lib/python3.12/site-packages/oslo_config/cfg.py:3256}}
Jun 09 16:02:34.923642 np0000002459 nova-scheduler[95901]: DEBUG cotyledon.oslo_config_glue [-] oslo_limit.status_code_retry_delay = None {{(pid=95901) log_opt_values /opt/stack/data/venv/lib/python3.12/site-packages/oslo_config/cfg.py:3256}}
Jun 09 16:02:34.923701 np0000002459 nova-scheduler[95901]: DEBUG cotyledon.oslo_config_glue [-] oslo_limit.timeout = None {{(pid=95901) log_opt_values /opt/stack/data/venv/lib/python3.12/site-packages/oslo_config/cfg.py:3256}}
Jun 09 16:02:34.923771 np0000002459 nova-scheduler[95901]: DEBUG cotyledon.oslo_config_glue [-] oslo_limit.valid_interfaces = None {{(pid=95901) log_opt_values /opt/stack/data/venv/lib/python3.12/site-packages/oslo_config/cfg.py:3256}}
Jun 09 16:02:34.923828 np0000002459 nova-scheduler[95901]: DEBUG cotyledon.oslo_config_glue [-] oslo_limit.version = None {{(pid=95901) log_opt_values /opt/stack/data/venv/lib/python3.12/site-packages/oslo_config/cfg.py:3256}}
Jun 09 16:02:34.923931 np0000002459 nova-scheduler[95901]: DEBUG cotyledon.oslo_config_glue [-] oslo_reports.file_event_handler = None {{(pid=95901) log_opt_values /opt/stack/data/venv/lib/python3.12/site-packages/oslo_config/cfg.py:3256}}
Jun 09 16:02:34.924020 np0000002459 nova-scheduler[95901]: DEBUG cotyledon.oslo_config_glue [-] oslo_reports.file_event_handler_interval = 1 {{(pid=95901) log_opt_values /opt/stack/data/venv/lib/python3.12/site-packages/oslo_config/cfg.py:3256}}
Jun 09 16:02:34.924350 np0000002459 nova-scheduler[95901]: DEBUG cotyledon.oslo_config_glue [-] oslo_reports.log_dir = None {{(pid=95901) log_opt_values /opt/stack/data/venv/lib/python3.12/site-packages/oslo_config/cfg.py:3256}}
Jun 09 16:02:34.924410 np0000002459 nova-scheduler[95901]: DEBUG cotyledon.oslo_config_glue [-] ******************************************************************************** {{(pid=95901) log_opt_values /opt/stack/data/venv/lib/python3.12/site-packages/oslo_config/cfg.py:3263}}
Jun 09 16:02:34.924597 np0000002459 nova-scheduler[95901]: DEBUG cotyledon._service_worker [-] Run service ServiceWrapper(1) [95901] {{(pid=95901) wait_forever /opt/stack/data/venv/lib/python3.12/site-packages/cotyledon/_service_worker.py:218}}
Jun 09 16:02:34.926092 np0000002459 nova-scheduler[95901]: INFO nova.service [-] Starting scheduler node (version 33.1.0)
Jun 09 16:02:34.932168 np0000002459 nova-scheduler[95901]: INFO dbcounter [None req-1436e0d7-57a0-439d-94d6-fc3b3391ea7a None None] Registered counter for database nova_cell0
Jun 09 16:02:34.953486 np0000002459 nova-scheduler[95899]: DEBUG oslo_db.sqlalchemy.engines [None req-e431c96c-aba8-476a-a6d1-4145b55dfc10 None None] MySQL server mode set to STRICT_TRANS_TABLES,STRICT_ALL_TABLES,NO_ZERO_IN_DATE,NO_ZERO_DATE,ERROR_FOR_DIVISION_BY_ZERO,TRADITIONAL,NO_ENGINE_SUBSTITUTION {{(pid=95899) _check_effective_sql_mode /opt/stack/data/venv/lib/python3.12/site-packages/oslo_db/sqlalchemy/engines.py:325}}
Jun 09 16:02:34.958296 np0000002459 nova-scheduler[95903]: DEBUG oslo_db.sqlalchemy.engines [None req-cbfc590c-84be-46f0-8ad2-b24ee7f6cb65 None None] MySQL server mode set to STRICT_TRANS_TABLES,STRICT_ALL_TABLES,NO_ZERO_IN_DATE,NO_ZERO_DATE,ERROR_FOR_DIVISION_BY_ZERO,TRADITIONAL,NO_ENGINE_SUBSTITUTION {{(pid=95903) _check_effective_sql_mode /opt/stack/data/venv/lib/python3.12/site-packages/oslo_db/sqlalchemy/engines.py:325}}
Jun 09 16:02:34.965871 np0000002459 nova-scheduler[95899]: DEBUG dbcounter [-] [95899] Writer thread running {{(pid=95899) stat_writer /opt/stack/data/venv/lib/python3.12/site-packages/dbcounter.py:102}}
Jun 09 16:02:34.967888 np0000002459 nova-scheduler[95903]: DEBUG dbcounter [-] [95903] Writer thread running {{(pid=95903) stat_writer /opt/stack/data/venv/lib/python3.12/site-packages/dbcounter.py:102}}
Jun 09 16:02:34.984623 np0000002459 nova-scheduler[95901]: DEBUG oslo_db.sqlalchemy.engines [None req-1436e0d7-57a0-439d-94d6-fc3b3391ea7a None None] MySQL server mode set to STRICT_TRANS_TABLES,STRICT_ALL_TABLES,NO_ZERO_IN_DATE,NO_ZERO_DATE,ERROR_FOR_DIVISION_BY_ZERO,TRADITIONAL,NO_ENGINE_SUBSTITUTION {{(pid=95901) _check_effective_sql_mode /opt/stack/data/venv/lib/python3.12/site-packages/oslo_db/sqlalchemy/engines.py:325}}
Jun 09 16:02:34.984985 np0000002459 nova-scheduler[95903]: DEBUG nova.service [None req-cbfc590c-84be-46f0-8ad2-b24ee7f6cb65 None None] Creating RPC server for service: nova-scheduler on topic: scheduler {{(pid=95903) start /opt/stack/nova/nova/service.py:195}}
Jun 09 16:02:34.990889 np0000002459 nova-scheduler[95899]: DEBUG nova.service [None req-e431c96c-aba8-476a-a6d1-4145b55dfc10 None None] Creating RPC server for service: nova-scheduler on topic: scheduler {{(pid=95899) start /opt/stack/nova/nova/service.py:195}}
Jun 09 16:02:34.997777 np0000002459 nova-scheduler[95901]: DEBUG dbcounter [-] [95901] Writer thread running {{(pid=95901) stat_writer /opt/stack/data/venv/lib/python3.12/site-packages/dbcounter.py:102}}
Jun 09 16:02:35.001207 np0000002459 nova-scheduler[95901]: DEBUG nova.service [None req-1436e0d7-57a0-439d-94d6-fc3b3391ea7a None None] Creating RPC server for service: nova-scheduler on topic: scheduler {{(pid=95901) start /opt/stack/nova/nova/service.py:195}}
Jun 09 16:02:35.039689 np0000002459 nova-scheduler[95899]: DEBUG nova.service [None req-e431c96c-aba8-476a-a6d1-4145b55dfc10 None None] Join ServiceGroup membership for this service scheduler {{(pid=95899) start /opt/stack/nova/nova/service.py:221}}
Jun 09 16:02:35.040566 np0000002459 nova-scheduler[95899]: DEBUG nova.servicegroup.drivers.db [None req-e431c96c-aba8-476a-a6d1-4145b55dfc10 None None] DB_Driver: join new ServiceGroup member np0000002459 to the scheduler group, service = {{(pid=95899) join /opt/stack/nova/nova/servicegroup/drivers/db.py:44}}
Jun 09 16:02:35.041119 np0000002459 nova-scheduler[95901]: DEBUG nova.service [None req-1436e0d7-57a0-439d-94d6-fc3b3391ea7a None None] Join ServiceGroup membership for this service scheduler {{(pid=95901) start /opt/stack/nova/nova/service.py:221}}
Jun 09 16:02:35.041423 np0000002459 nova-scheduler[95901]: DEBUG nova.servicegroup.drivers.db [None req-1436e0d7-57a0-439d-94d6-fc3b3391ea7a None None] DB_Driver: join new ServiceGroup member np0000002459 to the scheduler group, service = {{(pid=95901) join /opt/stack/nova/nova/servicegroup/drivers/db.py:44}}
Jun 09 16:02:35.046334 np0000002459 nova-scheduler[95903]: DEBUG nova.service [None req-cbfc590c-84be-46f0-8ad2-b24ee7f6cb65 None None] Join ServiceGroup membership for this service scheduler {{(pid=95903) start /opt/stack/nova/nova/service.py:221}}
Jun 09 16:02:35.046485 np0000002459 nova-scheduler[95903]: DEBUG nova.servicegroup.drivers.db [None req-cbfc590c-84be-46f0-8ad2-b24ee7f6cb65 None None] DB_Driver: join new ServiceGroup member np0000002459 to the scheduler group, service = {{(pid=95903) join /opt/stack/nova/nova/servicegroup/drivers/db.py:44}}
Jun 09 16:02:35.048347 np0000002459 nova-scheduler[95903]: DEBUG oslo.service.backend._threading.loopingcall [None req-1396c297-659d-4bc8-9641-e0015bb35349 None None] Dynamic interval looping call 'nova.service.Service.periodic_tasks' sleeping for 60.00 seconds {{(pid=95903) _run_loop /opt/stack/data/venv/lib/python3.12/site-packages/oslo_service/backend/_threading/loopingcall.py:125}}
Jun 09 16:02:40.054006 np0000002459 nova-scheduler[95899]: DEBUG oslo.service.backend._threading.loopingcall [-] Fixed interval looping call 'nova.servicegroup.drivers.db.DbDriver._report_state' sleeping for 119.99 seconds {{(pid=95899) _run_loop /opt/stack/data/venv/lib/python3.12/site-packages/oslo_service/backend/_threading/loopingcall.py:125}}
Jun 09 16:02:40.058093 np0000002459 nova-scheduler[95903]: DEBUG oslo.service.backend._threading.loopingcall [-] Fixed interval looping call 'nova.servicegroup.drivers.db.DbDriver._report_state' sleeping for 119.99 seconds {{(pid=95903) _run_loop /opt/stack/data/venv/lib/python3.12/site-packages/oslo_service/backend/_threading/loopingcall.py:125}}
Jun 09 16:02:40.062196 np0000002459 nova-scheduler[95901]: DEBUG oslo.service.backend._threading.loopingcall [-] Fixed interval looping call 'nova.servicegroup.drivers.db.DbDriver._report_state' sleeping for 119.99 seconds {{(pid=95901) _run_loop /opt/stack/data/venv/lib/python3.12/site-packages/oslo_service/backend/_threading/loopingcall.py:125}}
Jun 09 16:02:41.042419 np0000002459 nova-scheduler[95899]: DEBUG oslo.service.backend._threading.loopingcall [None req-b5347727-eac3-4722-81ba-89dd9681a1a7 None None] Dynamic interval looping call 'nova.service.Service.periodic_tasks' sleeping for 60.00 seconds {{(pid=95899) _run_loop /opt/stack/data/venv/lib/python3.12/site-packages/oslo_service/backend/_threading/loopingcall.py:125}}
Jun 09 16:02:43.520081 np0000002459 nova-scheduler[94702]: DEBUG dbcounter [-] [94702] Writing DB stats nova_api:SELECT=3 {{(pid=94702) stat_writer /opt/stack/data/venv/lib/python3.12/site-packages/dbcounter.py:115}}
Jun 09 16:02:43.671666 np0000002459 nova-scheduler[94702]: DEBUG dbcounter [-] [94702] Writing DB stats nova_cell1:SELECT=1 {{(pid=94702) stat_writer /opt/stack/data/venv/lib/python3.12/site-packages/dbcounter.py:115}}
Jun 09 16:02:43.673990 np0000002459 nova-scheduler[94702]: DEBUG dbcounter [-] [94702] Writing DB stats nova_cell0:SELECT=1 {{(pid=94702) stat_writer /opt/stack/data/venv/lib/python3.12/site-packages/dbcounter.py:115}}
Jun 09 16:02:50.048205 np0000002459 nova-scheduler[95899]: DEBUG dbcounter [-] [95899] Writing DB stats nova_cell0:SELECT=5,nova_cell0:INSERT=1,nova_cell0:UPDATE=1 {{(pid=95899) stat_writer /opt/stack/data/venv/lib/python3.12/site-packages/dbcounter.py:115}}
Jun 09 16:02:50.055830 np0000002459 nova-scheduler[95903]: DEBUG dbcounter [-] [95903] Writing DB stats nova_cell0:SELECT=4,nova_cell0:INSERT=1 {{(pid=95903) stat_writer /opt/stack/data/venv/lib/python3.12/site-packages/dbcounter.py:115}}
Jun 09 16:02:50.058240 np0000002459 nova-scheduler[95901]: DEBUG dbcounter [-] [95901] Writing DB stats nova_cell0:SELECT=3 {{(pid=95901) stat_writer /opt/stack/data/venv/lib/python3.12/site-packages/dbcounter.py:115}}
Jun 09 16:03:05.051352 np0000002459 nova-scheduler[95901]: DEBUG oslo.service.backend._threading.loopingcall [None req-fa875df4-96c7-44e1-8142-d4c7b15c4e5b None None] Dynamic interval looping call 'nova.service.Service.periodic_tasks' sleeping for 60.00 seconds {{(pid=95901) _run_loop /opt/stack/data/venv/lib/python3.12/site-packages/oslo_service/backend/_threading/loopingcall.py:125}}
Jun 09 16:03:35.048835 np0000002459 nova-scheduler[95903]: DEBUG oslo.service.backend._threading.loopingcall [None req-1396c297-659d-4bc8-9641-e0015bb35349 None None] Dynamic interval looping call 'nova.service.Service.periodic_tasks' sleeping for 60.00 seconds {{(pid=95903) _run_loop /opt/stack/data/venv/lib/python3.12/site-packages/oslo_service/backend/_threading/loopingcall.py:125}}
Jun 09 16:03:41.042597 np0000002459 nova-scheduler[95899]: DEBUG oslo.service.backend._threading.loopingcall [None req-b5347727-eac3-4722-81ba-89dd9681a1a7 None None] Dynamic interval looping call 'nova.service.Service.periodic_tasks' sleeping for 60.00 seconds {{(pid=95899) _run_loop /opt/stack/data/venv/lib/python3.12/site-packages/oslo_service/backend/_threading/loopingcall.py:125}}
Jun 09 16:04:05.051790 np0000002459 nova-scheduler[95901]: DEBUG oslo.service.backend._threading.loopingcall [None req-fa875df4-96c7-44e1-8142-d4c7b15c4e5b None None] Dynamic interval looping call 'nova.service.Service.periodic_tasks' sleeping for 60.00 seconds {{(pid=95901) _run_loop /opt/stack/data/venv/lib/python3.12/site-packages/oslo_service/backend/_threading/loopingcall.py:125}}
Jun 09 16:04:35.049449 np0000002459 nova-scheduler[95903]: DEBUG oslo.service.backend._threading.loopingcall [None req-1396c297-659d-4bc8-9641-e0015bb35349 None None] Dynamic interval looping call 'nova.service.Service.periodic_tasks' sleeping for 60.00 seconds {{(pid=95903) _run_loop /opt/stack/data/venv/lib/python3.12/site-packages/oslo_service/backend/_threading/loopingcall.py:125}}
Jun 09 16:04:40.052029 np0000002459 nova-scheduler[95899]: DEBUG oslo.service.backend._threading.loopingcall [-] Fixed interval looping call 'nova.servicegroup.drivers.db.DbDriver._report_state' sleeping for 119.99 seconds {{(pid=95899) _run_loop /opt/stack/data/venv/lib/python3.12/site-packages/oslo_service/backend/_threading/loopingcall.py:125}}
Jun 09 16:04:40.054005 np0000002459 nova-scheduler[95903]: DEBUG oslo.service.backend._threading.loopingcall [-] Fixed interval looping call 'nova.servicegroup.drivers.db.DbDriver._report_state' sleeping for 119.99 seconds {{(pid=95903) _run_loop /opt/stack/data/venv/lib/python3.12/site-packages/oslo_service/backend/_threading/loopingcall.py:125}}
Jun 09 16:04:40.057094 np0000002459 nova-scheduler[95901]: DEBUG oslo.service.backend._threading.loopingcall [-] Fixed interval looping call 'nova.servicegroup.drivers.db.DbDriver._report_state' sleeping for 120.00 seconds {{(pid=95901) _run_loop /opt/stack/data/venv/lib/python3.12/site-packages/oslo_service/backend/_threading/loopingcall.py:125}}
Jun 09 16:04:41.043238 np0000002459 nova-scheduler[95899]: DEBUG oslo.service.backend._threading.loopingcall [None req-b5347727-eac3-4722-81ba-89dd9681a1a7 None None] Dynamic interval looping call 'nova.service.Service.periodic_tasks' sleeping for 60.00 seconds {{(pid=95899) _run_loop /opt/stack/data/venv/lib/python3.12/site-packages/oslo_service/backend/_threading/loopingcall.py:125}}
Jun 09 16:04:50.048335 np0000002459 nova-scheduler[95899]: DEBUG dbcounter [-] [95899] Writing DB stats nova_cell0:SELECT=1,nova_cell0:UPDATE=1 {{(pid=95899) stat_writer /opt/stack/data/venv/lib/python3.12/site-packages/dbcounter.py:115}}
Jun 09 16:04:50.052955 np0000002459 nova-scheduler[95903]: DEBUG dbcounter [-] [95903] Writing DB stats nova_cell0:SELECT=1,nova_cell0:UPDATE=1 {{(pid=95903) stat_writer /opt/stack/data/venv/lib/python3.12/site-packages/dbcounter.py:115}}
Jun 09 16:04:50.055295 np0000002459 nova-scheduler[95901]: DEBUG dbcounter [-] [95901] Writing DB stats nova_cell0:SELECT=1 {{(pid=95901) stat_writer /opt/stack/data/venv/lib/python3.12/site-packages/dbcounter.py:115}}
Jun 09 16:05:05.052285 np0000002459 nova-scheduler[95901]: DEBUG oslo.service.backend._threading.loopingcall [None req-fa875df4-96c7-44e1-8142-d4c7b15c4e5b None None] Dynamic interval looping call 'nova.service.Service.periodic_tasks' sleeping for 60.00 seconds {{(pid=95901) _run_loop /opt/stack/data/venv/lib/python3.12/site-packages/oslo_service/backend/_threading/loopingcall.py:125}}
Jun 09 16:05:26.267581 np0000002459 nova-scheduler[95899]: DEBUG nova.scheduler.manager [None req-0c41e656-b907-44fe-b9c4-696f62c54e1b tempest-ServerActionsTestOtherB-224985631 tempest-ServerActionsTestOtherB-224985631-project-member] Starting to schedule for instances: ['24304c1d-16e9-40c7-8d73-104711b4012f'] {{(pid=95899) select_destinations /opt/stack/nova/nova/scheduler/manager.py:210}}
Jun 09 16:05:26.268148 np0000002459 nova-scheduler[95899]: DEBUG nova.scheduler.request_filter [None req-0c41e656-b907-44fe-b9c4-696f62c54e1b tempest-ServerActionsTestOtherB-224985631 tempest-ServerActionsTestOtherB-224985631-project-member] compute_status_filter request filter added forbidden trait COMPUTE_STATUS_DISABLED {{(pid=95899) compute_status_filter /opt/stack/nova/nova/scheduler/request_filter.py:253}}
Jun 09 16:05:26.268407 np0000002459 nova-scheduler[95899]: DEBUG nova.scheduler.request_filter [None req-0c41e656-b907-44fe-b9c4-696f62c54e1b tempest-ServerActionsTestOtherB-224985631 tempest-ServerActionsTestOtherB-224985631-project-member] Request filter 'compute_status_filter' took 0.0 seconds {{(pid=95899) wrapper /opt/stack/nova/nova/scheduler/request_filter.py:46}}
Jun 09 16:05:26.268574 np0000002459 nova-scheduler[95899]: DEBUG nova.scheduler.request_filter [None req-0c41e656-b907-44fe-b9c4-696f62c54e1b tempest-ServerActionsTestOtherB-224985631 tempest-ServerActionsTestOtherB-224985631-project-member] Request filter 'accelerators_filter' took 0.0 seconds {{(pid=95899) wrapper /opt/stack/nova/nova/scheduler/request_filter.py:46}}
Jun 09 16:05:26.269561 np0000002459 nova-scheduler[95899]: DEBUG nova.scheduler.request_filter [None req-0c41e656-b907-44fe-b9c4-696f62c54e1b tempest-ServerActionsTestOtherB-224985631 tempest-ServerActionsTestOtherB-224985631-project-member] Request filter 'packed_virtqueue_filter' took 0.0 seconds {{(pid=95899) wrapper /opt/stack/nova/nova/scheduler/request_filter.py:46}}
Jun 09 16:05:26.269561 np0000002459 nova-scheduler[95899]: DEBUG nova.scheduler.request_filter [None req-0c41e656-b907-44fe-b9c4-696f62c54e1b tempest-ServerActionsTestOtherB-224985631 tempest-ServerActionsTestOtherB-224985631-project-member] Request filter 'remote_managed_ports_filter' took 0.0 seconds {{(pid=95899) wrapper /opt/stack/nova/nova/scheduler/request_filter.py:46}}
Jun 09 16:05:26.269561 np0000002459 nova-scheduler[95899]: DEBUG nova.scheduler.request_filter [None req-0c41e656-b907-44fe-b9c4-696f62c54e1b tempest-ServerActionsTestOtherB-224985631 tempest-ServerActionsTestOtherB-224985631-project-member] ephemeral_encryption_filter skipped {{(pid=95899) ephemeral_encryption_filter /opt/stack/nova/nova/scheduler/request_filter.py:426}}
Jun 09 16:05:26.269561 np0000002459 nova-scheduler[95899]: DEBUG nova.scheduler.request_filter [None req-0c41e656-b907-44fe-b9c4-696f62c54e1b tempest-ServerActionsTestOtherB-224985631 tempest-ServerActionsTestOtherB-224985631-project-member] virtio_sound_filter skipped {{(pid=95899) virtio_sound_filter /opt/stack/nova/nova/scheduler/request_filter.py:460}}
Jun 09 16:05:26.269779 np0000002459 nova-scheduler[95899]: DEBUG nova.scheduler.request_filter [None req-0c41e656-b907-44fe-b9c4-696f62c54e1b tempest-ServerActionsTestOtherB-224985631 tempest-ServerActionsTestOtherB-224985631-project-member] tpm_secret_security_filter skipped {{(pid=95899) tpm_secret_security_filter /opt/stack/nova/nova/scheduler/request_filter.py:477}}
Jun 09 16:05:26.509591 np0000002459 nova-scheduler[95901]: DEBUG nova.scheduler.manager [None req-da5e05e9-6d05-4752-956b-3477f33e8813 tempest-AttachVolumeTestJSON-136862849 tempest-AttachVolumeTestJSON-136862849-project-member] Starting to schedule for instances: ['cd35b982-c727-4521-9ee4-014f8ca691c3'] {{(pid=95901) select_destinations /opt/stack/nova/nova/scheduler/manager.py:210}}
Jun 09 16:05:26.511697 np0000002459 nova-scheduler[95901]: DEBUG nova.scheduler.request_filter [None req-da5e05e9-6d05-4752-956b-3477f33e8813 tempest-AttachVolumeTestJSON-136862849 tempest-AttachVolumeTestJSON-136862849-project-member] compute_status_filter request filter added forbidden trait COMPUTE_STATUS_DISABLED {{(pid=95901) compute_status_filter /opt/stack/nova/nova/scheduler/request_filter.py:253}}
Jun 09 16:05:26.511697 np0000002459 nova-scheduler[95901]: DEBUG nova.scheduler.request_filter [None req-da5e05e9-6d05-4752-956b-3477f33e8813 tempest-AttachVolumeTestJSON-136862849 tempest-AttachVolumeTestJSON-136862849-project-member] Request filter 'compute_status_filter' took 0.0 seconds {{(pid=95901) wrapper /opt/stack/nova/nova/scheduler/request_filter.py:46}}
Jun 09 16:05:26.511697 np0000002459 nova-scheduler[95901]: DEBUG nova.scheduler.request_filter [None req-da5e05e9-6d05-4752-956b-3477f33e8813 tempest-AttachVolumeTestJSON-136862849 tempest-AttachVolumeTestJSON-136862849-project-member] Request filter 'accelerators_filter' took 0.0 seconds {{(pid=95901) wrapper /opt/stack/nova/nova/scheduler/request_filter.py:46}}
Jun 09 16:05:26.512459 np0000002459 nova-scheduler[95901]: DEBUG nova.scheduler.request_filter [None req-da5e05e9-6d05-4752-956b-3477f33e8813 tempest-AttachVolumeTestJSON-136862849 tempest-AttachVolumeTestJSON-136862849-project-member] Request filter 'packed_virtqueue_filter' took 0.0 seconds {{(pid=95901) wrapper /opt/stack/nova/nova/scheduler/request_filter.py:46}}
Jun 09 16:05:26.512794 np0000002459 nova-scheduler[95901]: DEBUG nova.scheduler.request_filter [None req-da5e05e9-6d05-4752-956b-3477f33e8813 tempest-AttachVolumeTestJSON-136862849 tempest-AttachVolumeTestJSON-136862849-project-member] Request filter 'remote_managed_ports_filter' took 0.0 seconds {{(pid=95901) wrapper /opt/stack/nova/nova/scheduler/request_filter.py:46}}
Jun 09 16:05:26.513002 np0000002459 nova-scheduler[95901]: DEBUG nova.scheduler.request_filter [None req-da5e05e9-6d05-4752-956b-3477f33e8813 tempest-AttachVolumeTestJSON-136862849 tempest-AttachVolumeTestJSON-136862849-project-member] ephemeral_encryption_filter skipped {{(pid=95901) ephemeral_encryption_filter /opt/stack/nova/nova/scheduler/request_filter.py:426}}
Jun 09 16:05:26.513278 np0000002459 nova-scheduler[95901]: DEBUG nova.scheduler.request_filter [None req-da5e05e9-6d05-4752-956b-3477f33e8813 tempest-AttachVolumeTestJSON-136862849 tempest-AttachVolumeTestJSON-136862849-project-member] virtio_sound_filter skipped {{(pid=95901) virtio_sound_filter /opt/stack/nova/nova/scheduler/request_filter.py:460}}
Jun 09 16:05:26.513430 np0000002459 nova-scheduler[95901]: DEBUG nova.scheduler.request_filter [None req-da5e05e9-6d05-4752-956b-3477f33e8813 tempest-AttachVolumeTestJSON-136862849 tempest-AttachVolumeTestJSON-136862849-project-member] tpm_secret_security_filter skipped {{(pid=95901) tpm_secret_security_filter /opt/stack/nova/nova/scheduler/request_filter.py:477}}
Jun 09 16:05:26.888222 np0000002459 nova-scheduler[95899]: INFO nova.utils [None req-0c41e656-b907-44fe-b9c4-696f62c54e1b tempest-ServerActionsTestOtherB-224985631 tempest-ServerActionsTestOtherB-224985631-project-member] The cell worker thread pool ForkProcess-1.cell_worker is initialized
Jun 09 16:05:26.888595 np0000002459 nova-scheduler[95899]: DEBUG oslo_concurrency.lockutils [None req-0c41e656-b907-44fe-b9c4-696f62c54e1b tempest-ServerActionsTestOtherB-224985631 tempest-ServerActionsTestOtherB-224985631-project-member] Acquiring lock "dd1a7ebc-cb2b-4be1-8ece-2f512e4efe13" by "nova.context.set_target_cell..get_or_set_cached_cell_and_set_connections" {{(pid=95899) inner /opt/stack/data/venv/lib/python3.12/site-packages/oslo_concurrency/lockutils.py:511}}
Jun 09 16:05:26.888975 np0000002459 nova-scheduler[95899]: DEBUG oslo_concurrency.lockutils [None req-0c41e656-b907-44fe-b9c4-696f62c54e1b tempest-ServerActionsTestOtherB-224985631 tempest-ServerActionsTestOtherB-224985631-project-member] Lock "dd1a7ebc-cb2b-4be1-8ece-2f512e4efe13" acquired by "nova.context.set_target_cell..get_or_set_cached_cell_and_set_connections" :: waited 0.000s {{(pid=95899) inner /opt/stack/data/venv/lib/python3.12/site-packages/oslo_concurrency/lockutils.py:524}}
Jun 09 16:05:26.890705 np0000002459 nova-scheduler[95899]: DEBUG oslo_concurrency.lockutils [None req-0c41e656-b907-44fe-b9c4-696f62c54e1b tempest-ServerActionsTestOtherB-224985631 tempest-ServerActionsTestOtherB-224985631-project-member] Lock "dd1a7ebc-cb2b-4be1-8ece-2f512e4efe13" "released" by "nova.context.set_target_cell..get_or_set_cached_cell_and_set_connections" :: held 0.002s {{(pid=95899) inner /opt/stack/data/venv/lib/python3.12/site-packages/oslo_concurrency/lockutils.py:543}}
Jun 09 16:05:26.892539 np0000002459 nova-scheduler[95899]: INFO dbcounter [None req-0c41e656-b907-44fe-b9c4-696f62c54e1b tempest-ServerActionsTestOtherB-224985631 tempest-ServerActionsTestOtherB-224985631-project-member] Registered counter for database nova_cell1
Jun 09 16:05:26.906145 np0000002459 nova-scheduler[95901]: INFO nova.utils [None req-da5e05e9-6d05-4752-956b-3477f33e8813 tempest-AttachVolumeTestJSON-136862849 tempest-AttachVolumeTestJSON-136862849-project-member] The cell worker thread pool ForkProcess-2.cell_worker is initialized
Jun 09 16:05:26.907091 np0000002459 nova-scheduler[95901]: DEBUG oslo_concurrency.lockutils [None req-da5e05e9-6d05-4752-956b-3477f33e8813 tempest-AttachVolumeTestJSON-136862849 tempest-AttachVolumeTestJSON-136862849-project-member] Acquiring lock "dd1a7ebc-cb2b-4be1-8ece-2f512e4efe13" by "nova.context.set_target_cell..get_or_set_cached_cell_and_set_connections" {{(pid=95901) inner /opt/stack/data/venv/lib/python3.12/site-packages/oslo_concurrency/lockutils.py:511}}
Jun 09 16:05:26.907427 np0000002459 nova-scheduler[95901]: DEBUG oslo_concurrency.lockutils [None req-da5e05e9-6d05-4752-956b-3477f33e8813 tempest-AttachVolumeTestJSON-136862849 tempest-AttachVolumeTestJSON-136862849-project-member] Lock "dd1a7ebc-cb2b-4be1-8ece-2f512e4efe13" acquired by "nova.context.set_target_cell..get_or_set_cached_cell_and_set_connections" :: waited 0.000s {{(pid=95901) inner /opt/stack/data/venv/lib/python3.12/site-packages/oslo_concurrency/lockutils.py:524}}
Jun 09 16:05:26.909144 np0000002459 nova-scheduler[95901]: DEBUG oslo_concurrency.lockutils [None req-da5e05e9-6d05-4752-956b-3477f33e8813 tempest-AttachVolumeTestJSON-136862849 tempest-AttachVolumeTestJSON-136862849-project-member] Lock "dd1a7ebc-cb2b-4be1-8ece-2f512e4efe13" "released" by "nova.context.set_target_cell..get_or_set_cached_cell_and_set_connections" :: held 0.002s {{(pid=95901) inner /opt/stack/data/venv/lib/python3.12/site-packages/oslo_concurrency/lockutils.py:543}}
Jun 09 16:05:26.911688 np0000002459 nova-scheduler[95901]: INFO dbcounter [None req-da5e05e9-6d05-4752-956b-3477f33e8813 tempest-AttachVolumeTestJSON-136862849 tempest-AttachVolumeTestJSON-136862849-project-member] Registered counter for database nova_cell1
Jun 09 16:05:26.943345 np0000002459 nova-scheduler[95899]: DEBUG oslo_db.sqlalchemy.engines [None req-0c41e656-b907-44fe-b9c4-696f62c54e1b tempest-ServerActionsTestOtherB-224985631 tempest-ServerActionsTestOtherB-224985631-project-member] MySQL server mode set to STRICT_TRANS_TABLES,STRICT_ALL_TABLES,NO_ZERO_IN_DATE,NO_ZERO_DATE,ERROR_FOR_DIVISION_BY_ZERO,TRADITIONAL,NO_ENGINE_SUBSTITUTION {{(pid=95899) _check_effective_sql_mode /opt/stack/data/venv/lib/python3.12/site-packages/oslo_db/sqlalchemy/engines.py:325}}
Jun 09 16:05:26.949630 np0000002459 nova-scheduler[95899]: DEBUG dbcounter [-] [95899] Writer thread running {{(pid=95899) stat_writer /opt/stack/data/venv/lib/python3.12/site-packages/dbcounter.py:102}}
Jun 09 16:05:26.956119 np0000002459 nova-scheduler[95901]: DEBUG oslo_db.sqlalchemy.engines [None req-da5e05e9-6d05-4752-956b-3477f33e8813 tempest-AttachVolumeTestJSON-136862849 tempest-AttachVolumeTestJSON-136862849-project-member] MySQL server mode set to STRICT_TRANS_TABLES,STRICT_ALL_TABLES,NO_ZERO_IN_DATE,NO_ZERO_DATE,ERROR_FOR_DIVISION_BY_ZERO,TRADITIONAL,NO_ENGINE_SUBSTITUTION {{(pid=95901) _check_effective_sql_mode /opt/stack/data/venv/lib/python3.12/site-packages/oslo_db/sqlalchemy/engines.py:325}}
Jun 09 16:05:26.962201 np0000002459 nova-scheduler[95901]: DEBUG dbcounter [-] [95901] Writer thread running {{(pid=95901) stat_writer /opt/stack/data/venv/lib/python3.12/site-packages/dbcounter.py:102}}
Jun 09 16:05:26.966498 np0000002459 nova-scheduler[95899]: DEBUG oslo_db.sqlalchemy.engines [None req-0c41e656-b907-44fe-b9c4-696f62c54e1b tempest-ServerActionsTestOtherB-224985631 tempest-ServerActionsTestOtherB-224985631-project-member] Parent process 94702 forked (95899) with an open database connection, which is being discarded and recreated. {{(pid=95899) checkout /opt/stack/data/venv/lib/python3.12/site-packages/oslo_db/sqlalchemy/engines.py:402}}
Jun 09 16:05:27.011489 np0000002459 nova-scheduler[95899]: DEBUG dbcounter [-] [95899] Writer thread running {{(pid=95899) stat_writer /opt/stack/data/venv/lib/python3.12/site-packages/dbcounter.py:102}}
Jun 09 16:05:27.014322 np0000002459 nova-scheduler[95899]: DEBUG oslo_concurrency.lockutils [None req-0c41e656-b907-44fe-b9c4-696f62c54e1b tempest-ServerActionsTestOtherB-224985631 tempest-ServerActionsTestOtherB-224985631-project-member] Acquiring lock "dd1a7ebc-cb2b-4be1-8ece-2f512e4efe13" by "nova.context.set_target_cell..get_or_set_cached_cell_and_set_connections" {{(pid=95899) inner /opt/stack/data/venv/lib/python3.12/site-packages/oslo_concurrency/lockutils.py:511}}
Jun 09 16:05:27.014485 np0000002459 nova-scheduler[95899]: DEBUG oslo_concurrency.lockutils [None req-0c41e656-b907-44fe-b9c4-696f62c54e1b tempest-ServerActionsTestOtherB-224985631 tempest-ServerActionsTestOtherB-224985631-project-member] Lock "dd1a7ebc-cb2b-4be1-8ece-2f512e4efe13" acquired by "nova.context.set_target_cell..get_or_set_cached_cell_and_set_connections" :: waited 0.000s {{(pid=95899) inner /opt/stack/data/venv/lib/python3.12/site-packages/oslo_concurrency/lockutils.py:524}}
Jun 09 16:05:27.014610 np0000002459 nova-scheduler[95899]: DEBUG oslo_concurrency.lockutils [None req-0c41e656-b907-44fe-b9c4-696f62c54e1b tempest-ServerActionsTestOtherB-224985631 tempest-ServerActionsTestOtherB-224985631-project-member] Lock "dd1a7ebc-cb2b-4be1-8ece-2f512e4efe13" "released" by "nova.context.set_target_cell..get_or_set_cached_cell_and_set_connections" :: held 0.000s {{(pid=95899) inner /opt/stack/data/venv/lib/python3.12/site-packages/oslo_concurrency/lockutils.py:543}}
Jun 09 16:05:27.018261 np0000002459 nova-scheduler[95899]: DEBUG oslo_concurrency.lockutils [None req-0c41e656-b907-44fe-b9c4-696f62c54e1b tempest-ServerActionsTestOtherB-224985631 tempest-ServerActionsTestOtherB-224985631-project-member] Acquiring lock "('np0000002459', 'np0000002459')" by "nova.scheduler.host_manager.HostState.update.._locked_update" {{(pid=95899) inner /opt/stack/data/venv/lib/python3.12/site-packages/oslo_concurrency/lockutils.py:511}}
Jun 09 16:05:27.018448 np0000002459 nova-scheduler[95899]: DEBUG oslo_concurrency.lockutils [None req-0c41e656-b907-44fe-b9c4-696f62c54e1b tempest-ServerActionsTestOtherB-224985631 tempest-ServerActionsTestOtherB-224985631-project-member] Lock "('np0000002459', 'np0000002459')" acquired by "nova.scheduler.host_manager.HostState.update.._locked_update" :: waited 0.000s {{(pid=95899) inner /opt/stack/data/venv/lib/python3.12/site-packages/oslo_concurrency/lockutils.py:524}}
Jun 09 16:05:27.019472 np0000002459 nova-scheduler[95899]: DEBUG nova.scheduler.host_manager [None req-0c41e656-b907-44fe-b9c4-696f62c54e1b tempest-ServerActionsTestOtherB-224985631 tempest-ServerActionsTestOtherB-224985631-project-member] Update host state from compute node: ComputeNode(cpu_allocation_ratio=4.0,cpu_info='{"arch": "x86_64", "model": "EPYC-Milan", "vendor": "AMD", "topology": {"cells": 1, "sockets": 12, "cores": 1, "threads": 1}, "maxphysaddr": {"mode": "emulate", "bits": 40}, "features": ["mds-no", "amd-psfd", "stibp-always-on", "misalignsse", "rdpid", "smep", "sse", "svm", "lbrv", "ibrs", "null-sel-clr-base", "pse", "vmcb-clean", "pni", "pause-filter", "erms", "fpu", "apic", "clzero", "amd-stibp", "wbnoinvd", "pge", "clwb", "adx", "npt", "nrip-save", "aes", "tsc_adjust", "arat", "no-nested-data-bp", "pfthreshold", "cmp_legacy", "bmi1", "pat", "mtrr", "avx2", "osvw", "fsrm", "vaes", "amd-ssbd", "lfence-always-serializing", "msr", "rdseed", "vpclmulqdq", "pschange-mc-no", "sse4.2", "gds-no", "fxsr_opt", "fxsr", "ssse3", "topoext", "ibpb", "pcid", "pdpe1gb", "lm", "pae", "movbe", "tsc-scale", "mmx", "smap", "cx16", "mmxext", "rdrand", "rdctl-no", "xsavec", "fsgsbase", "sha-ni", "perfctr_core", "xsaveerptr", "svme-addr-chk", "tsc", "fma", "de", "cmov", "umip", "xgetbv1", "3dnowprefetch", "bmi2", "cr8legacy", "clflushopt", "pse36", "sep", "abm", "tsc-deadline", "cx8", "virt-ssbd", "pclmuldq", "sse2", "vgif", "mca", "flushbyasid", "ssbd", "sse4a", "popcnt", "xsave", "arch-capabilities", "avx", "pku", "syscall", "v-vmsave-vmload", "rdtscp", "spec-ctrl", "sse4.1", "nx", "hypervisor", "xsaveopt", "stibp", "skip-l1dfl-vmentry", "lahf_lm", "mce", "vme", "clflush", "f16c", "x2apic", "invpcid", "xsaves"]}',created_at=2026-06-09T16:03:01Z,current_workload=0,deleted=False,deleted_at=None,disk_allocation_ratio=1.0,disk_available_least=74,free_disk_gb=95,free_ram_mb=23518,host='np0000002459',host_ip=10.4.3.231,hypervisor_hostname='np0000002459',hypervisor_type='QEMU',hypervisor_version=8002002,id=1,local_gb=95,local_gb_used=0,mapped=1,memory_mb=24030,memory_mb_used=512,metrics='[]',numa_topology='{"nova_object.name": "NUMATopology", "nova_object.namespace": "nova", "nova_object.version": "1.2", "nova_object.data": {"cells": [{"nova_object.name": "NUMACell", "nova_object.namespace": "nova", "nova_object.version": "1.5", "nova_object.data": {"id": 0, "cpuset": [0, 1, 2, 3, 4, 5, 6, 7, 8, 9, 10, 11], "pcpuset": [0, 1, 2, 3, 4, 5, 6, 7, 8, 9, 10, 11], "memory": 24030, "cpu_usage": 0, "memory_usage": 0, "pinned_cpus": [], "siblings": [[6], [2], [5], [11], [8], [4], [1], [7], [10], [0], [3], [9]], "mempages": [{"nova_object.name": "NUMAPagesTopology", "nova_object.namespace": "nova", "nova_object.version": "1.1", "nova_object.data": {"size_kb": 4, "total": 6151798, "used": 0, "reserved": 0}, "nova_object.changes": ["reserved", "size_kb", "used", "total"]}, {"nova_object.name": "NUMAPagesTopology", "nova_object.namespace": "nova", "nova_object.version": "1.1", "nova_object.data": {"size_kb": 2048, "total": 0, "used": 0, "reserved": 0}, "nova_object.changes": ["reserved", "size_kb", "used", "total"]}, {"nova_object.name": "NUMAPagesTopology", "nova_object.namespace": "nova", "nova_object.version": "1.1", "nova_object.data": {"size_kb": 1048576, "total": 0, "used": 0, "reserved": 0}, "nova_object.changes": ["reserved", "size_kb", "used", "total"]}], "network_metadata": {"nova_object.name": "NetworkMetadata", "nova_object.namespace": "nova", "nova_object.version": "1.0", "nova_object.data": {"physnets": [], "tunneled": false}, "nova_object.changes": ["tunneled", "physnets"]}, "socket": null}, "nova_object.changes": ["siblings", "network_metadata", "socket", "pcpuset", "memory_usage", "memory", "pinned_cpus", "cpu_usage", "cpuset", "id", "mempages"]}]}, "nova_object.changes": ["cells"]}',pci_device_pools=PciDevicePoolList,ram_allocation_ratio=1.0,running_vms=0,service_id=3,stats={failed_builds='0',uptime=' 16:04:46 up 29 min, 2 users, load average: 1.39, 1.42, 0.83
Jun 09 16:05:27.019472 np0000002459 nova-scheduler[95899]: '},supported_hv_specs=[HVSpec,HVSpec,HVSpec,HVSpec,HVSpec,HVSpec,HVSpec,HVSpec,HVSpec,HVSpec,HVSpec,HVSpec,HVSpec,HVSpec,HVSpec,HVSpec,HVSpec,HVSpec,HVSpec,HVSpec,HVSpec,HVSpec,HVSpec,HVSpec,HVSpec],updated_at=2026-06-09T16:04:48Z,uuid=e4a9230f-6417-491d-8271-76dcc7fbabea,vcpus=12,vcpus_used=0) {{(pid=95899) _locked_update /opt/stack/nova/nova/scheduler/host_manager.py:168}}
Jun 09 16:05:27.020430 np0000002459 nova-scheduler[95899]: DEBUG nova.scheduler.host_manager [None req-0c41e656-b907-44fe-b9c4-696f62c54e1b tempest-ServerActionsTestOtherB-224985631 tempest-ServerActionsTestOtherB-224985631-project-member] Update host state with aggregates: [] {{(pid=95899) _locked_update /opt/stack/nova/nova/scheduler/host_manager.py:171}}
Jun 09 16:05:27.020606 np0000002459 nova-scheduler[95899]: DEBUG nova.scheduler.host_manager [None req-0c41e656-b907-44fe-b9c4-696f62c54e1b tempest-ServerActionsTestOtherB-224985631 tempest-ServerActionsTestOtherB-224985631-project-member] Update host state with service dict: {'id': 3, 'uuid': '5d4802c3-ec7a-4c0c-b74f-352ec3c891f4', 'host': 'np0000002459', 'binary': 'nova-compute', 'topic': 'compute', 'report_count': 2, 'disabled': False, 'disabled_reason': None, 'last_seen_up': datetime.datetime(2026, 6, 9, 16, 5, 10, tzinfo=datetime.timezone.utc), 'forced_down': False, 'version': 72, 'created_at': datetime.datetime(2026, 6, 9, 16, 2, 59, tzinfo=datetime.timezone.utc), 'updated_at': datetime.datetime(2026, 6, 9, 16, 5, 10, tzinfo=datetime.timezone.utc), 'deleted_at': None, 'deleted': False} {{(pid=95899) _locked_update /opt/stack/nova/nova/scheduler/host_manager.py:174}}
Jun 09 16:05:27.020804 np0000002459 nova-scheduler[95899]: DEBUG nova.scheduler.host_manager [None req-0c41e656-b907-44fe-b9c4-696f62c54e1b tempest-ServerActionsTestOtherB-224985631 tempest-ServerActionsTestOtherB-224985631-project-member] Update host state with instances: [] {{(pid=95899) _locked_update /opt/stack/nova/nova/scheduler/host_manager.py:177}}
Jun 09 16:05:27.021014 np0000002459 nova-scheduler[95899]: DEBUG oslo_concurrency.lockutils [None req-0c41e656-b907-44fe-b9c4-696f62c54e1b tempest-ServerActionsTestOtherB-224985631 tempest-ServerActionsTestOtherB-224985631-project-member] Lock "('np0000002459', 'np0000002459')" "released" by "nova.scheduler.host_manager.HostState.update.._locked_update" :: held 0.003s {{(pid=95899) inner /opt/stack/data/venv/lib/python3.12/site-packages/oslo_concurrency/lockutils.py:543}}
Jun 09 16:05:27.021576 np0000002459 nova-scheduler[95899]: DEBUG nova.filters [None req-0c41e656-b907-44fe-b9c4-696f62c54e1b tempest-ServerActionsTestOtherB-224985631 tempest-ServerActionsTestOtherB-224985631-project-member] Starting with 1 host(s) {{(pid=95899) get_filtered_objects /opt/stack/nova/nova/filters.py:70}}
Jun 09 16:05:27.021895 np0000002459 nova-scheduler[95899]: DEBUG nova.filters [None req-0c41e656-b907-44fe-b9c4-696f62c54e1b tempest-ServerActionsTestOtherB-224985631 tempest-ServerActionsTestOtherB-224985631-project-member] Filter ComputeFilter returned 1 host(s) {{(pid=95899) get_filtered_objects /opt/stack/nova/nova/filters.py:102}}
Jun 09 16:05:27.022071 np0000002459 nova-scheduler[95899]: DEBUG nova.filters [None req-0c41e656-b907-44fe-b9c4-696f62c54e1b tempest-ServerActionsTestOtherB-224985631 tempest-ServerActionsTestOtherB-224985631-project-member] Filter ComputeCapabilitiesFilter returned 1 host(s) {{(pid=95899) get_filtered_objects /opt/stack/nova/nova/filters.py:102}}
Jun 09 16:05:27.022281 np0000002459 nova-scheduler[95899]: DEBUG nova.filters [None req-0c41e656-b907-44fe-b9c4-696f62c54e1b tempest-ServerActionsTestOtherB-224985631 tempest-ServerActionsTestOtherB-224985631-project-member] Filter ImagePropertiesFilter returned 1 host(s) {{(pid=95899) get_filtered_objects /opt/stack/nova/nova/filters.py:102}}
Jun 09 16:05:27.022414 np0000002459 nova-scheduler[95899]: DEBUG nova.filters [None req-0c41e656-b907-44fe-b9c4-696f62c54e1b tempest-ServerActionsTestOtherB-224985631 tempest-ServerActionsTestOtherB-224985631-project-member] Filter ServerGroupAntiAffinityFilter returned 1 host(s) {{(pid=95899) get_filtered_objects /opt/stack/nova/nova/filters.py:102}}
Jun 09 16:05:27.022499 np0000002459 nova-scheduler[95899]: DEBUG nova.filters [None req-0c41e656-b907-44fe-b9c4-696f62c54e1b tempest-ServerActionsTestOtherB-224985631 tempest-ServerActionsTestOtherB-224985631-project-member] Filter ServerGroupAffinityFilter returned 1 host(s) {{(pid=95899) get_filtered_objects /opt/stack/nova/nova/filters.py:102}}
Jun 09 16:05:27.022561 np0000002459 nova-scheduler[95901]: DEBUG dbcounter [-] [95901] Writer thread running {{(pid=95901) stat_writer /opt/stack/data/venv/lib/python3.12/site-packages/dbcounter.py:102}}
Jun 09 16:05:27.022610 np0000002459 nova-scheduler[95899]: DEBUG nova.filters [None req-0c41e656-b907-44fe-b9c4-696f62c54e1b tempest-ServerActionsTestOtherB-224985631 tempest-ServerActionsTestOtherB-224985631-project-member] Filter SameHostFilter returned 1 host(s) {{(pid=95899) get_filtered_objects /opt/stack/nova/nova/filters.py:102}}
Jun 09 16:05:27.022722 np0000002459 nova-scheduler[95899]: DEBUG nova.filters [None req-0c41e656-b907-44fe-b9c4-696f62c54e1b tempest-ServerActionsTestOtherB-224985631 tempest-ServerActionsTestOtherB-224985631-project-member] Filter DifferentHostFilter returned 1 host(s) {{(pid=95899) get_filtered_objects /opt/stack/nova/nova/filters.py:102}}
Jun 09 16:05:27.022860 np0000002459 nova-scheduler[95899]: DEBUG nova.scheduler.manager [None req-0c41e656-b907-44fe-b9c4-696f62c54e1b tempest-ServerActionsTestOtherB-224985631 tempest-ServerActionsTestOtherB-224985631-project-member] Filtered [(np0000002459, np0000002459) ram: 23518MB disk: 75776MB io_ops: 0 instances: 0, allocation_candidates: 1] {{(pid=95899) _get_sorted_hosts /opt/stack/nova/nova/scheduler/manager.py:743}}
Jun 09 16:05:27.023091 np0000002459 nova-scheduler[95899]: DEBUG nova.scheduler.manager [None req-0c41e656-b907-44fe-b9c4-696f62c54e1b tempest-ServerActionsTestOtherB-224985631 tempest-ServerActionsTestOtherB-224985631-project-member] Weighed [WeighedHost [host: (np0000002459, np0000002459) ram: 23518MB disk: 75776MB io_ops: 0 instances: 0, allocation_candidates: 1, weight: 0.0]] {{(pid=95899) _get_sorted_hosts /opt/stack/nova/nova/scheduler/manager.py:765}}
Jun 09 16:05:27.023271 np0000002459 nova-scheduler[95899]: DEBUG nova.scheduler.utils [None req-0c41e656-b907-44fe-b9c4-696f62c54e1b tempest-ServerActionsTestOtherB-224985631 tempest-ServerActionsTestOtherB-224985631-project-member] Attempting to claim resources in the placement API for instance 24304c1d-16e9-40c7-8d73-104711b4012f {{(pid=95899) claim_resources /opt/stack/nova/nova/scheduler/utils.py:1345}}
Jun 09 16:05:27.025021 np0000002459 nova-scheduler[95901]: DEBUG oslo_concurrency.lockutils [None req-da5e05e9-6d05-4752-956b-3477f33e8813 tempest-AttachVolumeTestJSON-136862849 tempest-AttachVolumeTestJSON-136862849-project-member] Acquiring lock "dd1a7ebc-cb2b-4be1-8ece-2f512e4efe13" by "nova.context.set_target_cell..get_or_set_cached_cell_and_set_connections" {{(pid=95901) inner /opt/stack/data/venv/lib/python3.12/site-packages/oslo_concurrency/lockutils.py:511}}
Jun 09 16:05:27.025154 np0000002459 nova-scheduler[95901]: DEBUG oslo_concurrency.lockutils [None req-da5e05e9-6d05-4752-956b-3477f33e8813 tempest-AttachVolumeTestJSON-136862849 tempest-AttachVolumeTestJSON-136862849-project-member] Lock "dd1a7ebc-cb2b-4be1-8ece-2f512e4efe13" acquired by "nova.context.set_target_cell..get_or_set_cached_cell_and_set_connections" :: waited 0.000s {{(pid=95901) inner /opt/stack/data/venv/lib/python3.12/site-packages/oslo_concurrency/lockutils.py:524}}
Jun 09 16:05:27.025257 np0000002459 nova-scheduler[95901]: DEBUG oslo_concurrency.lockutils [None req-da5e05e9-6d05-4752-956b-3477f33e8813 tempest-AttachVolumeTestJSON-136862849 tempest-AttachVolumeTestJSON-136862849-project-member] Lock "dd1a7ebc-cb2b-4be1-8ece-2f512e4efe13" "released" by "nova.context.set_target_cell..get_or_set_cached_cell_and_set_connections" :: held 0.000s {{(pid=95901) inner /opt/stack/data/venv/lib/python3.12/site-packages/oslo_concurrency/lockutils.py:543}}
Jun 09 16:05:27.029994 np0000002459 nova-scheduler[95901]: DEBUG oslo_concurrency.lockutils [None req-da5e05e9-6d05-4752-956b-3477f33e8813 tempest-AttachVolumeTestJSON-136862849 tempest-AttachVolumeTestJSON-136862849-project-member] Acquiring lock "('np0000002459', 'np0000002459')" by "nova.scheduler.host_manager.HostState.update.._locked_update" {{(pid=95901) inner /opt/stack/data/venv/lib/python3.12/site-packages/oslo_concurrency/lockutils.py:511}}
Jun 09 16:05:27.029994 np0000002459 nova-scheduler[95901]: DEBUG oslo_concurrency.lockutils [None req-da5e05e9-6d05-4752-956b-3477f33e8813 tempest-AttachVolumeTestJSON-136862849 tempest-AttachVolumeTestJSON-136862849-project-member] Lock "('np0000002459', 'np0000002459')" acquired by "nova.scheduler.host_manager.HostState.update.._locked_update" :: waited 0.000s {{(pid=95901) inner /opt/stack/data/venv/lib/python3.12/site-packages/oslo_concurrency/lockutils.py:524}}
