Jul 21 11:40:04.801800 np0000005546 systemd[1]: Starting devstack@n-api.service - Devstack devstack@n-api.service...
Jul 21 11:40:04.807229 np0000005546 devstack@n-api.service[87415]: [uWSGI] getting INI configuration from /etc/nova/nova-api-uwsgi.ini
Jul 21 11:40:04.809529 np0000005546 devstack@n-api.service[87415]: *** Starting uWSGI 2.0.24-debian (64bit) on [Tue Jul 21 11:40:04 2026] ***
Jul 21 11:40:04.809529 np0000005546 devstack@n-api.service[87415]: compiled with version: 13.2.0 on 17 April 2024 16:23:48
Jul 21 11:40:04.809529 np0000005546 devstack@n-api.service[87415]: os: Linux-6.8.0-100-generic #100-Ubuntu SMP PREEMPT_DYNAMIC Tue Jan 13 16:40:06 UTC 2026
Jul 21 11:40:04.809529 np0000005546 devstack@n-api.service[87415]: nodename: np0000005546
Jul 21 11:40:04.809529 np0000005546 devstack@n-api.service[87415]: machine: x86_64
Jul 21 11:40:04.809529 np0000005546 devstack@n-api.service[87415]: clock source: unix
Jul 21 11:40:04.809529 np0000005546 devstack@n-api.service[87415]: pcre jit disabled
Jul 21 11:40:04.809529 np0000005546 devstack@n-api.service[87415]: detected number of CPU cores: 16
Jul 21 11:40:04.809529 np0000005546 devstack@n-api.service[87415]: current working directory: /
Jul 21 11:40:04.809529 np0000005546 devstack@n-api.service[87415]: detected binary path: /usr/bin/uwsgi-core
Jul 21 11:40:04.809529 np0000005546 devstack@n-api.service[87415]: your processes number limit is 257052
Jul 21 11:40:04.809529 np0000005546 devstack@n-api.service[87415]: your memory page size is 4096 bytes
Jul 21 11:40:04.809529 np0000005546 devstack@n-api.service[87415]: detected max file descriptor number: 2048
Jul 21 11:40:04.809529 np0000005546 devstack@n-api.service[87415]: lock engine: pthread robust mutexes
Jul 21 11:40:04.809857 np0000005546 devstack@n-api.service[87415]: thunder lock: enabled
Jul 21 11:40:04.809857 np0000005546 devstack@n-api.service[87415]: uwsgi socket 0 bound to UNIX address /var/run/uwsgi/nova-api.socket fd 4
Jul 21 11:40:04.810000 np0000005546 devstack@n-api.service[87415]: Python version: 3.12.3 (main, Jun 19 2026, 12:46:00) [GCC 13.3.0]
Jul 21 11:40:04.810000 np0000005546 devstack@n-api.service[87415]: PEP 405 virtualenv detected: /opt/stack/data/venv
Jul 21 11:40:04.810000 np0000005546 devstack@n-api.service[87415]: Set PythonHome to /opt/stack/data/venv
Jul 21 11:40:04.843957 np0000005546 devstack@n-api.service[87415]: Python main interpreter initialized at 0x70ef574a4668
Jul 21 11:40:04.843957 np0000005546 devstack@n-api.service[87415]: python threads support enabled
Jul 21 11:40:04.843957 np0000005546 devstack@n-api.service[87415]: your server socket listen backlog is limited to 100 connections
Jul 21 11:40:04.843957 np0000005546 devstack@n-api.service[87415]: your mercy for graceful operations on workers is 80 seconds
Jul 21 11:40:04.844481 np0000005546 devstack@n-api.service[87415]: mapped 671795 bytes (656 KB) for 4 cores
Jul 21 11:40:04.844615 np0000005546 devstack@n-api.service[87415]: *** Operational MODE: preforking ***
Jul 21 11:40:04.844807 np0000005546 devstack@n-api.service[87415]: *** uWSGI is running in multiple interpreter mode ***
Jul 21 11:40:04.844807 np0000005546 devstack@n-api.service[87415]: spawned uWSGI master process (pid: 87415)
Jul 21 11:40:04.845060 np0000005546 systemd[1]: Started devstack@n-api.service - Devstack devstack@n-api.service.
Jul 21 11:40:04.845419 np0000005546 devstack@n-api.service[87415]: spawned uWSGI worker 1 (pid: 87416, cores: 1)
Jul 21 11:40:04.846029 np0000005546 devstack@n-api.service[87415]: spawned uWSGI worker 2 (pid: 87417, cores: 1)
Jul 21 11:40:04.846621 np0000005546 devstack@n-api.service[87415]: spawned uWSGI worker 3 (pid: 87418, cores: 1)
Jul 21 11:40:04.847178 np0000005546 devstack@n-api.service[87415]: spawned uWSGI worker 4 (pid: 87419, cores: 1)
Jul 21 11:40:04.847236 np0000005546 devstack@n-api.service[87415]: running "unix_signal:15 gracefully_kill_them_all" (master-start)...
Jul 21 11:40:06.658567 np0000005546 devstack@n-api.service[87419]: INFO dbcounter [None req-fa1b9bb8-b730-4128-872f-902de2b11667 None None] Registered counter for database nova_api
Jul 21 11:40:06.681137 np0000005546 devstack@n-api.service[87417]: INFO dbcounter [None req-230b4819-fe9a-4f4c-929e-e8fde12f6939 None None] Registered counter for database nova_api
Jul 21 11:40:06.696204 np0000005546 devstack@n-api.service[87418]: INFO dbcounter [None req-0d9c8344-5d3f-4000-8be6-6c0fe154acb7 None None] Registered counter for database nova_api
Jul 21 11:40:06.707657 np0000005546 devstack@n-api.service[87419]: DEBUG oslo_db.sqlalchemy.engines [None req-fa1b9bb8-b730-4128-872f-902de2b11667 None None] MySQL server mode set to STRICT_TRANS_TABLES,STRICT_ALL_TABLES,NO_ZERO_IN_DATE,NO_ZERO_DATE,ERROR_FOR_DIVISION_BY_ZERO,TRADITIONAL,NO_ENGINE_SUBSTITUTION {{(pid=87419) _check_effective_sql_mode /opt/stack/data/venv/lib/python3.12/site-packages/oslo_db/sqlalchemy/engines.py:325}}
Jul 21 11:40:06.740675 np0000005546 devstack@n-api.service[87417]: DEBUG oslo_db.sqlalchemy.engines [None req-230b4819-fe9a-4f4c-929e-e8fde12f6939 None None] MySQL server mode set to STRICT_TRANS_TABLES,STRICT_ALL_TABLES,NO_ZERO_IN_DATE,NO_ZERO_DATE,ERROR_FOR_DIVISION_BY_ZERO,TRADITIONAL,NO_ENGINE_SUBSTITUTION {{(pid=87417) _check_effective_sql_mode /opt/stack/data/venv/lib/python3.12/site-packages/oslo_db/sqlalchemy/engines.py:325}}
Jul 21 11:40:06.744112 np0000005546 devstack@n-api.service[87419]: DEBUG dbcounter [-] [87419] Writer thread running {{(pid=87419) stat_writer /opt/stack/data/venv/lib/python3.12/site-packages/dbcounter.py:102}}
Jul 21 11:40:06.749815 np0000005546 devstack@n-api.service[87419]: DEBUG nova.context [None req-fa1b9bb8-b730-4128-872f-902de2b11667 None None] Found 2 cells: 00000000-0000-0000-0000-000000000000(cell0),370b6178-c991-46c1-8992-9d005a9be045(cell1) {{(pid=87419) load_cells /opt/stack/nova/nova/context.py:509}}
Jul 21 11:40:06.749966 np0000005546 devstack@n-api.service[87418]: DEBUG oslo_db.sqlalchemy.engines [None req-0d9c8344-5d3f-4000-8be6-6c0fe154acb7 None None] MySQL server mode set to STRICT_TRANS_TABLES,STRICT_ALL_TABLES,NO_ZERO_IN_DATE,NO_ZERO_DATE,ERROR_FOR_DIVISION_BY_ZERO,TRADITIONAL,NO_ENGINE_SUBSTITUTION {{(pid=87418) _check_effective_sql_mode /opt/stack/data/venv/lib/python3.12/site-packages/oslo_db/sqlalchemy/engines.py:325}}
Jul 21 11:40:06.750147 np0000005546 devstack@n-api.service[87419]: INFO nova.utils [None req-fa1b9bb8-b730-4128-872f-902de2b11667 None None] The cell worker thread pool MainProcess.cell_worker is initialized
Jul 21 11:40:06.752500 np0000005546 devstack@n-api.service[87419]: DEBUG oslo_concurrency.lockutils [None req-fa1b9bb8-b730-4128-872f-902de2b11667 None None] Acquiring lock "00000000-0000-0000-0000-000000000000" by "nova.context.set_target_cell..get_or_set_cached_cell_and_set_connections" {{(pid=87419) inner /opt/stack/data/venv/lib/python3.12/site-packages/oslo_concurrency/lockutils.py:512}}
Jul 21 11:40:06.752799 np0000005546 devstack@n-api.service[87419]: DEBUG oslo_concurrency.lockutils [None req-fa1b9bb8-b730-4128-872f-902de2b11667 None None] Lock "00000000-0000-0000-0000-000000000000" acquired by "nova.context.set_target_cell..get_or_set_cached_cell_and_set_connections" :: waited 0.000s {{(pid=87419) inner /opt/stack/data/venv/lib/python3.12/site-packages/oslo_concurrency/lockutils.py:525}}
Jul 21 11:40:06.753246 np0000005546 devstack@n-api.service[87419]: DEBUG oslo_concurrency.lockutils [None req-fa1b9bb8-b730-4128-872f-902de2b11667 None None] Lock "00000000-0000-0000-0000-000000000000" "released" by "nova.context.set_target_cell..get_or_set_cached_cell_and_set_connections" :: held 0.001s {{(pid=87419) inner /opt/stack/data/venv/lib/python3.12/site-packages/oslo_concurrency/lockutils.py:544}}
Jul 21 11:40:06.754080 np0000005546 devstack@n-api.service[87419]: DEBUG oslo_concurrency.lockutils [None req-fa1b9bb8-b730-4128-872f-902de2b11667 None None] Acquiring lock "370b6178-c991-46c1-8992-9d005a9be045" by "nova.context.set_target_cell..get_or_set_cached_cell_and_set_connections" {{(pid=87419) inner /opt/stack/data/venv/lib/python3.12/site-packages/oslo_concurrency/lockutils.py:512}}
Jul 21 11:40:06.754305 np0000005546 devstack@n-api.service[87419]: DEBUG oslo_concurrency.lockutils [None req-fa1b9bb8-b730-4128-872f-902de2b11667 None None] Lock "370b6178-c991-46c1-8992-9d005a9be045" acquired by "nova.context.set_target_cell..get_or_set_cached_cell_and_set_connections" :: waited 0.000s {{(pid=87419) inner /opt/stack/data/venv/lib/python3.12/site-packages/oslo_concurrency/lockutils.py:525}}
Jul 21 11:40:06.755441 np0000005546 devstack@n-api.service[87419]: DEBUG oslo_concurrency.lockutils [None req-fa1b9bb8-b730-4128-872f-902de2b11667 None None] Lock "370b6178-c991-46c1-8992-9d005a9be045" "released" by "nova.context.set_target_cell..get_or_set_cached_cell_and_set_connections" :: held 0.001s {{(pid=87419) inner /opt/stack/data/venv/lib/python3.12/site-packages/oslo_concurrency/lockutils.py:544}}
Jul 21 11:40:06.757396 np0000005546 devstack@n-api.service[87419]: INFO dbcounter [None req-fa1b9bb8-b730-4128-872f-902de2b11667 None None] Registered counter for database nova_cell0
Jul 21 11:40:06.760556 np0000005546 devstack@n-api.service[87419]: INFO dbcounter [None req-fa1b9bb8-b730-4128-872f-902de2b11667 None None] Registered counter for database nova_cell1
Jul 21 11:40:06.775330 np0000005546 devstack@n-api.service[87416]: INFO dbcounter [None req-d1f66390-2821-46c9-8c9e-c9faa3a618b0 None None] Registered counter for database nova_api
Jul 21 11:40:06.780928 np0000005546 devstack@n-api.service[87417]: DEBUG dbcounter [-] [87417] Writer thread running {{(pid=87417) stat_writer /opt/stack/data/venv/lib/python3.12/site-packages/dbcounter.py:102}}
Jul 21 11:40:06.784799 np0000005546 devstack@n-api.service[87417]: DEBUG nova.context [None req-230b4819-fe9a-4f4c-929e-e8fde12f6939 None None] Found 2 cells: 00000000-0000-0000-0000-000000000000(cell0),370b6178-c991-46c1-8992-9d005a9be045(cell1) {{(pid=87417) load_cells /opt/stack/nova/nova/context.py:509}}
Jul 21 11:40:06.785126 np0000005546 devstack@n-api.service[87417]: INFO nova.utils [None req-230b4819-fe9a-4f4c-929e-e8fde12f6939 None None] The cell worker thread pool MainProcess.cell_worker is initialized
Jul 21 11:40:06.787917 np0000005546 devstack@n-api.service[87417]: DEBUG oslo_concurrency.lockutils [None req-230b4819-fe9a-4f4c-929e-e8fde12f6939 None None] Acquiring lock "00000000-0000-0000-0000-000000000000" by "nova.context.set_target_cell..get_or_set_cached_cell_and_set_connections" {{(pid=87417) inner /opt/stack/data/venv/lib/python3.12/site-packages/oslo_concurrency/lockutils.py:512}}
Jul 21 11:40:06.788147 np0000005546 devstack@n-api.service[87417]: DEBUG oslo_concurrency.lockutils [None req-230b4819-fe9a-4f4c-929e-e8fde12f6939 None None] Lock "00000000-0000-0000-0000-000000000000" acquired by "nova.context.set_target_cell..get_or_set_cached_cell_and_set_connections" :: waited 0.000s {{(pid=87417) inner /opt/stack/data/venv/lib/python3.12/site-packages/oslo_concurrency/lockutils.py:525}}
Jul 21 11:40:06.788286 np0000005546 devstack@n-api.service[87418]: DEBUG dbcounter [-] [87418] Writer thread running {{(pid=87418) stat_writer /opt/stack/data/venv/lib/python3.12/site-packages/dbcounter.py:102}}
Jul 21 11:40:06.788792 np0000005546 devstack@n-api.service[87417]: DEBUG oslo_concurrency.lockutils [None req-230b4819-fe9a-4f4c-929e-e8fde12f6939 None None] Lock "00000000-0000-0000-0000-000000000000" "released" by "nova.context.set_target_cell..get_or_set_cached_cell_and_set_connections" :: held 0.001s {{(pid=87417) inner /opt/stack/data/venv/lib/python3.12/site-packages/oslo_concurrency/lockutils.py:544}}
Jul 21 11:40:06.789944 np0000005546 devstack@n-api.service[87417]: DEBUG oslo_concurrency.lockutils [None req-230b4819-fe9a-4f4c-929e-e8fde12f6939 None None] Acquiring lock "370b6178-c991-46c1-8992-9d005a9be045" by "nova.context.set_target_cell..get_or_set_cached_cell_and_set_connections" {{(pid=87417) inner /opt/stack/data/venv/lib/python3.12/site-packages/oslo_concurrency/lockutils.py:512}}
Jul 21 11:40:06.790046 np0000005546 devstack@n-api.service[87417]: DEBUG oslo_concurrency.lockutils [None req-230b4819-fe9a-4f4c-929e-e8fde12f6939 None None] Lock "370b6178-c991-46c1-8992-9d005a9be045" acquired by "nova.context.set_target_cell..get_or_set_cached_cell_and_set_connections" :: waited 0.000s {{(pid=87417) inner /opt/stack/data/venv/lib/python3.12/site-packages/oslo_concurrency/lockutils.py:525}}
Jul 21 11:40:06.791375 np0000005546 devstack@n-api.service[87417]: DEBUG oslo_concurrency.lockutils [None req-230b4819-fe9a-4f4c-929e-e8fde12f6939 None None] Lock "370b6178-c991-46c1-8992-9d005a9be045" "released" by "nova.context.set_target_cell..get_or_set_cached_cell_and_set_connections" :: held 0.001s {{(pid=87417) inner /opt/stack/data/venv/lib/python3.12/site-packages/oslo_concurrency/lockutils.py:544}}
Jul 21 11:40:06.792096 np0000005546 devstack@n-api.service[87418]: DEBUG nova.context [None req-0d9c8344-5d3f-4000-8be6-6c0fe154acb7 None None] Found 2 cells: 00000000-0000-0000-0000-000000000000(cell0),370b6178-c991-46c1-8992-9d005a9be045(cell1) {{(pid=87418) load_cells /opt/stack/nova/nova/context.py:509}}
Jul 21 11:40:06.792525 np0000005546 devstack@n-api.service[87418]: INFO nova.utils [None req-0d9c8344-5d3f-4000-8be6-6c0fe154acb7 None None] The cell worker thread pool MainProcess.cell_worker is initialized
Jul 21 11:40:06.794034 np0000005546 devstack@n-api.service[87417]: INFO dbcounter [None req-230b4819-fe9a-4f4c-929e-e8fde12f6939 None None] Registered counter for database nova_cell0
Jul 21 11:40:06.795160 np0000005546 devstack@n-api.service[87418]: DEBUG oslo_concurrency.lockutils [None req-0d9c8344-5d3f-4000-8be6-6c0fe154acb7 None None] Acquiring lock "00000000-0000-0000-0000-000000000000" by "nova.context.set_target_cell..get_or_set_cached_cell_and_set_connections" {{(pid=87418) inner /opt/stack/data/venv/lib/python3.12/site-packages/oslo_concurrency/lockutils.py:512}}
Jul 21 11:40:06.795560 np0000005546 devstack@n-api.service[87418]: DEBUG oslo_concurrency.lockutils [None req-0d9c8344-5d3f-4000-8be6-6c0fe154acb7 None None] Lock "00000000-0000-0000-0000-000000000000" acquired by "nova.context.set_target_cell..get_or_set_cached_cell_and_set_connections" :: waited 0.000s {{(pid=87418) inner /opt/stack/data/venv/lib/python3.12/site-packages/oslo_concurrency/lockutils.py:525}}
Jul 21 11:40:06.796069 np0000005546 devstack@n-api.service[87418]: DEBUG oslo_concurrency.lockutils [None req-0d9c8344-5d3f-4000-8be6-6c0fe154acb7 None None] Lock "00000000-0000-0000-0000-000000000000" "released" by "nova.context.set_target_cell..get_or_set_cached_cell_and_set_connections" :: held 0.001s {{(pid=87418) inner /opt/stack/data/venv/lib/python3.12/site-packages/oslo_concurrency/lockutils.py:544}}
Jul 21 11:40:06.797149 np0000005546 devstack@n-api.service[87418]: DEBUG oslo_concurrency.lockutils [None req-0d9c8344-5d3f-4000-8be6-6c0fe154acb7 None None] Acquiring lock "370b6178-c991-46c1-8992-9d005a9be045" by "nova.context.set_target_cell..get_or_set_cached_cell_and_set_connections" {{(pid=87418) inner /opt/stack/data/venv/lib/python3.12/site-packages/oslo_concurrency/lockutils.py:512}}
Jul 21 11:40:06.797798 np0000005546 devstack@n-api.service[87417]: INFO dbcounter [None req-230b4819-fe9a-4f4c-929e-e8fde12f6939 None None] Registered counter for database nova_cell1
Jul 21 11:40:06.799434 np0000005546 devstack@n-api.service[87418]: INFO dbcounter [None req-0d9c8344-5d3f-4000-8be6-6c0fe154acb7 None None] Registered counter for database nova_cell0
Jul 21 11:40:06.801043 np0000005546 devstack@n-api.service[87418]: DEBUG oslo_concurrency.lockutils [None req-0d9c8344-5d3f-4000-8be6-6c0fe154acb7 None None] Lock "370b6178-c991-46c1-8992-9d005a9be045" acquired by "nova.context.set_target_cell..get_or_set_cached_cell_and_set_connections" :: waited 0.002s {{(pid=87418) inner /opt/stack/data/venv/lib/python3.12/site-packages/oslo_concurrency/lockutils.py:525}}
Jul 21 11:40:06.803120 np0000005546 devstack@n-api.service[87418]: DEBUG oslo_concurrency.lockutils [None req-0d9c8344-5d3f-4000-8be6-6c0fe154acb7 None None] Lock "370b6178-c991-46c1-8992-9d005a9be045" "released" by "nova.context.set_target_cell..get_or_set_cached_cell_and_set_connections" :: held 0.004s {{(pid=87418) inner /opt/stack/data/venv/lib/python3.12/site-packages/oslo_concurrency/lockutils.py:544}}
Jul 21 11:40:06.805475 np0000005546 devstack@n-api.service[87418]: INFO dbcounter [None req-0d9c8344-5d3f-4000-8be6-6c0fe154acb7 None None] Registered counter for database nova_cell1
Jul 21 11:40:06.813792 np0000005546 devstack@n-api.service[87419]: DEBUG oslo_db.sqlalchemy.engines [None req-fa1b9bb8-b730-4128-872f-902de2b11667 None None] MySQL server mode set to STRICT_TRANS_TABLES,STRICT_ALL_TABLES,NO_ZERO_IN_DATE,NO_ZERO_DATE,ERROR_FOR_DIVISION_BY_ZERO,TRADITIONAL,NO_ENGINE_SUBSTITUTION {{(pid=87419) _check_effective_sql_mode /opt/stack/data/venv/lib/python3.12/site-packages/oslo_db/sqlalchemy/engines.py:325}}
Jul 21 11:40:06.818292 np0000005546 devstack@n-api.service[87419]: DEBUG oslo_db.sqlalchemy.engines [None req-fa1b9bb8-b730-4128-872f-902de2b11667 None None] MySQL server mode set to STRICT_TRANS_TABLES,STRICT_ALL_TABLES,NO_ZERO_IN_DATE,NO_ZERO_DATE,ERROR_FOR_DIVISION_BY_ZERO,TRADITIONAL,NO_ENGINE_SUBSTITUTION {{(pid=87419) _check_effective_sql_mode /opt/stack/data/venv/lib/python3.12/site-packages/oslo_db/sqlalchemy/engines.py:325}}
Jul 21 11:40:06.832899 np0000005546 devstack@n-api.service[87416]: DEBUG oslo_db.sqlalchemy.engines [None req-d1f66390-2821-46c9-8c9e-c9faa3a618b0 None None] MySQL server mode set to STRICT_TRANS_TABLES,STRICT_ALL_TABLES,NO_ZERO_IN_DATE,NO_ZERO_DATE,ERROR_FOR_DIVISION_BY_ZERO,TRADITIONAL,NO_ENGINE_SUBSTITUTION {{(pid=87416) _check_effective_sql_mode /opt/stack/data/venv/lib/python3.12/site-packages/oslo_db/sqlalchemy/engines.py:325}}
Jul 21 11:40:06.848774 np0000005546 devstack@n-api.service[87417]: DEBUG oslo_db.sqlalchemy.engines [None req-230b4819-fe9a-4f4c-929e-e8fde12f6939 None None] MySQL server mode set to STRICT_TRANS_TABLES,STRICT_ALL_TABLES,NO_ZERO_IN_DATE,NO_ZERO_DATE,ERROR_FOR_DIVISION_BY_ZERO,TRADITIONAL,NO_ENGINE_SUBSTITUTION {{(pid=87417) _check_effective_sql_mode /opt/stack/data/venv/lib/python3.12/site-packages/oslo_db/sqlalchemy/engines.py:325}}
Jul 21 11:40:06.851826 np0000005546 devstack@n-api.service[87417]: DEBUG oslo_db.sqlalchemy.engines [None req-230b4819-fe9a-4f4c-929e-e8fde12f6939 None None] MySQL server mode set to STRICT_TRANS_TABLES,STRICT_ALL_TABLES,NO_ZERO_IN_DATE,NO_ZERO_DATE,ERROR_FOR_DIVISION_BY_ZERO,TRADITIONAL,NO_ENGINE_SUBSTITUTION {{(pid=87417) _check_effective_sql_mode /opt/stack/data/venv/lib/python3.12/site-packages/oslo_db/sqlalchemy/engines.py:325}}
Jul 21 11:40:06.855990 np0000005546 devstack@n-api.service[87418]: DEBUG oslo_db.sqlalchemy.engines [None req-0d9c8344-5d3f-4000-8be6-6c0fe154acb7 None None] MySQL server mode set to STRICT_TRANS_TABLES,STRICT_ALL_TABLES,NO_ZERO_IN_DATE,NO_ZERO_DATE,ERROR_FOR_DIVISION_BY_ZERO,TRADITIONAL,NO_ENGINE_SUBSTITUTION {{(pid=87418) _check_effective_sql_mode /opt/stack/data/venv/lib/python3.12/site-packages/oslo_db/sqlalchemy/engines.py:325}}
Jul 21 11:40:06.878254 np0000005546 devstack@n-api.service[87416]: DEBUG dbcounter [-] [87416] Writer thread running {{(pid=87416) stat_writer /opt/stack/data/venv/lib/python3.12/site-packages/dbcounter.py:102}}
Jul 21 11:40:06.881562 np0000005546 devstack@n-api.service[87416]: DEBUG nova.context [None req-d1f66390-2821-46c9-8c9e-c9faa3a618b0 None None] Found 2 cells: 00000000-0000-0000-0000-000000000000(cell0),370b6178-c991-46c1-8992-9d005a9be045(cell1) {{(pid=87416) load_cells /opt/stack/nova/nova/context.py:509}}
Jul 21 11:40:06.881880 np0000005546 devstack@n-api.service[87416]: INFO nova.utils [None req-d1f66390-2821-46c9-8c9e-c9faa3a618b0 None None] The cell worker thread pool MainProcess.cell_worker is initialized
Jul 21 11:40:06.884411 np0000005546 devstack@n-api.service[87416]: DEBUG oslo_concurrency.lockutils [None req-d1f66390-2821-46c9-8c9e-c9faa3a618b0 None None] Acquiring lock "00000000-0000-0000-0000-000000000000" by "nova.context.set_target_cell..get_or_set_cached_cell_and_set_connections" {{(pid=87416) inner /opt/stack/data/venv/lib/python3.12/site-packages/oslo_concurrency/lockutils.py:512}}
Jul 21 11:40:06.884679 np0000005546 devstack@n-api.service[87416]: DEBUG oslo_concurrency.lockutils [None req-d1f66390-2821-46c9-8c9e-c9faa3a618b0 None None] Lock "00000000-0000-0000-0000-000000000000" acquired by "nova.context.set_target_cell..get_or_set_cached_cell_and_set_connections" :: waited 0.000s {{(pid=87416) inner /opt/stack/data/venv/lib/python3.12/site-packages/oslo_concurrency/lockutils.py:525}}
Jul 21 11:40:06.885232 np0000005546 devstack@n-api.service[87416]: DEBUG oslo_concurrency.lockutils [None req-d1f66390-2821-46c9-8c9e-c9faa3a618b0 None None] Lock "00000000-0000-0000-0000-000000000000" "released" by "nova.context.set_target_cell..get_or_set_cached_cell_and_set_connections" :: held 0.001s {{(pid=87416) inner /opt/stack/data/venv/lib/python3.12/site-packages/oslo_concurrency/lockutils.py:544}}
Jul 21 11:40:06.886108 np0000005546 devstack@n-api.service[87416]: DEBUG oslo_concurrency.lockutils [None req-d1f66390-2821-46c9-8c9e-c9faa3a618b0 None None] Acquiring lock "370b6178-c991-46c1-8992-9d005a9be045" by "nova.context.set_target_cell..get_or_set_cached_cell_and_set_connections" {{(pid=87416) inner /opt/stack/data/venv/lib/python3.12/site-packages/oslo_concurrency/lockutils.py:512}}
Jul 21 11:40:06.886338 np0000005546 devstack@n-api.service[87416]: DEBUG oslo_concurrency.lockutils [None req-d1f66390-2821-46c9-8c9e-c9faa3a618b0 None None] Lock "370b6178-c991-46c1-8992-9d005a9be045" acquired by "nova.context.set_target_cell..get_or_set_cached_cell_and_set_connections" :: waited 0.000s {{(pid=87416) inner /opt/stack/data/venv/lib/python3.12/site-packages/oslo_concurrency/lockutils.py:525}}
Jul 21 11:40:06.887662 np0000005546 devstack@n-api.service[87416]: DEBUG oslo_concurrency.lockutils [None req-d1f66390-2821-46c9-8c9e-c9faa3a618b0 None None] Lock "370b6178-c991-46c1-8992-9d005a9be045" "released" by "nova.context.set_target_cell..get_or_set_cached_cell_and_set_connections" :: held 0.001s {{(pid=87416) inner /opt/stack/data/venv/lib/python3.12/site-packages/oslo_concurrency/lockutils.py:544}}
Jul 21 11:40:06.889105 np0000005546 devstack@n-api.service[87416]: INFO dbcounter [None req-d1f66390-2821-46c9-8c9e-c9faa3a618b0 None None] Registered counter for database nova_cell0
Jul 21 11:40:06.891938 np0000005546 devstack@n-api.service[87416]: INFO dbcounter [None req-d1f66390-2821-46c9-8c9e-c9faa3a618b0 None None] Registered counter for database nova_cell1
Jul 21 11:40:06.908662 np0000005546 devstack@n-api.service[87419]: DEBUG dbcounter [-] [87419] Writer thread running {{(pid=87419) stat_writer /opt/stack/data/venv/lib/python3.12/site-packages/dbcounter.py:102}}
Jul 21 11:40:06.911973 np0000005546 devstack@n-api.service[87419]: DEBUG dbcounter [-] [87419] Writer thread running {{(pid=87419) stat_writer /opt/stack/data/venv/lib/python3.12/site-packages/dbcounter.py:102}}
Jul 21 11:40:06.915879 np0000005546 devstack@n-api.service[87419]: INFO dbcounter [None req-fa1b9bb8-b730-4128-872f-902de2b11667 None None] Registered counter for database nova_cell0
Jul 21 11:40:06.932075 np0000005546 devstack@n-api.service[87418]: DEBUG oslo_db.sqlalchemy.engines [None req-0d9c8344-5d3f-4000-8be6-6c0fe154acb7 None None] MySQL server mode set to STRICT_TRANS_TABLES,STRICT_ALL_TABLES,NO_ZERO_IN_DATE,NO_ZERO_DATE,ERROR_FOR_DIVISION_BY_ZERO,TRADITIONAL,NO_ENGINE_SUBSTITUTION {{(pid=87418) _check_effective_sql_mode /opt/stack/data/venv/lib/python3.12/site-packages/oslo_db/sqlalchemy/engines.py:325}}
Jul 21 11:40:06.940845 np0000005546 devstack@n-api.service[87416]: DEBUG oslo_db.sqlalchemy.engines [None req-d1f66390-2821-46c9-8c9e-c9faa3a618b0 None None] MySQL server mode set to STRICT_TRANS_TABLES,STRICT_ALL_TABLES,NO_ZERO_IN_DATE,NO_ZERO_DATE,ERROR_FOR_DIVISION_BY_ZERO,TRADITIONAL,NO_ENGINE_SUBSTITUTION {{(pid=87416) _check_effective_sql_mode /opt/stack/data/venv/lib/python3.12/site-packages/oslo_db/sqlalchemy/engines.py:325}}
Jul 21 11:40:06.948729 np0000005546 devstack@n-api.service[87417]: DEBUG dbcounter [-] [87417] Writer thread running {{(pid=87417) stat_writer /opt/stack/data/venv/lib/python3.12/site-packages/dbcounter.py:102}}
Jul 21 11:40:06.951238 np0000005546 devstack@n-api.service[87417]: DEBUG dbcounter [-] [87417] Writer thread running {{(pid=87417) stat_writer /opt/stack/data/venv/lib/python3.12/site-packages/dbcounter.py:102}}
Jul 21 11:40:06.956751 np0000005546 devstack@n-api.service[87417]: INFO dbcounter [None req-230b4819-fe9a-4f4c-929e-e8fde12f6939 None None] Registered counter for database nova_cell0
Jul 21 11:40:06.963290 np0000005546 devstack@n-api.service[87419]: DEBUG oslo_db.sqlalchemy.engines [None req-fa1b9bb8-b730-4128-872f-902de2b11667 None None] MySQL server mode set to STRICT_TRANS_TABLES,STRICT_ALL_TABLES,NO_ZERO_IN_DATE,NO_ZERO_DATE,ERROR_FOR_DIVISION_BY_ZERO,TRADITIONAL,NO_ENGINE_SUBSTITUTION {{(pid=87419) _check_effective_sql_mode /opt/stack/data/venv/lib/python3.12/site-packages/oslo_db/sqlalchemy/engines.py:325}}
Jul 21 11:40:06.970083 np0000005546 devstack@n-api.service[87418]: DEBUG dbcounter [-] [87418] Writer thread running {{(pid=87418) stat_writer /opt/stack/data/venv/lib/python3.12/site-packages/dbcounter.py:102}}
Jul 21 11:40:06.971054 np0000005546 devstack@n-api.service[87419]: DEBUG dbcounter [-] [87419] Writer thread running {{(pid=87419) stat_writer /opt/stack/data/venv/lib/python3.12/site-packages/dbcounter.py:102}}
Jul 21 11:40:06.976088 np0000005546 devstack@n-api.service[87418]: DEBUG dbcounter [-] [87418] Writer thread running {{(pid=87418) stat_writer /opt/stack/data/venv/lib/python3.12/site-packages/dbcounter.py:102}}
Jul 21 11:40:07.004239 np0000005546 devstack@n-api.service[87417]: DEBUG oslo_db.sqlalchemy.engines [None req-230b4819-fe9a-4f4c-929e-e8fde12f6939 None None] MySQL server mode set to STRICT_TRANS_TABLES,STRICT_ALL_TABLES,NO_ZERO_IN_DATE,NO_ZERO_DATE,ERROR_FOR_DIVISION_BY_ZERO,TRADITIONAL,NO_ENGINE_SUBSTITUTION {{(pid=87417) _check_effective_sql_mode /opt/stack/data/venv/lib/python3.12/site-packages/oslo_db/sqlalchemy/engines.py:325}}
Jul 21 11:40:07.011034 np0000005546 devstack@n-api.service[87417]: DEBUG dbcounter [-] [87417] Writer thread running {{(pid=87417) stat_writer /opt/stack/data/venv/lib/python3.12/site-packages/dbcounter.py:102}}
Jul 21 11:40:07.011764 np0000005546 devstack@n-api.service[87416]: DEBUG oslo_db.sqlalchemy.engines [None req-d1f66390-2821-46c9-8c9e-c9faa3a618b0 None None] MySQL server mode set to STRICT_TRANS_TABLES,STRICT_ALL_TABLES,NO_ZERO_IN_DATE,NO_ZERO_DATE,ERROR_FOR_DIVISION_BY_ZERO,TRADITIONAL,NO_ENGINE_SUBSTITUTION {{(pid=87416) _check_effective_sql_mode /opt/stack/data/venv/lib/python3.12/site-packages/oslo_db/sqlalchemy/engines.py:325}}
Jul 21 11:40:07.030871 np0000005546 devstack@n-api.service[87416]: DEBUG dbcounter [-] [87416] Writer thread running {{(pid=87416) stat_writer /opt/stack/data/venv/lib/python3.12/site-packages/dbcounter.py:102}}
Jul 21 11:40:07.035086 np0000005546 devstack@n-api.service[87418]: INFO dbcounter [None req-0d9c8344-5d3f-4000-8be6-6c0fe154acb7 None None] Registered counter for database nova_cell0
Jul 21 11:40:07.037489 np0000005546 devstack@n-api.service[87416]: DEBUG dbcounter [-] [87416] Writer thread running {{(pid=87416) stat_writer /opt/stack/data/venv/lib/python3.12/site-packages/dbcounter.py:102}}
Jul 21 11:40:07.040946 np0000005546 devstack@n-api.service[87416]: INFO dbcounter [None req-d1f66390-2821-46c9-8c9e-c9faa3a618b0 None None] Registered counter for database nova_cell0
Jul 21 11:40:07.078137 np0000005546 devstack@n-api.service[87418]: DEBUG oslo_db.sqlalchemy.engines [None req-0d9c8344-5d3f-4000-8be6-6c0fe154acb7 None None] MySQL server mode set to STRICT_TRANS_TABLES,STRICT_ALL_TABLES,NO_ZERO_IN_DATE,NO_ZERO_DATE,ERROR_FOR_DIVISION_BY_ZERO,TRADITIONAL,NO_ENGINE_SUBSTITUTION {{(pid=87418) _check_effective_sql_mode /opt/stack/data/venv/lib/python3.12/site-packages/oslo_db/sqlalchemy/engines.py:325}}
Jul 21 11:40:07.082484 np0000005546 devstack@n-api.service[87416]: DEBUG oslo_db.sqlalchemy.engines [None req-d1f66390-2821-46c9-8c9e-c9faa3a618b0 None None] MySQL server mode set to STRICT_TRANS_TABLES,STRICT_ALL_TABLES,NO_ZERO_IN_DATE,NO_ZERO_DATE,ERROR_FOR_DIVISION_BY_ZERO,TRADITIONAL,NO_ENGINE_SUBSTITUTION {{(pid=87416) _check_effective_sql_mode /opt/stack/data/venv/lib/python3.12/site-packages/oslo_db/sqlalchemy/engines.py:325}}
Jul 21 11:40:07.085605 np0000005546 devstack@n-api.service[87418]: DEBUG dbcounter [-] [87418] Writer thread running {{(pid=87418) stat_writer /opt/stack/data/venv/lib/python3.12/site-packages/dbcounter.py:102}}
Jul 21 11:40:07.089436 np0000005546 devstack@n-api.service[87416]: DEBUG dbcounter [-] [87416] Writer thread running {{(pid=87416) stat_writer /opt/stack/data/venv/lib/python3.12/site-packages/dbcounter.py:102}}
Jul 21 11:40:07.421761 np0000005546 devstack@n-api.service[87417]: DEBUG oslo_concurrency.processutils [None req-230b4819-fe9a-4f4c-929e-e8fde12f6939 None None] Running cmd (subprocess): grep -F node.session.scan /sbin/iscsiadm {{(pid=87417) execute /opt/stack/data/venv/lib/python3.12/site-packages/oslo_concurrency/processutils.py:440}}
Jul 21 11:40:07.429087 np0000005546 devstack@n-api.service[87416]: DEBUG oslo_concurrency.processutils [None req-d1f66390-2821-46c9-8c9e-c9faa3a618b0 None None] Running cmd (subprocess): grep -F node.session.scan /sbin/iscsiadm {{(pid=87416) execute /opt/stack/data/venv/lib/python3.12/site-packages/oslo_concurrency/processutils.py:440}}
Jul 21 11:40:07.433968 np0000005546 devstack@n-api.service[87417]: DEBUG oslo_concurrency.processutils [None req-230b4819-fe9a-4f4c-929e-e8fde12f6939 None None] CMD "grep -F node.session.scan /sbin/iscsiadm" returned: 0 in 0.012s {{(pid=87417) execute /opt/stack/data/venv/lib/python3.12/site-packages/oslo_concurrency/processutils.py:468}}
Jul 21 11:40:07.439995 np0000005546 devstack@n-api.service[87416]: DEBUG oslo_concurrency.processutils [None req-d1f66390-2821-46c9-8c9e-c9faa3a618b0 None None] CMD "grep -F node.session.scan /sbin/iscsiadm" returned: 0 in 0.011s {{(pid=87416) execute /opt/stack/data/venv/lib/python3.12/site-packages/oslo_concurrency/processutils.py:468}}
Jul 21 11:40:07.446691 np0000005546 devstack@n-api.service[87419]: DEBUG oslo_concurrency.processutils [None req-fa1b9bb8-b730-4128-872f-902de2b11667 None None] Running cmd (subprocess): grep -F node.session.scan /sbin/iscsiadm {{(pid=87419) execute /opt/stack/data/venv/lib/python3.12/site-packages/oslo_concurrency/processutils.py:440}}
Jul 21 11:40:07.458670 np0000005546 devstack@n-api.service[87418]: DEBUG oslo_concurrency.processutils [None req-0d9c8344-5d3f-4000-8be6-6c0fe154acb7 None None] Running cmd (subprocess): grep -F node.session.scan /sbin/iscsiadm {{(pid=87418) execute /opt/stack/data/venv/lib/python3.12/site-packages/oslo_concurrency/processutils.py:440}}
Jul 21 11:40:07.461089 np0000005546 devstack@n-api.service[87419]: DEBUG oslo_concurrency.processutils [None req-fa1b9bb8-b730-4128-872f-902de2b11667 None None] CMD "grep -F node.session.scan /sbin/iscsiadm" returned: 0 in 0.014s {{(pid=87419) execute /opt/stack/data/venv/lib/python3.12/site-packages/oslo_concurrency/processutils.py:468}}
Jul 21 11:40:07.473642 np0000005546 devstack@n-api.service[87418]: DEBUG oslo_concurrency.processutils [None req-0d9c8344-5d3f-4000-8be6-6c0fe154acb7 None None] CMD "grep -F node.session.scan /sbin/iscsiadm" returned: 0 in 0.015s {{(pid=87418) execute /opt/stack/data/venv/lib/python3.12/site-packages/oslo_concurrency/processutils.py:468}}
Jul 21 11:40:08.121112 np0000005546 devstack@n-api.service[87416]: DEBUG nova.api.openstack.wsgi_app [None req-d1f66390-2821-46c9-8c9e-c9faa3a618b0 None None] ******************************************************************************** {{(pid=87416) log_opt_values /opt/stack/data/venv/lib/python3.12/site-packages/oslo_config/cfg.py:3226}}
Jul 21 11:40:08.121593 np0000005546 devstack@n-api.service[87416]: DEBUG nova.api.openstack.wsgi_app [None req-d1f66390-2821-46c9-8c9e-c9faa3a618b0 None None] Configuration options gathered from: {{(pid=87416) log_opt_values /opt/stack/data/venv/lib/python3.12/site-packages/oslo_config/cfg.py:3227}}
Jul 21 11:40:08.121769 np0000005546 devstack@n-api.service[87416]: DEBUG nova.api.openstack.wsgi_app [None req-d1f66390-2821-46c9-8c9e-c9faa3a618b0 None None] command line args: [] {{(pid=87416) log_opt_values /opt/stack/data/venv/lib/python3.12/site-packages/oslo_config/cfg.py:3228}}
Jul 21 11:40:08.121927 np0000005546 devstack@n-api.service[87416]: DEBUG nova.api.openstack.wsgi_app [None req-d1f66390-2821-46c9-8c9e-c9faa3a618b0 None None] config files: ['/etc/nova/api-paste.ini', '/etc/nova/nova.conf'] {{(pid=87416) log_opt_values /opt/stack/data/venv/lib/python3.12/site-packages/oslo_config/cfg.py:3229}}
Jul 21 11:40:08.122033 np0000005546 devstack@n-api.service[87416]: DEBUG nova.api.openstack.wsgi_app [None req-d1f66390-2821-46c9-8c9e-c9faa3a618b0 None None] ================================================================================ {{(pid=87416) log_opt_values /opt/stack/data/venv/lib/python3.12/site-packages/oslo_config/cfg.py:3234}}
Jul 21 11:40:08.122240 np0000005546 devstack@n-api.service[87416]: DEBUG nova.api.openstack.wsgi_app [None req-d1f66390-2821-46c9-8c9e-c9faa3a618b0 None None] allow_resize_to_same_host = True {{(pid=87416) log_opt_values /opt/stack/data/venv/lib/python3.12/site-packages/oslo_config/cfg.py:3242}}
Jul 21 11:40:08.122451 np0000005546 devstack@n-api.service[87416]: DEBUG nova.api.openstack.wsgi_app [None req-d1f66390-2821-46c9-8c9e-c9faa3a618b0 None None] arq_binding_timeout = 300 {{(pid=87416) log_opt_values /opt/stack/data/venv/lib/python3.12/site-packages/oslo_config/cfg.py:3242}}
Jul 21 11:40:08.122617 np0000005546 devstack@n-api.service[87416]: DEBUG nova.api.openstack.wsgi_app [None req-d1f66390-2821-46c9-8c9e-c9faa3a618b0 None None] block_device_allocate_retries = 60 {{(pid=87416) log_opt_values /opt/stack/data/venv/lib/python3.12/site-packages/oslo_config/cfg.py:3242}}
Jul 21 11:40:08.122806 np0000005546 devstack@n-api.service[87416]: DEBUG nova.api.openstack.wsgi_app [None req-d1f66390-2821-46c9-8c9e-c9faa3a618b0 None None] block_device_allocate_retries_interval = 3 {{(pid=87416) log_opt_values /opt/stack/data/venv/lib/python3.12/site-packages/oslo_config/cfg.py:3242}}
Jul 21 11:40:08.122983 np0000005546 devstack@n-api.service[87416]: DEBUG nova.api.openstack.wsgi_app [None req-d1f66390-2821-46c9-8c9e-c9faa3a618b0 None None] cell_worker_thread_pool_size = 5 {{(pid=87416) log_opt_values /opt/stack/data/venv/lib/python3.12/site-packages/oslo_config/cfg.py:3242}}
Jul 21 11:40:08.123146 np0000005546 devstack@n-api.service[87416]: DEBUG nova.api.openstack.wsgi_app [None req-d1f66390-2821-46c9-8c9e-c9faa3a618b0 None None] cert = self.pem {{(pid=87416) log_opt_values /opt/stack/data/venv/lib/python3.12/site-packages/oslo_config/cfg.py:3242}}
Jul 21 11:40:08.123354 np0000005546 devstack@n-api.service[87416]: DEBUG nova.api.openstack.wsgi_app [None req-d1f66390-2821-46c9-8c9e-c9faa3a618b0 None None] compute_driver = libvirt.LibvirtDriver {{(pid=87416) log_opt_values /opt/stack/data/venv/lib/python3.12/site-packages/oslo_config/cfg.py:3242}}
Jul 21 11:40:08.123557 np0000005546 devstack@n-api.service[87416]: DEBUG nova.api.openstack.wsgi_app [None req-d1f66390-2821-46c9-8c9e-c9faa3a618b0 None None] compute_monitors = [] {{(pid=87416) log_opt_values /opt/stack/data/venv/lib/python3.12/site-packages/oslo_config/cfg.py:3242}}
Jul 21 11:40:08.123730 np0000005546 devstack@n-api.service[87416]: DEBUG nova.api.openstack.wsgi_app [None req-d1f66390-2821-46c9-8c9e-c9faa3a618b0 None None] concurrency_backend = auto {{(pid=87416) log_opt_values /opt/stack/data/venv/lib/python3.12/site-packages/oslo_config/cfg.py:3242}}
Jul 21 11:40:08.123864 np0000005546 devstack@n-api.service[87416]: DEBUG nova.api.openstack.wsgi_app [None req-d1f66390-2821-46c9-8c9e-c9faa3a618b0 None None] config_dir = [] {{(pid=87416) log_opt_values /opt/stack/data/venv/lib/python3.12/site-packages/oslo_config/cfg.py:3242}}
Jul 21 11:40:08.123988 np0000005546 devstack@n-api.service[87416]: DEBUG nova.api.openstack.wsgi_app [None req-d1f66390-2821-46c9-8c9e-c9faa3a618b0 None None] config_drive_format = iso9660 {{(pid=87416) log_opt_values /opt/stack/data/venv/lib/python3.12/site-packages/oslo_config/cfg.py:3242}}
Jul 21 11:40:08.124082 np0000005546 devstack@n-api.service[87416]: DEBUG nova.api.openstack.wsgi_app [None req-d1f66390-2821-46c9-8c9e-c9faa3a618b0 None None] config_file = ['/etc/nova/api-paste.ini', '/etc/nova/nova.conf'] {{(pid=87416) log_opt_values /opt/stack/data/venv/lib/python3.12/site-packages/oslo_config/cfg.py:3242}}
Jul 21 11:40:08.124201 np0000005546 devstack@n-api.service[87416]: DEBUG nova.api.openstack.wsgi_app [None req-d1f66390-2821-46c9-8c9e-c9faa3a618b0 None None] config_source = [] {{(pid=87416) log_opt_values /opt/stack/data/venv/lib/python3.12/site-packages/oslo_config/cfg.py:3242}}
Jul 21 11:40:08.124330 np0000005546 devstack@n-api.service[87416]: DEBUG nova.api.openstack.wsgi_app [None req-d1f66390-2821-46c9-8c9e-c9faa3a618b0 None None] console_host = np0000005546 {{(pid=87416) log_opt_values /opt/stack/data/venv/lib/python3.12/site-packages/oslo_config/cfg.py:3242}}
Jul 21 11:40:08.124529 np0000005546 devstack@n-api.service[87416]: DEBUG nova.api.openstack.wsgi_app [None req-d1f66390-2821-46c9-8c9e-c9faa3a618b0 None None] control_exchange = nova {{(pid=87416) log_opt_values /opt/stack/data/venv/lib/python3.12/site-packages/oslo_config/cfg.py:3242}}
Jul 21 11:40:08.124683 np0000005546 devstack@n-api.service[87416]: DEBUG nova.api.openstack.wsgi_app [None req-d1f66390-2821-46c9-8c9e-c9faa3a618b0 None None] cpu_allocation_ratio = None {{(pid=87416) log_opt_values /opt/stack/data/venv/lib/python3.12/site-packages/oslo_config/cfg.py:3242}}
Jul 21 11:40:08.124844 np0000005546 devstack@n-api.service[87416]: DEBUG nova.api.openstack.wsgi_app [None req-d1f66390-2821-46c9-8c9e-c9faa3a618b0 None None] daemon = False {{(pid=87416) log_opt_values /opt/stack/data/venv/lib/python3.12/site-packages/oslo_config/cfg.py:3242}}
Jul 21 11:40:08.124979 np0000005546 devstack@n-api.service[87416]: DEBUG nova.api.openstack.wsgi_app [None req-d1f66390-2821-46c9-8c9e-c9faa3a618b0 None None] debug = True {{(pid=87416) log_opt_values /opt/stack/data/venv/lib/python3.12/site-packages/oslo_config/cfg.py:3242}}
Jul 21 11:40:08.125117 np0000005546 devstack@n-api.service[87416]: DEBUG nova.api.openstack.wsgi_app [None req-d1f66390-2821-46c9-8c9e-c9faa3a618b0 None None] default_access_ip_network_name = None {{(pid=87416) log_opt_values /opt/stack/data/venv/lib/python3.12/site-packages/oslo_config/cfg.py:3242}}
Jul 21 11:40:08.125294 np0000005546 devstack@n-api.service[87416]: DEBUG nova.api.openstack.wsgi_app [None req-d1f66390-2821-46c9-8c9e-c9faa3a618b0 None None] default_availability_zone = nova {{(pid=87416) log_opt_values /opt/stack/data/venv/lib/python3.12/site-packages/oslo_config/cfg.py:3242}}
Jul 21 11:40:08.125529 np0000005546 devstack@n-api.service[87416]: DEBUG nova.api.openstack.wsgi_app [None req-d1f66390-2821-46c9-8c9e-c9faa3a618b0 None None] default_ephemeral_format = ext4 {{(pid=87416) log_opt_values /opt/stack/data/venv/lib/python3.12/site-packages/oslo_config/cfg.py:3242}}
Jul 21 11:40:08.125796 np0000005546 devstack@n-api.service[87416]: DEBUG nova.api.openstack.wsgi_app [None req-d1f66390-2821-46c9-8c9e-c9faa3a618b0 None None] default_green_pool_size = 1000 {{(pid=87416) log_opt_values /opt/stack/data/venv/lib/python3.12/site-packages/oslo_config/cfg.py:3242}}
Jul 21 11:40:08.125993 np0000005546 devstack@n-api.service[87416]: DEBUG nova.api.openstack.wsgi_app [None req-d1f66390-2821-46c9-8c9e-c9faa3a618b0 None None] default_log_levels = ['amqp=WARN', 'boto=WARN', 'sqlalchemy=WARN', 'suds=INFO', 'oslo.messaging=INFO', 'oslo_messaging=INFO', 'iso8601=WARN', 'requests.packages.urllib3.connectionpool=WARN', 'urllib3.connectionpool=WARN', 'websocket=WARN', 'requests.packages.urllib3.util.retry=WARN', 'urllib3.util.retry=WARN', 'keystonemiddleware=WARN', 'routes.middleware=WARN', 'stevedore=WARN', 'taskflow=WARN', 'keystoneauth=WARN', 'oslo.cache=INFO', 'oslo_policy=INFO', 'dogpile.core.dogpile=INFO', 'glanceclient=WARN', 'oslo.privsep.daemon=INFO'] {{(pid=87416) log_opt_values /opt/stack/data/venv/lib/python3.12/site-packages/oslo_config/cfg.py:3242}}
Jul 21 11:40:08.126109 np0000005546 devstack@n-api.service[87416]: DEBUG nova.api.openstack.wsgi_app [None req-d1f66390-2821-46c9-8c9e-c9faa3a618b0 None None] default_schedule_zone = None {{(pid=87416) log_opt_values /opt/stack/data/venv/lib/python3.12/site-packages/oslo_config/cfg.py:3242}}
Jul 21 11:40:08.126280 np0000005546 devstack@n-api.service[87416]: DEBUG nova.api.openstack.wsgi_app [None req-d1f66390-2821-46c9-8c9e-c9faa3a618b0 None None] default_thread_pool_size = 10 {{(pid=87416) log_opt_values /opt/stack/data/venv/lib/python3.12/site-packages/oslo_config/cfg.py:3242}}
Jul 21 11:40:08.126499 np0000005546 devstack@n-api.service[87416]: DEBUG nova.api.openstack.wsgi_app [None req-d1f66390-2821-46c9-8c9e-c9faa3a618b0 None None] disk_allocation_ratio = None {{(pid=87416) log_opt_values /opt/stack/data/venv/lib/python3.12/site-packages/oslo_config/cfg.py:3242}}
Jul 21 11:40:08.126840 np0000005546 devstack@n-api.service[87416]: DEBUG nova.api.openstack.wsgi_app [None req-d1f66390-2821-46c9-8c9e-c9faa3a618b0 None None] enable_new_services = True {{(pid=87416) log_opt_values /opt/stack/data/venv/lib/python3.12/site-packages/oslo_config/cfg.py:3242}}
Jul 21 11:40:08.127012 np0000005546 devstack@n-api.service[87416]: DEBUG nova.api.openstack.wsgi_app [None req-d1f66390-2821-46c9-8c9e-c9faa3a618b0 None None] flat_injected = False {{(pid=87416) log_opt_values /opt/stack/data/venv/lib/python3.12/site-packages/oslo_config/cfg.py:3242}}
Jul 21 11:40:08.127012 np0000005546 devstack@n-api.service[87416]: DEBUG nova.api.openstack.wsgi_app [None req-d1f66390-2821-46c9-8c9e-c9faa3a618b0 None None] force_config_drive = True {{(pid=87416) log_opt_values /opt/stack/data/venv/lib/python3.12/site-packages/oslo_config/cfg.py:3242}}
Jul 21 11:40:08.127140 np0000005546 devstack@n-api.service[87416]: DEBUG nova.api.openstack.wsgi_app [None req-d1f66390-2821-46c9-8c9e-c9faa3a618b0 None None] force_raw_images = True {{(pid=87416) log_opt_values /opt/stack/data/venv/lib/python3.12/site-packages/oslo_config/cfg.py:3242}}
Jul 21 11:40:08.127323 np0000005546 devstack@n-api.service[87416]: DEBUG nova.api.openstack.wsgi_app [None req-d1f66390-2821-46c9-8c9e-c9faa3a618b0 None None] graceful_shutdown_timeout = 5 {{(pid=87416) log_opt_values /opt/stack/data/venv/lib/python3.12/site-packages/oslo_config/cfg.py:3242}}
Jul 21 11:40:08.127473 np0000005546 devstack@n-api.service[87416]: DEBUG nova.api.openstack.wsgi_app [None req-d1f66390-2821-46c9-8c9e-c9faa3a618b0 None None] heal_instance_info_cache_interval = -1 {{(pid=87416) log_opt_values /opt/stack/data/venv/lib/python3.12/site-packages/oslo_config/cfg.py:3242}}
Jul 21 11:40:08.127708 np0000005546 devstack@n-api.service[87416]: DEBUG nova.api.openstack.wsgi_app [None req-d1f66390-2821-46c9-8c9e-c9faa3a618b0 None None] host = np0000005546 {{(pid=87416) log_opt_values /opt/stack/data/venv/lib/python3.12/site-packages/oslo_config/cfg.py:3242}}
Jul 21 11:40:08.127877 np0000005546 devstack@n-api.service[87416]: DEBUG nova.api.openstack.wsgi_app [None req-d1f66390-2821-46c9-8c9e-c9faa3a618b0 None None] initial_cpu_allocation_ratio = 4.0 {{(pid=87416) log_opt_values /opt/stack/data/venv/lib/python3.12/site-packages/oslo_config/cfg.py:3242}}
Jul 21 11:40:08.127988 np0000005546 devstack@n-api.service[87416]: DEBUG nova.api.openstack.wsgi_app [None req-d1f66390-2821-46c9-8c9e-c9faa3a618b0 None None] initial_disk_allocation_ratio = 1.0 {{(pid=87416) log_opt_values /opt/stack/data/venv/lib/python3.12/site-packages/oslo_config/cfg.py:3242}}
Jul 21 11:40:08.128105 np0000005546 devstack@n-api.service[87416]: DEBUG nova.api.openstack.wsgi_app [None req-d1f66390-2821-46c9-8c9e-c9faa3a618b0 None None] initial_ram_allocation_ratio = 1.0 {{(pid=87416) log_opt_values /opt/stack/data/venv/lib/python3.12/site-packages/oslo_config/cfg.py:3242}}
Jul 21 11:40:08.128283 np0000005546 devstack@n-api.service[87416]: DEBUG nova.api.openstack.wsgi_app [None req-d1f66390-2821-46c9-8c9e-c9faa3a618b0 None None] injected_network_template = /opt/stack/nova/nova/virt/interfaces.template {{(pid=87416) log_opt_values /opt/stack/data/venv/lib/python3.12/site-packages/oslo_config/cfg.py:3242}}
Jul 21 11:40:08.128399 np0000005546 devstack@n-api.service[87416]: DEBUG nova.api.openstack.wsgi_app [None req-d1f66390-2821-46c9-8c9e-c9faa3a618b0 None None] instance_build_timeout = 0 {{(pid=87416) log_opt_values /opt/stack/data/venv/lib/python3.12/site-packages/oslo_config/cfg.py:3242}}
Jul 21 11:40:08.128526 np0000005546 devstack@n-api.service[87416]: DEBUG nova.api.openstack.wsgi_app [None req-d1f66390-2821-46c9-8c9e-c9faa3a618b0 None None] instance_delete_interval = 300 {{(pid=87416) log_opt_values /opt/stack/data/venv/lib/python3.12/site-packages/oslo_config/cfg.py:3242}}
Jul 21 11:40:08.128642 np0000005546 devstack@n-api.service[87416]: DEBUG nova.api.openstack.wsgi_app [None req-d1f66390-2821-46c9-8c9e-c9faa3a618b0 None None] instance_format = [instance: %(uuid)s] {{(pid=87416) log_opt_values /opt/stack/data/venv/lib/python3.12/site-packages/oslo_config/cfg.py:3242}}
Jul 21 11:40:08.128761 np0000005546 devstack@n-api.service[87416]: DEBUG nova.api.openstack.wsgi_app [None req-d1f66390-2821-46c9-8c9e-c9faa3a618b0 None None] instance_name_template = instance-%08x {{(pid=87416) log_opt_values /opt/stack/data/venv/lib/python3.12/site-packages/oslo_config/cfg.py:3242}}
Jul 21 11:40:08.128902 np0000005546 devstack@n-api.service[87416]: DEBUG nova.api.openstack.wsgi_app [None req-d1f66390-2821-46c9-8c9e-c9faa3a618b0 None None] instance_usage_audit = False {{(pid=87416) log_opt_values /opt/stack/data/venv/lib/python3.12/site-packages/oslo_config/cfg.py:3242}}
Jul 21 11:40:08.129020 np0000005546 devstack@n-api.service[87416]: DEBUG nova.api.openstack.wsgi_app [None req-d1f66390-2821-46c9-8c9e-c9faa3a618b0 None None] instance_usage_audit_period = month {{(pid=87416) log_opt_values /opt/stack/data/venv/lib/python3.12/site-packages/oslo_config/cfg.py:3242}}
Jul 21 11:40:08.129136 np0000005546 devstack@n-api.service[87416]: DEBUG nova.api.openstack.wsgi_app [None req-d1f66390-2821-46c9-8c9e-c9faa3a618b0 None None] instance_uuid_format = [instance: %(uuid)s] {{(pid=87416) log_opt_values /opt/stack/data/venv/lib/python3.12/site-packages/oslo_config/cfg.py:3242}}
Jul 21 11:40:08.129281 np0000005546 devstack@n-api.service[87416]: DEBUG nova.api.openstack.wsgi_app [None req-d1f66390-2821-46c9-8c9e-c9faa3a618b0 None None] instances_path = /opt/stack/data/nova/instances {{(pid=87416) log_opt_values /opt/stack/data/venv/lib/python3.12/site-packages/oslo_config/cfg.py:3242}}
Jul 21 11:40:08.129423 np0000005546 devstack@n-api.service[87416]: DEBUG nova.api.openstack.wsgi_app [None req-d1f66390-2821-46c9-8c9e-c9faa3a618b0 None None] internal_service_availability_zone = internal {{(pid=87416) log_opt_values /opt/stack/data/venv/lib/python3.12/site-packages/oslo_config/cfg.py:3242}}
Jul 21 11:40:08.129541 np0000005546 devstack@n-api.service[87419]: DEBUG nova.api.openstack.wsgi_app [None req-fa1b9bb8-b730-4128-872f-902de2b11667 None None] ******************************************************************************** {{(pid=87419) log_opt_values /opt/stack/data/venv/lib/python3.12/site-packages/oslo_config/cfg.py:3226}}
Jul 21 11:40:08.129941 np0000005546 devstack@n-api.service[87416]: DEBUG nova.api.openstack.wsgi_app [None req-d1f66390-2821-46c9-8c9e-c9faa3a618b0 None None] key = None {{(pid=87416) log_opt_values /opt/stack/data/venv/lib/python3.12/site-packages/oslo_config/cfg.py:3242}}
Jul 21 11:40:08.130023 np0000005546 devstack@n-api.service[87419]: DEBUG nova.api.openstack.wsgi_app [None req-fa1b9bb8-b730-4128-872f-902de2b11667 None None] Configuration options gathered from: {{(pid=87419) log_opt_values /opt/stack/data/venv/lib/python3.12/site-packages/oslo_config/cfg.py:3227}}
Jul 21 11:40:08.130074 np0000005546 devstack@n-api.service[87416]: DEBUG nova.api.openstack.wsgi_app [None req-d1f66390-2821-46c9-8c9e-c9faa3a618b0 None None] live_migration_retry_count = 30 {{(pid=87416) log_opt_values /opt/stack/data/venv/lib/python3.12/site-packages/oslo_config/cfg.py:3242}}
Jul 21 11:40:08.130074 np0000005546 devstack@n-api.service[87416]: DEBUG nova.api.openstack.wsgi_app [None req-d1f66390-2821-46c9-8c9e-c9faa3a618b0 None None] log_color = False {{(pid=87416) log_opt_values /opt/stack/data/venv/lib/python3.12/site-packages/oslo_config/cfg.py:3242}}
Jul 21 11:40:08.130074 np0000005546 devstack@n-api.service[87416]: DEBUG nova.api.openstack.wsgi_app [None req-d1f66390-2821-46c9-8c9e-c9faa3a618b0 None None] log_config_append = None {{(pid=87416) log_opt_values /opt/stack/data/venv/lib/python3.12/site-packages/oslo_config/cfg.py:3242}}
Jul 21 11:40:08.130190 np0000005546 devstack@n-api.service[87419]: DEBUG nova.api.openstack.wsgi_app [None req-fa1b9bb8-b730-4128-872f-902de2b11667 None None] command line args: [] {{(pid=87419) log_opt_values /opt/stack/data/venv/lib/python3.12/site-packages/oslo_config/cfg.py:3228}}
Jul 21 11:40:08.130243 np0000005546 devstack@n-api.service[87416]: DEBUG nova.api.openstack.wsgi_app [None req-d1f66390-2821-46c9-8c9e-c9faa3a618b0 None None] log_date_format = %Y-%m-%d %H:%M:%S {{(pid=87416) log_opt_values /opt/stack/data/venv/lib/python3.12/site-packages/oslo_config/cfg.py:3242}}
