Jul 30 09:29:56.897364 np0000006113 devstack@g-api.service[102944]: DEBUG glance_store.capabilities [-] Store glance_store._drivers.swift.store.SingleTenantStore doesn't support updating dynamic storage capabilities. Please overwrite 'update_capabilities' method of the store to implement updating logics if needed. {{(pid=102944) update_capabilities /opt/stack/data/venv/lib/python3.12/site-packages/glance_store/capabilities.py:91}}
Jul 30 09:29:56.897420 np0000006113 devstack@g-api.service[102944]: DEBUG glance_store.backend [-] Registering store swift with schemes ('swift+https', 'swift', 'swift+http', 'swift+config') {{(pid=102944) create_stores /opt/stack/data/venv/lib/python3.12/site-packages/glance_store/backend.py:261}}
Jul 30 09:29:56.897479 np0000006113 devstack@g-api.service[102944]: DEBUG glance_store.driver [-] Late loading location class glance_store._drivers.swift.store.StoreLocation {{(pid=102944) get_store_location_class /opt/stack/data/venv/lib/python3.12/site-packages/glance_store/driver.py:134}}
Jul 30 09:29:56.897569 np0000006113 devstack@g-api.service[102944]: DEBUG glance_store.location [-] Registering scheme swift+https with {'store': , 'location_class': , 'store_entry': 'swift'} {{(pid=102944) register_scheme_map /opt/stack/data/venv/lib/python3.12/site-packages/glance_store/location.py:146}}
Jul 30 09:29:56.897617 np0000006113 devstack@g-api.service[102944]: DEBUG glance_store.location [-] Registering scheme swift with {'store': , 'location_class': , 'store_entry': 'swift'} {{(pid=102944) register_scheme_map /opt/stack/data/venv/lib/python3.12/site-packages/glance_store/location.py:146}}
Jul 30 09:29:56.897686 np0000006113 devstack@g-api.service[102944]: DEBUG glance_store.location [-] Registering scheme swift+http with {'store': , 'location_class': , 'store_entry': 'swift'} {{(pid=102944) register_scheme_map /opt/stack/data/venv/lib/python3.12/site-packages/glance_store/location.py:146}}
Jul 30 09:29:56.897743 np0000006113 devstack@g-api.service[102944]: DEBUG glance_store.location [-] Registering scheme swift+config with {'store': , 'location_class': , 'store_entry': 'swift'} {{(pid=102944) register_scheme_map /opt/stack/data/venv/lib/python3.12/site-packages/glance_store/location.py:146}}
Jul 30 09:29:56.897824 np0000006113 devstack@g-api.service[102944]: DEBUG glance_store.backend [-] Attempting to import store file {{(pid=102944) _load_store /opt/stack/data/venv/lib/python3.12/site-packages/glance_store/backend.py:215}}
Jul 30 09:29:56.898281 np0000006113 devstack@g-api.service[102944]: DEBUG glance_store.capabilities [-] Store glance_store._drivers.filesystem.Store doesn't support updating dynamic storage capabilities. Please overwrite 'update_capabilities' method of the store to implement updating logics if needed. {{(pid=102944) update_capabilities /opt/stack/data/venv/lib/python3.12/site-packages/glance_store/capabilities.py:91}}
Jul 30 09:29:56.898333 np0000006113 devstack@g-api.service[102944]: DEBUG glance_store.backend [-] Registering store file with schemes ('file', 'filesystem') {{(pid=102944) create_stores /opt/stack/data/venv/lib/python3.12/site-packages/glance_store/backend.py:261}}
Jul 30 09:29:56.898384 np0000006113 devstack@g-api.service[102944]: DEBUG glance_store.driver [-] Late loading location class glance_store._drivers.filesystem.StoreLocation {{(pid=102944) get_store_location_class /opt/stack/data/venv/lib/python3.12/site-packages/glance_store/driver.py:134}}
Jul 30 09:29:56.898450 np0000006113 devstack@g-api.service[102944]: DEBUG glance_store.location [-] Registering scheme file with {'store': , 'location_class': , 'store_entry': 'file'} {{(pid=102944) register_scheme_map /opt/stack/data/venv/lib/python3.12/site-packages/glance_store/location.py:146}}
Jul 30 09:29:56.898496 np0000006113 devstack@g-api.service[102944]: DEBUG glance_store.location [-] Registering scheme filesystem with {'store': , 'location_class': , 'store_entry': 'file'} {{(pid=102944) register_scheme_map /opt/stack/data/venv/lib/python3.12/site-packages/glance_store/location.py:146}}
Jul 30 09:29:56.898547 np0000006113 devstack@g-api.service[102944]: DEBUG glance_store.backend [-] Attempting to import store http {{(pid=102944) _load_store /opt/stack/data/venv/lib/python3.12/site-packages/glance_store/backend.py:215}}
Jul 30 09:29:56.898743 np0000006113 devstack@g-api.service[102944]: DEBUG glance_store.capabilities [-] Store glance_store._drivers.http.Store doesn't support updating dynamic storage capabilities. Please overwrite 'update_capabilities' method of the store to implement updating logics if needed. {{(pid=102944) update_capabilities /opt/stack/data/venv/lib/python3.12/site-packages/glance_store/capabilities.py:91}}
Jul 30 09:29:56.898795 np0000006113 devstack@g-api.service[102944]: DEBUG glance_store.backend [-] Registering store http with schemes ('http', 'https') {{(pid=102944) create_stores /opt/stack/data/venv/lib/python3.12/site-packages/glance_store/backend.py:261}}
Jul 30 09:29:56.898845 np0000006113 devstack@g-api.service[102944]: DEBUG glance_store.driver [-] Late loading location class glance_store._drivers.http.StoreLocation {{(pid=102944) get_store_location_class /opt/stack/data/venv/lib/python3.12/site-packages/glance_store/driver.py:134}}
Jul 30 09:29:56.898902 np0000006113 devstack@g-api.service[102944]: DEBUG glance_store.location [-] Registering scheme http with {'store': , 'location_class': , 'store_entry': 'http'} {{(pid=102944) register_scheme_map /opt/stack/data/venv/lib/python3.12/site-packages/glance_store/location.py:146}}
Jul 30 09:29:56.898992 np0000006113 devstack@g-api.service[102944]: DEBUG glance_store.location [-] Registering scheme https with {'store': , 'location_class': , 'store_entry': 'http'} {{(pid=102944) register_scheme_map /opt/stack/data/venv/lib/python3.12/site-packages/glance_store/location.py:146}}
Jul 30 09:29:56.899109 np0000006113 devstack@g-api.service[102944]: DEBUG glance_store.backend [-] Attempting to import store swift {{(pid=102944) _load_store /opt/stack/data/venv/lib/python3.12/site-packages/glance_store/backend.py:215}}
Jul 30 09:29:56.899990 np0000006113 devstack@g-api.service[102943]: DEBUG glance_store.backend [-] Attempting to import store cinder {{(pid=102943) _load_store /opt/stack/data/venv/lib/python3.12/site-packages/glance_store/backend.py:215}}
Jul 30 09:29:56.900119 np0000006113 devstack@g-api.service[102943]: DEBUG glance_store.backend [-] Attempting to import store file {{(pid=102943) _load_store /opt/stack/data/venv/lib/python3.12/site-packages/glance_store/backend.py:215}}
Jul 30 09:29:56.900154 np0000006113 devstack@g-api.service[102944]: DEBUG glance_store.capabilities [-] Store glance_store._drivers.swift.store.SingleTenantStore doesn't support updating dynamic storage capabilities. Please overwrite 'update_capabilities' method of the store to implement updating logics if needed. {{(pid=102944) update_capabilities /opt/stack/data/venv/lib/python3.12/site-packages/glance_store/capabilities.py:91}}
Jul 30 09:29:56.900231 np0000006113 devstack@g-api.service[102943]: DEBUG glance_store.backend [-] Attempting to import store glance.store.cinder.Store {{(pid=102943) _load_store /opt/stack/data/venv/lib/python3.12/site-packages/glance_store/backend.py:215}}
Jul 30 09:29:56.900266 np0000006113 devstack@g-api.service[102944]: DEBUG glance_store.driver [-] Late loading location class glance_store._drivers.swift.store.StoreLocation {{(pid=102944) get_store_location_class /opt/stack/data/venv/lib/python3.12/site-packages/glance_store/driver.py:134}}
Jul 30 09:29:56.900292 np0000006113 devstack@g-api.service[102944]: DEBUG glance_store.location [-] Registering scheme swift+https with {'store': , 'location_class': , 'store_entry': 'swift'} {{(pid=102944) register_scheme_map /opt/stack/data/venv/lib/python3.12/site-packages/glance_store/location.py:146}}
Jul 30 09:29:56.900317 np0000006113 devstack@g-api.service[102943]: DEBUG glance_store.backend [-] Attempting to import store glance.store.filesystem.Store {{(pid=102943) _load_store /opt/stack/data/venv/lib/python3.12/site-packages/glance_store/backend.py:215}}
Jul 30 09:29:56.900352 np0000006113 devstack@g-api.service[102944]: DEBUG glance_store.location [-] Registering scheme swift+https with {'store': , 'location_class': , 'store_entry': 'swift'} {{(pid=102944) register_scheme_map /opt/stack/data/venv/lib/python3.12/site-packages/glance_store/location.py:146}}
Jul 30 09:29:56.900382 np0000006113 devstack@g-api.service[102944]: DEBUG glance_store.location [-] Registering scheme swift with {'store': , 'location_class': , 'store_entry': 'swift'} {{(pid=102944) register_scheme_map /opt/stack/data/venv/lib/python3.12/site-packages/glance_store/location.py:146}}
Jul 30 09:29:56.900418 np0000006113 devstack@g-api.service[102943]: DEBUG glance_store.backend [-] Attempting to import store glance.store.http.Store {{(pid=102943) _load_store /opt/stack/data/venv/lib/python3.12/site-packages/glance_store/backend.py:215}}
Jul 30 09:29:56.900448 np0000006113 devstack@g-api.service[102944]: DEBUG glance_store.location [-] Registering scheme swift+https with {'store': , 'location_class': , 'store_entry': 'swift'} {{(pid=102944) register_scheme_map /opt/stack/data/venv/lib/python3.12/site-packages/glance_store/location.py:146}}
Jul 30 09:29:56.900480 np0000006113 devstack@g-api.service[102943]: DEBUG glance_store.backend [-] Attempting to import store glance.store.rbd.Store {{(pid=102943) _load_store /opt/stack/data/venv/lib/python3.12/site-packages/glance_store/backend.py:215}}
Jul 30 09:29:56.900510 np0000006113 devstack@g-api.service[102944]: DEBUG glance_store.location [-] Registering scheme swift with {'store': , 'location_class': , 'store_entry': 'swift'} {{(pid=102944) register_scheme_map /opt/stack/data/venv/lib/python3.12/site-packages/glance_store/location.py:146}}
Jul 30 09:29:56.900510 np0000006113 devstack@g-api.service[102944]: DEBUG glance_store.location [-] Registering scheme swift+http with {'store': , 'location_class': , 'store_entry': 'swift'} {{(pid=102944) register_scheme_map /opt/stack/data/venv/lib/python3.12/site-packages/glance_store/location.py:146}}
Jul 30 09:29:56.900554 np0000006113 devstack@g-api.service[102943]: DEBUG glance_store.backend [-] Attempting to import store glance.store.s3.Store {{(pid=102943) _load_store /opt/stack/data/venv/lib/python3.12/site-packages/glance_store/backend.py:215}}
Jul 30 09:29:56.900579 np0000006113 devstack@g-api.service[102944]: DEBUG glance_store.location [-] Registering scheme swift+https with {'store': , 'location_class': , 'store_entry': 'swift'} {{(pid=102944) register_scheme_map /opt/stack/data/venv/lib/python3.12/site-packages/glance_store/location.py:146}}
Jul 30 09:29:56.900603 np0000006113 devstack@g-api.service[102943]: DEBUG glance_store.backend [-] Attempting to import store glance.store.swift.Store {{(pid=102943) _load_store /opt/stack/data/venv/lib/python3.12/site-packages/glance_store/backend.py:215}}
Jul 30 09:29:56.900627 np0000006113 devstack@g-api.service[102944]: DEBUG glance_store.location [-] Registering scheme swift with {'store': , 'location_class': , 'store_entry': 'swift'} {{(pid=102944) register_scheme_map /opt/stack/data/venv/lib/python3.12/site-packages/glance_store/location.py:146}}
Jul 30 09:29:56.900652 np0000006113 devstack@g-api.service[102944]: DEBUG glance_store.location [-] Registering scheme swift+http with {'store': , 'location_class': , 'store_entry': 'swift'} {{(pid=102944) register_scheme_map /opt/stack/data/venv/lib/python3.12/site-packages/glance_store/location.py:146}}
Jul 30 09:29:56.900689 np0000006113 devstack@g-api.service[102943]: DEBUG glance_store.backend [-] Attempting to import store glance.store.vmware_datastore.Store {{(pid=102943) _load_store /opt/stack/data/venv/lib/python3.12/site-packages/glance_store/backend.py:215}}
Jul 30 09:29:56.900721 np0000006113 devstack@g-api.service[102944]: DEBUG glance_store.location [-] Registering scheme swift+config with {'store': , 'location_class': , 'store_entry': 'swift'} {{(pid=102944) register_scheme_map /opt/stack/data/venv/lib/python3.12/site-packages/glance_store/location.py:146}}
Jul 30 09:29:56.900759 np0000006113 devstack@g-api.service[102943]: DEBUG glance_store.backend [-] Attempting to import store http {{(pid=102943) _load_store /opt/stack/data/venv/lib/python3.12/site-packages/glance_store/backend.py:215}}
Jul 30 09:29:56.900821 np0000006113 devstack@g-api.service[102943]: DEBUG glance_store.backend [-] Attempting to import store no_conf {{(pid=102943) _load_store /opt/stack/data/venv/lib/python3.12/site-packages/glance_store/backend.py:215}}
Jul 30 09:29:56.900893 np0000006113 devstack@g-api.service[102943]: DEBUG glance_store.backend [-] Attempting to import store rbd {{(pid=102943) _load_store /opt/stack/data/venv/lib/python3.12/site-packages/glance_store/backend.py:215}}
Jul 30 09:29:56.900940 np0000006113 devstack@g-api.service[102944]: DEBUG glance.sqlite_migration [-] SQLite caching database not located, skipping migration {{(pid=102944) get_db_path /opt/stack/glance/glance/sqlite_migration.py:68}}
Jul 30 09:29:56.900974 np0000006113 devstack@g-api.service[102943]: DEBUG glance_store.backend [-] Attempting to import store s3 {{(pid=102943) _load_store /opt/stack/data/venv/lib/python3.12/site-packages/glance_store/backend.py:215}}
Jul 30 09:29:56.901046 np0000006113 devstack@g-api.service[102943]: DEBUG glance_store.backend [-] Attempting to import store swift {{(pid=102943) _load_store /opt/stack/data/venv/lib/python3.12/site-packages/glance_store/backend.py:215}}
Jul 30 09:29:56.901111 np0000006113 devstack@g-api.service[102944]: WARNING glance.common.wsgi_app [-] Import methods are enabled but staging directory /tmp/staging/ does not exist; Imports will fail!
Jul 30 09:29:56.901141 np0000006113 devstack@g-api.service[102943]: DEBUG glance_store.backend [-] Attempting to import store vmware {{(pid=102943) _load_store /opt/stack/data/venv/lib/python3.12/site-packages/glance_store/backend.py:215}}
Jul 30 09:29:56.901265 np0000006113 devstack@g-api.service[102943]: DEBUG glance_store.backend [-] Registering options for group glance_store {{(pid=102943) register_opts /opt/stack/data/venv/lib/python3.12/site-packages/glance_store/backend.py:144}}
Jul 30 09:29:56.901489 np0000006113 devstack@g-api.service[102943]: DEBUG glance_store.backend [-] Registering options for group glance_store {{(pid=102943) register_opts /opt/stack/data/venv/lib/python3.12/site-packages/glance_store/backend.py:144}}
Jul 30 09:29:56.902348 np0000006113 devstack@g-api.service[102943]: WARNING oslo_config.cfg [-] Deprecated: Option "stores" from group "glance_store" is deprecated for removal (
Jul 30 09:29:56.902348 np0000006113 devstack@g-api.service[102943]: This option is deprecated against new config option
Jul 30 09:29:56.902348 np0000006113 devstack@g-api.service[102943]: ``enabled_backends`` which helps to configure multiple backend stores
Jul 30 09:29:56.902348 np0000006113 devstack@g-api.service[102943]: of different schemes.
Jul 30 09:29:56.902348 np0000006113 devstack@g-api.service[102943]: This option is scheduled for removal in the U development
Jul 30 09:29:56.902348 np0000006113 devstack@g-api.service[102943]: cycle.
Jul 30 09:29:56.902348 np0000006113 devstack@g-api.service[102943]: ). Its value may be silently ignored in the future.
Jul 30 09:29:56.902574 np0000006113 devstack@g-api.service[102943]: DEBUG glance_store.backend [-] Attempting to import store swift {{(pid=102943) _load_store /opt/stack/data/venv/lib/python3.12/site-packages/glance_store/backend.py:215}}
Jul 30 09:29:56.902793 np0000006113 devstack@g-api.service[102943]: WARNING oslo_config.cfg [-] Deprecated: Option "default_store" from group "glance_store" is deprecated for removal (
Jul 30 09:29:56.902793 np0000006113 devstack@g-api.service[102943]: This option is deprecated against new config option
Jul 30 09:29:56.902793 np0000006113 devstack@g-api.service[102943]: ``default_backend`` which acts similar to ``default_store`` config
Jul 30 09:29:56.902793 np0000006113 devstack@g-api.service[102943]: option.
Jul 30 09:29:56.902793 np0000006113 devstack@g-api.service[102943]: This option is scheduled for removal in the U development
Jul 30 09:29:56.902793 np0000006113 devstack@g-api.service[102943]: cycle.
Jul 30 09:29:56.902793 np0000006113 devstack@g-api.service[102943]: ). Its value may be silently ignored in the future.
Jul 30 09:29:56.904750 np0000006113 devstack@g-api.service[102943]: DEBUG glance_store.capabilities [-] Store glance_store._drivers.swift.store.SingleTenantStore doesn't support updating dynamic storage capabilities. Please overwrite 'update_capabilities' method of the store to implement updating logics if needed. {{(pid=102943) update_capabilities /opt/stack/data/venv/lib/python3.12/site-packages/glance_store/capabilities.py:91}}
Jul 30 09:29:56.904851 np0000006113 devstack@g-api.service[102943]: DEBUG glance_store.backend [-] Registering store swift with schemes ('swift+https', 'swift', 'swift+http', 'swift+config') {{(pid=102943) create_stores /opt/stack/data/venv/lib/python3.12/site-packages/glance_store/backend.py:261}}
Jul 30 09:29:56.904956 np0000006113 devstack@g-api.service[102943]: DEBUG glance_store.driver [-] Late loading location class glance_store._drivers.swift.store.StoreLocation {{(pid=102943) get_store_location_class /opt/stack/data/venv/lib/python3.12/site-packages/glance_store/driver.py:134}}
Jul 30 09:29:56.905105 np0000006113 devstack@g-api.service[102943]: DEBUG glance_store.location [-] Registering scheme swift+https with {'store': , 'location_class': , 'store_entry': 'swift'} {{(pid=102943) register_scheme_map /opt/stack/data/venv/lib/python3.12/site-packages/glance_store/location.py:146}}
Jul 30 09:29:56.905204 np0000006113 devstack@g-api.service[102943]: DEBUG glance_store.location [-] Registering scheme swift with {'store': , 'location_class': , 'store_entry': 'swift'} {{(pid=102943) register_scheme_map /opt/stack/data/venv/lib/python3.12/site-packages/glance_store/location.py:146}}
Jul 30 09:29:56.905309 np0000006113 devstack@g-api.service[102943]: DEBUG glance_store.location [-] Registering scheme swift+http with {'store': , 'location_class': , 'store_entry': 'swift'} {{(pid=102943) register_scheme_map /opt/stack/data/venv/lib/python3.12/site-packages/glance_store/location.py:146}}
Jul 30 09:29:56.905399 np0000006113 devstack@g-api.service[102943]: DEBUG glance_store.location [-] Registering scheme swift+config with {'store': , 'location_class': , 'store_entry': 'swift'} {{(pid=102943) register_scheme_map /opt/stack/data/venv/lib/python3.12/site-packages/glance_store/location.py:146}}
Jul 30 09:29:56.905495 np0000006113 devstack@g-api.service[102943]: DEBUG glance_store.backend [-] Attempting to import store file {{(pid=102943) _load_store /opt/stack/data/venv/lib/python3.12/site-packages/glance_store/backend.py:215}}
Jul 30 09:29:56.906254 np0000006113 devstack@g-api.service[102943]: DEBUG glance_store.capabilities [-] Store glance_store._drivers.filesystem.Store doesn't support updating dynamic storage capabilities. Please overwrite 'update_capabilities' method of the store to implement updating logics if needed. {{(pid=102943) update_capabilities /opt/stack/data/venv/lib/python3.12/site-packages/glance_store/capabilities.py:91}}
Jul 30 09:29:56.906346 np0000006113 devstack@g-api.service[102943]: DEBUG glance_store.backend [-] Registering store file with schemes ('file', 'filesystem') {{(pid=102943) create_stores /opt/stack/data/venv/lib/python3.12/site-packages/glance_store/backend.py:261}}
Jul 30 09:29:56.906450 np0000006113 devstack@g-api.service[102943]: DEBUG glance_store.driver [-] Late loading location class glance_store._drivers.filesystem.StoreLocation {{(pid=102943) get_store_location_class /opt/stack/data/venv/lib/python3.12/site-packages/glance_store/driver.py:134}}
Jul 30 09:29:56.906551 np0000006113 devstack@g-api.service[102943]: DEBUG glance_store.location [-] Registering scheme file with {'store': , 'location_class': , 'store_entry': 'file'} {{(pid=102943) register_scheme_map /opt/stack/data/venv/lib/python3.12/site-packages/glance_store/location.py:146}}
Jul 30 09:29:56.906645 np0000006113 devstack@g-api.service[102943]: DEBUG glance_store.location [-] Registering scheme filesystem with {'store': , 'location_class': , 'store_entry': 'file'} {{(pid=102943) register_scheme_map /opt/stack/data/venv/lib/python3.12/site-packages/glance_store/location.py:146}}
Jul 30 09:29:56.906745 np0000006113 devstack@g-api.service[102943]: DEBUG glance_store.backend [-] Attempting to import store http {{(pid=102943) _load_store /opt/stack/data/venv/lib/python3.12/site-packages/glance_store/backend.py:215}}
Jul 30 09:29:56.907029 np0000006113 devstack@g-api.service[102943]: DEBUG glance_store.capabilities [-] Store glance_store._drivers.http.Store doesn't support updating dynamic storage capabilities. Please overwrite 'update_capabilities' method of the store to implement updating logics if needed. {{(pid=102943) update_capabilities /opt/stack/data/venv/lib/python3.12/site-packages/glance_store/capabilities.py:91}}
Jul 30 09:29:56.907126 np0000006113 devstack@g-api.service[102943]: DEBUG glance_store.backend [-] Registering store http with schemes ('http', 'https') {{(pid=102943) create_stores /opt/stack/data/venv/lib/python3.12/site-packages/glance_store/backend.py:261}}
Jul 30 09:29:56.907243 np0000006113 devstack@g-api.service[102943]: DEBUG glance_store.driver [-] Late loading location class glance_store._drivers.http.StoreLocation {{(pid=102943) get_store_location_class /opt/stack/data/venv/lib/python3.12/site-packages/glance_store/driver.py:134}}
Jul 30 09:29:56.907351 np0000006113 devstack@g-api.service[102943]: DEBUG glance_store.location [-] Registering scheme http with {'store': , 'location_class': , 'store_entry': 'http'} {{(pid=102943) register_scheme_map /opt/stack/data/venv/lib/python3.12/site-packages/glance_store/location.py:146}}
Jul 30 09:29:56.907434 np0000006113 devstack@g-api.service[102943]: DEBUG glance_store.location [-] Registering scheme https with {'store': , 'location_class': , 'store_entry': 'http'} {{(pid=102943) register_scheme_map /opt/stack/data/venv/lib/python3.12/site-packages/glance_store/location.py:146}}
Jul 30 09:29:56.907602 np0000006113 devstack@g-api.service[102943]: DEBUG glance_store.backend [-] Attempting to import store swift {{(pid=102943) _load_store /opt/stack/data/venv/lib/python3.12/site-packages/glance_store/backend.py:215}}
Jul 30 09:29:56.908665 np0000006113 devstack@g-api.service[102943]: DEBUG glance_store.capabilities [-] Store glance_store._drivers.swift.store.SingleTenantStore doesn't support updating dynamic storage capabilities. Please overwrite 'update_capabilities' method of the store to implement updating logics if needed. {{(pid=102943) update_capabilities /opt/stack/data/venv/lib/python3.12/site-packages/glance_store/capabilities.py:91}}
Jul 30 09:29:56.908727 np0000006113 devstack@g-api.service[102943]: DEBUG glance_store.driver [-] Late loading location class glance_store._drivers.swift.store.StoreLocation {{(pid=102943) get_store_location_class /opt/stack/data/venv/lib/python3.12/site-packages/glance_store/driver.py:134}}
Jul 30 09:29:56.908788 np0000006113 devstack@g-api.service[102943]: DEBUG glance_store.location [-] Registering scheme swift+https with {'store': , 'location_class': , 'store_entry': 'swift'} {{(pid=102943) register_scheme_map /opt/stack/data/venv/lib/python3.12/site-packages/glance_store/location.py:146}}
Jul 30 09:29:56.908832 np0000006113 devstack@g-api.service[102943]: DEBUG glance_store.location [-] Registering scheme swift+https with {'store': , 'location_class': , 'store_entry': 'swift'} {{(pid=102943) register_scheme_map /opt/stack/data/venv/lib/python3.12/site-packages/glance_store/location.py:146}}
Jul 30 09:29:56.908893 np0000006113 devstack@g-api.service[102943]: DEBUG glance_store.location [-] Registering scheme swift with {'store': , 'location_class': , 'store_entry': 'swift'} {{(pid=102943) register_scheme_map /opt/stack/data/venv/lib/python3.12/site-packages/glance_store/location.py:146}}
Jul 30 09:29:56.908933 np0000006113 devstack@g-api.service[102943]: DEBUG glance_store.location [-] Registering scheme swift+https with {'store': , 'location_class': , 'store_entry': 'swift'} {{(pid=102943) register_scheme_map /opt/stack/data/venv/lib/python3.12/site-packages/glance_store/location.py:146}}
Jul 30 09:29:56.908983 np0000006113 devstack@g-api.service[102943]: DEBUG glance_store.location [-] Registering scheme swift with {'store': , 'location_class': , 'store_entry': 'swift'} {{(pid=102943) register_scheme_map /opt/stack/data/venv/lib/python3.12/site-packages/glance_store/location.py:146}}
Jul 30 09:29:56.909032 np0000006113 devstack@g-api.service[102943]: DEBUG glance_store.location [-] Registering scheme swift+http with {'store': , 'location_class': , 'store_entry': 'swift'} {{(pid=102943) register_scheme_map /opt/stack/data/venv/lib/python3.12/site-packages/glance_store/location.py:146}}
Jul 30 09:29:56.909080 np0000006113 devstack@g-api.service[102943]: DEBUG glance_store.location [-] Registering scheme swift+https with {'store': , 'location_class': , 'store_entry': 'swift'} {{(pid=102943) register_scheme_map /opt/stack/data/venv/lib/python3.12/site-packages/glance_store/location.py:146}}
Jul 30 09:29:56.909116 np0000006113 devstack@g-api.service[102943]: DEBUG glance_store.location [-] Registering scheme swift with {'store': , 'location_class': , 'store_entry': 'swift'} {{(pid=102943) register_scheme_map /opt/stack/data/venv/lib/python3.12/site-packages/glance_store/location.py:146}}
Jul 30 09:29:56.909174 np0000006113 devstack@g-api.service[102943]: DEBUG glance_store.location [-] Registering scheme swift+http with {'store': , 'location_class': , 'store_entry': 'swift'} {{(pid=102943) register_scheme_map /opt/stack/data/venv/lib/python3.12/site-packages/glance_store/location.py:146}}
Jul 30 09:29:56.909250 np0000006113 devstack@g-api.service[102943]: DEBUG glance_store.location [-] Registering scheme swift+config with {'store': , 'location_class': , 'store_entry': 'swift'} {{(pid=102943) register_scheme_map /opt/stack/data/venv/lib/python3.12/site-packages/glance_store/location.py:146}}
Jul 30 09:29:56.909486 np0000006113 devstack@g-api.service[102943]: DEBUG glance.sqlite_migration [-] SQLite caching database not located, skipping migration {{(pid=102943) get_db_path /opt/stack/glance/glance/sqlite_migration.py:68}}
Jul 30 09:29:56.909656 np0000006113 devstack@g-api.service[102943]: WARNING glance.common.wsgi_app [-] Import methods are enabled but staging directory /tmp/staging/ does not exist; Imports will fail!
Jul 30 09:29:56.946863 np0000006113 devstack@g-api.service[102946]: DEBUG glance.common.config [None req-7029dab8-bec0-48a8-bd3c-5f3a32f91188 None None] Loading glance-api-keystone+cachemanagement from /etc/glance/glance-api-paste.ini {{(pid=102946) load_paste_app /opt/stack/glance/glance/common/config.py:765}}
Jul 30 09:29:57.012760 np0000006113 devstack@g-api.service[102945]: DEBUG glance.common.config [None req-b40fd1fc-6313-4f24-a46f-d3f628b47d75 None None] Loading glance-api-keystone+cachemanagement from /etc/glance/glance-api-paste.ini {{(pid=102945) load_paste_app /opt/stack/glance/glance/common/config.py:765}}
Jul 30 09:29:57.046420 np0000006113 devstack@g-api.service[102943]: DEBUG glance.common.config [None req-248bdcd2-f9d8-4c57-ac87-253823614e00 None None] Loading glance-api-keystone+cachemanagement from /etc/glance/glance-api-paste.ini {{(pid=102943) load_paste_app /opt/stack/glance/glance/common/config.py:765}}
Jul 30 09:29:57.056086 np0000006113 devstack@g-api.service[102944]: DEBUG glance.common.config [None req-09b58f81-e0b9-42c4-82bd-cdf39542cee0 None None] Loading glance-api-keystone+cachemanagement from /etc/glance/glance-api-paste.ini {{(pid=102944) load_paste_app /opt/stack/glance/glance/common/config.py:765}}
Jul 30 09:29:57.528893 np0000006113 devstack@g-api.service[102946]: INFO glance.image_cache [None req-7029dab8-bec0-48a8-bd3c-5f3a32f91188 None None] Image cache loaded driver 'centralized_db'.
Jul 30 09:29:57.571160 np0000006113 devstack@g-api.service[102943]: INFO glance.image_cache [None req-248bdcd2-f9d8-4c57-ac87-253823614e00 None None] Image cache loaded driver 'centralized_db'.
Jul 30 09:29:57.577291 np0000006113 devstack@g-api.service[102946]: INFO dbcounter [None req-7029dab8-bec0-48a8-bd3c-5f3a32f91188 None None] Registered counter for database glance
Jul 30 09:29:57.592539 np0000006113 devstack@g-api.service[102945]: INFO glance.image_cache [None req-b40fd1fc-6313-4f24-a46f-d3f628b47d75 None None] Image cache loaded driver 'centralized_db'.
Jul 30 09:29:57.598709 np0000006113 devstack@g-api.service[102944]: INFO glance.image_cache [None req-09b58f81-e0b9-42c4-82bd-cdf39542cee0 None None] Image cache loaded driver 'centralized_db'.
Jul 30 09:29:57.619391 np0000006113 devstack@g-api.service[102943]: INFO dbcounter [None req-248bdcd2-f9d8-4c57-ac87-253823614e00 None None] Registered counter for database glance
Jul 30 09:29:57.620316 np0000006113 devstack@g-api.service[102946]: DEBUG oslo_db.sqlalchemy.engines [None req-7029dab8-bec0-48a8-bd3c-5f3a32f91188 None None] MySQL server mode set to STRICT_TRANS_TABLES,STRICT_ALL_TABLES,NO_ZERO_IN_DATE,NO_ZERO_DATE,ERROR_FOR_DIVISION_BY_ZERO,TRADITIONAL,NO_ENGINE_SUBSTITUTION {{(pid=102946) _check_effective_sql_mode /opt/stack/data/venv/lib/python3.12/site-packages/oslo_db/sqlalchemy/engines.py:325}}
Jul 30 09:29:57.641079 np0000006113 devstack@g-api.service[102946]: DEBUG dbcounter [-] [102946] Writer thread running {{(pid=102946) stat_writer /opt/stack/data/venv/lib/python3.12/site-packages/dbcounter.py:102}}
Jul 30 09:29:57.649696 np0000006113 devstack@g-api.service[102944]: INFO dbcounter [None req-09b58f81-e0b9-42c4-82bd-cdf39542cee0 None None] Registered counter for database glance
Jul 30 09:29:57.650731 np0000006113 devstack@g-api.service[102945]: INFO dbcounter [None req-b40fd1fc-6313-4f24-a46f-d3f628b47d75 None None] Registered counter for database glance
Jul 30 09:29:57.664388 np0000006113 devstack@g-api.service[102943]: DEBUG oslo_db.sqlalchemy.engines [None req-248bdcd2-f9d8-4c57-ac87-253823614e00 None None] MySQL server mode set to STRICT_TRANS_TABLES,STRICT_ALL_TABLES,NO_ZERO_IN_DATE,NO_ZERO_DATE,ERROR_FOR_DIVISION_BY_ZERO,TRADITIONAL,NO_ENGINE_SUBSTITUTION {{(pid=102943) _check_effective_sql_mode /opt/stack/data/venv/lib/python3.12/site-packages/oslo_db/sqlalchemy/engines.py:325}}
Jul 30 09:29:57.685652 np0000006113 devstack@g-api.service[102943]: DEBUG dbcounter [-] [102943] Writer thread running {{(pid=102943) stat_writer /opt/stack/data/venv/lib/python3.12/site-packages/dbcounter.py:102}}
Jul 30 09:29:57.688828 np0000006113 devstack@g-api.service[102943]: DEBUG glance.image_cache.drivers.centralized_db [None req-248bdcd2-f9d8-4c57-ac87-253823614e00 None None] Node reference is already recorded, ignoring it {{(pid=102943) configure /opt/stack/glance/glance/image_cache/drivers/centralized_db.py:71}}
Jul 30 09:29:57.694150 np0000006113 devstack@g-api.service[102944]: DEBUG oslo_db.sqlalchemy.engines [None req-09b58f81-e0b9-42c4-82bd-cdf39542cee0 None None] MySQL server mode set to STRICT_TRANS_TABLES,STRICT_ALL_TABLES,NO_ZERO_IN_DATE,NO_ZERO_DATE,ERROR_FOR_DIVISION_BY_ZERO,TRADITIONAL,NO_ENGINE_SUBSTITUTION {{(pid=102944) _check_effective_sql_mode /opt/stack/data/venv/lib/python3.12/site-packages/oslo_db/sqlalchemy/engines.py:325}}
Jul 30 09:29:57.704068 np0000006113 devstack@g-api.service[102945]: DEBUG oslo_db.sqlalchemy.engines [None req-b40fd1fc-6313-4f24-a46f-d3f628b47d75 None None] MySQL server mode set to STRICT_TRANS_TABLES,STRICT_ALL_TABLES,NO_ZERO_IN_DATE,NO_ZERO_DATE,ERROR_FOR_DIVISION_BY_ZERO,TRADITIONAL,NO_ENGINE_SUBSTITUTION {{(pid=102945) _check_effective_sql_mode /opt/stack/data/venv/lib/python3.12/site-packages/oslo_db/sqlalchemy/engines.py:325}}
Jul 30 09:29:57.716372 np0000006113 devstack@g-api.service[102944]: DEBUG dbcounter [-] [102944] Writer thread running {{(pid=102944) stat_writer /opt/stack/data/venv/lib/python3.12/site-packages/dbcounter.py:102}}
Jul 30 09:29:57.718967 np0000006113 devstack@g-api.service[102944]: DEBUG glance.image_cache.drivers.centralized_db [None req-09b58f81-e0b9-42c4-82bd-cdf39542cee0 None None] Node reference is already recorded, ignoring it {{(pid=102944) configure /opt/stack/glance/glance/image_cache/drivers/centralized_db.py:71}}
Jul 30 09:29:57.729312 np0000006113 devstack@g-api.service[102945]: DEBUG dbcounter [-] [102945] Writer thread running {{(pid=102945) stat_writer /opt/stack/data/venv/lib/python3.12/site-packages/dbcounter.py:102}}
Jul 30 09:29:57.732280 np0000006113 devstack@g-api.service[102945]: DEBUG glance.image_cache.drivers.centralized_db [None req-b40fd1fc-6313-4f24-a46f-d3f628b47d75 None None] Node reference is already recorded, ignoring it {{(pid=102945) configure /opt/stack/glance/glance/image_cache/drivers/centralized_db.py:71}}
Jul 30 09:29:57.738951 np0000006113 devstack@g-api.service[102946]: INFO glance.image_cache [None req-7029dab8-bec0-48a8-bd3c-5f3a32f91188 None None] Image cache loaded driver 'centralized_db'.
Jul 30 09:29:57.747035 np0000006113 devstack@g-api.service[102946]: DEBUG glance.image_cache.drivers.centralized_db [None req-7029dab8-bec0-48a8-bd3c-5f3a32f91188 None None] Node reference is already recorded, ignoring it {{(pid=102946) configure /opt/stack/glance/glance/image_cache/drivers/centralized_db.py:71}}
Jul 30 09:29:57.752037 np0000006113 devstack@g-api.service[102946]: DEBUG glance.api.v2.cached_images [None req-7029dab8-bec0-48a8-bd3c-5f3a32f91188 None None] Started cache worker thread {{(pid=102946) __init__ /opt/stack/glance/glance/api/v2/cached_images.py:71}}
Jul 30 09:29:57.752888 np0000006113 devstack@g-api.service[102946]: INFO glance.image_cache [None req-7029dab8-bec0-48a8-bd3c-5f3a32f91188 None None] Image cache loaded driver 'centralized_db'.
Jul 30 09:29:57.760479 np0000006113 devstack@g-api.service[102946]: DEBUG glance.image_cache.drivers.centralized_db [None req-7029dab8-bec0-48a8-bd3c-5f3a32f91188 None None] Node reference is already recorded, ignoring it {{(pid=102946) configure /opt/stack/glance/glance/image_cache/drivers/centralized_db.py:71}}
Jul 30 09:29:57.766560 np0000006113 devstack@g-api.service[102946]: INFO glance.api.middleware.cache_manage [None req-7029dab8-bec0-48a8-bd3c-5f3a32f91188 None None] Initialized image cache management middleware
Jul 30 09:29:57.766724 np0000006113 devstack@g-api.service[102946]: INFO glance.image_cache [None req-7029dab8-bec0-48a8-bd3c-5f3a32f91188 None None] Image cache loaded driver 'centralized_db'.
Jul 30 09:29:57.773734 np0000006113 devstack@g-api.service[102946]: DEBUG glance.image_cache.drivers.centralized_db [None req-7029dab8-bec0-48a8-bd3c-5f3a32f91188 None None] Node reference is already recorded, ignoring it {{(pid=102946) configure /opt/stack/glance/glance/image_cache/drivers/centralized_db.py:71}}
Jul 30 09:29:57.778289 np0000006113 devstack@g-api.service[102946]: INFO glance.api.middleware.cache [None req-7029dab8-bec0-48a8-bd3c-5f3a32f91188 None None] Initialized image cache middleware
Jul 30 09:29:57.785257 np0000006113 devstack@g-api.service[102943]: INFO glance.image_cache [None req-248bdcd2-f9d8-4c57-ac87-253823614e00 None None] Image cache loaded driver 'centralized_db'.
Jul 30 09:29:57.788432 np0000006113 devstack@g-api.service[102946]: DEBUG glance.common.config [None req-7029dab8-bec0-48a8-bd3c-5f3a32f91188 None None] ******************************************************************************** {{(pid=102946) log_opt_values /opt/stack/data/venv/lib/python3.12/site-packages/oslo_config/cfg.py:3226}}
Jul 30 09:29:57.788536 np0000006113 devstack@g-api.service[102946]: DEBUG glance.common.config [None req-7029dab8-bec0-48a8-bd3c-5f3a32f91188 None None] Configuration options gathered from: {{(pid=102946) log_opt_values /opt/stack/data/venv/lib/python3.12/site-packages/oslo_config/cfg.py:3227}}
Jul 30 09:29:57.788793 np0000006113 devstack@g-api.service[102946]: DEBUG glance.common.config [None req-7029dab8-bec0-48a8-bd3c-5f3a32f91188 None None] command line args: [] {{(pid=102946) log_opt_values /opt/stack/data/venv/lib/python3.12/site-packages/oslo_config/cfg.py:3228}}
Jul 30 09:29:57.788953 np0000006113 devstack@g-api.service[102946]: DEBUG glance.common.config [None req-7029dab8-bec0-48a8-bd3c-5f3a32f91188 None None] config files: ['/etc/glance/glance-image-import.conf', '/etc/glance/glance-api.conf'] {{(pid=102946) log_opt_values /opt/stack/data/venv/lib/python3.12/site-packages/oslo_config/cfg.py:3229}}
Jul 30 09:29:57.789027 np0000006113 devstack@g-api.service[102946]: DEBUG glance.common.config [None req-7029dab8-bec0-48a8-bd3c-5f3a32f91188 None None] ================================================================================ {{(pid=102946) log_opt_values /opt/stack/data/venv/lib/python3.12/site-packages/oslo_config/cfg.py:3234}}
Jul 30 09:29:57.789175 np0000006113 devstack@g-api.service[102946]: DEBUG glance.common.config [None req-7029dab8-bec0-48a8-bd3c-5f3a32f91188 None None] allow_anonymous_access = False {{(pid=102946) log_opt_values /opt/stack/data/venv/lib/python3.12/site-packages/oslo_config/cfg.py:3242}}
Jul 30 09:29:57.789298 np0000006113 devstack@g-api.service[102946]: DEBUG glance.common.config [None req-7029dab8-bec0-48a8-bd3c-5f3a32f91188 None None] api_limit_max = 1000 {{(pid=102946) log_opt_values /opt/stack/data/venv/lib/python3.12/site-packages/oslo_config/cfg.py:3242}}
Jul 30 09:29:57.789415 np0000006113 devstack@g-api.service[102946]: DEBUG glance.common.config [None req-7029dab8-bec0-48a8-bd3c-5f3a32f91188 None None] config_dir = [] {{(pid=102946) log_opt_values /opt/stack/data/venv/lib/python3.12/site-packages/oslo_config/cfg.py:3242}}
Jul 30 09:29:57.789484 np0000006113 devstack@g-api.service[102946]: DEBUG glance.common.config [None req-7029dab8-bec0-48a8-bd3c-5f3a32f91188 None None] config_file = ['/etc/glance/glance-image-import.conf', '/etc/glance/glance-api.conf'] {{(pid=102946) log_opt_values /opt/stack/data/venv/lib/python3.12/site-packages/oslo_config/cfg.py:3242}}
Jul 30 09:29:57.789583 np0000006113 devstack@g-api.service[102946]: DEBUG glance.common.config [None req-7029dab8-bec0-48a8-bd3c-5f3a32f91188 None None] config_source = [] {{(pid=102946) log_opt_values /opt/stack/data/venv/lib/python3.12/site-packages/oslo_config/cfg.py:3242}}
Jul 30 09:29:57.789697 np0000006113 devstack@g-api.service[102946]: DEBUG glance.common.config [None req-7029dab8-bec0-48a8-bd3c-5f3a32f91188 None None] control_exchange = glance {{(pid=102946) log_opt_values /opt/stack/data/venv/lib/python3.12/site-packages/oslo_config/cfg.py:3242}}
Jul 30 09:29:57.789768 np0000006113 devstack@g-api.service[102946]: DEBUG glance.common.config [None req-7029dab8-bec0-48a8-bd3c-5f3a32f91188 None None] debug = True {{(pid=102946) log_opt_values /opt/stack/data/venv/lib/python3.12/site-packages/oslo_config/cfg.py:3242}}
Jul 30 09:29:57.789987 np0000006113 devstack@g-api.service[102946]: DEBUG glance.common.config [None req-7029dab8-bec0-48a8-bd3c-5f3a32f91188 None None] default_log_levels = ['amqp=WARN', 'boto=WARN', 'sqlalchemy=WARN', 'suds=INFO', 'oslo.messaging=INFO', 'oslo_messaging=INFO', 'iso8601=WARN', 'requests.packages.urllib3.connectionpool=WARN', 'urllib3.connectionpool=WARN', 'websocket=WARN', 'requests.packages.urllib3.util.retry=WARN', 'urllib3.util.retry=WARN', 'keystonemiddleware=WARN', 'routes.middleware=WARN', 'stevedore=WARN', 'taskflow=WARN', 'keystoneauth=WARN', 'oslo.cache=INFO', 'oslo_policy=INFO', 'dogpile.core.dogpile=INFO'] {{(pid=102946) log_opt_values /opt/stack/data/venv/lib/python3.12/site-packages/oslo_config/cfg.py:3242}}
Jul 30 09:29:57.790147 np0000006113 devstack@g-api.service[102946]: DEBUG glance.common.config [None req-7029dab8-bec0-48a8-bd3c-5f3a32f91188 None None] default_publisher_id = image.localhost {{(pid=102946) log_opt_values /opt/stack/data/venv/lib/python3.12/site-packages/oslo_config/cfg.py:3242}}
Jul 30 09:29:57.790309 np0000006113 devstack@g-api.service[102946]: DEBUG glance.common.config [None req-7029dab8-bec0-48a8-bd3c-5f3a32f91188 None None] delayed_delete = False {{(pid=102946) log_opt_values /opt/stack/data/venv/lib/python3.12/site-packages/oslo_config/cfg.py:3242}}
Jul 30 09:29:57.790456 np0000006113 devstack@g-api.service[102946]: DEBUG glance.common.config [None req-7029dab8-bec0-48a8-bd3c-5f3a32f91188 None None] digest_algorithm = sha256 {{(pid=102946) log_opt_values /opt/stack/data/venv/lib/python3.12/site-packages/oslo_config/cfg.py:3242}}
Jul 30 09:29:57.790599 np0000006113 devstack@g-api.service[102946]: DEBUG glance.common.config [None req-7029dab8-bec0-48a8-bd3c-5f3a32f91188 None None] disabled_notifications = [] {{(pid=102946) log_opt_values /opt/stack/data/venv/lib/python3.12/site-packages/oslo_config/cfg.py:3242}}
Jul 30 09:29:57.790792 np0000006113 devstack@g-api.service[102946]: DEBUG glance.common.config [None req-7029dab8-bec0-48a8-bd3c-5f3a32f91188 None None] do_secure_hash = True {{(pid=102946) log_opt_values /opt/stack/data/venv/lib/python3.12/site-packages/oslo_config/cfg.py:3242}}
Jul 30 09:29:57.790902 np0000006113 devstack@g-api.service[102946]: DEBUG glance.common.config [None req-7029dab8-bec0-48a8-bd3c-5f3a32f91188 None None] enabled_backends = None {{(pid=102946) log_opt_values /opt/stack/data/venv/lib/python3.12/site-packages/oslo_config/cfg.py:3242}}
Jul 30 09:29:57.791064 np0000006113 devstack@g-api.service[102946]: DEBUG glance.common.config [None req-7029dab8-bec0-48a8-bd3c-5f3a32f91188 None None] enabled_import_methods = ['glance-direct', 'web-download', 'copy-image'] {{(pid=102946) log_opt_values /opt/stack/data/venv/lib/python3.12/site-packages/oslo_config/cfg.py:3242}}
Jul 30 09:29:57.791153 np0000006113 devstack@g-api.service[102946]: DEBUG glance.common.config [None req-7029dab8-bec0-48a8-bd3c-5f3a32f91188 None None] fatal_deprecations = False {{(pid=102946) log_opt_values /opt/stack/data/venv/lib/python3.12/site-packages/oslo_config/cfg.py:3242}}
Jul 30 09:29:57.791281 np0000006113 devstack@g-api.service[102946]: DEBUG glance.common.config [None req-7029dab8-bec0-48a8-bd3c-5f3a32f91188 None None] hashing_algorithm = sha512 {{(pid=102946) log_opt_values /opt/stack/data/venv/lib/python3.12/site-packages/oslo_config/cfg.py:3242}}
Jul 30 09:29:57.791372 np0000006113 devstack@g-api.service[102946]: DEBUG glance.common.config [None req-7029dab8-bec0-48a8-bd3c-5f3a32f91188 None None] http_retries = 3 {{(pid=102946) log_opt_values /opt/stack/data/venv/lib/python3.12/site-packages/oslo_config/cfg.py:3242}}
Jul 30 09:29:57.791457 np0000006113 devstack@g-api.service[102946]: DEBUG glance.common.config [None req-7029dab8-bec0-48a8-bd3c-5f3a32f91188 None None] image_cache_dir = /opt/stack/data/glance/cache/ {{(pid=102946) log_opt_values /opt/stack/data/venv/lib/python3.12/site-packages/oslo_config/cfg.py:3242}}
Jul 30 09:29:57.791547 np0000006113 devstack@g-api.service[102946]: DEBUG glance.common.config [None req-7029dab8-bec0-48a8-bd3c-5f3a32f91188 None None] image_cache_driver = centralized_db {{(pid=102946) log_opt_values /opt/stack/data/venv/lib/python3.12/site-packages/oslo_config/cfg.py:3242}}
Jul 30 09:29:57.791637 np0000006113 devstack@g-api.service[102946]: DEBUG glance.common.config [None req-7029dab8-bec0-48a8-bd3c-5f3a32f91188 None None] image_cache_max_size = 10737418240 {{(pid=102946) log_opt_values /opt/stack/data/venv/lib/python3.12/site-packages/oslo_config/cfg.py:3242}}
Jul 30 09:29:57.791742 np0000006113 devstack@g-api.service[102946]: DEBUG glance.common.config [None req-7029dab8-bec0-48a8-bd3c-5f3a32f91188 None None] image_cache_sqlite_db = cache.db {{(pid=102946) log_opt_values /opt/stack/data/venv/lib/python3.12/site-packages/oslo_config/cfg.py:3242}}
Jul 30 09:29:57.791832 np0000006113 devstack@g-api.service[102946]: DEBUG glance.common.config [None req-7029dab8-bec0-48a8-bd3c-5f3a32f91188 None None] image_cache_stall_time = 86400 {{(pid=102946) log_opt_values /opt/stack/data/venv/lib/python3.12/site-packages/oslo_config/cfg.py:3242}}
Jul 30 09:29:57.791943 np0000006113 devstack@g-api.service[102946]: DEBUG glance.common.config [None req-7029dab8-bec0-48a8-bd3c-5f3a32f91188 None None] image_location_quota = 10 {{(pid=102946) log_opt_values /opt/stack/data/venv/lib/python3.12/site-packages/oslo_config/cfg.py:3242}}
Jul 30 09:29:57.792034 np0000006113 devstack@g-api.service[102946]: DEBUG glance.common.config [None req-7029dab8-bec0-48a8-bd3c-5f3a32f91188 None None] image_member_quota = 128 {{(pid=102946) log_opt_values /opt/stack/data/venv/lib/python3.12/site-packages/oslo_config/cfg.py:3242}}
Jul 30 09:29:57.792159 np0000006113 devstack@g-api.service[102946]: DEBUG glance.common.config [None req-7029dab8-bec0-48a8-bd3c-5f3a32f91188 None None] image_property_quota = 128 {{(pid=102946) log_opt_values /opt/stack/data/venv/lib/python3.12/site-packages/oslo_config/cfg.py:3242}}
Jul 30 09:29:57.792268 np0000006113 devstack@g-api.service[102946]: DEBUG glance.common.config [None req-7029dab8-bec0-48a8-bd3c-5f3a32f91188 None None] image_size_cap = 1099511627776 {{(pid=102946) log_opt_values /opt/stack/data/venv/lib/python3.12/site-packages/oslo_config/cfg.py:3242}}
Jul 30 09:29:57.792355 np0000006113 devstack@g-api.service[102946]: DEBUG glance.common.config [None req-7029dab8-bec0-48a8-bd3c-5f3a32f91188 None None] image_tag_quota = 128 {{(pid=102946) log_opt_values /opt/stack/data/venv/lib/python3.12/site-packages/oslo_config/cfg.py:3242}}
Jul 30 09:29:57.792392 np0000006113 devstack@g-api.service[102943]: DEBUG glance.image_cache.drivers.centralized_db [None req-248bdcd2-f9d8-4c57-ac87-253823614e00 None None] Node reference is already recorded, ignoring it {{(pid=102943) configure /opt/stack/glance/glance/image_cache/drivers/centralized_db.py:71}}
Jul 30 09:29:57.792446 np0000006113 devstack@g-api.service[102946]: DEBUG glance.common.config [None req-7029dab8-bec0-48a8-bd3c-5f3a32f91188 None None] instance_format = [instance: %(uuid)s] {{(pid=102946) log_opt_values /opt/stack/data/venv/lib/python3.12/site-packages/oslo_config/cfg.py:3242}}
Jul 30 09:29:57.792562 np0000006113 devstack@g-api.service[102946]: DEBUG glance.common.config [None req-7029dab8-bec0-48a8-bd3c-5f3a32f91188 None None] instance_uuid_format = [instance: %(uuid)s] {{(pid=102946) log_opt_values /opt/stack/data/venv/lib/python3.12/site-packages/oslo_config/cfg.py:3242}}
Jul 30 09:29:57.792691 np0000006113 devstack@g-api.service[102946]: DEBUG glance.common.config [None req-7029dab8-bec0-48a8-bd3c-5f3a32f91188 None None] limit_param_default = 25 {{(pid=102946) log_opt_values /opt/stack/data/venv/lib/python3.12/site-packages/oslo_config/cfg.py:3242}}
Jul 30 09:29:57.792829 np0000006113 devstack@g-api.service[102946]: DEBUG glance.common.config [None req-7029dab8-bec0-48a8-bd3c-5f3a32f91188 None None] log_color = False {{(pid=102946) log_opt_values /opt/stack/data/venv/lib/python3.12/site-packages/oslo_config/cfg.py:3242}}
Jul 30 09:29:57.792962 np0000006113 devstack@g-api.service[102946]: DEBUG glance.common.config [None req-7029dab8-bec0-48a8-bd3c-5f3a32f91188 None None] log_config_append = None {{(pid=102946) log_opt_values /opt/stack/data/venv/lib/python3.12/site-packages/oslo_config/cfg.py:3242}}
Jul 30 09:29:57.793106 np0000006113 devstack@g-api.service[102946]: DEBUG glance.common.config [None req-7029dab8-bec0-48a8-bd3c-5f3a32f91188 None None] log_date_format = %Y-%m-%d %H:%M:%S {{(pid=102946) log_opt_values /opt/stack/data/venv/lib/python3.12/site-packages/oslo_config/cfg.py:3242}}
Jul 30 09:29:57.793228 np0000006113 devstack@g-api.service[102946]: DEBUG glance.common.config [None req-7029dab8-bec0-48a8-bd3c-5f3a32f91188 None None] log_dir = None {{(pid=102946) log_opt_values /opt/stack/data/venv/lib/python3.12/site-packages/oslo_config/cfg.py:3242}}
Jul 30 09:29:57.793316 np0000006113 devstack@g-api.service[102946]: DEBUG glance.common.config [None req-7029dab8-bec0-48a8-bd3c-5f3a32f91188 None None] log_file = None {{(pid=102946) log_opt_values /opt/stack/data/venv/lib/python3.12/site-packages/oslo_config/cfg.py:3242}}
Jul 30 09:29:57.793404 np0000006113 devstack@g-api.service[102946]: DEBUG glance.common.config [None req-7029dab8-bec0-48a8-bd3c-5f3a32f91188 None None] log_rotate_interval = 1 {{(pid=102946) log_opt_values /opt/stack/data/venv/lib/python3.12/site-packages/oslo_config/cfg.py:3242}}
Jul 30 09:29:57.793498 np0000006113 devstack@g-api.service[102946]: DEBUG glance.common.config [None req-7029dab8-bec0-48a8-bd3c-5f3a32f91188 None None] log_rotate_interval_type = days {{(pid=102946) log_opt_values /opt/stack/data/venv/lib/python3.12/site-packages/oslo_config/cfg.py:3242}}
Jul 30 09:29:57.793591 np0000006113 devstack@g-api.service[102946]: DEBUG glance.common.config [None req-7029dab8-bec0-48a8-bd3c-5f3a32f91188 None None] log_rotation_type = none {{(pid=102946) log_opt_values /opt/stack/data/venv/lib/python3.12/site-packages/oslo_config/cfg.py:3242}}
Jul 30 09:29:57.793666 np0000006113 devstack@g-api.service[102946]: DEBUG glance.common.config [None req-7029dab8-bec0-48a8-bd3c-5f3a32f91188 None None] logging_context_format_string = %(color)s%(levelname)s %(name)s [%(global_request_id)s %(request_id)s %(project_name)s %(user_name)s%(color)s] %(instance)s%(color)s%(message)s {{(pid=102946) log_opt_values /opt/stack/data/venv/lib/python3.12/site-packages/oslo_config/cfg.py:3242}}
Jul 30 09:29:57.793736 np0000006113 devstack@g-api.service[102946]: DEBUG glance.common.config [None req-7029dab8-bec0-48a8-bd3c-5f3a32f91188 None None] logging_debug_format_suffix = {{(pid=%(process)d) %(funcName)s %(pathname)s:%(lineno)d}} {{(pid=102946) log_opt_values /opt/stack/data/venv/lib/python3.12/site-packages/oslo_config/cfg.py:3242}}
