Jul 30 09:29:39.973534 np0000006113 nova-conductor[98997]: DEBUG cotyledon.oslo_config_glue [-] workarounds.disable_compute_service_check_for_ffu = False {{(pid=98997) log_opt_values /opt/stack/data/venv/lib/python3.12/site-packages/oslo_config/cfg.py:3253}}
Jul 30 09:29:39.973534 np0000006113 nova-conductor[98997]: DEBUG cotyledon.oslo_config_glue [-] workarounds.disable_deep_image_inspection = False {{(pid=98997) log_opt_values /opt/stack/data/venv/lib/python3.12/site-packages/oslo_config/cfg.py:3253}}
Jul 30 09:29:39.973534 np0000006113 nova-conductor[98997]: DEBUG cotyledon.oslo_config_glue [-] workarounds.disable_fallback_pcpu_query = False {{(pid=98997) log_opt_values /opt/stack/data/venv/lib/python3.12/site-packages/oslo_config/cfg.py:3253}}
Jul 30 09:29:39.973534 np0000006113 nova-conductor[98997]: DEBUG cotyledon.oslo_config_glue [-] workarounds.disable_group_policy_check_upcall = False {{(pid=98997) log_opt_values /opt/stack/data/venv/lib/python3.12/site-packages/oslo_config/cfg.py:3253}}
Jul 30 09:29:39.973534 np0000006113 nova-conductor[98997]: DEBUG cotyledon.oslo_config_glue [-] workarounds.disable_libvirt_livesnapshot = False {{(pid=98997) log_opt_values /opt/stack/data/venv/lib/python3.12/site-packages/oslo_config/cfg.py:3253}}
Jul 30 09:29:39.973534 np0000006113 nova-conductor[98997]: DEBUG cotyledon.oslo_config_glue [-] workarounds.disable_rootwrap = False {{(pid=98997) log_opt_values /opt/stack/data/venv/lib/python3.12/site-packages/oslo_config/cfg.py:3253}}
Jul 30 09:29:39.973779 np0000006113 nova-conductor[98997]: DEBUG cotyledon.oslo_config_glue [-] workarounds.enable_numa_live_migration = False {{(pid=98997) log_opt_values /opt/stack/data/venv/lib/python3.12/site-packages/oslo_config/cfg.py:3253}}
Jul 30 09:29:39.973779 np0000006113 nova-conductor[98997]: DEBUG cotyledon.oslo_config_glue [-] workarounds.enable_qemu_monitor_announce_self = False {{(pid=98997) log_opt_values /opt/stack/data/venv/lib/python3.12/site-packages/oslo_config/cfg.py:3253}}
Jul 30 09:29:39.973779 np0000006113 nova-conductor[98997]: DEBUG cotyledon.oslo_config_glue [-] workarounds.ensure_libvirt_rbd_instance_dir_cleanup = False {{(pid=98997) log_opt_values /opt/stack/data/venv/lib/python3.12/site-packages/oslo_config/cfg.py:3253}}
Jul 30 09:29:39.973779 np0000006113 nova-conductor[98997]: DEBUG cotyledon.oslo_config_glue [-] workarounds.handle_virt_lifecycle_events = True {{(pid=98997) log_opt_values /opt/stack/data/venv/lib/python3.12/site-packages/oslo_config/cfg.py:3253}}
Jul 30 09:29:39.973779 np0000006113 nova-conductor[98997]: DEBUG cotyledon.oslo_config_glue [-] workarounds.libvirt_disable_apic = False {{(pid=98997) log_opt_values /opt/stack/data/venv/lib/python3.12/site-packages/oslo_config/cfg.py:3253}}
Jul 30 09:29:39.973779 np0000006113 nova-conductor[98997]: DEBUG cotyledon.oslo_config_glue [-] workarounds.never_download_image_if_on_rbd = False {{(pid=98997) log_opt_values /opt/stack/data/venv/lib/python3.12/site-packages/oslo_config/cfg.py:3253}}
Jul 30 09:29:39.973779 np0000006113 nova-conductor[98997]: DEBUG cotyledon.oslo_config_glue [-] workarounds.qemu_monitor_announce_self_count = 3 {{(pid=98997) log_opt_values /opt/stack/data/venv/lib/python3.12/site-packages/oslo_config/cfg.py:3253}}
Jul 30 09:29:39.973779 np0000006113 nova-conductor[98997]: DEBUG cotyledon.oslo_config_glue [-] workarounds.qemu_monitor_announce_self_interval = 1 {{(pid=98997) log_opt_values /opt/stack/data/venv/lib/python3.12/site-packages/oslo_config/cfg.py:3253}}
Jul 30 09:29:39.973779 np0000006113 nova-conductor[98997]: DEBUG cotyledon.oslo_config_glue [-] workarounds.reserve_disk_resource_for_image_cache = False {{(pid=98997) log_opt_values /opt/stack/data/venv/lib/python3.12/site-packages/oslo_config/cfg.py:3253}}
Jul 30 09:29:39.974040 np0000006113 nova-conductor[98997]: DEBUG cotyledon.oslo_config_glue [-] workarounds.skip_cpu_compare_at_startup = False {{(pid=98997) log_opt_values /opt/stack/data/venv/lib/python3.12/site-packages/oslo_config/cfg.py:3253}}
Jul 30 09:29:39.974040 np0000006113 nova-conductor[98997]: DEBUG cotyledon.oslo_config_glue [-] workarounds.skip_cpu_compare_on_dest = False {{(pid=98997) log_opt_values /opt/stack/data/venv/lib/python3.12/site-packages/oslo_config/cfg.py:3253}}
Jul 30 09:29:39.974040 np0000006113 nova-conductor[98997]: DEBUG cotyledon.oslo_config_glue [-] workarounds.skip_hypervisor_version_check_on_lm = False {{(pid=98997) log_opt_values /opt/stack/data/venv/lib/python3.12/site-packages/oslo_config/cfg.py:3253}}
Jul 30 09:29:39.974040 np0000006113 nova-conductor[98997]: DEBUG cotyledon.oslo_config_glue [-] workarounds.skip_reserve_in_use_ironic_nodes = False {{(pid=98997) log_opt_values /opt/stack/data/venv/lib/python3.12/site-packages/oslo_config/cfg.py:3253}}
Jul 30 09:29:39.974040 np0000006113 nova-conductor[98997]: DEBUG cotyledon.oslo_config_glue [-] workarounds.unified_limits_count_pcpu_as_vcpu = False {{(pid=98997) log_opt_values /opt/stack/data/venv/lib/python3.12/site-packages/oslo_config/cfg.py:3253}}
Jul 30 09:29:39.974040 np0000006113 nova-conductor[98997]: DEBUG cotyledon.oslo_config_glue [-] workarounds.wait_for_vif_plugged_event_during_hard_reboot = [] {{(pid=98997) log_opt_values /opt/stack/data/venv/lib/python3.12/site-packages/oslo_config/cfg.py:3253}}
Jul 30 09:29:39.974040 np0000006113 nova-conductor[98997]: DEBUG cotyledon.oslo_config_glue [-] wsgi.api_paste_config = /etc/nova/api-paste.ini {{(pid=98997) log_opt_values /opt/stack/data/venv/lib/python3.12/site-packages/oslo_config/cfg.py:3253}}
Jul 30 09:29:39.974040 np0000006113 nova-conductor[98997]: DEBUG cotyledon.oslo_config_glue [-] wsgi.secure_proxy_ssl_header = None {{(pid=98997) log_opt_values /opt/stack/data/venv/lib/python3.12/site-packages/oslo_config/cfg.py:3253}}
Jul 30 09:29:39.974040 np0000006113 nova-conductor[98997]: DEBUG cotyledon.oslo_config_glue [-] zvm.ca_file = None {{(pid=98997) log_opt_values /opt/stack/data/venv/lib/python3.12/site-packages/oslo_config/cfg.py:3253}}
Jul 30 09:29:39.974265 np0000006113 nova-conductor[98997]: DEBUG cotyledon.oslo_config_glue [-] zvm.cloud_connector_url = None {{(pid=98997) log_opt_values /opt/stack/data/venv/lib/python3.12/site-packages/oslo_config/cfg.py:3253}}
Jul 30 09:29:39.974265 np0000006113 nova-conductor[98997]: DEBUG cotyledon.oslo_config_glue [-] zvm.image_tmp_path = /opt/stack/data/nova/images {{(pid=98997) log_opt_values /opt/stack/data/venv/lib/python3.12/site-packages/oslo_config/cfg.py:3253}}
Jul 30 09:29:39.974265 np0000006113 nova-conductor[98997]: DEBUG cotyledon.oslo_config_glue [-] zvm.reachable_timeout = 300 {{(pid=98997) log_opt_values /opt/stack/data/venv/lib/python3.12/site-packages/oslo_config/cfg.py:3253}}
Jul 30 09:29:39.974265 np0000006113 nova-conductor[98997]: DEBUG cotyledon.oslo_config_glue [-] oslo_versionedobjects.fatal_exception_format_errors = False {{(pid=98997) log_opt_values /opt/stack/data/venv/lib/python3.12/site-packages/oslo_config/cfg.py:3253}}
Jul 30 09:29:39.974265 np0000006113 nova-conductor[98997]: DEBUG cotyledon.oslo_config_glue [-] oslo_middleware.http_basic_auth_user_file = /etc/htpasswd {{(pid=98997) log_opt_values /opt/stack/data/venv/lib/python3.12/site-packages/oslo_config/cfg.py:3253}}
Jul 30 09:29:39.974265 np0000006113 nova-conductor[98997]: DEBUG cotyledon.oslo_config_glue [-] profiler.connection_string = messaging:// {{(pid=98997) log_opt_values /opt/stack/data/venv/lib/python3.12/site-packages/oslo_config/cfg.py:3253}}
Jul 30 09:29:39.974265 np0000006113 nova-conductor[98997]: DEBUG cotyledon.oslo_config_glue [-] profiler.enabled = False {{(pid=98997) log_opt_values /opt/stack/data/venv/lib/python3.12/site-packages/oslo_config/cfg.py:3253}}
Jul 30 09:29:39.974265 np0000006113 nova-conductor[98997]: DEBUG cotyledon.oslo_config_glue [-] profiler.es_doc_type = notification {{(pid=98997) log_opt_values /opt/stack/data/venv/lib/python3.12/site-packages/oslo_config/cfg.py:3253}}
Jul 30 09:29:39.974265 np0000006113 nova-conductor[98997]: DEBUG cotyledon.oslo_config_glue [-] profiler.es_scroll_size = 10000 {{(pid=98997) log_opt_values /opt/stack/data/venv/lib/python3.12/site-packages/oslo_config/cfg.py:3253}}
Jul 30 09:29:39.974434 np0000006113 nova-conductor[98997]: DEBUG cotyledon.oslo_config_glue [-] profiler.es_scroll_time = 2m {{(pid=98997) log_opt_values /opt/stack/data/venv/lib/python3.12/site-packages/oslo_config/cfg.py:3253}}
Jul 30 09:29:39.974434 np0000006113 nova-conductor[98997]: DEBUG cotyledon.oslo_config_glue [-] profiler.filter_error_trace = False {{(pid=98997) log_opt_values /opt/stack/data/venv/lib/python3.12/site-packages/oslo_config/cfg.py:3253}}
Jul 30 09:29:39.974434 np0000006113 nova-conductor[98997]: DEBUG cotyledon.oslo_config_glue [-] profiler.hmac_keys = **** {{(pid=98997) log_opt_values /opt/stack/data/venv/lib/python3.12/site-packages/oslo_config/cfg.py:3253}}
Jul 30 09:29:39.974434 np0000006113 nova-conductor[98997]: DEBUG cotyledon.oslo_config_glue [-] profiler.sentinel_service_name = mymaster {{(pid=98997) log_opt_values /opt/stack/data/venv/lib/python3.12/site-packages/oslo_config/cfg.py:3253}}
Jul 30 09:29:39.974434 np0000006113 nova-conductor[98997]: DEBUG cotyledon.oslo_config_glue [-] profiler.socket_timeout = 0.1 {{(pid=98997) log_opt_values /opt/stack/data/venv/lib/python3.12/site-packages/oslo_config/cfg.py:3253}}
Jul 30 09:29:39.974434 np0000006113 nova-conductor[98997]: DEBUG cotyledon.oslo_config_glue [-] profiler.trace_requests = False {{(pid=98997) log_opt_values /opt/stack/data/venv/lib/python3.12/site-packages/oslo_config/cfg.py:3253}}
Jul 30 09:29:39.974434 np0000006113 nova-conductor[98997]: DEBUG cotyledon.oslo_config_glue [-] profiler.trace_sqlalchemy = False {{(pid=98997) log_opt_values /opt/stack/data/venv/lib/python3.12/site-packages/oslo_config/cfg.py:3253}}
Jul 30 09:29:39.974434 np0000006113 nova-conductor[98997]: DEBUG cotyledon.oslo_config_glue [-] profiler_jaeger.process_tags = {} {{(pid=98997) log_opt_values /opt/stack/data/venv/lib/python3.12/site-packages/oslo_config/cfg.py:3253}}
Jul 30 09:29:39.974434 np0000006113 nova-conductor[98997]: DEBUG cotyledon.oslo_config_glue [-] profiler_jaeger.service_name_prefix = None {{(pid=98997) log_opt_values /opt/stack/data/venv/lib/python3.12/site-packages/oslo_config/cfg.py:3253}}
Jul 30 09:29:39.974611 np0000006113 nova-conductor[98997]: DEBUG cotyledon.oslo_config_glue [-] profiler_otlp.service_name_prefix = None {{(pid=98997) log_opt_values /opt/stack/data/venv/lib/python3.12/site-packages/oslo_config/cfg.py:3253}}
Jul 30 09:29:39.974611 np0000006113 nova-conductor[98997]: DEBUG cotyledon.oslo_config_glue [-] oslo_messaging_rabbit.amqp_auto_delete = False {{(pid=98997) log_opt_values /opt/stack/data/venv/lib/python3.12/site-packages/oslo_config/cfg.py:3253}}
Jul 30 09:29:39.974611 np0000006113 nova-conductor[98997]: DEBUG cotyledon.oslo_config_glue [-] oslo_messaging_rabbit.amqp_durable_queues = False {{(pid=98997) log_opt_values /opt/stack/data/venv/lib/python3.12/site-packages/oslo_config/cfg.py:3253}}
Jul 30 09:29:39.974611 np0000006113 nova-conductor[98997]: DEBUG cotyledon.oslo_config_glue [-] oslo_messaging_rabbit.conn_pool_min_size = 2 {{(pid=98997) log_opt_values /opt/stack/data/venv/lib/python3.12/site-packages/oslo_config/cfg.py:3253}}
Jul 30 09:29:39.974611 np0000006113 nova-conductor[98997]: DEBUG cotyledon.oslo_config_glue [-] oslo_messaging_rabbit.conn_pool_ttl = 1200 {{(pid=98997) log_opt_values /opt/stack/data/venv/lib/python3.12/site-packages/oslo_config/cfg.py:3253}}
Jul 30 09:29:39.974611 np0000006113 nova-conductor[98997]: DEBUG cotyledon.oslo_config_glue [-] oslo_messaging_rabbit.direct_mandatory_flag = True {{(pid=98997) log_opt_values /opt/stack/data/venv/lib/python3.12/site-packages/oslo_config/cfg.py:3253}}
Jul 30 09:29:39.974611 np0000006113 nova-conductor[98997]: DEBUG cotyledon.oslo_config_glue [-] oslo_messaging_rabbit.enable_cancel_on_failover = False {{(pid=98997) log_opt_values /opt/stack/data/venv/lib/python3.12/site-packages/oslo_config/cfg.py:3253}}
Jul 30 09:29:39.974611 np0000006113 nova-conductor[98997]: DEBUG cotyledon.oslo_config_glue [-] oslo_messaging_rabbit.heartbeat_rate = 3 {{(pid=98997) log_opt_values /opt/stack/data/venv/lib/python3.12/site-packages/oslo_config/cfg.py:3253}}
Jul 30 09:29:39.974784 np0000006113 nova-conductor[98971]: DEBUG dbcounter [-] [98971] Writer thread running {{(pid=98971) stat_writer /opt/stack/data/venv/lib/python3.12/site-packages/dbcounter.py:102}}
Jul 30 09:29:39.974821 np0000006113 nova-conductor[98997]: DEBUG cotyledon.oslo_config_glue [-] oslo_messaging_rabbit.heartbeat_timeout_threshold = 60 {{(pid=98997) log_opt_values /opt/stack/data/venv/lib/python3.12/site-packages/oslo_config/cfg.py:3253}}
Jul 30 09:29:39.974821 np0000006113 nova-conductor[98997]: DEBUG cotyledon.oslo_config_glue [-] oslo_messaging_rabbit.hostname = np0000006113 {{(pid=98997) log_opt_values /opt/stack/data/venv/lib/python3.12/site-packages/oslo_config/cfg.py:3253}}
Jul 30 09:29:39.974821 np0000006113 nova-conductor[98997]: DEBUG cotyledon.oslo_config_glue [-] oslo_messaging_rabbit.kombu_compression = None {{(pid=98997) log_opt_values /opt/stack/data/venv/lib/python3.12/site-packages/oslo_config/cfg.py:3253}}
Jul 30 09:29:39.974821 np0000006113 nova-conductor[98997]: DEBUG cotyledon.oslo_config_glue [-] oslo_messaging_rabbit.kombu_failover_strategy = round-robin {{(pid=98997) log_opt_values /opt/stack/data/venv/lib/python3.12/site-packages/oslo_config/cfg.py:3253}}
Jul 30 09:29:39.974821 np0000006113 nova-conductor[98997]: DEBUG cotyledon.oslo_config_glue [-] oslo_messaging_rabbit.kombu_missing_consumer_retry_timeout = 60 {{(pid=98997) log_opt_values /opt/stack/data/venv/lib/python3.12/site-packages/oslo_config/cfg.py:3253}}
Jul 30 09:29:39.974821 np0000006113 nova-conductor[98997]: DEBUG cotyledon.oslo_config_glue [-] oslo_messaging_rabbit.kombu_reconnect_delay = 1.0 {{(pid=98997) log_opt_values /opt/stack/data/venv/lib/python3.12/site-packages/oslo_config/cfg.py:3253}}
Jul 30 09:29:39.974821 np0000006113 nova-conductor[98997]: DEBUG cotyledon.oslo_config_glue [-] oslo_messaging_rabbit.kombu_reconnect_splay = 0.0 {{(pid=98997) log_opt_values /opt/stack/data/venv/lib/python3.12/site-packages/oslo_config/cfg.py:3253}}
Jul 30 09:29:39.974821 np0000006113 nova-conductor[98997]: DEBUG cotyledon.oslo_config_glue [-] oslo_messaging_rabbit.processname = nova-conductor {{(pid=98997) log_opt_values /opt/stack/data/venv/lib/python3.12/site-packages/oslo_config/cfg.py:3253}}
Jul 30 09:29:39.974821 np0000006113 nova-conductor[98997]: DEBUG cotyledon.oslo_config_glue [-] oslo_messaging_rabbit.rabbit_ha_queues = False {{(pid=98997) log_opt_values /opt/stack/data/venv/lib/python3.12/site-packages/oslo_config/cfg.py:3253}}
Jul 30 09:29:39.975074 np0000006113 nova-conductor[98997]: DEBUG cotyledon.oslo_config_glue [-] oslo_messaging_rabbit.rabbit_interval_max = 30 {{(pid=98997) log_opt_values /opt/stack/data/venv/lib/python3.12/site-packages/oslo_config/cfg.py:3253}}
Jul 30 09:29:39.975074 np0000006113 nova-conductor[98997]: DEBUG cotyledon.oslo_config_glue [-] oslo_messaging_rabbit.rabbit_login_method = AMQPLAIN {{(pid=98997) log_opt_values /opt/stack/data/venv/lib/python3.12/site-packages/oslo_config/cfg.py:3253}}
Jul 30 09:29:39.975074 np0000006113 nova-conductor[98997]: DEBUG cotyledon.oslo_config_glue [-] oslo_messaging_rabbit.rabbit_qos_prefetch_count = 0 {{(pid=98997) log_opt_values /opt/stack/data/venv/lib/python3.12/site-packages/oslo_config/cfg.py:3253}}
Jul 30 09:29:39.975074 np0000006113 nova-conductor[98997]: DEBUG cotyledon.oslo_config_glue [-] oslo_messaging_rabbit.rabbit_quorum_delivery_limit = 0 {{(pid=98997) log_opt_values /opt/stack/data/venv/lib/python3.12/site-packages/oslo_config/cfg.py:3253}}
Jul 30 09:29:39.975074 np0000006113 nova-conductor[98997]: DEBUG cotyledon.oslo_config_glue [-] oslo_messaging_rabbit.rabbit_quorum_max_memory_bytes = 0 {{(pid=98997) log_opt_values /opt/stack/data/venv/lib/python3.12/site-packages/oslo_config/cfg.py:3253}}
Jul 30 09:29:39.975074 np0000006113 nova-conductor[98997]: DEBUG cotyledon.oslo_config_glue [-] oslo_messaging_rabbit.rabbit_quorum_max_memory_length = 0 {{(pid=98997) log_opt_values /opt/stack/data/venv/lib/python3.12/site-packages/oslo_config/cfg.py:3253}}
Jul 30 09:29:39.975074 np0000006113 nova-conductor[98997]: DEBUG cotyledon.oslo_config_glue [-] oslo_messaging_rabbit.rabbit_quorum_queue = False {{(pid=98997) log_opt_values /opt/stack/data/venv/lib/python3.12/site-packages/oslo_config/cfg.py:3253}}
Jul 30 09:29:39.975074 np0000006113 nova-conductor[98997]: DEBUG cotyledon.oslo_config_glue [-] oslo_messaging_rabbit.rabbit_retry_backoff = 2 {{(pid=98997) log_opt_values /opt/stack/data/venv/lib/python3.12/site-packages/oslo_config/cfg.py:3253}}
Jul 30 09:29:39.975074 np0000006113 nova-conductor[98997]: DEBUG cotyledon.oslo_config_glue [-] oslo_messaging_rabbit.rabbit_retry_interval = 1 {{(pid=98997) log_opt_values /opt/stack/data/venv/lib/python3.12/site-packages/oslo_config/cfg.py:3253}}
Jul 30 09:29:39.975290 np0000006113 nova-conductor[98997]: DEBUG cotyledon.oslo_config_glue [-] oslo_messaging_rabbit.rabbit_stream_fanout = False {{(pid=98997) log_opt_values /opt/stack/data/venv/lib/python3.12/site-packages/oslo_config/cfg.py:3253}}
Jul 30 09:29:39.975290 np0000006113 nova-conductor[98997]: DEBUG cotyledon.oslo_config_glue [-] oslo_messaging_rabbit.rabbit_transient_queues_ttl = 1800 {{(pid=98997) log_opt_values /opt/stack/data/venv/lib/python3.12/site-packages/oslo_config/cfg.py:3253}}
Jul 30 09:29:39.975290 np0000006113 nova-conductor[98997]: DEBUG cotyledon.oslo_config_glue [-] oslo_messaging_rabbit.rabbit_transient_quorum_queue = False {{(pid=98997) log_opt_values /opt/stack/data/venv/lib/python3.12/site-packages/oslo_config/cfg.py:3253}}
Jul 30 09:29:39.975290 np0000006113 nova-conductor[98997]: DEBUG cotyledon.oslo_config_glue [-] oslo_messaging_rabbit.rpc_conn_pool_size = 30 {{(pid=98997) log_opt_values /opt/stack/data/venv/lib/python3.12/site-packages/oslo_config/cfg.py:3253}}
Jul 30 09:29:39.975290 np0000006113 nova-conductor[98997]: DEBUG cotyledon.oslo_config_glue [-] oslo_messaging_rabbit.ssl = False {{(pid=98997) log_opt_values /opt/stack/data/venv/lib/python3.12/site-packages/oslo_config/cfg.py:3253}}
Jul 30 09:29:39.975290 np0000006113 nova-conductor[98997]: DEBUG cotyledon.oslo_config_glue [-] oslo_messaging_rabbit.ssl_ca_file = {{(pid=98997) log_opt_values /opt/stack/data/venv/lib/python3.12/site-packages/oslo_config/cfg.py:3253}}
Jul 30 09:29:39.975290 np0000006113 nova-conductor[98997]: DEBUG cotyledon.oslo_config_glue [-] oslo_messaging_rabbit.ssl_cert_file = {{(pid=98997) log_opt_values /opt/stack/data/venv/lib/python3.12/site-packages/oslo_config/cfg.py:3253}}
Jul 30 09:29:39.975290 np0000006113 nova-conductor[98997]: DEBUG cotyledon.oslo_config_glue [-] oslo_messaging_rabbit.ssl_enforce_fips_mode = False {{(pid=98997) log_opt_values /opt/stack/data/venv/lib/python3.12/site-packages/oslo_config/cfg.py:3253}}
Jul 30 09:29:39.975290 np0000006113 nova-conductor[98997]: DEBUG cotyledon.oslo_config_glue [-] oslo_messaging_rabbit.ssl_enforce_hostname_verification = True {{(pid=98997) log_opt_values /opt/stack/data/venv/lib/python3.12/site-packages/oslo_config/cfg.py:3253}}
Jul 30 09:29:39.975574 np0000006113 nova-conductor[98997]: DEBUG cotyledon.oslo_config_glue [-] oslo_messaging_rabbit.ssl_key_file = {{(pid=98997) log_opt_values /opt/stack/data/venv/lib/python3.12/site-packages/oslo_config/cfg.py:3253}}
Jul 30 09:29:39.975574 np0000006113 nova-conductor[98997]: DEBUG cotyledon.oslo_config_glue [-] oslo_messaging_rabbit.ssl_version = {{(pid=98997) log_opt_values /opt/stack/data/venv/lib/python3.12/site-packages/oslo_config/cfg.py:3253}}
Jul 30 09:29:39.975574 np0000006113 nova-conductor[98997]: DEBUG cotyledon.oslo_config_glue [-] oslo_messaging_rabbit.use_queue_manager = False {{(pid=98997) log_opt_values /opt/stack/data/venv/lib/python3.12/site-packages/oslo_config/cfg.py:3253}}
Jul 30 09:29:39.975574 np0000006113 nova-conductor[98997]: DEBUG cotyledon.oslo_config_glue [-] oslo_messaging_notifications.driver = ['messagingv2'] {{(pid=98997) log_opt_values /opt/stack/data/venv/lib/python3.12/site-packages/oslo_config/cfg.py:3253}}
Jul 30 09:29:39.975574 np0000006113 nova-conductor[98997]: DEBUG cotyledon.oslo_config_glue [-] oslo_messaging_notifications.retry = -1 {{(pid=98997) log_opt_values /opt/stack/data/venv/lib/python3.12/site-packages/oslo_config/cfg.py:3253}}
Jul 30 09:29:39.975574 np0000006113 nova-conductor[98997]: DEBUG cotyledon.oslo_config_glue [-] oslo_messaging_notifications.topics = ['notifications'] {{(pid=98997) log_opt_values /opt/stack/data/venv/lib/python3.12/site-packages/oslo_config/cfg.py:3253}}
Jul 30 09:29:39.975574 np0000006113 nova-conductor[98997]: DEBUG cotyledon.oslo_config_glue [-] oslo_messaging_notifications.transport_url = **** {{(pid=98997) log_opt_values /opt/stack/data/venv/lib/python3.12/site-packages/oslo_config/cfg.py:3253}}
Jul 30 09:29:39.975574 np0000006113 nova-conductor[98997]: DEBUG cotyledon.oslo_config_glue [-] oslo_limit.auth_section = None {{(pid=98997) log_opt_values /opt/stack/data/venv/lib/python3.12/site-packages/oslo_config/cfg.py:3253}}
Jul 30 09:29:39.975574 np0000006113 nova-conductor[98997]: DEBUG cotyledon.oslo_config_glue [-] oslo_limit.auth_type = None {{(pid=98997) log_opt_values /opt/stack/data/venv/lib/python3.12/site-packages/oslo_config/cfg.py:3253}}
Jul 30 09:29:39.975863 np0000006113 nova-conductor[98997]: DEBUG cotyledon.oslo_config_glue [-] oslo_limit.cafile = None {{(pid=98997) log_opt_values /opt/stack/data/venv/lib/python3.12/site-packages/oslo_config/cfg.py:3253}}
Jul 30 09:29:39.975863 np0000006113 nova-conductor[98997]: DEBUG cotyledon.oslo_config_glue [-] oslo_limit.certfile = None {{(pid=98997) log_opt_values /opt/stack/data/venv/lib/python3.12/site-packages/oslo_config/cfg.py:3253}}
Jul 30 09:29:39.975863 np0000006113 nova-conductor[98997]: DEBUG cotyledon.oslo_config_glue [-] oslo_limit.collect_timing = False {{(pid=98997) log_opt_values /opt/stack/data/venv/lib/python3.12/site-packages/oslo_config/cfg.py:3253}}
Jul 30 09:29:39.975863 np0000006113 nova-conductor[98997]: DEBUG cotyledon.oslo_config_glue [-] oslo_limit.connect_retries = None {{(pid=98997) log_opt_values /opt/stack/data/venv/lib/python3.12/site-packages/oslo_config/cfg.py:3253}}
Jul 30 09:29:39.975863 np0000006113 nova-conductor[98997]: DEBUG cotyledon.oslo_config_glue [-] oslo_limit.connect_retry_delay = None {{(pid=98997) log_opt_values /opt/stack/data/venv/lib/python3.12/site-packages/oslo_config/cfg.py:3253}}
Jul 30 09:29:39.975863 np0000006113 nova-conductor[98997]: DEBUG cotyledon.oslo_config_glue [-] oslo_limit.endpoint_id = None {{(pid=98997) log_opt_values /opt/stack/data/venv/lib/python3.12/site-packages/oslo_config/cfg.py:3253}}
Jul 30 09:29:39.975863 np0000006113 nova-conductor[98997]: DEBUG cotyledon.oslo_config_glue [-] oslo_limit.endpoint_interface = public {{(pid=98997) log_opt_values /opt/stack/data/venv/lib/python3.12/site-packages/oslo_config/cfg.py:3253}}
Jul 30 09:29:39.975863 np0000006113 nova-conductor[98997]: DEBUG cotyledon.oslo_config_glue [-] oslo_limit.endpoint_override = None {{(pid=98997) log_opt_values /opt/stack/data/venv/lib/python3.12/site-packages/oslo_config/cfg.py:3253}}
Jul 30 09:29:39.975863 np0000006113 nova-conductor[98997]: DEBUG cotyledon.oslo_config_glue [-] oslo_limit.endpoint_region_name = None {{(pid=98997) log_opt_values /opt/stack/data/venv/lib/python3.12/site-packages/oslo_config/cfg.py:3253}}
Jul 30 09:29:39.976082 np0000006113 nova-conductor[98997]: DEBUG cotyledon.oslo_config_glue [-] oslo_limit.endpoint_service_name = None {{(pid=98997) log_opt_values /opt/stack/data/venv/lib/python3.12/site-packages/oslo_config/cfg.py:3253}}
Jul 30 09:29:39.976082 np0000006113 nova-conductor[98997]: DEBUG cotyledon.oslo_config_glue [-] oslo_limit.endpoint_service_type = None {{(pid=98997) log_opt_values /opt/stack/data/venv/lib/python3.12/site-packages/oslo_config/cfg.py:3253}}
Jul 30 09:29:39.976082 np0000006113 nova-conductor[98997]: DEBUG cotyledon.oslo_config_glue [-] oslo_limit.insecure = False {{(pid=98997) log_opt_values /opt/stack/data/venv/lib/python3.12/site-packages/oslo_config/cfg.py:3253}}
Jul 30 09:29:39.976082 np0000006113 nova-conductor[98997]: DEBUG cotyledon.oslo_config_glue [-] oslo_limit.keyfile = None {{(pid=98997) log_opt_values /opt/stack/data/venv/lib/python3.12/site-packages/oslo_config/cfg.py:3253}}
Jul 30 09:29:39.976082 np0000006113 nova-conductor[98997]: DEBUG cotyledon.oslo_config_glue [-] oslo_limit.max_version = None {{(pid=98997) log_opt_values /opt/stack/data/venv/lib/python3.12/site-packages/oslo_config/cfg.py:3253}}
Jul 30 09:29:39.976082 np0000006113 nova-conductor[98997]: DEBUG cotyledon.oslo_config_glue [-] oslo_limit.min_version = None {{(pid=98997) log_opt_values /opt/stack/data/venv/lib/python3.12/site-packages/oslo_config/cfg.py:3253}}
Jul 30 09:29:39.976082 np0000006113 nova-conductor[98997]: DEBUG cotyledon.oslo_config_glue [-] oslo_limit.region_name = None {{(pid=98997) log_opt_values /opt/stack/data/venv/lib/python3.12/site-packages/oslo_config/cfg.py:3253}}
Jul 30 09:29:39.976082 np0000006113 nova-conductor[98997]: DEBUG cotyledon.oslo_config_glue [-] oslo_limit.retriable_status_codes = None {{(pid=98997) log_opt_values /opt/stack/data/venv/lib/python3.12/site-packages/oslo_config/cfg.py:3253}}
Jul 30 09:29:39.976082 np0000006113 nova-conductor[98997]: DEBUG cotyledon.oslo_config_glue [-] oslo_limit.service_name = None {{(pid=98997) log_opt_values /opt/stack/data/venv/lib/python3.12/site-packages/oslo_config/cfg.py:3253}}
Jul 30 09:29:39.976334 np0000006113 nova-conductor[98997]: DEBUG cotyledon.oslo_config_glue [-] oslo_limit.service_type = None {{(pid=98997) log_opt_values /opt/stack/data/venv/lib/python3.12/site-packages/oslo_config/cfg.py:3253}}
Jul 30 09:29:39.976334 np0000006113 nova-conductor[98997]: DEBUG cotyledon.oslo_config_glue [-] oslo_limit.split_loggers = False {{(pid=98997) log_opt_values /opt/stack/data/venv/lib/python3.12/site-packages/oslo_config/cfg.py:3253}}
Jul 30 09:29:39.976334 np0000006113 nova-conductor[98997]: DEBUG cotyledon.oslo_config_glue [-] oslo_limit.status_code_retries = None {{(pid=98997) log_opt_values /opt/stack/data/venv/lib/python3.12/site-packages/oslo_config/cfg.py:3253}}
Jul 30 09:29:39.976334 np0000006113 nova-conductor[98997]: DEBUG cotyledon.oslo_config_glue [-] oslo_limit.status_code_retry_delay = None {{(pid=98997) log_opt_values /opt/stack/data/venv/lib/python3.12/site-packages/oslo_config/cfg.py:3253}}
Jul 30 09:29:39.976334 np0000006113 nova-conductor[98997]: DEBUG cotyledon.oslo_config_glue [-] oslo_limit.timeout = None {{(pid=98997) log_opt_values /opt/stack/data/venv/lib/python3.12/site-packages/oslo_config/cfg.py:3253}}
Jul 30 09:29:39.976334 np0000006113 nova-conductor[98997]: DEBUG cotyledon.oslo_config_glue [-] oslo_limit.valid_interfaces = None {{(pid=98997) log_opt_values /opt/stack/data/venv/lib/python3.12/site-packages/oslo_config/cfg.py:3253}}
Jul 30 09:29:39.976334 np0000006113 nova-conductor[98997]: DEBUG cotyledon.oslo_config_glue [-] oslo_limit.version = None {{(pid=98997) log_opt_values /opt/stack/data/venv/lib/python3.12/site-packages/oslo_config/cfg.py:3253}}
Jul 30 09:29:39.976334 np0000006113 nova-conductor[98997]: DEBUG cotyledon.oslo_config_glue [-] oslo_reports.file_event_handler = None {{(pid=98997) log_opt_values /opt/stack/data/venv/lib/python3.12/site-packages/oslo_config/cfg.py:3253}}
Jul 30 09:29:39.976334 np0000006113 nova-conductor[98997]: DEBUG cotyledon.oslo_config_glue [-] oslo_reports.file_event_handler_interval = 1 {{(pid=98997) log_opt_values /opt/stack/data/venv/lib/python3.12/site-packages/oslo_config/cfg.py:3253}}
Jul 30 09:29:39.976517 np0000006113 nova-conductor[98997]: DEBUG cotyledon.oslo_config_glue [-] oslo_reports.log_dir = None {{(pid=98997) log_opt_values /opt/stack/data/venv/lib/python3.12/site-packages/oslo_config/cfg.py:3253}}
Jul 30 09:29:39.976517 np0000006113 nova-conductor[98997]: DEBUG cotyledon.oslo_config_glue [-] ******************************************************************************** {{(pid=98997) log_opt_values /opt/stack/data/venv/lib/python3.12/site-packages/oslo_config/cfg.py:3260}}
Jul 30 09:29:39.976517 np0000006113 nova-conductor[98997]: DEBUG cotyledon._service_worker [-] Run service ServiceWrapper(3) [98997] {{(pid=98997) wait_forever /opt/stack/data/venv/lib/python3.12/site-packages/cotyledon/_service_worker.py:218}}
Jul 30 09:29:39.976610 np0000006113 nova-conductor[98984]: DEBUG oslo_db.sqlalchemy.engines [None req-a1abc52d-9006-433b-b48e-818fff694e9b None None] MySQL server mode set to STRICT_TRANS_TABLES,STRICT_ALL_TABLES,NO_ZERO_IN_DATE,NO_ZERO_DATE,ERROR_FOR_DIVISION_BY_ZERO,TRADITIONAL,NO_ENGINE_SUBSTITUTION {{(pid=98984) _check_effective_sql_mode /opt/stack/data/venv/lib/python3.12/site-packages/oslo_db/sqlalchemy/engines.py:325}}
Jul 30 09:29:39.976643 np0000006113 nova-conductor[98997]: INFO nova.service [-] Starting conductor node (version 33.1.0)
Jul 30 09:29:39.976643 np0000006113 nova-conductor[98997]: INFO dbcounter [None req-e3914a6f-8cc8-448b-9fab-d6a37dd1d598 None None] Registered counter for database nova_cell0
Jul 30 09:29:39.980563 np0000006113 nova-conductor[98984]: DEBUG dbcounter [-] [98984] Writer thread running {{(pid=98984) stat_writer /opt/stack/data/venv/lib/python3.12/site-packages/dbcounter.py:102}}
Jul 30 09:29:39.981868 np0000006113 nova-conductor[98971]: DEBUG nova.service [None req-52750d47-32f7-446f-98db-09e02bad7b10 None None] Creating RPC server for service: nova-conductor on topic: conductor {{(pid=98971) start /opt/stack/nova/nova/service.py:196}}
Jul 30 09:29:39.983047 np0000006113 nova-conductor[98984]: DEBUG nova.service [None req-a1abc52d-9006-433b-b48e-818fff694e9b None None] Creating RPC server for service: nova-conductor on topic: conductor {{(pid=98984) start /opt/stack/nova/nova/service.py:196}}
Jul 30 09:29:40.011449 np0000006113 nova-conductor[98992]: DEBUG oslo_db.sqlalchemy.engines [None req-fba68f43-c0cd-400d-9029-07f22e6f47f9 None None] MySQL server mode set to STRICT_TRANS_TABLES,STRICT_ALL_TABLES,NO_ZERO_IN_DATE,NO_ZERO_DATE,ERROR_FOR_DIVISION_BY_ZERO,TRADITIONAL,NO_ENGINE_SUBSTITUTION {{(pid=98992) _check_effective_sql_mode /opt/stack/data/venv/lib/python3.12/site-packages/oslo_db/sqlalchemy/engines.py:325}}
Jul 30 09:29:40.011677 np0000006113 nova-conductor[98971]: DEBUG nova.service [None req-52750d47-32f7-446f-98db-09e02bad7b10 None None] Join ServiceGroup membership for this service conductor {{(pid=98971) start /opt/stack/nova/nova/service.py:222}}
Jul 30 09:29:40.011913 np0000006113 nova-conductor[98971]: DEBUG nova.servicegroup.drivers.db [None req-52750d47-32f7-446f-98db-09e02bad7b10 None None] DB_Driver: join new ServiceGroup member np0000006113 to the conductor group, service = {{(pid=98971) join /opt/stack/nova/nova/servicegroup/drivers/db.py:44}}
Jul 30 09:29:40.012265 np0000006113 nova-conductor[98984]: DEBUG nova.service [None req-a1abc52d-9006-433b-b48e-818fff694e9b None None] Join ServiceGroup membership for this service conductor {{(pid=98984) start /opt/stack/nova/nova/service.py:222}}
Jul 30 09:29:40.012499 np0000006113 nova-conductor[98984]: DEBUG nova.servicegroup.drivers.db [None req-a1abc52d-9006-433b-b48e-818fff694e9b None None] DB_Driver: join new ServiceGroup member np0000006113 to the conductor group, service = {{(pid=98984) join /opt/stack/nova/nova/servicegroup/drivers/db.py:44}}
Jul 30 09:29:40.017523 np0000006113 nova-conductor[98997]: DEBUG oslo_db.sqlalchemy.engines [None req-e3914a6f-8cc8-448b-9fab-d6a37dd1d598 None None] MySQL server mode set to STRICT_TRANS_TABLES,STRICT_ALL_TABLES,NO_ZERO_IN_DATE,NO_ZERO_DATE,ERROR_FOR_DIVISION_BY_ZERO,TRADITIONAL,NO_ENGINE_SUBSTITUTION {{(pid=98997) _check_effective_sql_mode /opt/stack/data/venv/lib/python3.12/site-packages/oslo_db/sqlalchemy/engines.py:325}}
Jul 30 09:29:40.023877 np0000006113 nova-conductor[98992]: DEBUG dbcounter [-] [98992] Writer thread running {{(pid=98992) stat_writer /opt/stack/data/venv/lib/python3.12/site-packages/dbcounter.py:102}}
Jul 30 09:29:40.026347 np0000006113 nova-conductor[98997]: DEBUG dbcounter [-] [98997] Writer thread running {{(pid=98997) stat_writer /opt/stack/data/venv/lib/python3.12/site-packages/dbcounter.py:102}}
Jul 30 09:29:40.027370 np0000006113 nova-conductor[98992]: DEBUG nova.service [None req-fba68f43-c0cd-400d-9029-07f22e6f47f9 None None] Creating RPC server for service: nova-conductor on topic: conductor {{(pid=98992) start /opt/stack/nova/nova/service.py:196}}
Jul 30 09:29:40.028879 np0000006113 nova-conductor[98997]: DEBUG nova.service [None req-e3914a6f-8cc8-448b-9fab-d6a37dd1d598 None None] Creating RPC server for service: nova-conductor on topic: conductor {{(pid=98997) start /opt/stack/nova/nova/service.py:196}}
Jul 30 09:29:40.046053 np0000006113 nova-conductor[98997]: DEBUG nova.service [None req-e3914a6f-8cc8-448b-9fab-d6a37dd1d598 None None] Join ServiceGroup membership for this service conductor {{(pid=98997) start /opt/stack/nova/nova/service.py:222}}
Jul 30 09:29:40.046342 np0000006113 nova-conductor[98997]: DEBUG nova.servicegroup.drivers.db [None req-e3914a6f-8cc8-448b-9fab-d6a37dd1d598 None None] DB_Driver: join new ServiceGroup member np0000006113 to the conductor group, service = {{(pid=98997) join /opt/stack/nova/nova/servicegroup/drivers/db.py:44}}
Jul 30 09:29:40.046627 np0000006113 nova-conductor[98992]: DEBUG nova.service [None req-fba68f43-c0cd-400d-9029-07f22e6f47f9 None None] Join ServiceGroup membership for this service conductor {{(pid=98992) start /opt/stack/nova/nova/service.py:222}}
Jul 30 09:29:40.046884 np0000006113 nova-conductor[98992]: DEBUG nova.servicegroup.drivers.db [None req-fba68f43-c0cd-400d-9029-07f22e6f47f9 None None] DB_Driver: join new ServiceGroup member np0000006113 to the conductor group, service = {{(pid=98992) join /opt/stack/nova/nova/servicegroup/drivers/db.py:44}}
Jul 30 09:29:42.049294 np0000006113 nova-conductor[98992]: DEBUG oslo.service.backend._threading.loopingcall [None req-42e8a9e3-97e2-4cc5-9b26-c8be03e2a830 None None] Dynamic interval looping call 'nova.service.Service.periodic_tasks' sleeping for 60.00 seconds {{(pid=98992) _run_loop /opt/stack/data/venv/lib/python3.12/site-packages/oslo_service/backend/_threading/loopingcall.py:125}}
Jul 30 09:29:45.026085 np0000006113 nova-conductor[98971]: DEBUG oslo.service.backend._threading.loopingcall [-] Fixed interval looping call 'nova.servicegroup.drivers.db.DbDriver._report_state' sleeping for 119.99 seconds {{(pid=98971) _run_loop /opt/stack/data/venv/lib/python3.12/site-packages/oslo_service/backend/_threading/loopingcall.py:125}}
Jul 30 09:29:45.026697 np0000006113 nova-conductor[98984]: DEBUG oslo.service.backend._threading.loopingcall [-] Fixed interval looping call 'nova.servicegroup.drivers.db.DbDriver._report_state' sleeping for 119.99 seconds {{(pid=98984) _run_loop /opt/stack/data/venv/lib/python3.12/site-packages/oslo_service/backend/_threading/loopingcall.py:125}}
Jul 30 09:29:45.057996 np0000006113 nova-conductor[98997]: DEBUG oslo.service.backend._threading.loopingcall [-] Fixed interval looping call 'nova.servicegroup.drivers.db.DbDriver._report_state' sleeping for 119.99 seconds {{(pid=98997) _run_loop /opt/stack/data/venv/lib/python3.12/site-packages/oslo_service/backend/_threading/loopingcall.py:125}}
Jul 30 09:29:45.059365 np0000006113 nova-conductor[98992]: DEBUG oslo.service.backend._threading.loopingcall [-] Fixed interval looping call 'nova.servicegroup.drivers.db.DbDriver._report_state' sleeping for 119.99 seconds {{(pid=98992) _run_loop /opt/stack/data/venv/lib/python3.12/site-packages/oslo_service/backend/_threading/loopingcall.py:125}}
Jul 30 09:29:46.048726 np0000006113 nova-conductor[98997]: DEBUG oslo.service.backend._threading.loopingcall [None req-db99c094-b26d-4db6-a459-6f4ce43a6f39 None None] Dynamic interval looping call 'nova.service.Service.periodic_tasks' sleeping for 60.00 seconds {{(pid=98997) _run_loop /opt/stack/data/venv/lib/python3.12/site-packages/oslo_service/backend/_threading/loopingcall.py:125}}
Jul 30 09:29:48.600692 np0000006113 nova-conductor[97494]: DEBUG dbcounter [-] [97494] Writing DB stats nova_api:SELECT=1 {{(pid=97494) stat_writer /opt/stack/data/venv/lib/python3.12/site-packages/dbcounter.py:115}}
Jul 30 09:29:48.731482 np0000006113 nova-conductor[97494]: DEBUG dbcounter [-] [97494] Writing DB stats nova_cell0:SELECT=1 {{(pid=97494) stat_writer /opt/stack/data/venv/lib/python3.12/site-packages/dbcounter.py:115}}
Jul 30 09:29:48.735912 np0000006113 nova-conductor[97494]: DEBUG dbcounter [-] [97494] Writing DB stats nova_cell1:SELECT=1 {{(pid=97494) stat_writer /opt/stack/data/venv/lib/python3.12/site-packages/dbcounter.py:115}}
Jul 30 09:29:55.014215 np0000006113 nova-conductor[98984]: DEBUG oslo.service.backend._threading.loopingcall [None req-37150759-e40f-42df-b1fa-1cc51310f8d9 None None] Dynamic interval looping call 'nova.service.Service.periodic_tasks' sleeping for 60.00 seconds {{(pid=98984) _run_loop /opt/stack/data/venv/lib/python3.12/site-packages/oslo_service/backend/_threading/loopingcall.py:125}}
Jul 30 09:29:55.022098 np0000006113 nova-conductor[98971]: DEBUG dbcounter [-] [98971] Writing DB stats nova_cell0:SELECT=4,nova_cell0:INSERT=1,nova_cell0:UPDATE=1 {{(pid=98971) stat_writer /opt/stack/data/venv/lib/python3.12/site-packages/dbcounter.py:115}}
Jul 30 09:29:55.024522 np0000006113 nova-conductor[98984]: DEBUG dbcounter [-] [98984] Writing DB stats nova_cell0:SELECT=3,nova_cell0:UPDATE=1 {{(pid=98984) stat_writer /opt/stack/data/venv/lib/python3.12/site-packages/dbcounter.py:115}}
Jul 30 09:29:55.053809 np0000006113 nova-conductor[98997]: DEBUG dbcounter [-] [98997] Writing DB stats nova_cell0:SELECT=3 {{(pid=98997) stat_writer /opt/stack/data/venv/lib/python3.12/site-packages/dbcounter.py:115}}
Jul 30 09:29:55.055425 np0000006113 nova-conductor[98992]: DEBUG dbcounter [-] [98992] Writing DB stats nova_cell0:SELECT=3 {{(pid=98992) stat_writer /opt/stack/data/venv/lib/python3.12/site-packages/dbcounter.py:115}}
Jul 30 09:29:59.014051 np0000006113 nova-conductor[98971]: DEBUG oslo.service.backend._threading.loopingcall [None req-6a45ea50-5a02-4268-9922-a07e0d1c733a None None] Dynamic interval looping call 'nova.service.Service.periodic_tasks' sleeping for 60.00 seconds {{(pid=98971) _run_loop /opt/stack/data/venv/lib/python3.12/site-packages/oslo_service/backend/_threading/loopingcall.py:125}}
Jul 30 09:30:42.049802 np0000006113 nova-conductor[98992]: DEBUG oslo.service.backend._threading.loopingcall [None req-42e8a9e3-97e2-4cc5-9b26-c8be03e2a830 None None] Dynamic interval looping call 'nova.service.Service.periodic_tasks' sleeping for 60.00 seconds {{(pid=98992) _run_loop /opt/stack/data/venv/lib/python3.12/site-packages/oslo_service/backend/_threading/loopingcall.py:125}}
Jul 30 09:30:46.049235 np0000006113 nova-conductor[98997]: DEBUG oslo.service.backend._threading.loopingcall [None req-db99c094-b26d-4db6-a459-6f4ce43a6f39 None None] Dynamic interval looping call 'nova.service.Service.periodic_tasks' sleeping for 60.00 seconds {{(pid=98997) _run_loop /opt/stack/data/venv/lib/python3.12/site-packages/oslo_service/backend/_threading/loopingcall.py:125}}
Jul 30 09:30:55.014818 np0000006113 nova-conductor[98984]: DEBUG oslo.service.backend._threading.loopingcall [None req-37150759-e40f-42df-b1fa-1cc51310f8d9 None None] Dynamic interval looping call 'nova.service.Service.periodic_tasks' sleeping for 60.00 seconds {{(pid=98984) _run_loop /opt/stack/data/venv/lib/python3.12/site-packages/oslo_service/backend/_threading/loopingcall.py:125}}
Jul 30 09:30:59.014576 np0000006113 nova-conductor[98971]: DEBUG oslo.service.backend._threading.loopingcall [None req-6a45ea50-5a02-4268-9922-a07e0d1c733a None None] Dynamic interval looping call 'nova.service.Service.periodic_tasks' sleeping for 60.00 seconds {{(pid=98971) _run_loop /opt/stack/data/venv/lib/python3.12/site-packages/oslo_service/backend/_threading/loopingcall.py:125}}
Jul 30 09:31:42.050436 np0000006113 nova-conductor[98992]: DEBUG oslo.service.backend._threading.loopingcall [None req-42e8a9e3-97e2-4cc5-9b26-c8be03e2a830 None None] Dynamic interval looping call 'nova.service.Service.periodic_tasks' sleeping for 60.00 seconds {{(pid=98992) _run_loop /opt/stack/data/venv/lib/python3.12/site-packages/oslo_service/backend/_threading/loopingcall.py:125}}
Jul 30 09:31:45.025970 np0000006113 nova-conductor[98971]: DEBUG oslo.service.backend._threading.loopingcall [-] Fixed interval looping call 'nova.servicegroup.drivers.db.DbDriver._report_state' sleeping for 119.99 seconds {{(pid=98971) _run_loop /opt/stack/data/venv/lib/python3.12/site-packages/oslo_service/backend/_threading/loopingcall.py:125}}
Jul 30 09:31:45.026686 np0000006113 nova-conductor[98984]: DEBUG oslo.service.backend._threading.loopingcall [-] Fixed interval looping call 'nova.servicegroup.drivers.db.DbDriver._report_state' sleeping for 119.99 seconds {{(pid=98984) _run_loop /opt/stack/data/venv/lib/python3.12/site-packages/oslo_service/backend/_threading/loopingcall.py:125}}
Jul 30 09:31:45.054034 np0000006113 nova-conductor[98997]: DEBUG oslo.service.backend._threading.loopingcall [-] Fixed interval looping call 'nova.servicegroup.drivers.db.DbDriver._report_state' sleeping for 119.99 seconds {{(pid=98997) _run_loop /opt/stack/data/venv/lib/python3.12/site-packages/oslo_service/backend/_threading/loopingcall.py:125}}
Jul 30 09:31:45.055070 np0000006113 nova-conductor[98992]: DEBUG oslo.service.backend._threading.loopingcall [-] Fixed interval looping call 'nova.servicegroup.drivers.db.DbDriver._report_state' sleeping for 120.00 seconds {{(pid=98992) _run_loop /opt/stack/data/venv/lib/python3.12/site-packages/oslo_service/backend/_threading/loopingcall.py:125}}
Jul 30 09:31:46.049783 np0000006113 nova-conductor[98997]: DEBUG oslo.service.backend._threading.loopingcall [None req-db99c094-b26d-4db6-a459-6f4ce43a6f39 None None] Dynamic interval looping call 'nova.service.Service.periodic_tasks' sleeping for 60.00 seconds {{(pid=98997) _run_loop /opt/stack/data/venv/lib/python3.12/site-packages/oslo_service/backend/_threading/loopingcall.py:125}}
Jul 30 09:31:55.017117 np0000006113 nova-conductor[98984]: DEBUG oslo.service.backend._threading.loopingcall [None req-37150759-e40f-42df-b1fa-1cc51310f8d9 None None] Dynamic interval looping call 'nova.service.Service.periodic_tasks' sleeping for 60.00 seconds {{(pid=98984) _run_loop /opt/stack/data/venv/lib/python3.12/site-packages/oslo_service/backend/_threading/loopingcall.py:125}}
Jul 30 09:31:55.020559 np0000006113 nova-conductor[98971]: DEBUG dbcounter [-] [98971] Writing DB stats nova_cell0:SELECT=1,nova_cell0:UPDATE=1 {{(pid=98971) stat_writer /opt/stack/data/venv/lib/python3.12/site-packages/dbcounter.py:115}}
Jul 30 09:31:55.023203 np0000006113 nova-conductor[98984]: DEBUG dbcounter [-] [98984] Writing DB stats nova_cell0:SELECT=1,nova_cell0:UPDATE=1 {{(pid=98984) stat_writer /opt/stack/data/venv/lib/python3.12/site-packages/dbcounter.py:115}}
Jul 30 09:31:55.050115 np0000006113 nova-conductor[98997]: DEBUG dbcounter [-] [98997] Writing DB stats nova_cell0:SELECT=1 {{(pid=98997) stat_writer /opt/stack/data/venv/lib/python3.12/site-packages/dbcounter.py:115}}
Jul 30 09:31:55.052173 np0000006113 nova-conductor[98992]: DEBUG dbcounter [-] [98992] Writing DB stats nova_cell0:SELECT=1 {{(pid=98992) stat_writer /opt/stack/data/venv/lib/python3.12/site-packages/dbcounter.py:115}}
Jul 30 09:31:59.015061 np0000006113 nova-conductor[98971]: DEBUG oslo.service.backend._threading.loopingcall [None req-6a45ea50-5a02-4268-9922-a07e0d1c733a None None] Dynamic interval looping call 'nova.service.Service.periodic_tasks' sleeping for 60.00 seconds {{(pid=98971) _run_loop /opt/stack/data/venv/lib/python3.12/site-packages/oslo_service/backend/_threading/loopingcall.py:125}}
Jul 30 09:32:01.586159 np0000006113 nova-conductor[98984]: DEBUG oslo_db.sqlalchemy.engines [None req-dbde98a1-edbb-4253-9ed4-6e9495af66fd tempest-DeleteServersTestJSON-1584014087 tempest-DeleteServersTestJSON-1584014087-project-member] Parent process 97494 forked (98984) with an open database connection, which is being discarded and recreated. {{(pid=98984) checkout /opt/stack/data/venv/lib/python3.12/site-packages/oslo_db/sqlalchemy/engines.py:402}}
Jul 30 09:32:01.637303 np0000006113 nova-conductor[98984]: DEBUG dbcounter [-] [98984] Writer thread running {{(pid=98984) stat_writer /opt/stack/data/venv/lib/python3.12/site-packages/dbcounter.py:102}}
Jul 30 09:32:02.754656 np0000006113 nova-conductor[98984]: DEBUG nova.conductor.manager [None req-dbde98a1-edbb-4253-9ed4-6e9495af66fd tempest-DeleteServersTestJSON-1584014087 tempest-DeleteServersTestJSON-1584014087-project-member] Took 1.11 seconds to select destinations for 1 instance(s). {{(pid=98984) _schedule_instances /opt/stack/nova/nova/conductor/manager.py:968}}
Jul 30 09:32:02.800490 np0000006113 nova-conductor[98984]: DEBUG oslo_concurrency.lockutils [None req-dbde98a1-edbb-4253-9ed4-6e9495af66fd tempest-DeleteServersTestJSON-1584014087 tempest-DeleteServersTestJSON-1584014087-project-member] Acquiring lock "2a30de08-b0f1-45ba-8b2b-c802b2307918" by "nova.context.set_target_cell..get_or_set_cached_cell_and_set_connections" {{(pid=98984) inner /opt/stack/data/venv/lib/python3.12/site-packages/oslo_concurrency/lockutils.py:512}}
Jul 30 09:32:02.800490 np0000006113 nova-conductor[98984]: DEBUG oslo_concurrency.lockutils [None req-dbde98a1-edbb-4253-9ed4-6e9495af66fd tempest-DeleteServersTestJSON-1584014087 tempest-DeleteServersTestJSON-1584014087-project-member] Lock "2a30de08-b0f1-45ba-8b2b-c802b2307918" acquired by "nova.context.set_target_cell..get_or_set_cached_cell_and_set_connections" :: waited 0.000s {{(pid=98984) inner /opt/stack/data/venv/lib/python3.12/site-packages/oslo_concurrency/lockutils.py:525}}
Jul 30 09:32:02.800490 np0000006113 nova-conductor[98984]: DEBUG oslo_concurrency.lockutils [None req-dbde98a1-edbb-4253-9ed4-6e9495af66fd tempest-DeleteServersTestJSON-1584014087 tempest-DeleteServersTestJSON-1584014087-project-member] Lock "2a30de08-b0f1-45ba-8b2b-c802b2307918" "released" by "nova.context.set_target_cell..get_or_set_cached_cell_and_set_connections" :: held 0.001s {{(pid=98984) inner /opt/stack/data/venv/lib/python3.12/site-packages/oslo_concurrency/lockutils.py:544}}
Jul 30 09:32:02.800490 np0000006113 nova-conductor[98984]: INFO dbcounter [None req-dbde98a1-edbb-4253-9ed4-6e9495af66fd tempest-DeleteServersTestJSON-1584014087 tempest-DeleteServersTestJSON-1584014087-project-member] Registered counter for database nova_cell1
Jul 30 09:32:02.847533 np0000006113 nova-conductor[98984]: DEBUG oslo_db.sqlalchemy.engines [None req-dbde98a1-edbb-4253-9ed4-6e9495af66fd tempest-DeleteServersTestJSON-1584014087 tempest-DeleteServersTestJSON-1584014087-project-member] MySQL server mode set to STRICT_TRANS_TABLES,STRICT_ALL_TABLES,NO_ZERO_IN_DATE,NO_ZERO_DATE,ERROR_FOR_DIVISION_BY_ZERO,TRADITIONAL,NO_ENGINE_SUBSTITUTION {{(pid=98984) _check_effective_sql_mode /opt/stack/data/venv/lib/python3.12/site-packages/oslo_db/sqlalchemy/engines.py:325}}
Jul 30 09:32:02.856311 np0000006113 nova-conductor[98984]: DEBUG dbcounter [-] [98984] Writer thread running {{(pid=98984) stat_writer /opt/stack/data/venv/lib/python3.12/site-packages/dbcounter.py:102}}
Jul 30 09:32:02.933710 np0000006113 nova-conductor[98984]: INFO nova.utils [None req-dbde98a1-edbb-4253-9ed4-6e9495af66fd tempest-DeleteServersTestJSON-1584014087 tempest-DeleteServersTestJSON-1584014087-project-member] The cell worker thread pool ForkProcess-2.cell_worker is initialized
Jul 30 09:32:02.934153 np0000006113 nova-conductor[98984]: DEBUG oslo_concurrency.lockutils [None req-dbde98a1-edbb-4253-9ed4-6e9495af66fd tempest-DeleteServersTestJSON-1584014087 tempest-DeleteServersTestJSON-1584014087-project-member] Acquiring lock "00000000-0000-0000-0000-000000000000" by "nova.context.set_target_cell..get_or_set_cached_cell_and_set_connections" {{(pid=98984) inner /opt/stack/data/venv/lib/python3.12/site-packages/oslo_concurrency/lockutils.py:512}}
Jul 30 09:32:02.934474 np0000006113 nova-conductor[98984]: DEBUG oslo_concurrency.lockutils [None req-dbde98a1-edbb-4253-9ed4-6e9495af66fd tempest-DeleteServersTestJSON-1584014087 tempest-DeleteServersTestJSON-1584014087-project-member] Lock "00000000-0000-0000-0000-000000000000" acquired by "nova.context.set_target_cell..get_or_set_cached_cell_and_set_connections" :: waited 0.000s {{(pid=98984) inner /opt/stack/data/venv/lib/python3.12/site-packages/oslo_concurrency/lockutils.py:525}}
Jul 30 09:32:02.934986 np0000006113 nova-conductor[98984]: DEBUG oslo_concurrency.lockutils [None req-dbde98a1-edbb-4253-9ed4-6e9495af66fd tempest-DeleteServersTestJSON-1584014087 tempest-DeleteServersTestJSON-1584014087-project-member] Lock "00000000-0000-0000-0000-000000000000" "released" by "nova.context.set_target_cell..get_or_set_cached_cell_and_set_connections" :: held 0.001s {{(pid=98984) inner /opt/stack/data/venv/lib/python3.12/site-packages/oslo_concurrency/lockutils.py:544}}
Jul 30 09:32:02.935940 np0000006113 nova-conductor[98984]: DEBUG oslo_concurrency.lockutils [None req-dbde98a1-edbb-4253-9ed4-6e9495af66fd tempest-DeleteServersTestJSON-1584014087 tempest-DeleteServersTestJSON-1584014087-project-member] Acquiring lock "2a30de08-b0f1-45ba-8b2b-c802b2307918" by "nova.context.set_target_cell..get_or_set_cached_cell_and_set_connections" {{(pid=98984) inner /opt/stack/data/venv/lib/python3.12/site-packages/oslo_concurrency/lockutils.py:512}}
