Jun 04 14:44:28.994768 np0000002156 devstack@g-api.service[102093]: DEBUG glance_store.location [-] Registering scheme swift+config with {'store': , 'location_class': , 'store_entry': 'swift'} {{(pid=102093) register_scheme_map /opt/stack/data/venv/lib/python3.12/site-packages/glance_store/location.py:146}}
Jun 04 14:44:28.994768 np0000002156 devstack@g-api.service[102093]: DEBUG glance_store.backend [-] Attempting to import store file {{(pid=102093) _load_store /opt/stack/data/venv/lib/python3.12/site-packages/glance_store/backend.py:215}}
Jun 04 14:44:28.995196 np0000002156 devstack@g-api.service[102093]: DEBUG glance_store.capabilities [-] Store glance_store._drivers.filesystem.Store doesn't support updating dynamic storage capabilities. Please overwrite 'update_capabilities' method of the store to implement updating logics if needed. {{(pid=102093) update_capabilities /opt/stack/data/venv/lib/python3.12/site-packages/glance_store/capabilities.py:91}}
Jun 04 14:44:28.995276 np0000002156 devstack@g-api.service[102093]: DEBUG glance_store.backend [-] Registering store file with schemes ('file', 'filesystem') {{(pid=102093) create_stores /opt/stack/data/venv/lib/python3.12/site-packages/glance_store/backend.py:261}}
Jun 04 14:44:28.995363 np0000002156 devstack@g-api.service[102093]: DEBUG glance_store.driver [-] Late loading location class glance_store._drivers.filesystem.StoreLocation {{(pid=102093) get_store_location_class /opt/stack/data/venv/lib/python3.12/site-packages/glance_store/driver.py:134}}
Jun 04 14:44:28.995417 np0000002156 devstack@g-api.service[102093]: DEBUG glance_store.location [-] Registering scheme file with {'store': , 'location_class': , 'store_entry': 'file'} {{(pid=102093) register_scheme_map /opt/stack/data/venv/lib/python3.12/site-packages/glance_store/location.py:146}}
Jun 04 14:44:28.995417 np0000002156 devstack@g-api.service[102093]: DEBUG glance_store.location [-] Registering scheme filesystem with {'store': , 'location_class': , 'store_entry': 'file'} {{(pid=102093) register_scheme_map /opt/stack/data/venv/lib/python3.12/site-packages/glance_store/location.py:146}}
Jun 04 14:44:28.995530 np0000002156 devstack@g-api.service[102093]: DEBUG glance_store.backend [-] Attempting to import store http {{(pid=102093) _load_store /opt/stack/data/venv/lib/python3.12/site-packages/glance_store/backend.py:215}}
Jun 04 14:44:28.995647 np0000002156 devstack@g-api.service[102093]: DEBUG glance_store.capabilities [-] Store glance_store._drivers.http.Store doesn't support updating dynamic storage capabilities. Please overwrite 'update_capabilities' method of the store to implement updating logics if needed. {{(pid=102093) update_capabilities /opt/stack/data/venv/lib/python3.12/site-packages/glance_store/capabilities.py:91}}
Jun 04 14:44:28.995707 np0000002156 devstack@g-api.service[102093]: DEBUG glance_store.backend [-] Registering store http with schemes ('http', 'https') {{(pid=102093) create_stores /opt/stack/data/venv/lib/python3.12/site-packages/glance_store/backend.py:261}}
Jun 04 14:44:28.995759 np0000002156 devstack@g-api.service[102093]: DEBUG glance_store.driver [-] Late loading location class glance_store._drivers.http.StoreLocation {{(pid=102093) get_store_location_class /opt/stack/data/venv/lib/python3.12/site-packages/glance_store/driver.py:134}}
Jun 04 14:44:28.995809 np0000002156 devstack@g-api.service[102093]: DEBUG glance_store.location [-] Registering scheme http with {'store': , 'location_class': , 'store_entry': 'http'} {{(pid=102093) register_scheme_map /opt/stack/data/venv/lib/python3.12/site-packages/glance_store/location.py:146}}
Jun 04 14:44:28.995866 np0000002156 devstack@g-api.service[102093]: DEBUG glance_store.location [-] Registering scheme https with {'store': , 'location_class': , 'store_entry': 'http'} {{(pid=102093) register_scheme_map /opt/stack/data/venv/lib/python3.12/site-packages/glance_store/location.py:146}}
Jun 04 14:44:28.995999 np0000002156 devstack@g-api.service[102093]: DEBUG glance_store.backend [-] Attempting to import store swift {{(pid=102093) _load_store /opt/stack/data/venv/lib/python3.12/site-packages/glance_store/backend.py:215}}
Jun 04 14:44:28.997022 np0000002156 devstack@g-api.service[102093]: DEBUG glance_store.capabilities [-] Store glance_store._drivers.swift.store.SingleTenantStore doesn't support updating dynamic storage capabilities. Please overwrite 'update_capabilities' method of the store to implement updating logics if needed. {{(pid=102093) update_capabilities /opt/stack/data/venv/lib/python3.12/site-packages/glance_store/capabilities.py:91}}
Jun 04 14:44:28.997087 np0000002156 devstack@g-api.service[102093]: DEBUG glance_store.driver [-] Late loading location class glance_store._drivers.swift.store.StoreLocation {{(pid=102093) get_store_location_class /opt/stack/data/venv/lib/python3.12/site-packages/glance_store/driver.py:134}}
Jun 04 14:44:28.997136 np0000002156 devstack@g-api.service[102093]: DEBUG glance_store.location [-] Registering scheme swift+https with {'store': , 'location_class': , 'store_entry': 'swift'} {{(pid=102093) register_scheme_map /opt/stack/data/venv/lib/python3.12/site-packages/glance_store/location.py:146}}
Jun 04 14:44:28.997185 np0000002156 devstack@g-api.service[102093]: DEBUG glance_store.location [-] Registering scheme swift+https with {'store': , 'location_class': , 'store_entry': 'swift'} {{(pid=102093) register_scheme_map /opt/stack/data/venv/lib/python3.12/site-packages/glance_store/location.py:146}}
Jun 04 14:44:28.997231 np0000002156 devstack@g-api.service[102093]: DEBUG glance_store.location [-] Registering scheme swift with {'store': , 'location_class': , 'store_entry': 'swift'} {{(pid=102093) register_scheme_map /opt/stack/data/venv/lib/python3.12/site-packages/glance_store/location.py:146}}
Jun 04 14:44:28.997324 np0000002156 devstack@g-api.service[102093]: DEBUG glance_store.location [-] Registering scheme swift+https with {'store': , 'location_class': , 'store_entry': 'swift'} {{(pid=102093) register_scheme_map /opt/stack/data/venv/lib/python3.12/site-packages/glance_store/location.py:146}}
Jun 04 14:44:28.997324 np0000002156 devstack@g-api.service[102093]: DEBUG glance_store.location [-] Registering scheme swift with {'store': , 'location_class': , 'store_entry': 'swift'} {{(pid=102093) register_scheme_map /opt/stack/data/venv/lib/python3.12/site-packages/glance_store/location.py:146}}
Jun 04 14:44:28.997411 np0000002156 devstack@g-api.service[102093]: DEBUG glance_store.location [-] Registering scheme swift+http with {'store': , 'location_class': , 'store_entry': 'swift'} {{(pid=102093) register_scheme_map /opt/stack/data/venv/lib/python3.12/site-packages/glance_store/location.py:146}}
Jun 04 14:44:28.997411 np0000002156 devstack@g-api.service[102093]: DEBUG glance_store.location [-] Registering scheme swift+https with {'store': , 'location_class': , 'store_entry': 'swift'} {{(pid=102093) register_scheme_map /opt/stack/data/venv/lib/python3.12/site-packages/glance_store/location.py:146}}
Jun 04 14:44:28.997508 np0000002156 devstack@g-api.service[102093]: DEBUG glance_store.location [-] Registering scheme swift with {'store': , 'location_class': , 'store_entry': 'swift'} {{(pid=102093) register_scheme_map /opt/stack/data/venv/lib/python3.12/site-packages/glance_store/location.py:146}}
Jun 04 14:44:28.997508 np0000002156 devstack@g-api.service[102093]: DEBUG glance_store.location [-] Registering scheme swift+http with {'store': , 'location_class': , 'store_entry': 'swift'} {{(pid=102093) register_scheme_map /opt/stack/data/venv/lib/python3.12/site-packages/glance_store/location.py:146}}
Jun 04 14:44:28.997592 np0000002156 devstack@g-api.service[102093]: DEBUG glance_store.location [-] Registering scheme swift+config with {'store': , 'location_class': , 'store_entry': 'swift'} {{(pid=102093) register_scheme_map /opt/stack/data/venv/lib/python3.12/site-packages/glance_store/location.py:146}}
Jun 04 14:44:28.997787 np0000002156 devstack@g-api.service[102093]: DEBUG glance.sqlite_migration [-] SQLite caching database not located, skipping migration {{(pid=102093) get_db_path /opt/stack/glance/glance/sqlite_migration.py:68}}
Jun 04 14:44:28.997975 np0000002156 devstack@g-api.service[102093]: WARNING glance.common.wsgi_app [-] Import methods are enabled but staging directory /tmp/staging/ does not exist; Imports will fail!
Jun 04 14:44:29.246011 np0000002156 devstack@g-api.service[102091]: DEBUG glance.common.config [None req-379119d3-ac0c-402f-ad46-bae8ff1e32f8 None None] Loading glance-api-keystone+cachemanagement from /etc/glance/glance-api-paste.ini {{(pid=102091) load_paste_app /opt/stack/glance/glance/common/config.py:758}}
Jun 04 14:44:29.261897 np0000002156 devstack@g-api.service[102093]: DEBUG glance.common.config [None req-d4293724-80fe-4553-a7bf-912186b23ed9 None None] Loading glance-api-keystone+cachemanagement from /etc/glance/glance-api-paste.ini {{(pid=102093) load_paste_app /opt/stack/glance/glance/common/config.py:758}}
Jun 04 14:44:29.262320 np0000002156 devstack@g-api.service[102092]: DEBUG glance.common.config [None req-45065d14-5b28-4046-8dc1-c1d5d410ecbe None None] Loading glance-api-keystone+cachemanagement from /etc/glance/glance-api-paste.ini {{(pid=102092) load_paste_app /opt/stack/glance/glance/common/config.py:758}}
Jun 04 14:44:29.805096 np0000002156 devstack@g-api.service[102093]: INFO glance.image_cache [None req-d4293724-80fe-4553-a7bf-912186b23ed9 None None] Image cache loaded driver 'centralized_db'.
Jun 04 14:44:29.806820 np0000002156 devstack@g-api.service[102091]: INFO glance.image_cache [None req-379119d3-ac0c-402f-ad46-bae8ff1e32f8 None None] Image cache loaded driver 'centralized_db'.
Jun 04 14:44:29.812407 np0000002156 devstack@g-api.service[102092]: INFO glance.image_cache [None req-45065d14-5b28-4046-8dc1-c1d5d410ecbe None None] Image cache loaded driver 'centralized_db'.
Jun 04 14:44:29.846278 np0000002156 devstack@g-api.service[102093]: INFO dbcounter [None req-d4293724-80fe-4553-a7bf-912186b23ed9 None None] Registered counter for database glance
Jun 04 14:44:29.849795 np0000002156 devstack@g-api.service[102091]: INFO dbcounter [None req-379119d3-ac0c-402f-ad46-bae8ff1e32f8 None None] Registered counter for database glance
Jun 04 14:44:29.855083 np0000002156 devstack@g-api.service[102092]: INFO dbcounter [None req-45065d14-5b28-4046-8dc1-c1d5d410ecbe None None] Registered counter for database glance
Jun 04 14:44:29.887139 np0000002156 devstack@g-api.service[102093]: DEBUG oslo_db.sqlalchemy.engines [None req-d4293724-80fe-4553-a7bf-912186b23ed9 None None] MySQL server mode set to STRICT_TRANS_TABLES,STRICT_ALL_TABLES,NO_ZERO_IN_DATE,NO_ZERO_DATE,ERROR_FOR_DIVISION_BY_ZERO,TRADITIONAL,NO_ENGINE_SUBSTITUTION {{(pid=102093) _check_effective_sql_mode /opt/stack/data/venv/lib/python3.12/site-packages/oslo_db/sqlalchemy/engines.py:325}}
Jun 04 14:44:29.898622 np0000002156 devstack@g-api.service[102092]: DEBUG oslo_db.sqlalchemy.engines [None req-45065d14-5b28-4046-8dc1-c1d5d410ecbe None None] MySQL server mode set to STRICT_TRANS_TABLES,STRICT_ALL_TABLES,NO_ZERO_IN_DATE,NO_ZERO_DATE,ERROR_FOR_DIVISION_BY_ZERO,TRADITIONAL,NO_ENGINE_SUBSTITUTION {{(pid=102092) _check_effective_sql_mode /opt/stack/data/venv/lib/python3.12/site-packages/oslo_db/sqlalchemy/engines.py:325}}
Jun 04 14:44:29.901305 np0000002156 devstack@g-api.service[102091]: DEBUG oslo_db.sqlalchemy.engines [None req-379119d3-ac0c-402f-ad46-bae8ff1e32f8 None None] MySQL server mode set to STRICT_TRANS_TABLES,STRICT_ALL_TABLES,NO_ZERO_IN_DATE,NO_ZERO_DATE,ERROR_FOR_DIVISION_BY_ZERO,TRADITIONAL,NO_ENGINE_SUBSTITUTION {{(pid=102091) _check_effective_sql_mode /opt/stack/data/venv/lib/python3.12/site-packages/oslo_db/sqlalchemy/engines.py:325}}
Jun 04 14:44:29.906755 np0000002156 devstack@g-api.service[102093]: DEBUG dbcounter [-] [102093] Writer thread running {{(pid=102093) stat_writer /opt/stack/data/venv/lib/python3.12/site-packages/dbcounter.py:102}}
Jun 04 14:44:29.916800 np0000002156 devstack@g-api.service[102093]: INFO glance.image_cache [None req-d4293724-80fe-4553-a7bf-912186b23ed9 None None] Image cache loaded driver 'centralized_db'.
Jun 04 14:44:29.919660 np0000002156 devstack@g-api.service[102092]: DEBUG dbcounter [-] [102092] Writer thread running {{(pid=102092) stat_writer /opt/stack/data/venv/lib/python3.12/site-packages/dbcounter.py:102}}
Jun 04 14:44:29.922133 np0000002156 devstack@g-api.service[102092]: DEBUG glance.image_cache.drivers.centralized_db [None req-45065d14-5b28-4046-8dc1-c1d5d410ecbe None None] Node reference is already recorded, ignoring it {{(pid=102092) configure /opt/stack/glance/glance/image_cache/drivers/centralized_db.py:71}}
Jun 04 14:44:29.922809 np0000002156 devstack@g-api.service[102093]: DEBUG glance.image_cache.drivers.centralized_db [None req-d4293724-80fe-4553-a7bf-912186b23ed9 None None] Node reference is already recorded, ignoring it {{(pid=102093) configure /opt/stack/glance/glance/image_cache/drivers/centralized_db.py:71}}
Jun 04 14:44:29.923240 np0000002156 devstack@g-api.service[102091]: DEBUG dbcounter [-] [102091] Writer thread running {{(pid=102091) stat_writer /opt/stack/data/venv/lib/python3.12/site-packages/dbcounter.py:102}}
Jun 04 14:44:29.925109 np0000002156 devstack@g-api.service[102091]: DEBUG glance.image_cache.drivers.centralized_db [None req-379119d3-ac0c-402f-ad46-bae8ff1e32f8 None None] Node reference is already recorded, ignoring it {{(pid=102091) configure /opt/stack/glance/glance/image_cache/drivers/centralized_db.py:71}}
Jun 04 14:44:29.927049 np0000002156 devstack@g-api.service[102093]: DEBUG glance.api.v2.cached_images [None req-d4293724-80fe-4553-a7bf-912186b23ed9 None None] Started cache worker thread {{(pid=102093) __init__ /opt/stack/glance/glance/api/v2/cached_images.py:69}}
Jun 04 14:44:29.927200 np0000002156 devstack@g-api.service[102092]: INFO glance.image_cache [None req-45065d14-5b28-4046-8dc1-c1d5d410ecbe None None] Image cache loaded driver 'centralized_db'.
Jun 04 14:44:29.927636 np0000002156 devstack@g-api.service[102093]: INFO glance.image_cache [None req-d4293724-80fe-4553-a7bf-912186b23ed9 None None] Image cache loaded driver 'centralized_db'.
Jun 04 14:44:29.930168 np0000002156 devstack@g-api.service[102091]: INFO glance.image_cache [None req-379119d3-ac0c-402f-ad46-bae8ff1e32f8 None None] Image cache loaded driver 'centralized_db'.
Jun 04 14:44:29.934529 np0000002156 devstack@g-api.service[102092]: DEBUG glance.image_cache.drivers.centralized_db [None req-45065d14-5b28-4046-8dc1-c1d5d410ecbe None None] Node reference is already recorded, ignoring it {{(pid=102092) configure /opt/stack/glance/glance/image_cache/drivers/centralized_db.py:71}}
Jun 04 14:44:29.935727 np0000002156 devstack@g-api.service[102093]: DEBUG glance.image_cache.drivers.centralized_db [None req-d4293724-80fe-4553-a7bf-912186b23ed9 None None] Node reference is already recorded, ignoring it {{(pid=102093) configure /opt/stack/glance/glance/image_cache/drivers/centralized_db.py:71}}
Jun 04 14:44:29.936206 np0000002156 devstack@g-api.service[102091]: DEBUG glance.image_cache.drivers.centralized_db [None req-379119d3-ac0c-402f-ad46-bae8ff1e32f8 None None] Node reference is already recorded, ignoring it {{(pid=102091) configure /opt/stack/glance/glance/image_cache/drivers/centralized_db.py:71}}
Jun 04 14:44:29.939423 np0000002156 devstack@g-api.service[102092]: DEBUG glance.api.v2.cached_images [None req-45065d14-5b28-4046-8dc1-c1d5d410ecbe None None] Started cache worker thread {{(pid=102092) __init__ /opt/stack/glance/glance/api/v2/cached_images.py:69}}
Jun 04 14:44:29.939910 np0000002156 devstack@g-api.service[102092]: INFO glance.image_cache [None req-45065d14-5b28-4046-8dc1-c1d5d410ecbe None None] Image cache loaded driver 'centralized_db'.
Jun 04 14:44:29.940204 np0000002156 devstack@g-api.service[102093]: INFO glance.api.middleware.cache_manage [None req-d4293724-80fe-4553-a7bf-912186b23ed9 None None] Initialized image cache management middleware
Jun 04 14:44:29.940360 np0000002156 devstack@g-api.service[102093]: INFO glance.image_cache [None req-d4293724-80fe-4553-a7bf-912186b23ed9 None None] Image cache loaded driver 'centralized_db'.
Jun 04 14:44:29.940396 np0000002156 devstack@g-api.service[102091]: DEBUG glance.api.v2.cached_images [None req-379119d3-ac0c-402f-ad46-bae8ff1e32f8 None None] Started cache worker thread {{(pid=102091) __init__ /opt/stack/glance/glance/api/v2/cached_images.py:69}}
Jun 04 14:44:29.940855 np0000002156 devstack@g-api.service[102091]: INFO glance.image_cache [None req-379119d3-ac0c-402f-ad46-bae8ff1e32f8 None None] Image cache loaded driver 'centralized_db'.
Jun 04 14:44:29.946011 np0000002156 devstack@g-api.service[102092]: DEBUG glance.image_cache.drivers.centralized_db [None req-45065d14-5b28-4046-8dc1-c1d5d410ecbe None None] Node reference is already recorded, ignoring it {{(pid=102092) configure /opt/stack/glance/glance/image_cache/drivers/centralized_db.py:71}}
Jun 04 14:44:29.946212 np0000002156 devstack@g-api.service[102093]: DEBUG glance.image_cache.drivers.centralized_db [None req-d4293724-80fe-4553-a7bf-912186b23ed9 None None] Node reference is already recorded, ignoring it {{(pid=102093) configure /opt/stack/glance/glance/image_cache/drivers/centralized_db.py:71}}
Jun 04 14:44:29.946924 np0000002156 devstack@g-api.service[102091]: DEBUG glance.image_cache.drivers.centralized_db [None req-379119d3-ac0c-402f-ad46-bae8ff1e32f8 None None] Node reference is already recorded, ignoring it {{(pid=102091) configure /opt/stack/glance/glance/image_cache/drivers/centralized_db.py:71}}
Jun 04 14:44:29.949803 np0000002156 devstack@g-api.service[102093]: INFO glance.api.middleware.cache [None req-d4293724-80fe-4553-a7bf-912186b23ed9 None None] Initialized image cache middleware
Jun 04 14:44:29.950140 np0000002156 devstack@g-api.service[102092]: INFO glance.api.middleware.cache_manage [None req-45065d14-5b28-4046-8dc1-c1d5d410ecbe None None] Initialized image cache management middleware
Jun 04 14:44:29.950286 np0000002156 devstack@g-api.service[102092]: INFO glance.image_cache [None req-45065d14-5b28-4046-8dc1-c1d5d410ecbe None None] Image cache loaded driver 'centralized_db'.
Jun 04 14:44:29.951105 np0000002156 devstack@g-api.service[102091]: INFO glance.api.middleware.cache_manage [None req-379119d3-ac0c-402f-ad46-bae8ff1e32f8 None None] Initialized image cache management middleware
Jun 04 14:44:29.951238 np0000002156 devstack@g-api.service[102091]: INFO glance.image_cache [None req-379119d3-ac0c-402f-ad46-bae8ff1e32f8 None None] Image cache loaded driver 'centralized_db'.
Jun 04 14:44:29.956260 np0000002156 devstack@g-api.service[102092]: DEBUG glance.image_cache.drivers.centralized_db [None req-45065d14-5b28-4046-8dc1-c1d5d410ecbe None None] Node reference is already recorded, ignoring it {{(pid=102092) configure /opt/stack/glance/glance/image_cache/drivers/centralized_db.py:71}}
Jun 04 14:44:29.956767 np0000002156 devstack@g-api.service[102091]: DEBUG glance.image_cache.drivers.centralized_db [None req-379119d3-ac0c-402f-ad46-bae8ff1e32f8 None None] Node reference is already recorded, ignoring it {{(pid=102091) configure /opt/stack/glance/glance/image_cache/drivers/centralized_db.py:71}}
Jun 04 14:44:29.960109 np0000002156 devstack@g-api.service[102091]: INFO glance.api.middleware.cache [None req-379119d3-ac0c-402f-ad46-bae8ff1e32f8 None None] Initialized image cache middleware
Jun 04 14:44:29.960500 np0000002156 devstack@g-api.service[102092]: INFO glance.api.middleware.cache [None req-45065d14-5b28-4046-8dc1-c1d5d410ecbe None None] Initialized image cache middleware
Jun 04 14:44:30.054673 np0000002156 devstack@g-api.service[102093]: DEBUG glance.common.config [None req-d4293724-80fe-4553-a7bf-912186b23ed9 None None] ******************************************************************************** {{(pid=102093) log_opt_values /opt/stack/data/venv/lib/python3.12/site-packages/oslo_config/cfg.py:3229}}
Jun 04 14:44:30.054829 np0000002156 devstack@g-api.service[102093]: DEBUG glance.common.config [None req-d4293724-80fe-4553-a7bf-912186b23ed9 None None] Configuration options gathered from: {{(pid=102093) log_opt_values /opt/stack/data/venv/lib/python3.12/site-packages/oslo_config/cfg.py:3230}}
Jun 04 14:44:30.055039 np0000002156 devstack@g-api.service[102093]: DEBUG glance.common.config [None req-d4293724-80fe-4553-a7bf-912186b23ed9 None None] command line args: [] {{(pid=102093) log_opt_values /opt/stack/data/venv/lib/python3.12/site-packages/oslo_config/cfg.py:3231}}
Jun 04 14:44:30.055234 np0000002156 devstack@g-api.service[102093]: DEBUG glance.common.config [None req-d4293724-80fe-4553-a7bf-912186b23ed9 None None] config files: ['/etc/glance/glance-image-import.conf', '/etc/glance/glance-api.conf'] {{(pid=102093) log_opt_values /opt/stack/data/venv/lib/python3.12/site-packages/oslo_config/cfg.py:3232}}
Jun 04 14:44:30.055300 np0000002156 devstack@g-api.service[102093]: DEBUG glance.common.config [None req-d4293724-80fe-4553-a7bf-912186b23ed9 None None] ================================================================================ {{(pid=102093) log_opt_values /opt/stack/data/venv/lib/python3.12/site-packages/oslo_config/cfg.py:3237}}
Jun 04 14:44:30.055555 np0000002156 devstack@g-api.service[102093]: DEBUG glance.common.config [None req-d4293724-80fe-4553-a7bf-912186b23ed9 None None] allow_anonymous_access = False {{(pid=102093) log_opt_values /opt/stack/data/venv/lib/python3.12/site-packages/oslo_config/cfg.py:3245}}
Jun 04 14:44:30.055650 np0000002156 devstack@g-api.service[102093]: DEBUG glance.common.config [None req-d4293724-80fe-4553-a7bf-912186b23ed9 None None] api_limit_max = 1000 {{(pid=102093) log_opt_values /opt/stack/data/venv/lib/python3.12/site-packages/oslo_config/cfg.py:3245}}
Jun 04 14:44:30.055750 np0000002156 devstack@g-api.service[102093]: DEBUG glance.common.config [None req-d4293724-80fe-4553-a7bf-912186b23ed9 None None] backlog = 4096 {{(pid=102093) log_opt_values /opt/stack/data/venv/lib/python3.12/site-packages/oslo_config/cfg.py:3245}}
Jun 04 14:44:30.055876 np0000002156 devstack@g-api.service[102093]: DEBUG glance.common.config [None req-d4293724-80fe-4553-a7bf-912186b23ed9 None None] bind_host = 0.0.0.0 {{(pid=102093) log_opt_values /opt/stack/data/venv/lib/python3.12/site-packages/oslo_config/cfg.py:3245}}
Jun 04 14:44:30.055976 np0000002156 devstack@g-api.service[102093]: DEBUG glance.common.config [None req-d4293724-80fe-4553-a7bf-912186b23ed9 None None] bind_port = 19292 {{(pid=102093) log_opt_values /opt/stack/data/venv/lib/python3.12/site-packages/oslo_config/cfg.py:3245}}
Jun 04 14:44:30.056066 np0000002156 devstack@g-api.service[102093]: DEBUG glance.common.config [None req-d4293724-80fe-4553-a7bf-912186b23ed9 None None] client_socket_timeout = 900 {{(pid=102093) log_opt_values /opt/stack/data/venv/lib/python3.12/site-packages/oslo_config/cfg.py:3245}}
Jun 04 14:44:30.056162 np0000002156 devstack@g-api.service[102093]: DEBUG glance.common.config [None req-d4293724-80fe-4553-a7bf-912186b23ed9 None None] config_dir = [] {{(pid=102093) log_opt_values /opt/stack/data/venv/lib/python3.12/site-packages/oslo_config/cfg.py:3245}}
Jun 04 14:44:30.056233 np0000002156 devstack@g-api.service[102093]: DEBUG glance.common.config [None req-d4293724-80fe-4553-a7bf-912186b23ed9 None None] config_file = ['/etc/glance/glance-image-import.conf', '/etc/glance/glance-api.conf'] {{(pid=102093) log_opt_values /opt/stack/data/venv/lib/python3.12/site-packages/oslo_config/cfg.py:3245}}
Jun 04 14:44:30.056358 np0000002156 devstack@g-api.service[102093]: DEBUG glance.common.config [None req-d4293724-80fe-4553-a7bf-912186b23ed9 None None] config_source = [] {{(pid=102093) log_opt_values /opt/stack/data/venv/lib/python3.12/site-packages/oslo_config/cfg.py:3245}}
Jun 04 14:44:30.056457 np0000002156 devstack@g-api.service[102093]: DEBUG glance.common.config [None req-d4293724-80fe-4553-a7bf-912186b23ed9 None None] control_exchange = glance {{(pid=102093) log_opt_values /opt/stack/data/venv/lib/python3.12/site-packages/oslo_config/cfg.py:3245}}
Jun 04 14:44:30.056524 np0000002156 devstack@g-api.service[102093]: DEBUG glance.common.config [None req-d4293724-80fe-4553-a7bf-912186b23ed9 None None] debug = True {{(pid=102093) log_opt_values /opt/stack/data/venv/lib/python3.12/site-packages/oslo_config/cfg.py:3245}}
Jun 04 14:44:30.056671 np0000002156 devstack@g-api.service[102093]: DEBUG glance.common.config [None req-d4293724-80fe-4553-a7bf-912186b23ed9 None None] default_log_levels = ['amqp=WARN', 'boto=WARN', 'sqlalchemy=WARN', 'suds=INFO', 'oslo.messaging=INFO', 'oslo_messaging=INFO', 'iso8601=WARN', 'requests.packages.urllib3.connectionpool=WARN', 'urllib3.connectionpool=WARN', 'websocket=WARN', 'requests.packages.urllib3.util.retry=WARN', 'urllib3.util.retry=WARN', 'keystonemiddleware=WARN', 'routes.middleware=WARN', 'stevedore=WARN', 'taskflow=WARN', 'keystoneauth=WARN', 'oslo.cache=INFO', 'oslo_policy=INFO', 'dogpile.core.dogpile=INFO'] {{(pid=102093) log_opt_values /opt/stack/data/venv/lib/python3.12/site-packages/oslo_config/cfg.py:3245}}
Jun 04 14:44:30.056843 np0000002156 devstack@g-api.service[102093]: DEBUG glance.common.config [None req-d4293724-80fe-4553-a7bf-912186b23ed9 None None] default_publisher_id = image.localhost {{(pid=102093) log_opt_values /opt/stack/data/venv/lib/python3.12/site-packages/oslo_config/cfg.py:3245}}
Jun 04 14:44:30.056933 np0000002156 devstack@g-api.service[102093]: DEBUG glance.common.config [None req-d4293724-80fe-4553-a7bf-912186b23ed9 None None] delayed_delete = False {{(pid=102093) log_opt_values /opt/stack/data/venv/lib/python3.12/site-packages/oslo_config/cfg.py:3245}}
Jun 04 14:44:30.057025 np0000002156 devstack@g-api.service[102093]: DEBUG glance.common.config [None req-d4293724-80fe-4553-a7bf-912186b23ed9 None None] digest_algorithm = sha256 {{(pid=102093) log_opt_values /opt/stack/data/venv/lib/python3.12/site-packages/oslo_config/cfg.py:3245}}
Jun 04 14:44:30.057143 np0000002156 devstack@g-api.service[102093]: DEBUG glance.common.config [None req-d4293724-80fe-4553-a7bf-912186b23ed9 None None] disabled_notifications = [] {{(pid=102093) log_opt_values /opt/stack/data/venv/lib/python3.12/site-packages/oslo_config/cfg.py:3245}}
Jun 04 14:44:30.057269 np0000002156 devstack@g-api.service[102093]: DEBUG glance.common.config [None req-d4293724-80fe-4553-a7bf-912186b23ed9 None None] do_secure_hash = True {{(pid=102093) log_opt_values /opt/stack/data/venv/lib/python3.12/site-packages/oslo_config/cfg.py:3245}}
Jun 04 14:44:30.057378 np0000002156 devstack@g-api.service[102093]: DEBUG glance.common.config [None req-d4293724-80fe-4553-a7bf-912186b23ed9 None None] enabled_backends = None {{(pid=102093) log_opt_values /opt/stack/data/venv/lib/python3.12/site-packages/oslo_config/cfg.py:3245}}
Jun 04 14:44:30.057484 np0000002156 devstack@g-api.service[102093]: DEBUG glance.common.config [None req-d4293724-80fe-4553-a7bf-912186b23ed9 None None] enabled_import_methods = ['glance-direct', 'web-download', 'copy-image'] {{(pid=102093) log_opt_values /opt/stack/data/venv/lib/python3.12/site-packages/oslo_config/cfg.py:3245}}
Jun 04 14:44:30.057574 np0000002156 devstack@g-api.service[102093]: DEBUG glance.common.config [None req-d4293724-80fe-4553-a7bf-912186b23ed9 None None] fatal_deprecations = False {{(pid=102093) log_opt_values /opt/stack/data/venv/lib/python3.12/site-packages/oslo_config/cfg.py:3245}}
Jun 04 14:44:30.057663 np0000002156 devstack@g-api.service[102093]: DEBUG glance.common.config [None req-d4293724-80fe-4553-a7bf-912186b23ed9 None None] hashing_algorithm = sha512 {{(pid=102093) log_opt_values /opt/stack/data/venv/lib/python3.12/site-packages/oslo_config/cfg.py:3245}}
Jun 04 14:44:30.057747 np0000002156 devstack@g-api.service[102093]: DEBUG glance.common.config [None req-d4293724-80fe-4553-a7bf-912186b23ed9 None None] http_keepalive = True {{(pid=102093) log_opt_values /opt/stack/data/venv/lib/python3.12/site-packages/oslo_config/cfg.py:3245}}
Jun 04 14:44:30.057833 np0000002156 devstack@g-api.service[102093]: DEBUG glance.common.config [None req-d4293724-80fe-4553-a7bf-912186b23ed9 None None] http_retries = 3 {{(pid=102093) log_opt_values /opt/stack/data/venv/lib/python3.12/site-packages/oslo_config/cfg.py:3245}}
Jun 04 14:44:30.057928 np0000002156 devstack@g-api.service[102093]: DEBUG glance.common.config [None req-d4293724-80fe-4553-a7bf-912186b23ed9 None None] image_cache_dir = /opt/stack/data/glance/cache/ {{(pid=102093) log_opt_values /opt/stack/data/venv/lib/python3.12/site-packages/oslo_config/cfg.py:3245}}
Jun 04 14:44:30.058016 np0000002156 devstack@g-api.service[102093]: DEBUG glance.common.config [None req-d4293724-80fe-4553-a7bf-912186b23ed9 None None] image_cache_driver = centralized_db {{(pid=102093) log_opt_values /opt/stack/data/venv/lib/python3.12/site-packages/oslo_config/cfg.py:3245}}
Jun 04 14:44:30.058107 np0000002156 devstack@g-api.service[102093]: DEBUG glance.common.config [None req-d4293724-80fe-4553-a7bf-912186b23ed9 None None] image_cache_max_size = 10737418240 {{(pid=102093) log_opt_values /opt/stack/data/venv/lib/python3.12/site-packages/oslo_config/cfg.py:3245}}
Jun 04 14:44:30.058200 np0000002156 devstack@g-api.service[102093]: DEBUG glance.common.config [None req-d4293724-80fe-4553-a7bf-912186b23ed9 None None] image_cache_sqlite_db = cache.db {{(pid=102093) log_opt_values /opt/stack/data/venv/lib/python3.12/site-packages/oslo_config/cfg.py:3245}}
Jun 04 14:44:30.058294 np0000002156 devstack@g-api.service[102093]: DEBUG glance.common.config [None req-d4293724-80fe-4553-a7bf-912186b23ed9 None None] image_cache_stall_time = 86400 {{(pid=102093) log_opt_values /opt/stack/data/venv/lib/python3.12/site-packages/oslo_config/cfg.py:3245}}
Jun 04 14:44:30.058402 np0000002156 devstack@g-api.service[102093]: DEBUG glance.common.config [None req-d4293724-80fe-4553-a7bf-912186b23ed9 None None] image_location_quota = 10 {{(pid=102093) log_opt_values /opt/stack/data/venv/lib/python3.12/site-packages/oslo_config/cfg.py:3245}}
Jun 04 14:44:30.058490 np0000002156 devstack@g-api.service[102093]: DEBUG glance.common.config [None req-d4293724-80fe-4553-a7bf-912186b23ed9 None None] image_member_quota = 128 {{(pid=102093) log_opt_values /opt/stack/data/venv/lib/python3.12/site-packages/oslo_config/cfg.py:3245}}
Jun 04 14:44:30.058579 np0000002156 devstack@g-api.service[102093]: DEBUG glance.common.config [None req-d4293724-80fe-4553-a7bf-912186b23ed9 None None] image_property_quota = 128 {{(pid=102093) log_opt_values /opt/stack/data/venv/lib/python3.12/site-packages/oslo_config/cfg.py:3245}}
Jun 04 14:44:30.058664 np0000002156 devstack@g-api.service[102093]: DEBUG glance.common.config [None req-d4293724-80fe-4553-a7bf-912186b23ed9 None None] image_size_cap = 1099511627776 {{(pid=102093) log_opt_values /opt/stack/data/venv/lib/python3.12/site-packages/oslo_config/cfg.py:3245}}
Jun 04 14:44:30.058748 np0000002156 devstack@g-api.service[102093]: DEBUG glance.common.config [None req-d4293724-80fe-4553-a7bf-912186b23ed9 None None] image_tag_quota = 128 {{(pid=102093) log_opt_values /opt/stack/data/venv/lib/python3.12/site-packages/oslo_config/cfg.py:3245}}
Jun 04 14:44:30.058838 np0000002156 devstack@g-api.service[102093]: DEBUG glance.common.config [None req-d4293724-80fe-4553-a7bf-912186b23ed9 None None] instance_format = [instance: %(uuid)s] {{(pid=102093) log_opt_values /opt/stack/data/venv/lib/python3.12/site-packages/oslo_config/cfg.py:3245}}
Jun 04 14:44:30.058927 np0000002156 devstack@g-api.service[102093]: DEBUG glance.common.config [None req-d4293724-80fe-4553-a7bf-912186b23ed9 None None] instance_uuid_format = [instance: %(uuid)s] {{(pid=102093) log_opt_values /opt/stack/data/venv/lib/python3.12/site-packages/oslo_config/cfg.py:3245}}
Jun 04 14:44:30.059011 np0000002156 devstack@g-api.service[102093]: DEBUG glance.common.config [None req-d4293724-80fe-4553-a7bf-912186b23ed9 None None] limit_param_default = 25 {{(pid=102093) log_opt_values /opt/stack/data/venv/lib/python3.12/site-packages/oslo_config/cfg.py:3245}}
Jun 04 14:44:30.059135 np0000002156 devstack@g-api.service[102093]: DEBUG glance.common.config [None req-d4293724-80fe-4553-a7bf-912186b23ed9 None None] log_color = False {{(pid=102093) log_opt_values /opt/stack/data/venv/lib/python3.12/site-packages/oslo_config/cfg.py:3245}}
Jun 04 14:44:30.059262 np0000002156 devstack@g-api.service[102093]: DEBUG glance.common.config [None req-d4293724-80fe-4553-a7bf-912186b23ed9 None None] log_config_append = None {{(pid=102093) log_opt_values /opt/stack/data/venv/lib/python3.12/site-packages/oslo_config/cfg.py:3245}}
Jun 04 14:44:30.059380 np0000002156 devstack@g-api.service[102093]: DEBUG glance.common.config [None req-d4293724-80fe-4553-a7bf-912186b23ed9 None None] log_date_format = %Y-%m-%d %H:%M:%S {{(pid=102093) log_opt_values /opt/stack/data/venv/lib/python3.12/site-packages/oslo_config/cfg.py:3245}}
Jun 04 14:44:30.059472 np0000002156 devstack@g-api.service[102093]: DEBUG glance.common.config [None req-d4293724-80fe-4553-a7bf-912186b23ed9 None None] log_dir = None {{(pid=102093) log_opt_values /opt/stack/data/venv/lib/python3.12/site-packages/oslo_config/cfg.py:3245}}
Jun 04 14:44:30.059558 np0000002156 devstack@g-api.service[102093]: DEBUG glance.common.config [None req-d4293724-80fe-4553-a7bf-912186b23ed9 None None] log_file = None {{(pid=102093) log_opt_values /opt/stack/data/venv/lib/python3.12/site-packages/oslo_config/cfg.py:3245}}
Jun 04 14:44:30.059645 np0000002156 devstack@g-api.service[102093]: DEBUG glance.common.config [None req-d4293724-80fe-4553-a7bf-912186b23ed9 None None] log_rotate_interval = 1 {{(pid=102093) log_opt_values /opt/stack/data/venv/lib/python3.12/site-packages/oslo_config/cfg.py:3245}}
Jun 04 14:44:30.059737 np0000002156 devstack@g-api.service[102093]: DEBUG glance.common.config [None req-d4293724-80fe-4553-a7bf-912186b23ed9 None None] log_rotate_interval_type = days {{(pid=102093) log_opt_values /opt/stack/data/venv/lib/python3.12/site-packages/oslo_config/cfg.py:3245}}
Jun 04 14:44:30.059828 np0000002156 devstack@g-api.service[102093]: DEBUG glance.common.config [None req-d4293724-80fe-4553-a7bf-912186b23ed9 None None] log_rotation_type = none {{(pid=102093) log_opt_values /opt/stack/data/venv/lib/python3.12/site-packages/oslo_config/cfg.py:3245}}
Jun 04 14:44:30.059918 np0000002156 devstack@g-api.service[102093]: DEBUG glance.common.config [None req-d4293724-80fe-4553-a7bf-912186b23ed9 None None] logging_context_format_string = %(color)s%(levelname)s %(name)s [%(global_request_id)s %(request_id)s %(project_name)s %(user_name)s%(color)s] %(instance)s%(color)s%(message)s {{(pid=102093) log_opt_values /opt/stack/data/venv/lib/python3.12/site-packages/oslo_config/cfg.py:3245}}
Jun 04 14:44:30.059950 np0000002156 devstack@g-api.service[102093]: DEBUG glance.common.config [None req-d4293724-80fe-4553-a7bf-912186b23ed9 None None] logging_debug_format_suffix = {{(pid=%(process)d) %(funcName)s %(pathname)s:%(lineno)d}} {{(pid=102093) log_opt_values /opt/stack/data/venv/lib/python3.12/site-packages/oslo_config/cfg.py:3245}}
Jun 04 14:44:30.060041 np0000002156 devstack@g-api.service[102093]: DEBUG glance.common.config [None req-d4293724-80fe-4553-a7bf-912186b23ed9 None None] logging_default_format_string = %(color)s%(levelname)s %(name)s [-%(color)s] %(instance)s%(color)s%(message)s {{(pid=102093) log_opt_values /opt/stack/data/venv/lib/python3.12/site-packages/oslo_config/cfg.py:3245}}
Jun 04 14:44:30.060133 np0000002156 devstack@g-api.service[102093]: DEBUG glance.common.config [None req-d4293724-80fe-4553-a7bf-912186b23ed9 None None] logging_exception_prefix = ERROR %(name)s %(instance)s {{(pid=102093) log_opt_values /opt/stack/data/venv/lib/python3.12/site-packages/oslo_config/cfg.py:3245}}
Jun 04 14:44:30.060197 np0000002156 devstack@g-api.service[102093]: DEBUG glance.common.config [None req-d4293724-80fe-4553-a7bf-912186b23ed9 None None] logging_user_identity_format = %(user)s %(project)s %(domain)s %(system_scope)s %(user_domain)s %(project_domain)s {{(pid=102093) log_opt_values /opt/stack/data/venv/lib/python3.12/site-packages/oslo_config/cfg.py:3245}}
Jun 04 14:44:30.060301 np0000002156 devstack@g-api.service[102093]: DEBUG glance.common.config [None req-d4293724-80fe-4553-a7bf-912186b23ed9 None None] max_header_line = 16384 {{(pid=102093) log_opt_values /opt/stack/data/venv/lib/python3.12/site-packages/oslo_config/cfg.py:3245}}
Jun 04 14:44:30.060409 np0000002156 devstack@g-api.service[102093]: DEBUG glance.common.config [None req-d4293724-80fe-4553-a7bf-912186b23ed9 None None] max_logfile_count = 30 {{(pid=102093) log_opt_values /opt/stack/data/venv/lib/python3.12/site-packages/oslo_config/cfg.py:3245}}
Jun 04 14:44:30.060495 np0000002156 devstack@g-api.service[102093]: DEBUG glance.common.config [None req-d4293724-80fe-4553-a7bf-912186b23ed9 None None] max_logfile_size_mb = 200 {{(pid=102093) log_opt_values /opt/stack/data/venv/lib/python3.12/site-packages/oslo_config/cfg.py:3245}}
Jun 04 14:44:30.060580 np0000002156 devstack@g-api.service[102093]: DEBUG glance.common.config [None req-d4293724-80fe-4553-a7bf-912186b23ed9 None None] max_request_id_length = 64 {{(pid=102093) log_opt_values /opt/stack/data/venv/lib/python3.12/site-packages/oslo_config/cfg.py:3245}}
Jun 04 14:44:30.060662 np0000002156 devstack@g-api.service[102093]: DEBUG glance.common.config [None req-d4293724-80fe-4553-a7bf-912186b23ed9 None None] metadata_encryption_key = **** {{(pid=102093) log_opt_values /opt/stack/data/venv/lib/python3.12/site-packages/oslo_config/cfg.py:3245}}
Jun 04 14:44:30.060752 np0000002156 devstack@g-api.service[102093]: DEBUG glance.common.config [None req-d4293724-80fe-4553-a7bf-912186b23ed9 None None] node_staging_uri = file:///tmp/staging/ {{(pid=102093) log_opt_values /opt/stack/data/venv/lib/python3.12/site-packages/oslo_config/cfg.py:3245}}
Jun 04 14:44:30.060935 np0000002156 devstack@g-api.service[102093]: DEBUG glance.common.config [None req-d4293724-80fe-4553-a7bf-912186b23ed9 None None] property_protection_file = None {{(pid=102093) log_opt_values /opt/stack/data/venv/lib/python3.12/site-packages/oslo_config/cfg.py:3245}}
Jun 04 14:44:30.061030 np0000002156 devstack@g-api.service[102093]: DEBUG glance.common.config [None req-d4293724-80fe-4553-a7bf-912186b23ed9 None None] property_protection_rule_format = roles {{(pid=102093) log_opt_values /opt/stack/data/venv/lib/python3.12/site-packages/oslo_config/cfg.py:3245}}
Jun 04 14:44:30.061147 np0000002156 devstack@g-api.service[102093]: DEBUG glance.common.config [None req-d4293724-80fe-4553-a7bf-912186b23ed9 None None] public_endpoint = https://10.4.3.247/image {{(pid=102093) log_opt_values /opt/stack/data/venv/lib/python3.12/site-packages/oslo_config/cfg.py:3245}}
Jun 04 14:44:30.061275 np0000002156 devstack@g-api.service[102093]: DEBUG glance.common.config [None req-d4293724-80fe-4553-a7bf-912186b23ed9 None None] publish_errors = False {{(pid=102093) log_opt_values /opt/stack/data/venv/lib/python3.12/site-packages/oslo_config/cfg.py:3245}}
Jun 04 14:44:30.061381 np0000002156 devstack@g-api.service[102093]: DEBUG glance.common.config [None req-d4293724-80fe-4553-a7bf-912186b23ed9 None None] pydev_worker_debug_host = None {{(pid=102093) log_opt_values /opt/stack/data/venv/lib/python3.12/site-packages/oslo_config/cfg.py:3245}}
Jun 04 14:44:30.061472 np0000002156 devstack@g-api.service[102093]: DEBUG glance.common.config [None req-d4293724-80fe-4553-a7bf-912186b23ed9 None None] pydev_worker_debug_port = 5678 {{(pid=102093) log_opt_values /opt/stack/data/venv/lib/python3.12/site-packages/oslo_config/cfg.py:3245}}
Jun 04 14:44:30.061557 np0000002156 devstack@g-api.service[102093]: DEBUG glance.common.config [None req-d4293724-80fe-4553-a7bf-912186b23ed9 None None] rate_limit_burst = 0 {{(pid=102093) log_opt_values /opt/stack/data/venv/lib/python3.12/site-packages/oslo_config/cfg.py:3245}}
Jun 04 14:44:30.061649 np0000002156 devstack@g-api.service[102093]: DEBUG glance.common.config [None req-d4293724-80fe-4553-a7bf-912186b23ed9 None None] rate_limit_except_level = CRITICAL {{(pid=102093) log_opt_values /opt/stack/data/venv/lib/python3.12/site-packages/oslo_config/cfg.py:3245}}
Jun 04 14:44:30.061748 np0000002156 devstack@g-api.service[102093]: DEBUG glance.common.config [None req-d4293724-80fe-4553-a7bf-912186b23ed9 None None] rate_limit_interval = 0 {{(pid=102093) log_opt_values /opt/stack/data/venv/lib/python3.12/site-packages/oslo_config/cfg.py:3245}}
Jun 04 14:44:30.061856 np0000002156 devstack@g-api.service[102093]: DEBUG glance.common.config [None req-d4293724-80fe-4553-a7bf-912186b23ed9 None None] scrub_pool_size = 1 {{(pid=102093) log_opt_values /opt/stack/data/venv/lib/python3.12/site-packages/oslo_config/cfg.py:3245}}
Jun 04 14:44:30.061942 np0000002156 devstack@g-api.service[102093]: DEBUG glance.common.config [None req-d4293724-80fe-4553-a7bf-912186b23ed9 None None] scrub_time = 0 {{(pid=102093) log_opt_values /opt/stack/data/venv/lib/python3.12/site-packages/oslo_config/cfg.py:3245}}
Jun 04 14:44:30.062026 np0000002156 devstack@g-api.service[102093]: DEBUG glance.common.config [None req-d4293724-80fe-4553-a7bf-912186b23ed9 None None] shell_completion = None {{(pid=102093) log_opt_values /opt/stack/data/venv/lib/python3.12/site-packages/oslo_config/cfg.py:3245}}
Jun 04 14:44:30.062124 np0000002156 devstack@g-api.service[102093]: DEBUG glance.common.config [None req-d4293724-80fe-4553-a7bf-912186b23ed9 None None] show_image_direct_url = False {{(pid=102093) log_opt_values /opt/stack/data/venv/lib/python3.12/site-packages/oslo_config/cfg.py:3245}}
Jun 04 14:44:30.062351 np0000002156 devstack@g-api.service[102093]: WARNING oslo_config.cfg [None req-d4293724-80fe-4553-a7bf-912186b23ed9 None None] Deprecated: Option "show_multiple_locations" from group "DEFAULT" is deprecated for removal (Use of this option, deprecated since Newton, is a security risk and will be removed once we figure out a way to satisfy those use cases that currently require it. An earlier announcement that the same functionality can be achieved with greater granularity by using policies is incorrect. You cannot work around this option via policy configuration at the present time, though that is the direction we believe the fix will take. Please keep an eye on the Glance release notes to stay up to date on progress in addressing this issue.). Its value may be silently ignored in the future.
Jun 04 14:44:30.062466 np0000002156 devstack@g-api.service[102093]: DEBUG glance.common.config [None req-d4293724-80fe-4553-a7bf-912186b23ed9 None None] show_multiple_locations = False {{(pid=102093) log_opt_values /opt/stack/data/venv/lib/python3.12/site-packages/oslo_config/cfg.py:3245}}
Jun 04 14:44:30.062553 np0000002156 devstack@g-api.service[102093]: DEBUG glance.common.config [None req-d4293724-80fe-4553-a7bf-912186b23ed9 None None] syslog_log_facility = LOG_USER {{(pid=102093) log_opt_values /opt/stack/data/venv/lib/python3.12/site-packages/oslo_config/cfg.py:3245}}
Jun 04 14:44:30.062644 np0000002156 devstack@g-api.service[102093]: DEBUG glance.common.config [None req-d4293724-80fe-4553-a7bf-912186b23ed9 None None] tcp_keepidle = 600 {{(pid=102093) log_opt_values /opt/stack/data/venv/lib/python3.12/site-packages/oslo_config/cfg.py:3245}}
Jun 04 14:44:30.062734 np0000002156 devstack@g-api.service[102093]: DEBUG glance.common.config [None req-d4293724-80fe-4553-a7bf-912186b23ed9 None None] transport_url = **** {{(pid=102093) log_opt_values /opt/stack/data/venv/lib/python3.12/site-packages/oslo_config/cfg.py:3245}}
Jun 04 14:44:30.062821 np0000002156 devstack@g-api.service[102093]: DEBUG glance.common.config [None req-d4293724-80fe-4553-a7bf-912186b23ed9 None None] use_journal = False {{(pid=102093) log_opt_values /opt/stack/data/venv/lib/python3.12/site-packages/oslo_config/cfg.py:3245}}
Jun 04 14:44:30.062906 np0000002156 devstack@g-api.service[102093]: DEBUG glance.common.config [None req-d4293724-80fe-4553-a7bf-912186b23ed9 None None] use_json = False {{(pid=102093) log_opt_values /opt/stack/data/venv/lib/python3.12/site-packages/oslo_config/cfg.py:3245}}
Jun 04 14:44:30.062998 np0000002156 devstack@g-api.service[102093]: DEBUG glance.common.config [None req-d4293724-80fe-4553-a7bf-912186b23ed9 None None] use_keystone_limits = True {{(pid=102093) log_opt_values /opt/stack/data/venv/lib/python3.12/site-packages/oslo_config/cfg.py:3245}}
Jun 04 14:44:30.063118 np0000002156 devstack@g-api.service[102093]: DEBUG glance.common.config [None req-d4293724-80fe-4553-a7bf-912186b23ed9 None None] use_stderr = False {{(pid=102093) log_opt_values /opt/stack/data/venv/lib/python3.12/site-packages/oslo_config/cfg.py:3245}}
Jun 04 14:44:30.063254 np0000002156 devstack@g-api.service[102093]: DEBUG glance.common.config [None req-d4293724-80fe-4553-a7bf-912186b23ed9 None None] use_syslog = False {{(pid=102093) log_opt_values /opt/stack/data/venv/lib/python3.12/site-packages/oslo_config/cfg.py:3245}}
Jun 04 14:44:30.063366 np0000002156 devstack@g-api.service[102093]: DEBUG glance.common.config [None req-d4293724-80fe-4553-a7bf-912186b23ed9 None None] user_storage_quota = 0 {{(pid=102093) log_opt_values /opt/stack/data/venv/lib/python3.12/site-packages/oslo_config/cfg.py:3245}}
Jun 04 14:44:30.063461 np0000002156 devstack@g-api.service[102093]: DEBUG glance.common.config [None req-d4293724-80fe-4553-a7bf-912186b23ed9 None None] worker_self_reference_url = http://127.0.0.1:60999 {{(pid=102093) log_opt_values /opt/stack/data/venv/lib/python3.12/site-packages/oslo_config/cfg.py:3245}}
Jun 04 14:44:30.063548 np0000002156 devstack@g-api.service[102093]: DEBUG glance.common.config [None req-d4293724-80fe-4553-a7bf-912186b23ed9 None None] workers = None {{(pid=102093) log_opt_values /opt/stack/data/venv/lib/python3.12/site-packages/oslo_config/cfg.py:3245}}
Jun 04 14:44:30.063650 np0000002156 devstack@g-api.service[102093]: DEBUG glance.common.config [None req-d4293724-80fe-4553-a7bf-912186b23ed9 None None] oslo_concurrency.disable_process_locking = False {{(pid=102093) log_opt_values /opt/stack/data/venv/lib/python3.12/site-packages/oslo_config/cfg.py:3256}}
Jun 04 14:44:30.063733 np0000002156 devstack@g-api.service[102092]: DEBUG glance.common.config [None req-45065d14-5b28-4046-8dc1-c1d5d410ecbe None None] ******************************************************************************** {{(pid=102092) log_opt_values /opt/stack/data/venv/lib/python3.12/site-packages/oslo_config/cfg.py:3229}}
Jun 04 14:44:30.063776 np0000002156 devstack@g-api.service[102093]: DEBUG glance.common.config [None req-d4293724-80fe-4553-a7bf-912186b23ed9 None None] oslo_concurrency.lock_path = /opt/stack/data/glance/locks {{(pid=102093) log_opt_values /opt/stack/data/venv/lib/python3.12/site-packages/oslo_config/cfg.py:3256}}
Jun 04 14:44:30.063828 np0000002156 devstack@g-api.service[102092]: DEBUG glance.common.config [None req-45065d14-5b28-4046-8dc1-c1d5d410ecbe None None] Configuration options gathered from: {{(pid=102092) log_opt_values /opt/stack/data/venv/lib/python3.12/site-packages/oslo_config/cfg.py:3230}}
Jun 04 14:44:30.063875 np0000002156 devstack@g-api.service[102093]: DEBUG glance.common.config [None req-d4293724-80fe-4553-a7bf-912186b23ed9 None None] oslo_middleware.enable_proxy_headers_parsing = False {{(pid=102093) log_opt_values /opt/stack/data/venv/lib/python3.12/site-packages/oslo_config/cfg.py:3256}}
Jun 04 14:44:30.063925 np0000002156 devstack@g-api.service[102093]: DEBUG glance.common.config [None req-d4293724-80fe-4553-a7bf-912186b23ed9 None None] oslo_middleware.http_basic_auth_user_file = /etc/htpasswd {{(pid=102093) log_opt_values /opt/stack/data/venv/lib/python3.12/site-packages/oslo_config/cfg.py:3256}}
Jun 04 14:44:30.064014 np0000002156 devstack@g-api.service[102093]: DEBUG glance.common.config [None req-d4293724-80fe-4553-a7bf-912186b23ed9 None None] paste_deploy.config_file = None {{(pid=102093) log_opt_values /opt/stack/data/venv/lib/python3.12/site-packages/oslo_config/cfg.py:3256}}
Jun 04 14:44:30.064104 np0000002156 devstack@g-api.service[102093]: DEBUG glance.common.config [None req-d4293724-80fe-4553-a7bf-912186b23ed9 None None] paste_deploy.flavor = keystone+cachemanagement {{(pid=102093) log_opt_values /opt/stack/data/venv/lib/python3.12/site-packages/oslo_config/cfg.py:3256}}
Jun 04 14:44:30.064140 np0000002156 devstack@g-api.service[102092]: DEBUG glance.common.config [None req-45065d14-5b28-4046-8dc1-c1d5d410ecbe None None] command line args: [] {{(pid=102092) log_opt_values /opt/stack/data/venv/lib/python3.12/site-packages/oslo_config/cfg.py:3231}}
Jun 04 14:44:30.064229 np0000002156 devstack@g-api.service[102093]: DEBUG glance.common.config [None req-d4293724-80fe-4553-a7bf-912186b23ed9 None None] image_format.container_formats = ['ami', 'ari', 'aki', 'bare', 'ovf', 'ova', 'docker', 'compressed'] {{(pid=102093) log_opt_values /opt/stack/data/venv/lib/python3.12/site-packages/oslo_config/cfg.py:3256}}
Jun 04 14:44:30.064273 np0000002156 devstack@g-api.service[102092]: DEBUG glance.common.config [None req-45065d14-5b28-4046-8dc1-c1d5d410ecbe None None] config files: ['/etc/glance/glance-image-import.conf', '/etc/glance/glance-api.conf'] {{(pid=102092) log_opt_values /opt/stack/data/venv/lib/python3.12/site-packages/oslo_config/cfg.py:3232}}
Jun 04 14:44:30.064343 np0000002156 devstack@g-api.service[102092]: DEBUG glance.common.config [None req-45065d14-5b28-4046-8dc1-c1d5d410ecbe None None] ================================================================================ {{(pid=102092) log_opt_values /opt/stack/data/venv/lib/python3.12/site-packages/oslo_config/cfg.py:3237}}
