Jun 04 14:44:07.080157 np0000002156 nova-scheduler[95734]: DEBUG cotyledon.oslo_config_glue [-] oslo_limit.cafile = None {{(pid=95734) log_opt_values /opt/stack/data/venv/lib/python3.12/site-packages/oslo_config/cfg.py:3256}}
Jun 04 14:44:07.080229 np0000002156 nova-scheduler[95734]: DEBUG cotyledon.oslo_config_glue [-] oslo_limit.certfile = None {{(pid=95734) log_opt_values /opt/stack/data/venv/lib/python3.12/site-packages/oslo_config/cfg.py:3256}}
Jun 04 14:44:07.080276 np0000002156 nova-scheduler[95734]: DEBUG cotyledon.oslo_config_glue [-] oslo_limit.collect_timing = False {{(pid=95734) log_opt_values /opt/stack/data/venv/lib/python3.12/site-packages/oslo_config/cfg.py:3256}}
Jun 04 14:44:07.080361 np0000002156 nova-scheduler[95734]: DEBUG cotyledon.oslo_config_glue [-] oslo_limit.connect_retries = None {{(pid=95734) log_opt_values /opt/stack/data/venv/lib/python3.12/site-packages/oslo_config/cfg.py:3256}}
Jun 04 14:44:07.080442 np0000002156 nova-scheduler[95734]: DEBUG cotyledon.oslo_config_glue [-] oslo_limit.connect_retry_delay = None {{(pid=95734) log_opt_values /opt/stack/data/venv/lib/python3.12/site-packages/oslo_config/cfg.py:3256}}
Jun 04 14:44:07.080505 np0000002156 nova-scheduler[95734]: DEBUG cotyledon.oslo_config_glue [-] oslo_limit.endpoint_id = None {{(pid=95734) log_opt_values /opt/stack/data/venv/lib/python3.12/site-packages/oslo_config/cfg.py:3256}}
Jun 04 14:44:07.080570 np0000002156 nova-scheduler[95734]: DEBUG cotyledon.oslo_config_glue [-] oslo_limit.endpoint_interface = public {{(pid=95734) log_opt_values /opt/stack/data/venv/lib/python3.12/site-packages/oslo_config/cfg.py:3256}}
Jun 04 14:44:07.080639 np0000002156 nova-scheduler[95734]: DEBUG cotyledon.oslo_config_glue [-] oslo_limit.endpoint_override = None {{(pid=95734) log_opt_values /opt/stack/data/venv/lib/python3.12/site-packages/oslo_config/cfg.py:3256}}
Jun 04 14:44:07.080694 np0000002156 nova-scheduler[95734]: DEBUG cotyledon.oslo_config_glue [-] oslo_limit.endpoint_region_name = None {{(pid=95734) log_opt_values /opt/stack/data/venv/lib/python3.12/site-packages/oslo_config/cfg.py:3256}}
Jun 04 14:44:07.080752 np0000002156 nova-scheduler[95734]: DEBUG cotyledon.oslo_config_glue [-] oslo_limit.endpoint_service_name = None {{(pid=95734) log_opt_values /opt/stack/data/venv/lib/python3.12/site-packages/oslo_config/cfg.py:3256}}
Jun 04 14:44:07.080815 np0000002156 nova-scheduler[95734]: DEBUG cotyledon.oslo_config_glue [-] oslo_limit.endpoint_service_type = None {{(pid=95734) log_opt_values /opt/stack/data/venv/lib/python3.12/site-packages/oslo_config/cfg.py:3256}}
Jun 04 14:44:07.080857 np0000002156 nova-scheduler[95734]: DEBUG cotyledon.oslo_config_glue [-] oslo_limit.insecure = False {{(pid=95734) log_opt_values /opt/stack/data/venv/lib/python3.12/site-packages/oslo_config/cfg.py:3256}}
Jun 04 14:44:07.080893 np0000002156 nova-scheduler[95734]: DEBUG cotyledon.oslo_config_glue [-] oslo_limit.keyfile = None {{(pid=95734) log_opt_values /opt/stack/data/venv/lib/python3.12/site-packages/oslo_config/cfg.py:3256}}
Jun 04 14:44:07.081059 np0000002156 nova-scheduler[95734]: DEBUG cotyledon.oslo_config_glue [-] oslo_limit.max_version = None {{(pid=95734) log_opt_values /opt/stack/data/venv/lib/python3.12/site-packages/oslo_config/cfg.py:3256}}
Jun 04 14:44:07.081059 np0000002156 nova-scheduler[95734]: DEBUG cotyledon.oslo_config_glue [-] oslo_limit.min_version = None {{(pid=95734) log_opt_values /opt/stack/data/venv/lib/python3.12/site-packages/oslo_config/cfg.py:3256}}
Jun 04 14:44:07.081059 np0000002156 nova-scheduler[95734]: DEBUG cotyledon.oslo_config_glue [-] oslo_limit.region_name = None {{(pid=95734) log_opt_values /opt/stack/data/venv/lib/python3.12/site-packages/oslo_config/cfg.py:3256}}
Jun 04 14:44:07.081158 np0000002156 nova-scheduler[95734]: DEBUG cotyledon.oslo_config_glue [-] oslo_limit.retriable_status_codes = None {{(pid=95734) log_opt_values /opt/stack/data/venv/lib/python3.12/site-packages/oslo_config/cfg.py:3256}}
Jun 04 14:44:07.081158 np0000002156 nova-scheduler[95734]: DEBUG cotyledon.oslo_config_glue [-] oslo_limit.service_name = None {{(pid=95734) log_opt_values /opt/stack/data/venv/lib/python3.12/site-packages/oslo_config/cfg.py:3256}}
Jun 04 14:44:07.081242 np0000002156 nova-scheduler[95734]: DEBUG cotyledon.oslo_config_glue [-] oslo_limit.service_type = None {{(pid=95734) log_opt_values /opt/stack/data/venv/lib/python3.12/site-packages/oslo_config/cfg.py:3256}}
Jun 04 14:44:07.081242 np0000002156 nova-scheduler[95734]: DEBUG cotyledon.oslo_config_glue [-] oslo_limit.split_loggers = False {{(pid=95734) log_opt_values /opt/stack/data/venv/lib/python3.12/site-packages/oslo_config/cfg.py:3256}}
Jun 04 14:44:07.081352 np0000002156 nova-scheduler[95734]: DEBUG cotyledon.oslo_config_glue [-] oslo_limit.status_code_retries = None {{(pid=95734) log_opt_values /opt/stack/data/venv/lib/python3.12/site-packages/oslo_config/cfg.py:3256}}
Jun 04 14:44:07.081352 np0000002156 nova-scheduler[95734]: DEBUG cotyledon.oslo_config_glue [-] oslo_limit.status_code_retry_delay = None {{(pid=95734) log_opt_values /opt/stack/data/venv/lib/python3.12/site-packages/oslo_config/cfg.py:3256}}
Jun 04 14:44:07.081427 np0000002156 nova-scheduler[95734]: DEBUG cotyledon.oslo_config_glue [-] oslo_limit.timeout = None {{(pid=95734) log_opt_values /opt/stack/data/venv/lib/python3.12/site-packages/oslo_config/cfg.py:3256}}
Jun 04 14:44:07.081464 np0000002156 nova-scheduler[95734]: DEBUG cotyledon.oslo_config_glue [-] oslo_limit.valid_interfaces = None {{(pid=95734) log_opt_values /opt/stack/data/venv/lib/python3.12/site-packages/oslo_config/cfg.py:3256}}
Jun 04 14:44:07.081549 np0000002156 nova-scheduler[95734]: DEBUG cotyledon.oslo_config_glue [-] oslo_limit.version = None {{(pid=95734) log_opt_values /opt/stack/data/venv/lib/python3.12/site-packages/oslo_config/cfg.py:3256}}
Jun 04 14:44:07.081631 np0000002156 nova-scheduler[95734]: DEBUG cotyledon.oslo_config_glue [-] oslo_reports.file_event_handler = None {{(pid=95734) log_opt_values /opt/stack/data/venv/lib/python3.12/site-packages/oslo_config/cfg.py:3256}}
Jun 04 14:44:07.081712 np0000002156 nova-scheduler[95734]: DEBUG cotyledon.oslo_config_glue [-] oslo_reports.file_event_handler_interval = 1 {{(pid=95734) log_opt_values /opt/stack/data/venv/lib/python3.12/site-packages/oslo_config/cfg.py:3256}}
Jun 04 14:44:07.081791 np0000002156 nova-scheduler[95734]: DEBUG cotyledon.oslo_config_glue [-] oslo_reports.log_dir = None {{(pid=95734) log_opt_values /opt/stack/data/venv/lib/python3.12/site-packages/oslo_config/cfg.py:3256}}
Jun 04 14:44:07.081857 np0000002156 nova-scheduler[95734]: DEBUG cotyledon.oslo_config_glue [-] ******************************************************************************** {{(pid=95734) log_opt_values /opt/stack/data/venv/lib/python3.12/site-packages/oslo_config/cfg.py:3263}}
Jun 04 14:44:07.082078 np0000002156 nova-scheduler[95734]: DEBUG cotyledon._service_worker [-] Run service ServiceWrapper(2) [95734] {{(pid=95734) wait_forever /opt/stack/data/venv/lib/python3.12/site-packages/cotyledon/_service_worker.py:218}}
Jun 04 14:44:07.084832 np0000002156 nova-scheduler[95734]: INFO nova.service [-] Starting scheduler node (version 33.1.0)
Jun 04 14:44:07.091066 np0000002156 nova-scheduler[95734]: INFO dbcounter [None req-99334f5a-56d3-41d5-bb8a-c96b3feb8d58 None None] Registered counter for database nova_cell0
Jun 04 14:44:07.092236 np0000002156 nova-scheduler[95725]: DEBUG nova.service [None req-660f44ba-a8b7-405d-a2a2-7b7714a16b0a None None] Creating RPC server for service: nova-scheduler on topic: scheduler {{(pid=95725) start /opt/stack/nova/nova/service.py:195}}
Jun 04 14:44:07.117452 np0000002156 nova-scheduler[95725]: DEBUG nova.service [None req-660f44ba-a8b7-405d-a2a2-7b7714a16b0a None None] Join ServiceGroup membership for this service scheduler {{(pid=95725) start /opt/stack/nova/nova/service.py:221}}
Jun 04 14:44:07.117621 np0000002156 nova-scheduler[95732]: DEBUG oslo_db.sqlalchemy.engines [None req-b68d330e-8b00-49a7-a828-86183fdc0592 None None] MySQL server mode set to STRICT_TRANS_TABLES,STRICT_ALL_TABLES,NO_ZERO_IN_DATE,NO_ZERO_DATE,ERROR_FOR_DIVISION_BY_ZERO,TRADITIONAL,NO_ENGINE_SUBSTITUTION {{(pid=95732) _check_effective_sql_mode /opt/stack/data/venv/lib/python3.12/site-packages/oslo_db/sqlalchemy/engines.py:325}}
Jun 04 14:44:07.117806 np0000002156 nova-scheduler[95725]: DEBUG nova.servicegroup.drivers.db [None req-660f44ba-a8b7-405d-a2a2-7b7714a16b0a None None] DB_Driver: join new ServiceGroup member np0000002156 to the scheduler group, service = {{(pid=95725) join /opt/stack/nova/nova/servicegroup/drivers/db.py:44}}
Jun 04 14:44:07.125534 np0000002156 nova-scheduler[95732]: DEBUG dbcounter [-] [95732] Writer thread running {{(pid=95732) stat_writer /opt/stack/data/venv/lib/python3.12/site-packages/dbcounter.py:102}}
Jun 04 14:44:07.127925 np0000002156 nova-scheduler[95732]: DEBUG nova.service [None req-b68d330e-8b00-49a7-a828-86183fdc0592 None None] Creating RPC server for service: nova-scheduler on topic: scheduler {{(pid=95732) start /opt/stack/nova/nova/service.py:195}}
Jun 04 14:44:07.136266 np0000002156 nova-scheduler[95734]: DEBUG oslo_db.sqlalchemy.engines [None req-99334f5a-56d3-41d5-bb8a-c96b3feb8d58 None None] MySQL server mode set to STRICT_TRANS_TABLES,STRICT_ALL_TABLES,NO_ZERO_IN_DATE,NO_ZERO_DATE,ERROR_FOR_DIVISION_BY_ZERO,TRADITIONAL,NO_ENGINE_SUBSTITUTION {{(pid=95734) _check_effective_sql_mode /opt/stack/data/venv/lib/python3.12/site-packages/oslo_db/sqlalchemy/engines.py:325}}
Jun 04 14:44:07.145068 np0000002156 nova-scheduler[95734]: DEBUG dbcounter [-] [95734] Writer thread running {{(pid=95734) stat_writer /opt/stack/data/venv/lib/python3.12/site-packages/dbcounter.py:102}}
Jun 04 14:44:07.145640 np0000002156 nova-scheduler[95732]: DEBUG nova.service [None req-b68d330e-8b00-49a7-a828-86183fdc0592 None None] Join ServiceGroup membership for this service scheduler {{(pid=95732) start /opt/stack/nova/nova/service.py:221}}
Jun 04 14:44:07.145872 np0000002156 nova-scheduler[95732]: DEBUG nova.servicegroup.drivers.db [None req-b68d330e-8b00-49a7-a828-86183fdc0592 None None] DB_Driver: join new ServiceGroup member np0000002156 to the scheduler group, service = {{(pid=95732) join /opt/stack/nova/nova/servicegroup/drivers/db.py:44}}
Jun 04 14:44:07.147704 np0000002156 nova-scheduler[95734]: DEBUG nova.service [None req-99334f5a-56d3-41d5-bb8a-c96b3feb8d58 None None] Creating RPC server for service: nova-scheduler on topic: scheduler {{(pid=95734) start /opt/stack/nova/nova/service.py:195}}
Jun 04 14:44:07.165801 np0000002156 nova-scheduler[95734]: DEBUG nova.service [None req-99334f5a-56d3-41d5-bb8a-c96b3feb8d58 None None] Join ServiceGroup membership for this service scheduler {{(pid=95734) start /opt/stack/nova/nova/service.py:221}}
Jun 04 14:44:07.166062 np0000002156 nova-scheduler[95734]: DEBUG nova.servicegroup.drivers.db [None req-99334f5a-56d3-41d5-bb8a-c96b3feb8d58 None None] DB_Driver: join new ServiceGroup member np0000002156 to the scheduler group, service = {{(pid=95734) join /opt/stack/nova/nova/servicegroup/drivers/db.py:44}}
Jun 04 14:44:12.131687 np0000002156 nova-scheduler[95725]: DEBUG oslo.service.backend._threading.loopingcall [-] Fixed interval looping call 'nova.servicegroup.drivers.db.DbDriver._report_state' sleeping for 119.99 seconds {{(pid=95725) _run_loop /opt/stack/data/venv/lib/python3.12/site-packages/oslo_service/backend/_threading/loopingcall.py:125}}
Jun 04 14:44:12.158583 np0000002156 nova-scheduler[95732]: DEBUG oslo.service.backend._threading.loopingcall [-] Fixed interval looping call 'nova.servicegroup.drivers.db.DbDriver._report_state' sleeping for 119.99 seconds {{(pid=95732) _run_loop /opt/stack/data/venv/lib/python3.12/site-packages/oslo_service/backend/_threading/loopingcall.py:125}}
Jun 04 14:44:12.179815 np0000002156 nova-scheduler[95734]: DEBUG oslo.service.backend._threading.loopingcall [-] Fixed interval looping call 'nova.servicegroup.drivers.db.DbDriver._report_state' sleeping for 119.99 seconds {{(pid=95734) _run_loop /opt/stack/data/venv/lib/python3.12/site-packages/oslo_service/backend/_threading/loopingcall.py:125}}
Jun 04 14:44:15.660699 np0000002156 nova-scheduler[94525]: DEBUG dbcounter [-] [94525] Writing DB stats nova_api:SELECT=3 {{(pid=94525) stat_writer /opt/stack/data/venv/lib/python3.12/site-packages/dbcounter.py:115}}
Jun 04 14:44:15.799806 np0000002156 nova-scheduler[94525]: DEBUG dbcounter [-] [94525] Writing DB stats nova_cell0:SELECT=1 {{(pid=94525) stat_writer /opt/stack/data/venv/lib/python3.12/site-packages/dbcounter.py:115}}
Jun 04 14:44:15.802176 np0000002156 nova-scheduler[94525]: DEBUG dbcounter [-] [94525] Writing DB stats nova_cell1:SELECT=1 {{(pid=94525) stat_writer /opt/stack/data/venv/lib/python3.12/site-packages/dbcounter.py:115}}
Jun 04 14:44:22.128596 np0000002156 nova-scheduler[95725]: DEBUG dbcounter [-] [95725] Writing DB stats nova_cell0:SELECT=4,nova_cell0:INSERT=1,nova_cell0:UPDATE=1 {{(pid=95725) stat_writer /opt/stack/data/venv/lib/python3.12/site-packages/dbcounter.py:115}}
Jun 04 14:44:22.158927 np0000002156 nova-scheduler[95732]: DEBUG dbcounter [-] [95732] Writing DB stats nova_cell0:SELECT=3 {{(pid=95732) stat_writer /opt/stack/data/venv/lib/python3.12/site-packages/dbcounter.py:115}}
Jun 04 14:44:22.177412 np0000002156 nova-scheduler[95734]: DEBUG dbcounter [-] [95734] Writing DB stats nova_cell0:SELECT=3 {{(pid=95734) stat_writer /opt/stack/data/venv/lib/python3.12/site-packages/dbcounter.py:115}}
Jun 04 14:44:26.172693 np0000002156 nova-scheduler[95734]: DEBUG oslo.service.backend._threading.loopingcall [None req-0cf876cd-70ee-4fda-b616-8eaed66edcf2 None None] Dynamic interval looping call 'nova.service.Service.periodic_tasks' sleeping for 60.00 seconds {{(pid=95734) _run_loop /opt/stack/data/venv/lib/python3.12/site-packages/oslo_service/backend/_threading/loopingcall.py:125}}
Jun 04 14:44:52.150383 np0000002156 nova-scheduler[95732]: DEBUG oslo.service.backend._threading.loopingcall [None req-338a4a22-c085-41b8-ac60-28458475eb67 None None] Dynamic interval looping call 'nova.service.Service.periodic_tasks' sleeping for 60.00 seconds {{(pid=95732) _run_loop /opt/stack/data/venv/lib/python3.12/site-packages/oslo_service/backend/_threading/loopingcall.py:125}}
Jun 04 14:44:59.119852 np0000002156 nova-scheduler[95725]: DEBUG oslo.service.backend._threading.loopingcall [None req-548eed2b-f33c-4643-99de-4bd392bdbc7f None None] Dynamic interval looping call 'nova.service.Service.periodic_tasks' sleeping for 60.00 seconds {{(pid=95725) _run_loop /opt/stack/data/venv/lib/python3.12/site-packages/oslo_service/backend/_threading/loopingcall.py:125}}
Jun 04 14:45:26.173163 np0000002156 nova-scheduler[95734]: DEBUG oslo.service.backend._threading.loopingcall [None req-0cf876cd-70ee-4fda-b616-8eaed66edcf2 None None] Dynamic interval looping call 'nova.service.Service.periodic_tasks' sleeping for 60.00 seconds {{(pid=95734) _run_loop /opt/stack/data/venv/lib/python3.12/site-packages/oslo_service/backend/_threading/loopingcall.py:125}}
Jun 04 14:45:52.150822 np0000002156 nova-scheduler[95732]: DEBUG oslo.service.backend._threading.loopingcall [None req-338a4a22-c085-41b8-ac60-28458475eb67 None None] Dynamic interval looping call 'nova.service.Service.periodic_tasks' sleeping for 60.00 seconds {{(pid=95732) _run_loop /opt/stack/data/venv/lib/python3.12/site-packages/oslo_service/backend/_threading/loopingcall.py:125}}
Jun 04 14:45:59.120383 np0000002156 nova-scheduler[95725]: DEBUG oslo.service.backend._threading.loopingcall [None req-548eed2b-f33c-4643-99de-4bd392bdbc7f None None] Dynamic interval looping call 'nova.service.Service.periodic_tasks' sleeping for 60.00 seconds {{(pid=95725) _run_loop /opt/stack/data/venv/lib/python3.12/site-packages/oslo_service/backend/_threading/loopingcall.py:125}}
Jun 04 14:46:12.128399 np0000002156 nova-scheduler[95725]: DEBUG oslo.service.backend._threading.loopingcall [-] Fixed interval looping call 'nova.servicegroup.drivers.db.DbDriver._report_state' sleeping for 119.99 seconds {{(pid=95725) _run_loop /opt/stack/data/venv/lib/python3.12/site-packages/oslo_service/backend/_threading/loopingcall.py:125}}
Jun 04 14:46:12.152125 np0000002156 nova-scheduler[95732]: DEBUG oslo.service.backend._threading.loopingcall [-] Fixed interval looping call 'nova.servicegroup.drivers.db.DbDriver._report_state' sleeping for 120.00 seconds {{(pid=95732) _run_loop /opt/stack/data/venv/lib/python3.12/site-packages/oslo_service/backend/_threading/loopingcall.py:125}}
Jun 04 14:46:12.173018 np0000002156 nova-scheduler[95734]: DEBUG oslo.service.backend._threading.loopingcall [-] Fixed interval looping call 'nova.servicegroup.drivers.db.DbDriver._report_state' sleeping for 120.00 seconds {{(pid=95734) _run_loop /opt/stack/data/venv/lib/python3.12/site-packages/oslo_service/backend/_threading/loopingcall.py:125}}
Jun 04 14:46:22.124742 np0000002156 nova-scheduler[95725]: DEBUG dbcounter [-] [95725] Writing DB stats nova_cell0:SELECT=1,nova_cell0:UPDATE=1 {{(pid=95725) stat_writer /opt/stack/data/venv/lib/python3.12/site-packages/dbcounter.py:115}}
Jun 04 14:46:22.150637 np0000002156 nova-scheduler[95732]: DEBUG dbcounter [-] [95732] Writing DB stats nova_cell0:SELECT=1 {{(pid=95732) stat_writer /opt/stack/data/venv/lib/python3.12/site-packages/dbcounter.py:115}}
Jun 04 14:46:22.171522 np0000002156 nova-scheduler[95734]: DEBUG dbcounter [-] [95734] Writing DB stats nova_cell0:SELECT=1 {{(pid=95734) stat_writer /opt/stack/data/venv/lib/python3.12/site-packages/dbcounter.py:115}}
Jun 04 14:46:26.173590 np0000002156 nova-scheduler[95734]: DEBUG oslo.service.backend._threading.loopingcall [None req-0cf876cd-70ee-4fda-b616-8eaed66edcf2 None None] Dynamic interval looping call 'nova.service.Service.periodic_tasks' sleeping for 60.00 seconds {{(pid=95734) _run_loop /opt/stack/data/venv/lib/python3.12/site-packages/oslo_service/backend/_threading/loopingcall.py:125}}
Jun 04 14:46:39.806047 np0000002156 nova-scheduler[95725]: DEBUG nova.scheduler.manager [None req-f2d4a7cb-b494-4c93-aaf4-9c15062ea1fe tempest-DeleteServersTestJSON-624654875 tempest-DeleteServersTestJSON-624654875-project-member] Starting to schedule for instances: ['e98343f4-d27a-4a49-8c40-6e13b86e6206'] {{(pid=95725) select_destinations /opt/stack/nova/nova/scheduler/manager.py:210}}
Jun 04 14:46:39.809697 np0000002156 nova-scheduler[95725]: DEBUG nova.scheduler.request_filter [None req-f2d4a7cb-b494-4c93-aaf4-9c15062ea1fe tempest-DeleteServersTestJSON-624654875 tempest-DeleteServersTestJSON-624654875-project-member] compute_status_filter request filter added forbidden trait COMPUTE_STATUS_DISABLED {{(pid=95725) compute_status_filter /opt/stack/nova/nova/scheduler/request_filter.py:253}}
Jun 04 14:46:39.809697 np0000002156 nova-scheduler[95725]: DEBUG nova.scheduler.request_filter [None req-f2d4a7cb-b494-4c93-aaf4-9c15062ea1fe tempest-DeleteServersTestJSON-624654875 tempest-DeleteServersTestJSON-624654875-project-member] Request filter 'compute_status_filter' took 0.0 seconds {{(pid=95725) wrapper /opt/stack/nova/nova/scheduler/request_filter.py:46}}
Jun 04 14:46:39.809697 np0000002156 nova-scheduler[95725]: DEBUG nova.scheduler.request_filter [None req-f2d4a7cb-b494-4c93-aaf4-9c15062ea1fe tempest-DeleteServersTestJSON-624654875 tempest-DeleteServersTestJSON-624654875-project-member] Request filter 'accelerators_filter' took 0.0 seconds {{(pid=95725) wrapper /opt/stack/nova/nova/scheduler/request_filter.py:46}}
Jun 04 14:46:39.810327 np0000002156 nova-scheduler[95725]: DEBUG nova.scheduler.request_filter [None req-f2d4a7cb-b494-4c93-aaf4-9c15062ea1fe tempest-DeleteServersTestJSON-624654875 tempest-DeleteServersTestJSON-624654875-project-member] Request filter 'packed_virtqueue_filter' took 0.0 seconds {{(pid=95725) wrapper /opt/stack/nova/nova/scheduler/request_filter.py:46}}
Jun 04 14:46:39.810921 np0000002156 nova-scheduler[95725]: DEBUG nova.scheduler.request_filter [None req-f2d4a7cb-b494-4c93-aaf4-9c15062ea1fe tempest-DeleteServersTestJSON-624654875 tempest-DeleteServersTestJSON-624654875-project-member] Request filter 'remote_managed_ports_filter' took 0.0 seconds {{(pid=95725) wrapper /opt/stack/nova/nova/scheduler/request_filter.py:46}}
Jun 04 14:46:39.811292 np0000002156 nova-scheduler[95725]: DEBUG nova.scheduler.request_filter [None req-f2d4a7cb-b494-4c93-aaf4-9c15062ea1fe tempest-DeleteServersTestJSON-624654875 tempest-DeleteServersTestJSON-624654875-project-member] ephemeral_encryption_filter skipped {{(pid=95725) ephemeral_encryption_filter /opt/stack/nova/nova/scheduler/request_filter.py:426}}
Jun 04 14:46:39.813351 np0000002156 nova-scheduler[95725]: DEBUG nova.scheduler.request_filter [None req-f2d4a7cb-b494-4c93-aaf4-9c15062ea1fe tempest-DeleteServersTestJSON-624654875 tempest-DeleteServersTestJSON-624654875-project-member] virtio_sound_filter skipped {{(pid=95725) virtio_sound_filter /opt/stack/nova/nova/scheduler/request_filter.py:460}}
Jun 04 14:46:39.813351 np0000002156 nova-scheduler[95725]: DEBUG nova.scheduler.request_filter [None req-f2d4a7cb-b494-4c93-aaf4-9c15062ea1fe tempest-DeleteServersTestJSON-624654875 tempest-DeleteServersTestJSON-624654875-project-member] tpm_secret_security_filter skipped {{(pid=95725) tpm_secret_security_filter /opt/stack/nova/nova/scheduler/request_filter.py:477}}
Jun 04 14:46:40.596983 np0000002156 nova-scheduler[95725]: INFO nova.utils [None req-f2d4a7cb-b494-4c93-aaf4-9c15062ea1fe tempest-DeleteServersTestJSON-624654875 tempest-DeleteServersTestJSON-624654875-project-member] The cell worker thread pool ForkProcess-1.cell_worker is initialized
Jun 04 14:46:40.597385 np0000002156 nova-scheduler[95725]: DEBUG oslo_concurrency.lockutils [None req-f2d4a7cb-b494-4c93-aaf4-9c15062ea1fe tempest-DeleteServersTestJSON-624654875 tempest-DeleteServersTestJSON-624654875-project-member] Acquiring lock "5d819643-705e-4d20-993d-a356c3c24a36" by "nova.context.set_target_cell..get_or_set_cached_cell_and_set_connections" {{(pid=95725) inner /opt/stack/data/venv/lib/python3.12/site-packages/oslo_concurrency/lockutils.py:511}}
Jun 04 14:46:40.597585 np0000002156 nova-scheduler[95725]: DEBUG oslo_concurrency.lockutils [None req-f2d4a7cb-b494-4c93-aaf4-9c15062ea1fe tempest-DeleteServersTestJSON-624654875 tempest-DeleteServersTestJSON-624654875-project-member] Lock "5d819643-705e-4d20-993d-a356c3c24a36" acquired by "nova.context.set_target_cell..get_or_set_cached_cell_and_set_connections" :: waited 0.000s {{(pid=95725) inner /opt/stack/data/venv/lib/python3.12/site-packages/oslo_concurrency/lockutils.py:524}}
Jun 04 14:46:40.599069 np0000002156 nova-scheduler[95725]: DEBUG oslo_concurrency.lockutils [None req-f2d4a7cb-b494-4c93-aaf4-9c15062ea1fe tempest-DeleteServersTestJSON-624654875 tempest-DeleteServersTestJSON-624654875-project-member] Lock "5d819643-705e-4d20-993d-a356c3c24a36" "released" by "nova.context.set_target_cell..get_or_set_cached_cell_and_set_connections" :: held 0.001s {{(pid=95725) inner /opt/stack/data/venv/lib/python3.12/site-packages/oslo_concurrency/lockutils.py:543}}
Jun 04 14:46:40.602064 np0000002156 nova-scheduler[95725]: INFO dbcounter [None req-f2d4a7cb-b494-4c93-aaf4-9c15062ea1fe tempest-DeleteServersTestJSON-624654875 tempest-DeleteServersTestJSON-624654875-project-member] Registered counter for database nova_cell1
Jun 04 14:46:40.651461 np0000002156 nova-scheduler[95725]: DEBUG oslo_db.sqlalchemy.engines [None req-f2d4a7cb-b494-4c93-aaf4-9c15062ea1fe tempest-DeleteServersTestJSON-624654875 tempest-DeleteServersTestJSON-624654875-project-member] MySQL server mode set to STRICT_TRANS_TABLES,STRICT_ALL_TABLES,NO_ZERO_IN_DATE,NO_ZERO_DATE,ERROR_FOR_DIVISION_BY_ZERO,TRADITIONAL,NO_ENGINE_SUBSTITUTION {{(pid=95725) _check_effective_sql_mode /opt/stack/data/venv/lib/python3.12/site-packages/oslo_db/sqlalchemy/engines.py:325}}
Jun 04 14:46:40.659772 np0000002156 nova-scheduler[95725]: DEBUG dbcounter [-] [95725] Writer thread running {{(pid=95725) stat_writer /opt/stack/data/venv/lib/python3.12/site-packages/dbcounter.py:102}}
Jun 04 14:46:40.672710 np0000002156 nova-scheduler[95725]: DEBUG oslo_db.sqlalchemy.engines [None req-f2d4a7cb-b494-4c93-aaf4-9c15062ea1fe tempest-DeleteServersTestJSON-624654875 tempest-DeleteServersTestJSON-624654875-project-member] Parent process 94525 forked (95725) with an open database connection, which is being discarded and recreated. {{(pid=95725) checkout /opt/stack/data/venv/lib/python3.12/site-packages/oslo_db/sqlalchemy/engines.py:402}}
Jun 04 14:46:40.726840 np0000002156 nova-scheduler[95725]: DEBUG dbcounter [-] [95725] Writer thread running {{(pid=95725) stat_writer /opt/stack/data/venv/lib/python3.12/site-packages/dbcounter.py:102}}
Jun 04 14:46:40.742688 np0000002156 nova-scheduler[95725]: DEBUG oslo_concurrency.lockutils [None req-f2d4a7cb-b494-4c93-aaf4-9c15062ea1fe tempest-DeleteServersTestJSON-624654875 tempest-DeleteServersTestJSON-624654875-project-member] Acquiring lock "5d819643-705e-4d20-993d-a356c3c24a36" by "nova.context.set_target_cell..get_or_set_cached_cell_and_set_connections" {{(pid=95725) inner /opt/stack/data/venv/lib/python3.12/site-packages/oslo_concurrency/lockutils.py:511}}
Jun 04 14:46:40.742688 np0000002156 nova-scheduler[95725]: DEBUG oslo_concurrency.lockutils [None req-f2d4a7cb-b494-4c93-aaf4-9c15062ea1fe tempest-DeleteServersTestJSON-624654875 tempest-DeleteServersTestJSON-624654875-project-member] Lock "5d819643-705e-4d20-993d-a356c3c24a36" acquired by "nova.context.set_target_cell..get_or_set_cached_cell_and_set_connections" :: waited 0.000s {{(pid=95725) inner /opt/stack/data/venv/lib/python3.12/site-packages/oslo_concurrency/lockutils.py:524}}
Jun 04 14:46:40.742688 np0000002156 nova-scheduler[95725]: DEBUG oslo_concurrency.lockutils [None req-f2d4a7cb-b494-4c93-aaf4-9c15062ea1fe tempest-DeleteServersTestJSON-624654875 tempest-DeleteServersTestJSON-624654875-project-member] Lock "5d819643-705e-4d20-993d-a356c3c24a36" "released" by "nova.context.set_target_cell..get_or_set_cached_cell_and_set_connections" :: held 0.000s {{(pid=95725) inner /opt/stack/data/venv/lib/python3.12/site-packages/oslo_concurrency/lockutils.py:543}}
Jun 04 14:46:40.742688 np0000002156 nova-scheduler[95725]: DEBUG oslo_concurrency.lockutils [None req-f2d4a7cb-b494-4c93-aaf4-9c15062ea1fe tempest-DeleteServersTestJSON-624654875 tempest-DeleteServersTestJSON-624654875-project-member] Acquiring lock "('np0000002156', 'np0000002156')" by "nova.scheduler.host_manager.HostState.update.._locked_update" {{(pid=95725) inner /opt/stack/data/venv/lib/python3.12/site-packages/oslo_concurrency/lockutils.py:511}}
Jun 04 14:46:40.743075 np0000002156 nova-scheduler[95725]: DEBUG oslo_concurrency.lockutils [None req-f2d4a7cb-b494-4c93-aaf4-9c15062ea1fe tempest-DeleteServersTestJSON-624654875 tempest-DeleteServersTestJSON-624654875-project-member] Lock "('np0000002156', 'np0000002156')" acquired by "nova.scheduler.host_manager.HostState.update.._locked_update" :: waited 0.000s {{(pid=95725) inner /opt/stack/data/venv/lib/python3.12/site-packages/oslo_concurrency/lockutils.py:524}}
Jun 04 14:46:40.743195 np0000002156 nova-scheduler[95725]: DEBUG nova.scheduler.host_manager [None req-f2d4a7cb-b494-4c93-aaf4-9c15062ea1fe tempest-DeleteServersTestJSON-624654875 tempest-DeleteServersTestJSON-624654875-project-member] Update host state from compute node: ComputeNode(cpu_allocation_ratio=4.0,cpu_info='{"arch": "x86_64", "model": "EPYC-Milan", "vendor": "AMD", "topology": {"cells": 1, "sockets": 12, "cores": 1, "threads": 1}, "maxphysaddr": {"mode": "emulate", "bits": 40}, "features": ["ibrs", "topoext", "clflush", "mca", "umip", "rdtscp", "vaes", "lfence-always-serializing", "xgetbv1", "rdctl-no", "amd-ssbd", "npt", "rdrand", "popcnt", "no-nested-data-bp", "avx2", "cx8", "arch-capabilities", "bmi1", "pfthreshold", "misalignsse", "stibp", "cx16", "pdpe1gb", "sse", "sse4.2", "apic", "mmx", "syscall", "3dnowprefetch", "nrip-save", "bmi2", "rdpid", "vmcb-clean", "nx", "tsc-scale", "osvw", "ssbd", "flushbyasid", "pschange-mc-no", "pause-filter", "adx", "arat", "fxsr", "pat", "tsc-deadline", "lahf_lm", "hypervisor", "fxsr_opt", "vpclmulqdq", "smep", "stibp-always-on", "null-sel-clr-base", "pge", "mmxext", "clwb", "clflushopt", "perfctr_core", "smap", "de", "skip-l1dfl-vmentry", "amd-stibp", "invpcid", "msr", "ssse3", "xsaves", "lbrv", "lm", "tsc_adjust", "abm", "wbnoinvd", "pcid", "cmov", "tsc", "erms", "xsavec", "sse2", "svme-addr-chk", "pse", "pae", "avx", "virt-ssbd", "v-vmsave-vmload", "mce", "fma", "vme", "pclmuldq", "mds-no", "pse36", "sha-ni", "gds-no", "cmp_legacy", "mtrr", "fsrm", "x2apic", "pni", "pku", "fsgsbase", "spec-ctrl", "sse4a", "xsaveopt", "movbe", "vgif", "amd-psfd", "cr8legacy", "sep", "svm", "fpu", "ibpb", "f16c", "rdseed", "xsave", "aes", "clzero", "xsaveerptr", "sse4.1"]}',created_at=2026-06-04T14:44:32Z,current_workload=0,deleted=False,deleted_at=None,disk_allocation_ratio=1.0,disk_available_least=74,free_disk_gb=95,free_ram_mb=23518,host='np0000002156',host_ip=10.4.3.247,hypervisor_hostname='np0000002156',hypervisor_type='QEMU',hypervisor_version=8002002,id=1,local_gb=95,local_gb_used=0,mapped=1,memory_mb=24030,memory_mb_used=512,metrics='[]',numa_topology='{"nova_object.name": "NUMATopology", "nova_object.namespace": "nova", "nova_object.version": "1.2", "nova_object.data": {"cells": [{"nova_object.name": "NUMACell", "nova_object.namespace": "nova", "nova_object.version": "1.5", "nova_object.data": {"id": 0, "cpuset": [0, 1, 2, 3, 4, 5, 6, 7, 8, 9, 10, 11], "pcpuset": [0, 1, 2, 3, 4, 5, 6, 7, 8, 9, 10, 11], "memory": 24030, "cpu_usage": 0, "memory_usage": 0, "pinned_cpus": [], "siblings": [[6], [2], [5], [11], [8], [4], [1], [7], [10], [0], [3], [9]], "mempages": [{"nova_object.name": "NUMAPagesTopology", "nova_object.namespace": "nova", "nova_object.version": "1.1", "nova_object.data": {"size_kb": 4, "total": 6151798, "used": 0, "reserved": 0}, "nova_object.changes": ["size_kb", "total", "used", "reserved"]}, {"nova_object.name": "NUMAPagesTopology", "nova_object.namespace": "nova", "nova_object.version": "1.1", "nova_object.data": {"size_kb": 2048, "total": 0, "used": 0, "reserved": 0}, "nova_object.changes": ["size_kb", "total", "used", "reserved"]}, {"nova_object.name": "NUMAPagesTopology", "nova_object.namespace": "nova", "nova_object.version": "1.1", "nova_object.data": {"size_kb": 1048576, "total": 0, "used": 0, "reserved": 0}, "nova_object.changes": ["size_kb", "total", "used", "reserved"]}], "network_metadata": {"nova_object.name": "NetworkMetadata", "nova_object.namespace": "nova", "nova_object.version": "1.0", "nova_object.data": {"physnets": [], "tunneled": false}, "nova_object.changes": ["physnets", "tunneled"]}, "socket": null}, "nova_object.changes": ["cpuset", "pinned_cpus", "id", "memory", "siblings", "network_metadata", "pcpuset", "socket", "memory_usage", "mempages", "cpu_usage"]}]}, "nova_object.changes": ["cells"]}',pci_device_pools=PciDevicePoolList,ram_allocation_ratio=1.0,running_vms=0,service_id=3,stats={failed_builds='0',uptime=' 14:46:17 up 27 min, 2 users, load average: 1.43, 1.45, 0.85
Jun 04 14:46:40.743195 np0000002156 nova-scheduler[95725]: '},supported_hv_specs=[HVSpec,HVSpec,HVSpec,HVSpec,HVSpec,HVSpec,HVSpec,HVSpec,HVSpec,HVSpec,HVSpec,HVSpec,HVSpec,HVSpec,HVSpec,HVSpec,HVSpec,HVSpec,HVSpec,HVSpec,HVSpec,HVSpec,HVSpec,HVSpec,HVSpec],updated_at=2026-06-04T14:46:20Z,uuid=a7619110-a3cc-442c-80ef-af80948a65f7,vcpus=12,vcpus_used=0) {{(pid=95725) _locked_update /opt/stack/nova/nova/scheduler/host_manager.py:168}}
Jun 04 14:46:40.743195 np0000002156 nova-scheduler[95725]: DEBUG nova.scheduler.host_manager [None req-f2d4a7cb-b494-4c93-aaf4-9c15062ea1fe tempest-DeleteServersTestJSON-624654875 tempest-DeleteServersTestJSON-624654875-project-member] Update host state with aggregates: [] {{(pid=95725) _locked_update /opt/stack/nova/nova/scheduler/host_manager.py:171}}
Jun 04 14:46:40.743451 np0000002156 nova-scheduler[95725]: DEBUG nova.scheduler.host_manager [None req-f2d4a7cb-b494-4c93-aaf4-9c15062ea1fe tempest-DeleteServersTestJSON-624654875 tempest-DeleteServersTestJSON-624654875-project-member] Update host state with service dict: {'id': 3, 'uuid': 'e577c278-f195-4dcb-b99f-2e34f78fd76d', 'host': 'np0000002156', 'binary': 'nova-compute', 'topic': 'compute', 'report_count': 2, 'disabled': False, 'disabled_reason': None, 'last_seen_up': datetime.datetime(2026, 6, 4, 14, 46, 40, tzinfo=datetime.timezone.utc), 'forced_down': False, 'version': 72, 'created_at': datetime.datetime(2026, 6, 4, 14, 44, 30, tzinfo=datetime.timezone.utc), 'updated_at': datetime.datetime(2026, 6, 4, 14, 46, 40, tzinfo=datetime.timezone.utc), 'deleted_at': None, 'deleted': False} {{(pid=95725) _locked_update /opt/stack/nova/nova/scheduler/host_manager.py:174}}
Jun 04 14:46:40.743451 np0000002156 nova-scheduler[95725]: DEBUG nova.scheduler.host_manager [None req-f2d4a7cb-b494-4c93-aaf4-9c15062ea1fe tempest-DeleteServersTestJSON-624654875 tempest-DeleteServersTestJSON-624654875-project-member] Update host state with instances: [] {{(pid=95725) _locked_update /opt/stack/nova/nova/scheduler/host_manager.py:177}}
Jun 04 14:46:40.743451 np0000002156 nova-scheduler[95725]: DEBUG oslo_concurrency.lockutils [None req-f2d4a7cb-b494-4c93-aaf4-9c15062ea1fe tempest-DeleteServersTestJSON-624654875 tempest-DeleteServersTestJSON-624654875-project-member] Lock "('np0000002156', 'np0000002156')" "released" by "nova.scheduler.host_manager.HostState.update.._locked_update" :: held 0.003s {{(pid=95725) inner /opt/stack/data/venv/lib/python3.12/site-packages/oslo_concurrency/lockutils.py:543}}
Jun 04 14:46:40.743451 np0000002156 nova-scheduler[95725]: DEBUG nova.filters [None req-f2d4a7cb-b494-4c93-aaf4-9c15062ea1fe tempest-DeleteServersTestJSON-624654875 tempest-DeleteServersTestJSON-624654875-project-member] Starting with 1 host(s) {{(pid=95725) get_filtered_objects /opt/stack/nova/nova/filters.py:70}}
Jun 04 14:46:40.743451 np0000002156 nova-scheduler[95725]: DEBUG nova.filters [None req-f2d4a7cb-b494-4c93-aaf4-9c15062ea1fe tempest-DeleteServersTestJSON-624654875 tempest-DeleteServersTestJSON-624654875-project-member] Filter ComputeFilter returned 1 host(s) {{(pid=95725) get_filtered_objects /opt/stack/nova/nova/filters.py:102}}
Jun 04 14:46:40.743451 np0000002156 nova-scheduler[95725]: DEBUG nova.filters [None req-f2d4a7cb-b494-4c93-aaf4-9c15062ea1fe tempest-DeleteServersTestJSON-624654875 tempest-DeleteServersTestJSON-624654875-project-member] Filter ComputeCapabilitiesFilter returned 1 host(s) {{(pid=95725) get_filtered_objects /opt/stack/nova/nova/filters.py:102}}
Jun 04 14:46:40.743731 np0000002156 nova-scheduler[95725]: DEBUG nova.filters [None req-f2d4a7cb-b494-4c93-aaf4-9c15062ea1fe tempest-DeleteServersTestJSON-624654875 tempest-DeleteServersTestJSON-624654875-project-member] Filter ImagePropertiesFilter returned 1 host(s) {{(pid=95725) get_filtered_objects /opt/stack/nova/nova/filters.py:102}}
Jun 04 14:46:40.743867 np0000002156 nova-scheduler[95725]: DEBUG nova.filters [None req-f2d4a7cb-b494-4c93-aaf4-9c15062ea1fe tempest-DeleteServersTestJSON-624654875 tempest-DeleteServersTestJSON-624654875-project-member] Filter ServerGroupAntiAffinityFilter returned 1 host(s) {{(pid=95725) get_filtered_objects /opt/stack/nova/nova/filters.py:102}}
Jun 04 14:46:40.744053 np0000002156 nova-scheduler[95725]: DEBUG nova.filters [None req-f2d4a7cb-b494-4c93-aaf4-9c15062ea1fe tempest-DeleteServersTestJSON-624654875 tempest-DeleteServersTestJSON-624654875-project-member] Filter ServerGroupAffinityFilter returned 1 host(s) {{(pid=95725) get_filtered_objects /opt/stack/nova/nova/filters.py:102}}
Jun 04 14:46:40.744229 np0000002156 nova-scheduler[95725]: DEBUG nova.filters [None req-f2d4a7cb-b494-4c93-aaf4-9c15062ea1fe tempest-DeleteServersTestJSON-624654875 tempest-DeleteServersTestJSON-624654875-project-member] Filter SameHostFilter returned 1 host(s) {{(pid=95725) get_filtered_objects /opt/stack/nova/nova/filters.py:102}}
Jun 04 14:46:40.744807 np0000002156 nova-scheduler[95725]: DEBUG nova.filters [None req-f2d4a7cb-b494-4c93-aaf4-9c15062ea1fe tempest-DeleteServersTestJSON-624654875 tempest-DeleteServersTestJSON-624654875-project-member] Filter DifferentHostFilter returned 1 host(s) {{(pid=95725) get_filtered_objects /opt/stack/nova/nova/filters.py:102}}
Jun 04 14:46:40.744945 np0000002156 nova-scheduler[95725]: DEBUG nova.scheduler.manager [None req-f2d4a7cb-b494-4c93-aaf4-9c15062ea1fe tempest-DeleteServersTestJSON-624654875 tempest-DeleteServersTestJSON-624654875-project-member] Filtered [(np0000002156, np0000002156) ram: 23518MB disk: 75776MB io_ops: 0 instances: 0, allocation_candidates: 1] {{(pid=95725) _get_sorted_hosts /opt/stack/nova/nova/scheduler/manager.py:743}}
Jun 04 14:46:40.745225 np0000002156 nova-scheduler[95725]: DEBUG nova.scheduler.manager [None req-f2d4a7cb-b494-4c93-aaf4-9c15062ea1fe tempest-DeleteServersTestJSON-624654875 tempest-DeleteServersTestJSON-624654875-project-member] Weighed [WeighedHost [host: (np0000002156, np0000002156) ram: 23518MB disk: 75776MB io_ops: 0 instances: 0, allocation_candidates: 1, weight: 0.0]] {{(pid=95725) _get_sorted_hosts /opt/stack/nova/nova/scheduler/manager.py:765}}
Jun 04 14:46:40.745540 np0000002156 nova-scheduler[95725]: DEBUG nova.scheduler.utils [None req-f2d4a7cb-b494-4c93-aaf4-9c15062ea1fe tempest-DeleteServersTestJSON-624654875 tempest-DeleteServersTestJSON-624654875-project-member] Attempting to claim resources in the placement API for instance e98343f4-d27a-4a49-8c40-6e13b86e6206 {{(pid=95725) claim_resources /opt/stack/nova/nova/scheduler/utils.py:1345}}
Jun 04 14:46:40.948449 np0000002156 nova-scheduler[95725]: DEBUG nova.scheduler.manager [None req-f2d4a7cb-b494-4c93-aaf4-9c15062ea1fe tempest-DeleteServersTestJSON-624654875 tempest-DeleteServersTestJSON-624654875-project-member] [instance: e98343f4-d27a-4a49-8c40-6e13b86e6206] Selected host: (np0000002156, np0000002156) ram: 23518MB disk: 75776MB io_ops: 0 instances: 0, allocation_candidates: 1 {{(pid=95725) _consume_selected_host /opt/stack/nova/nova/scheduler/manager.py:625}}
Jun 04 14:46:40.948978 np0000002156 nova-scheduler[95725]: DEBUG oslo_concurrency.lockutils [None req-f2d4a7cb-b494-4c93-aaf4-9c15062ea1fe tempest-DeleteServersTestJSON-624654875 tempest-DeleteServersTestJSON-624654875-project-member] Acquiring lock "('np0000002156', 'np0000002156')" by "nova.scheduler.host_manager.HostState.consume_from_request.._locked" {{(pid=95725) inner /opt/stack/data/venv/lib/python3.12/site-packages/oslo_concurrency/lockutils.py:511}}
Jun 04 14:46:40.948978 np0000002156 nova-scheduler[95725]: DEBUG oslo_concurrency.lockutils [None req-f2d4a7cb-b494-4c93-aaf4-9c15062ea1fe tempest-DeleteServersTestJSON-624654875 tempest-DeleteServersTestJSON-624654875-project-member] Lock "('np0000002156', 'np0000002156')" acquired by "nova.scheduler.host_manager.HostState.consume_from_request.._locked" :: waited 0.000s {{(pid=95725) inner /opt/stack/data/venv/lib/python3.12/site-packages/oslo_concurrency/lockutils.py:524}}
Jun 04 14:46:40.948978 np0000002156 nova-scheduler[95725]: DEBUG oslo_concurrency.lockutils [None req-f2d4a7cb-b494-4c93-aaf4-9c15062ea1fe tempest-DeleteServersTestJSON-624654875 tempest-DeleteServersTestJSON-624654875-project-member] Lock "('np0000002156', 'np0000002156')" "released" by "nova.scheduler.host_manager.HostState.consume_from_request.._locked" :: held 0.000s {{(pid=95725) inner /opt/stack/data/venv/lib/python3.12/site-packages/oslo_concurrency/lockutils.py:543}}
Jun 04 14:46:50.736456 np0000002156 nova-scheduler[95725]: DEBUG dbcounter [-] [95725] Writing DB stats nova_cell1:SELECT=3 {{(pid=95725) stat_writer /opt/stack/data/venv/lib/python3.12/site-packages/dbcounter.py:115}}
Jun 04 14:46:52.151531 np0000002156 nova-scheduler[95732]: DEBUG oslo.service.backend._threading.loopingcall [None req-338a4a22-c085-41b8-ac60-28458475eb67 None None] Dynamic interval looping call 'nova.service.Service.periodic_tasks' sleeping for 60.00 seconds {{(pid=95732) _run_loop /opt/stack/data/venv/lib/python3.12/site-packages/oslo_service/backend/_threading/loopingcall.py:125}}
Jun 04 14:46:53.084994 np0000002156 nova-scheduler[95732]: DEBUG nova.scheduler.manager [None req-ab60cb18-a998-41b5-837d-dae6db6b8894 tempest-AttachSCSIVolumeTestJSON-215593021 tempest-AttachSCSIVolumeTestJSON-215593021-project-member] Starting to schedule for instances: ['e3ed09b9-1bee-42ca-81fe-f54d6486f2b5'] {{(pid=95732) select_destinations /opt/stack/nova/nova/scheduler/manager.py:210}}
Jun 04 14:46:53.085578 np0000002156 nova-scheduler[95732]: DEBUG nova.scheduler.request_filter [None req-ab60cb18-a998-41b5-837d-dae6db6b8894 tempest-AttachSCSIVolumeTestJSON-215593021 tempest-AttachSCSIVolumeTestJSON-215593021-project-member] compute_status_filter request filter added forbidden trait COMPUTE_STATUS_DISABLED {{(pid=95732) compute_status_filter /opt/stack/nova/nova/scheduler/request_filter.py:253}}
Jun 04 14:46:53.085735 np0000002156 nova-scheduler[95732]: DEBUG nova.scheduler.request_filter [None req-ab60cb18-a998-41b5-837d-dae6db6b8894 tempest-AttachSCSIVolumeTestJSON-215593021 tempest-AttachSCSIVolumeTestJSON-215593021-project-member] Request filter 'compute_status_filter' took 0.0 seconds {{(pid=95732) wrapper /opt/stack/nova/nova/scheduler/request_filter.py:46}}
Jun 04 14:46:53.086283 np0000002156 nova-scheduler[95732]: DEBUG nova.scheduler.request_filter [None req-ab60cb18-a998-41b5-837d-dae6db6b8894 tempest-AttachSCSIVolumeTestJSON-215593021 tempest-AttachSCSIVolumeTestJSON-215593021-project-member] Request filter 'accelerators_filter' took 0.0 seconds {{(pid=95732) wrapper /opt/stack/nova/nova/scheduler/request_filter.py:46}}
Jun 04 14:46:53.086567 np0000002156 nova-scheduler[95732]: DEBUG nova.scheduler.request_filter [None req-ab60cb18-a998-41b5-837d-dae6db6b8894 tempest-AttachSCSIVolumeTestJSON-215593021 tempest-AttachSCSIVolumeTestJSON-215593021-project-member] Request filter 'packed_virtqueue_filter' took 0.0 seconds {{(pid=95732) wrapper /opt/stack/nova/nova/scheduler/request_filter.py:46}}
Jun 04 14:46:53.086880 np0000002156 nova-scheduler[95732]: DEBUG nova.scheduler.request_filter [None req-ab60cb18-a998-41b5-837d-dae6db6b8894 tempest-AttachSCSIVolumeTestJSON-215593021 tempest-AttachSCSIVolumeTestJSON-215593021-project-member] Request filter 'remote_managed_ports_filter' took 0.0 seconds {{(pid=95732) wrapper /opt/stack/nova/nova/scheduler/request_filter.py:46}}
Jun 04 14:46:53.087056 np0000002156 nova-scheduler[95732]: DEBUG nova.scheduler.request_filter [None req-ab60cb18-a998-41b5-837d-dae6db6b8894 tempest-AttachSCSIVolumeTestJSON-215593021 tempest-AttachSCSIVolumeTestJSON-215593021-project-member] ephemeral_encryption_filter skipped {{(pid=95732) ephemeral_encryption_filter /opt/stack/nova/nova/scheduler/request_filter.py:426}}
Jun 04 14:46:53.087253 np0000002156 nova-scheduler[95732]: DEBUG nova.scheduler.request_filter [None req-ab60cb18-a998-41b5-837d-dae6db6b8894 tempest-AttachSCSIVolumeTestJSON-215593021 tempest-AttachSCSIVolumeTestJSON-215593021-project-member] virtio_sound_filter skipped {{(pid=95732) virtio_sound_filter /opt/stack/nova/nova/scheduler/request_filter.py:460}}
Jun 04 14:46:53.087471 np0000002156 nova-scheduler[95732]: DEBUG nova.scheduler.request_filter [None req-ab60cb18-a998-41b5-837d-dae6db6b8894 tempest-AttachSCSIVolumeTestJSON-215593021 tempest-AttachSCSIVolumeTestJSON-215593021-project-member] tpm_secret_security_filter skipped {{(pid=95732) tpm_secret_security_filter /opt/stack/nova/nova/scheduler/request_filter.py:477}}
Jun 04 14:46:53.198470 np0000002156 nova-scheduler[95732]: INFO nova.utils [None req-ab60cb18-a998-41b5-837d-dae6db6b8894 tempest-AttachSCSIVolumeTestJSON-215593021 tempest-AttachSCSIVolumeTestJSON-215593021-project-member] The cell worker thread pool ForkProcess-2.cell_worker is initialized
Jun 04 14:46:53.198941 np0000002156 nova-scheduler[95732]: DEBUG oslo_concurrency.lockutils [None req-ab60cb18-a998-41b5-837d-dae6db6b8894 tempest-AttachSCSIVolumeTestJSON-215593021 tempest-AttachSCSIVolumeTestJSON-215593021-project-member] Acquiring lock "5d819643-705e-4d20-993d-a356c3c24a36" by "nova.context.set_target_cell..get_or_set_cached_cell_and_set_connections" {{(pid=95732) inner /opt/stack/data/venv/lib/python3.12/site-packages/oslo_concurrency/lockutils.py:511}}
Jun 04 14:46:53.199648 np0000002156 nova-scheduler[95732]: DEBUG oslo_concurrency.lockutils [None req-ab60cb18-a998-41b5-837d-dae6db6b8894 tempest-AttachSCSIVolumeTestJSON-215593021 tempest-AttachSCSIVolumeTestJSON-215593021-project-member] Lock "5d819643-705e-4d20-993d-a356c3c24a36" acquired by "nova.context.set_target_cell..get_or_set_cached_cell_and_set_connections" :: waited 0.000s {{(pid=95732) inner /opt/stack/data/venv/lib/python3.12/site-packages/oslo_concurrency/lockutils.py:524}}
Jun 04 14:46:53.200446 np0000002156 nova-scheduler[95732]: DEBUG oslo_concurrency.lockutils [None req-ab60cb18-a998-41b5-837d-dae6db6b8894 tempest-AttachSCSIVolumeTestJSON-215593021 tempest-AttachSCSIVolumeTestJSON-215593021-project-member] Lock "5d819643-705e-4d20-993d-a356c3c24a36" "released" by "nova.context.set_target_cell..get_or_set_cached_cell_and_set_connections" :: held 0.001s {{(pid=95732) inner /opt/stack/data/venv/lib/python3.12/site-packages/oslo_concurrency/lockutils.py:543}}
Jun 04 14:46:53.203365 np0000002156 nova-scheduler[95732]: INFO dbcounter [None req-ab60cb18-a998-41b5-837d-dae6db6b8894 tempest-AttachSCSIVolumeTestJSON-215593021 tempest-AttachSCSIVolumeTestJSON-215593021-project-member] Registered counter for database nova_cell1
Jun 04 14:46:53.248290 np0000002156 nova-scheduler[95732]: DEBUG oslo_db.sqlalchemy.engines [None req-ab60cb18-a998-41b5-837d-dae6db6b8894 tempest-AttachSCSIVolumeTestJSON-215593021 tempest-AttachSCSIVolumeTestJSON-215593021-project-member] MySQL server mode set to STRICT_TRANS_TABLES,STRICT_ALL_TABLES,NO_ZERO_IN_DATE,NO_ZERO_DATE,ERROR_FOR_DIVISION_BY_ZERO,TRADITIONAL,NO_ENGINE_SUBSTITUTION {{(pid=95732) _check_effective_sql_mode /opt/stack/data/venv/lib/python3.12/site-packages/oslo_db/sqlalchemy/engines.py:325}}
Jun 04 14:46:53.254474 np0000002156 nova-scheduler[95732]: DEBUG dbcounter [-] [95732] Writer thread running {{(pid=95732) stat_writer /opt/stack/data/venv/lib/python3.12/site-packages/dbcounter.py:102}}
Jun 04 14:46:53.314582 np0000002156 nova-scheduler[95732]: DEBUG dbcounter [-] [95732] Writer thread running {{(pid=95732) stat_writer /opt/stack/data/venv/lib/python3.12/site-packages/dbcounter.py:102}}
Jun 04 14:46:53.317907 np0000002156 nova-scheduler[95732]: DEBUG oslo_concurrency.lockutils [None req-ab60cb18-a998-41b5-837d-dae6db6b8894 tempest-AttachSCSIVolumeTestJSON-215593021 tempest-AttachSCSIVolumeTestJSON-215593021-project-member] Acquiring lock "5d819643-705e-4d20-993d-a356c3c24a36" by "nova.context.set_target_cell..get_or_set_cached_cell_and_set_connections" {{(pid=95732) inner /opt/stack/data/venv/lib/python3.12/site-packages/oslo_concurrency/lockutils.py:511}}
Jun 04 14:46:53.318100 np0000002156 nova-scheduler[95732]: DEBUG oslo_concurrency.lockutils [None req-ab60cb18-a998-41b5-837d-dae6db6b8894 tempest-AttachSCSIVolumeTestJSON-215593021 tempest-AttachSCSIVolumeTestJSON-215593021-project-member] Lock "5d819643-705e-4d20-993d-a356c3c24a36" acquired by "nova.context.set_target_cell..get_or_set_cached_cell_and_set_connections" :: waited 0.000s {{(pid=95732) inner /opt/stack/data/venv/lib/python3.12/site-packages/oslo_concurrency/lockutils.py:524}}
Jun 04 14:46:53.318247 np0000002156 nova-scheduler[95732]: DEBUG oslo_concurrency.lockutils [None req-ab60cb18-a998-41b5-837d-dae6db6b8894 tempest-AttachSCSIVolumeTestJSON-215593021 tempest-AttachSCSIVolumeTestJSON-215593021-project-member] Lock "5d819643-705e-4d20-993d-a356c3c24a36" "released" by "nova.context.set_target_cell..get_or_set_cached_cell_and_set_connections" :: held 0.000s {{(pid=95732) inner /opt/stack/data/venv/lib/python3.12/site-packages/oslo_concurrency/lockutils.py:543}}
Jun 04 14:46:53.323106 np0000002156 nova-scheduler[95732]: DEBUG oslo_concurrency.lockutils [None req-ab60cb18-a998-41b5-837d-dae6db6b8894 tempest-AttachSCSIVolumeTestJSON-215593021 tempest-AttachSCSIVolumeTestJSON-215593021-project-member] Acquiring lock "('np0000002156', 'np0000002156')" by "nova.scheduler.host_manager.HostState.update.._locked_update" {{(pid=95732) inner /opt/stack/data/venv/lib/python3.12/site-packages/oslo_concurrency/lockutils.py:511}}
Jun 04 14:46:53.323259 np0000002156 nova-scheduler[95732]: DEBUG oslo_concurrency.lockutils [None req-ab60cb18-a998-41b5-837d-dae6db6b8894 tempest-AttachSCSIVolumeTestJSON-215593021 tempest-AttachSCSIVolumeTestJSON-215593021-project-member] Lock "('np0000002156', 'np0000002156')" acquired by "nova.scheduler.host_manager.HostState.update.._locked_update" :: waited 0.000s {{(pid=95732) inner /opt/stack/data/venv/lib/python3.12/site-packages/oslo_concurrency/lockutils.py:524}}
