Jul 17 16:48:42.702620 np0000005354 devstack@g-api.service[99716]: DEBUG glance.api.middleware.version_negotiation [None req-c290a9c1-a9a9-4b54-aa48-030e99517ec6 tempest-VolumesCloneTest-511906991 tempest-VolumesCloneTest-511906991-project-member] Determining version of request: GET /versions Accept: */* {{(pid=99716) process_request /opt/stack/glance/glance/api/middleware/version_negotiation.py:44}}
Jul 17 16:48:42.702620 np0000005354 devstack@g-api.service[99716]: [pid: 99716|app: 0|req: 99/302] 127.0.0.1 () {44 vars in 1035 bytes} [Fri Jul 17 16:48:42 2026] GET /versions => generated 1501 bytes in 1 msecs (HTTP/1.1 200) 3 headers in 92 bytes (1 switches on core 0)
Jul 17 16:48:42.715233 np0000005354 devstack@g-api.service[99714]: DEBUG glance.api.middleware.version_negotiation [None req-c290a9c1-a9a9-4b54-aa48-030e99517ec6 tempest-VolumesCloneTest-511906991 tempest-VolumesCloneTest-511906991-project-member] Determining version of request: GET /v2/images/25aec3ad-17a8-4ac7-90a8-f04c8570e9de/locations Accept: */* {{(pid=99714) process_request /opt/stack/glance/glance/api/middleware/version_negotiation.py:44}}
Jul 17 16:48:42.715645 np0000005354 devstack@g-api.service[99714]: DEBUG glance.api.middleware.version_negotiation [None req-c290a9c1-a9a9-4b54-aa48-030e99517ec6 tempest-VolumesCloneTest-511906991 tempest-VolumesCloneTest-511906991-project-member] Using url versioning {{(pid=99714) process_request /opt/stack/glance/glance/api/middleware/version_negotiation.py:57}}
Jul 17 16:48:42.715645 np0000005354 devstack@g-api.service[99714]: DEBUG glance.api.middleware.version_negotiation [None req-c290a9c1-a9a9-4b54-aa48-030e99517ec6 tempest-VolumesCloneTest-511906991 tempest-VolumesCloneTest-511906991-project-member] Matched version: v2 {{(pid=99714) process_request /opt/stack/glance/glance/api/middleware/version_negotiation.py:69}}
Jul 17 16:48:42.715768 np0000005354 devstack@g-api.service[99714]: DEBUG glance.api.middleware.version_negotiation [None req-c290a9c1-a9a9-4b54-aa48-030e99517ec6 tempest-VolumesCloneTest-511906991 tempest-VolumesCloneTest-511906991-project-member] new path /v2/images/25aec3ad-17a8-4ac7-90a8-f04c8570e9de/locations {{(pid=99714) process_request /opt/stack/glance/glance/api/middleware/version_negotiation.py:70}}
Jul 17 16:48:42.790556 np0000005354 devstack@g-api.service[99714]: [pid: 99714|app: 0|req: 96/303] 127.0.0.1 () {44 vars in 1131 bytes} [Fri Jul 17 16:48:42 2026] GET /v2/images/25aec3ad-17a8-4ac7-90a8-f04c8570e9de/locations => generated 92 bytes in 76 msecs (HTTP/1.1 200) 4 headers in 156 bytes (1 switches on core 0)
Jul 17 16:48:42.806223 np0000005354 devstack@g-api.service[99715]: DEBUG glance.api.middleware.version_negotiation [None req-c290a9c1-a9a9-4b54-aa48-030e99517ec6 tempest-VolumesCloneTest-511906991 tempest-VolumesCloneTest-511906991-project-member] Determining version of request: GET /v2/images/25aec3ad-17a8-4ac7-90a8-f04c8570e9de Accept: */* {{(pid=99715) process_request /opt/stack/glance/glance/api/middleware/version_negotiation.py:44}}
Jul 17 16:48:42.808560 np0000005354 devstack@g-api.service[99715]: DEBUG glance.api.middleware.version_negotiation [None req-c290a9c1-a9a9-4b54-aa48-030e99517ec6 tempest-VolumesCloneTest-511906991 tempest-VolumesCloneTest-511906991-project-member] Using url versioning {{(pid=99715) process_request /opt/stack/glance/glance/api/middleware/version_negotiation.py:57}}
Jul 17 16:48:42.808560 np0000005354 devstack@g-api.service[99715]: DEBUG glance.api.middleware.version_negotiation [None req-c290a9c1-a9a9-4b54-aa48-030e99517ec6 tempest-VolumesCloneTest-511906991 tempest-VolumesCloneTest-511906991-project-member] Matched version: v2 {{(pid=99715) process_request /opt/stack/glance/glance/api/middleware/version_negotiation.py:69}}
Jul 17 16:48:42.808560 np0000005354 devstack@g-api.service[99715]: DEBUG glance.api.middleware.version_negotiation [None req-c290a9c1-a9a9-4b54-aa48-030e99517ec6 tempest-VolumesCloneTest-511906991 tempest-VolumesCloneTest-511906991-project-member] new path /v2/images/25aec3ad-17a8-4ac7-90a8-f04c8570e9de {{(pid=99715) process_request /opt/stack/glance/glance/api/middleware/version_negotiation.py:70}}
Jul 17 16:48:42.821651 np0000005354 devstack@g-api.service[99715]: [pid: 99715|app: 0|req: 109/304] 127.0.0.1 () {44 vars in 1111 bytes} [Fri Jul 17 16:48:42 2026] GET /v2/images/25aec3ad-17a8-4ac7-90a8-f04c8570e9de => generated 1044 bytes in 16 msecs (HTTP/1.1 200) 4 headers in 158 bytes (1 switches on core 0)
Jul 17 16:48:42.832871 np0000005354 devstack@g-api.service[99716]: DEBUG glance.api.middleware.version_negotiation [None req-c290a9c1-a9a9-4b54-aa48-030e99517ec6 tempest-VolumesCloneTest-511906991 tempest-VolumesCloneTest-511906991-project-member] Determining version of request: GET /v2/schemas/image Accept: */* {{(pid=99716) process_request /opt/stack/glance/glance/api/middleware/version_negotiation.py:44}}
Jul 17 16:48:42.833685 np0000005354 devstack@g-api.service[99716]: DEBUG glance.api.middleware.version_negotiation [None req-c290a9c1-a9a9-4b54-aa48-030e99517ec6 tempest-VolumesCloneTest-511906991 tempest-VolumesCloneTest-511906991-project-member] Using url versioning {{(pid=99716) process_request /opt/stack/glance/glance/api/middleware/version_negotiation.py:57}}
Jul 17 16:48:42.833685 np0000005354 devstack@g-api.service[99716]: DEBUG glance.api.middleware.version_negotiation [None req-c290a9c1-a9a9-4b54-aa48-030e99517ec6 tempest-VolumesCloneTest-511906991 tempest-VolumesCloneTest-511906991-project-member] Matched version: v2 {{(pid=99716) process_request /opt/stack/glance/glance/api/middleware/version_negotiation.py:69}}
Jul 17 16:48:42.833685 np0000005354 devstack@g-api.service[99716]: DEBUG glance.api.middleware.version_negotiation [None req-c290a9c1-a9a9-4b54-aa48-030e99517ec6 tempest-VolumesCloneTest-511906991 tempest-VolumesCloneTest-511906991-project-member] new path /v2/schemas/image {{(pid=99716) process_request /opt/stack/glance/glance/api/middleware/version_negotiation.py:70}}
Jul 17 16:48:42.838194 np0000005354 devstack@g-api.service[99716]: [pid: 99716|app: 0|req: 100/305] 127.0.0.1 () {44 vars in 1051 bytes} [Fri Jul 17 16:48:42 2026] GET /v2/schemas/image => generated 6083 bytes in 5 msecs (HTTP/1.1 200) 4 headers in 158 bytes (1 switches on core 0)
Jul 17 16:48:42.853918 np0000005354 devstack@g-api.service[99714]: DEBUG glance.api.middleware.version_negotiation [None req-c290a9c1-a9a9-4b54-aa48-030e99517ec6 service glance] Determining version of request: GET /v2/schemas/image Accept: */* {{(pid=99714) process_request /opt/stack/glance/glance/api/middleware/version_negotiation.py:44}}
Jul 17 16:48:42.854383 np0000005354 devstack@g-api.service[99714]: DEBUG glance.api.middleware.version_negotiation [None req-c290a9c1-a9a9-4b54-aa48-030e99517ec6 service glance] Using url versioning {{(pid=99714) process_request /opt/stack/glance/glance/api/middleware/version_negotiation.py:57}}
Jul 17 16:48:42.854383 np0000005354 devstack@g-api.service[99714]: DEBUG glance.api.middleware.version_negotiation [None req-c290a9c1-a9a9-4b54-aa48-030e99517ec6 service glance] Matched version: v2 {{(pid=99714) process_request /opt/stack/glance/glance/api/middleware/version_negotiation.py:69}}
Jul 17 16:48:42.856601 np0000005354 devstack@g-api.service[99714]: DEBUG glance.api.middleware.version_negotiation [None req-c290a9c1-a9a9-4b54-aa48-030e99517ec6 service glance] new path /v2/schemas/image {{(pid=99714) process_request /opt/stack/glance/glance/api/middleware/version_negotiation.py:70}}
Jul 17 16:48:42.859279 np0000005354 devstack@g-api.service[99714]: [pid: 99714|app: 0|req: 97/306] 127.0.0.1 () {44 vars in 1051 bytes} [Fri Jul 17 16:48:42 2026] GET /v2/schemas/image => generated 6083 bytes in 6 msecs (HTTP/1.1 200) 4 headers in 158 bytes (1 switches on core 0)
Jul 17 16:48:47.682032 np0000005354 devstack@g-api.service[99715]: DEBUG glance.api.middleware.version_negotiation [None req-c290a9c1-a9a9-4b54-aa48-030e99517ec6 tempest-VolumesCloneTest-511906991 tempest-VolumesCloneTest-511906991-project-member] Determining version of request: GET /v2/images/25aec3ad-17a8-4ac7-90a8-f04c8570e9de Accept: */* {{(pid=99715) process_request /opt/stack/glance/glance/api/middleware/version_negotiation.py:44}}
Jul 17 16:48:47.682032 np0000005354 devstack@g-api.service[99715]: DEBUG glance.api.middleware.version_negotiation [None req-c290a9c1-a9a9-4b54-aa48-030e99517ec6 tempest-VolumesCloneTest-511906991 tempest-VolumesCloneTest-511906991-project-member] Using url versioning {{(pid=99715) process_request /opt/stack/glance/glance/api/middleware/version_negotiation.py:57}}
Jul 17 16:48:47.682639 np0000005354 devstack@g-api.service[99715]: DEBUG glance.api.middleware.version_negotiation [None req-c290a9c1-a9a9-4b54-aa48-030e99517ec6 tempest-VolumesCloneTest-511906991 tempest-VolumesCloneTest-511906991-project-member] Matched version: v2 {{(pid=99715) process_request /opt/stack/glance/glance/api/middleware/version_negotiation.py:69}}
Jul 17 16:48:47.682639 np0000005354 devstack@g-api.service[99715]: DEBUG glance.api.middleware.version_negotiation [None req-c290a9c1-a9a9-4b54-aa48-030e99517ec6 tempest-VolumesCloneTest-511906991 tempest-VolumesCloneTest-511906991-project-member] new path /v2/images/25aec3ad-17a8-4ac7-90a8-f04c8570e9de {{(pid=99715) process_request /opt/stack/glance/glance/api/middleware/version_negotiation.py:70}}
Jul 17 16:48:47.703581 np0000005354 devstack@g-api.service[99715]: [pid: 99715|app: 0|req: 110/307] 127.0.0.1 () {44 vars in 1111 bytes} [Fri Jul 17 16:48:47 2026] GET /v2/images/25aec3ad-17a8-4ac7-90a8-f04c8570e9de => generated 1044 bytes in 22 msecs (HTTP/1.1 200) 4 headers in 158 bytes (1 switches on core 0)
Jul 17 16:48:47.751960 np0000005354 devstack@g-api.service[99716]: DEBUG glance.api.middleware.version_negotiation [None req-c290a9c1-a9a9-4b54-aa48-030e99517ec6 tempest-VolumesCloneTest-511906991 tempest-VolumesCloneTest-511906991-project-member] Determining version of request: GET /v2/schemas/image Accept: */* {{(pid=99716) process_request /opt/stack/glance/glance/api/middleware/version_negotiation.py:44}}
Jul 17 16:48:47.752564 np0000005354 devstack@g-api.service[99716]: DEBUG glance.api.middleware.version_negotiation [None req-c290a9c1-a9a9-4b54-aa48-030e99517ec6 tempest-VolumesCloneTest-511906991 tempest-VolumesCloneTest-511906991-project-member] Using url versioning {{(pid=99716) process_request /opt/stack/glance/glance/api/middleware/version_negotiation.py:57}}
Jul 17 16:48:47.752564 np0000005354 devstack@g-api.service[99716]: DEBUG glance.api.middleware.version_negotiation [None req-c290a9c1-a9a9-4b54-aa48-030e99517ec6 tempest-VolumesCloneTest-511906991 tempest-VolumesCloneTest-511906991-project-member] Matched version: v2 {{(pid=99716) process_request /opt/stack/glance/glance/api/middleware/version_negotiation.py:69}}
Jul 17 16:48:47.752771 np0000005354 devstack@g-api.service[99716]: DEBUG glance.api.middleware.version_negotiation [None req-c290a9c1-a9a9-4b54-aa48-030e99517ec6 tempest-VolumesCloneTest-511906991 tempest-VolumesCloneTest-511906991-project-member] new path /v2/schemas/image {{(pid=99716) process_request /opt/stack/glance/glance/api/middleware/version_negotiation.py:70}}
Jul 17 16:48:47.755927 np0000005354 devstack@g-api.service[99716]: [pid: 99716|app: 0|req: 101/308] 127.0.0.1 () {44 vars in 1051 bytes} [Fri Jul 17 16:48:47 2026] GET /v2/schemas/image => generated 6083 bytes in 4 msecs (HTTP/1.1 200) 4 headers in 158 bytes (1 switches on core 0)
Jul 17 16:48:51.961618 np0000005354 devstack@g-api.service[99716]: DEBUG dbcounter [-] [99716] Writing DB stats glance:SELECT=8 {{(pid=99716) stat_writer /opt/stack/data/venv/lib/python3.12/site-packages/dbcounter.py:115}}
Jul 17 16:48:52.788266 np0000005354 devstack@g-api.service[99714]: DEBUG dbcounter [-] [99714] Writing DB stats glance:SELECT=4 {{(pid=99714) stat_writer /opt/stack/data/venv/lib/python3.12/site-packages/dbcounter.py:115}}
Jul 17 16:48:52.917583 np0000005354 devstack@g-api.service[99714]: DEBUG glance.api.middleware.version_negotiation [None req-c290a9c1-a9a9-4b54-aa48-030e99517ec6 tempest-VolumesCloneTest-511906991 tempest-VolumesCloneTest-511906991-project-member] Determining version of request: GET /v2/schemas/image Accept: */* {{(pid=99714) process_request /opt/stack/glance/glance/api/middleware/version_negotiation.py:44}}
Jul 17 16:48:52.918096 np0000005354 devstack@g-api.service[99714]: DEBUG glance.api.middleware.version_negotiation [None req-c290a9c1-a9a9-4b54-aa48-030e99517ec6 tempest-VolumesCloneTest-511906991 tempest-VolumesCloneTest-511906991-project-member] Using url versioning {{(pid=99714) process_request /opt/stack/glance/glance/api/middleware/version_negotiation.py:57}}
Jul 17 16:48:52.918096 np0000005354 devstack@g-api.service[99714]: DEBUG glance.api.middleware.version_negotiation [None req-c290a9c1-a9a9-4b54-aa48-030e99517ec6 tempest-VolumesCloneTest-511906991 tempest-VolumesCloneTest-511906991-project-member] Matched version: v2 {{(pid=99714) process_request /opt/stack/glance/glance/api/middleware/version_negotiation.py:69}}
Jul 17 16:48:52.918199 np0000005354 devstack@g-api.service[99714]: DEBUG glance.api.middleware.version_negotiation [None req-c290a9c1-a9a9-4b54-aa48-030e99517ec6 tempest-VolumesCloneTest-511906991 tempest-VolumesCloneTest-511906991-project-member] new path /v2/schemas/image {{(pid=99714) process_request /opt/stack/glance/glance/api/middleware/version_negotiation.py:70}}
Jul 17 16:48:52.923964 np0000005354 devstack@g-api.service[99714]: [pid: 99714|app: 0|req: 98/309] 127.0.0.1 () {44 vars in 1051 bytes} [Fri Jul 17 16:48:52 2026] GET /v2/schemas/image => generated 6083 bytes in 6 msecs (HTTP/1.1 200) 4 headers in 158 bytes (1 switches on core 0)
Jul 17 16:48:52.939089 np0000005354 devstack@g-api.service[99715]: DEBUG glance.api.middleware.version_negotiation [None req-b1c2ec4c-5ece-4170-b4ac-fbd7246dadae tempest-AttachVolumeShelveTestJSON-15412887 tempest-AttachVolumeShelveTestJSON-15412887-project-member] Determining version of request: POST /v2/images Accept: */* {{(pid=99715) process_request /opt/stack/glance/glance/api/middleware/version_negotiation.py:44}}
Jul 17 16:48:52.939555 np0000005354 devstack@g-api.service[99715]: DEBUG glance.api.middleware.version_negotiation [None req-b1c2ec4c-5ece-4170-b4ac-fbd7246dadae tempest-AttachVolumeShelveTestJSON-15412887 tempest-AttachVolumeShelveTestJSON-15412887-project-member] Using url versioning {{(pid=99715) process_request /opt/stack/glance/glance/api/middleware/version_negotiation.py:57}}
Jul 17 16:48:52.939555 np0000005354 devstack@g-api.service[99715]: DEBUG glance.api.middleware.version_negotiation [None req-b1c2ec4c-5ece-4170-b4ac-fbd7246dadae tempest-AttachVolumeShelveTestJSON-15412887 tempest-AttachVolumeShelveTestJSON-15412887-project-member] Matched version: v2 {{(pid=99715) process_request /opt/stack/glance/glance/api/middleware/version_negotiation.py:69}}
Jul 17 16:48:52.939555 np0000005354 devstack@g-api.service[99715]: DEBUG glance.api.middleware.version_negotiation [None req-b1c2ec4c-5ece-4170-b4ac-fbd7246dadae tempest-AttachVolumeShelveTestJSON-15412887 tempest-AttachVolumeShelveTestJSON-15412887-project-member] new path /v2/images {{(pid=99715) process_request /opt/stack/glance/glance/api/middleware/version_negotiation.py:70}}
Jul 17 16:48:53.639212 np0000005354 devstack@g-api.service[99715]: [pid: 99715|app: 0|req: 111/310] 127.0.0.1 () {46 vars in 1051 bytes} [Fri Jul 17 16:48:52 2026] POST /v2/images => generated 650 bytes in 700 msecs (HTTP/1.1 201) 6 headers in 315 bytes (1 switches on core 0)
Jul 17 16:48:53.651677 np0000005354 devstack@g-api.service[99716]: DEBUG glance.api.middleware.version_negotiation [None req-b1c2ec4c-5ece-4170-b4ac-fbd7246dadae tempest-AttachVolumeShelveTestJSON-15412887 tempest-AttachVolumeShelveTestJSON-15412887-project-member] Determining version of request: GET /v2/schemas/image Accept: */* {{(pid=99716) process_request /opt/stack/glance/glance/api/middleware/version_negotiation.py:44}}
Jul 17 16:48:53.652122 np0000005354 devstack@g-api.service[99716]: DEBUG glance.api.middleware.version_negotiation [None req-b1c2ec4c-5ece-4170-b4ac-fbd7246dadae tempest-AttachVolumeShelveTestJSON-15412887 tempest-AttachVolumeShelveTestJSON-15412887-project-member] Using url versioning {{(pid=99716) process_request /opt/stack/glance/glance/api/middleware/version_negotiation.py:57}}
Jul 17 16:48:53.652122 np0000005354 devstack@g-api.service[99716]: DEBUG glance.api.middleware.version_negotiation [None req-b1c2ec4c-5ece-4170-b4ac-fbd7246dadae tempest-AttachVolumeShelveTestJSON-15412887 tempest-AttachVolumeShelveTestJSON-15412887-project-member] Matched version: v2 {{(pid=99716) process_request /opt/stack/glance/glance/api/middleware/version_negotiation.py:69}}
Jul 17 16:48:53.652122 np0000005354 devstack@g-api.service[99716]: DEBUG glance.api.middleware.version_negotiation [None req-b1c2ec4c-5ece-4170-b4ac-fbd7246dadae tempest-AttachVolumeShelveTestJSON-15412887 tempest-AttachVolumeShelveTestJSON-15412887-project-member] new path /v2/schemas/image {{(pid=99716) process_request /opt/stack/glance/glance/api/middleware/version_negotiation.py:70}}
Jul 17 16:48:53.656757 np0000005354 devstack@g-api.service[99716]: [pid: 99716|app: 0|req: 102/311] 127.0.0.1 () {44 vars in 1051 bytes} [Fri Jul 17 16:48:53 2026] GET /v2/schemas/image => generated 6083 bytes in 5 msecs (HTTP/1.1 200) 4 headers in 158 bytes (1 switches on core 0)
Jul 17 16:48:53.674890 np0000005354 devstack@g-api.service[99714]: DEBUG glance.api.middleware.version_negotiation [None req-a9feaed1-c1bd-48b4-ab49-fa0117f0cf70 tempest-VolumesActionsTest-1120686599 tempest-VolumesActionsTest-1120686599-project-member] Determining version of request: GET /v2/images/31bc86eb-996b-4395-9855-397e9fd9de36 Accept: application/json {{(pid=99714) process_request /opt/stack/glance/glance/api/middleware/version_negotiation.py:44}}
Jul 17 16:48:53.675720 np0000005354 devstack@g-api.service[99714]: DEBUG glance.api.middleware.version_negotiation [None req-a9feaed1-c1bd-48b4-ab49-fa0117f0cf70 tempest-VolumesActionsTest-1120686599 tempest-VolumesActionsTest-1120686599-project-member] Using url versioning {{(pid=99714) process_request /opt/stack/glance/glance/api/middleware/version_negotiation.py:57}}
Jul 17 16:48:53.675720 np0000005354 devstack@g-api.service[99714]: DEBUG glance.api.middleware.version_negotiation [None req-a9feaed1-c1bd-48b4-ab49-fa0117f0cf70 tempest-VolumesActionsTest-1120686599 tempest-VolumesActionsTest-1120686599-project-member] Matched version: v2 {{(pid=99714) process_request /opt/stack/glance/glance/api/middleware/version_negotiation.py:69}}
Jul 17 16:48:53.675720 np0000005354 devstack@g-api.service[99714]: DEBUG glance.api.middleware.version_negotiation [None req-a9feaed1-c1bd-48b4-ab49-fa0117f0cf70 tempest-VolumesActionsTest-1120686599 tempest-VolumesActionsTest-1120686599-project-member] new path /v2/images/31bc86eb-996b-4395-9855-397e9fd9de36 {{(pid=99714) process_request /opt/stack/glance/glance/api/middleware/version_negotiation.py:70}}
Jul 17 16:48:53.691355 np0000005354 devstack@g-api.service[99714]: [pid: 99714|app: 0|req: 99/312] 127.0.0.1 () {40 vars in 834 bytes} [Fri Jul 17 16:48:53 2026] GET /v2/images/31bc86eb-996b-4395-9855-397e9fd9de36 => generated 650 bytes in 16 msecs (HTTP/1.1 200) 4 headers in 157 bytes (1 switches on core 0)
Jul 17 16:48:54.019117 np0000005354 devstack@g-api.service[99715]: DEBUG glance.api.middleware.version_negotiation [None req-a9feaed1-c1bd-48b4-ab49-fa0117f0cf70 tempest-VolumesActionsTest-1120686599 tempest-VolumesActionsTest-1120686599-project-member] Determining version of request: PUT /v2/images/31bc86eb-996b-4395-9855-397e9fd9de36/file Accept: */* {{(pid=99715) process_request /opt/stack/glance/glance/api/middleware/version_negotiation.py:44}}
Jul 17 16:48:54.019675 np0000005354 devstack@g-api.service[99715]: DEBUG glance.api.middleware.version_negotiation [None req-a9feaed1-c1bd-48b4-ab49-fa0117f0cf70 tempest-VolumesActionsTest-1120686599 tempest-VolumesActionsTest-1120686599-project-member] Using url versioning {{(pid=99715) process_request /opt/stack/glance/glance/api/middleware/version_negotiation.py:57}}
Jul 17 16:48:54.019675 np0000005354 devstack@g-api.service[99715]: DEBUG glance.api.middleware.version_negotiation [None req-a9feaed1-c1bd-48b4-ab49-fa0117f0cf70 tempest-VolumesActionsTest-1120686599 tempest-VolumesActionsTest-1120686599-project-member] Matched version: v2 {{(pid=99715) process_request /opt/stack/glance/glance/api/middleware/version_negotiation.py:69}}
Jul 17 16:48:54.019675 np0000005354 devstack@g-api.service[99715]: DEBUG glance.api.middleware.version_negotiation [None req-a9feaed1-c1bd-48b4-ab49-fa0117f0cf70 tempest-VolumesActionsTest-1120686599 tempest-VolumesActionsTest-1120686599-project-member] new path /v2/images/31bc86eb-996b-4395-9855-397e9fd9de36/file {{(pid=99715) process_request /opt/stack/glance/glance/api/middleware/version_negotiation.py:70}}
Jul 17 16:48:54.706159 np0000005354 devstack@g-api.service[99716]: DEBUG glance.api.middleware.version_negotiation [None req-a9feaed1-c1bd-48b4-ab49-fa0117f0cf70 tempest-VolumesActionsTest-1120686599 tempest-VolumesActionsTest-1120686599-project-member] Determining version of request: GET /v2/images/31bc86eb-996b-4395-9855-397e9fd9de36 Accept: application/json {{(pid=99716) process_request /opt/stack/glance/glance/api/middleware/version_negotiation.py:44}}
Jul 17 16:48:54.706159 np0000005354 devstack@g-api.service[99716]: DEBUG glance.api.middleware.version_negotiation [None req-a9feaed1-c1bd-48b4-ab49-fa0117f0cf70 tempest-VolumesActionsTest-1120686599 tempest-VolumesActionsTest-1120686599-project-member] Using url versioning {{(pid=99716) process_request /opt/stack/glance/glance/api/middleware/version_negotiation.py:57}}
Jul 17 16:48:54.706159 np0000005354 devstack@g-api.service[99716]: DEBUG glance.api.middleware.version_negotiation [None req-a9feaed1-c1bd-48b4-ab49-fa0117f0cf70 tempest-VolumesActionsTest-1120686599 tempest-VolumesActionsTest-1120686599-project-member] Matched version: v2 {{(pid=99716) process_request /opt/stack/glance/glance/api/middleware/version_negotiation.py:69}}
Jul 17 16:48:54.706159 np0000005354 devstack@g-api.service[99716]: DEBUG glance.api.middleware.version_negotiation [None req-a9feaed1-c1bd-48b4-ab49-fa0117f0cf70 tempest-VolumesActionsTest-1120686599 tempest-VolumesActionsTest-1120686599-project-member] new path /v2/images/31bc86eb-996b-4395-9855-397e9fd9de36 {{(pid=99716) process_request /opt/stack/glance/glance/api/middleware/version_negotiation.py:70}}
Jul 17 16:48:54.716296 np0000005354 devstack@g-api.service[99716]: [pid: 99716|app: 0|req: 103/313] 127.0.0.1 () {40 vars in 834 bytes} [Fri Jul 17 16:48:54 2026] GET /v2/images/31bc86eb-996b-4395-9855-397e9fd9de36 => generated 650 bytes in 12 msecs (HTTP/1.1 200) 4 headers in 157 bytes (1 switches on core 0)
Jul 17 16:48:54.737710 np0000005354 devstack@g-api.service[99715]: INFO glance.api.v2.image_data [None req-a9feaed1-c1bd-48b4-ab49-fa0117f0cf70 tempest-VolumesActionsTest-1120686599 tempest-VolumesActionsTest-1120686599-project-member] Unable to create trust: no such option collect_timing in group [keystone_authtoken] Use the existing user token.
Jul 17 16:48:55.401570 np0000005354 devstack@g-api.service[99715]: DEBUG glance.location [None req-a9feaed1-c1bd-48b4-ab49-fa0117f0cf70 tempest-VolumesActionsTest-1120686599 tempest-VolumesActionsTest-1120686599-project-member] Enabling in-flight format inspection for raw {{(pid=99715) set_data /opt/stack/glance/glance/location.py:596}}
Jul 17 16:48:55.402207 np0000005354 devstack@g-api.service[99715]: DEBUG glance_store.backend [None req-a9feaed1-c1bd-48b4-ab49-fa0117f0cf70 tempest-VolumesActionsTest-1120686599 tempest-VolumesActionsTest-1120686599-project-member] Attempting to import store swift {{(pid=99715) _load_store /opt/stack/data/venv/lib/python3.12/site-packages/glance_store/backend.py:215}}
Jul 17 16:48:55.405088 np0000005354 devstack@g-api.service[99715]: DEBUG glance_store.capabilities [None req-a9feaed1-c1bd-48b4-ab49-fa0117f0cf70 tempest-VolumesActionsTest-1120686599 tempest-VolumesActionsTest-1120686599-project-member] Store glance_store._drivers.swift.store.SingleTenantStore doesn't support updating dynamic storage capabilities. Please overwrite 'update_capabilities' method of the store to implement updating logics if needed. {{(pid=99715) update_capabilities /opt/stack/data/venv/lib/python3.12/site-packages/glance_store/capabilities.py:91}}
Jul 17 16:48:55.405465 np0000005354 devstack@g-api.service[99715]: DEBUG glance_store.driver [None req-a9feaed1-c1bd-48b4-ab49-fa0117f0cf70 tempest-VolumesActionsTest-1120686599 tempest-VolumesActionsTest-1120686599-project-member] Late loading location class glance_store._drivers.swift.store.StoreLocation {{(pid=99715) get_store_location_class /opt/stack/data/venv/lib/python3.12/site-packages/glance_store/driver.py:134}}
Jul 17 16:48:55.405465 np0000005354 devstack@g-api.service[99715]: DEBUG glance_store.location [None req-a9feaed1-c1bd-48b4-ab49-fa0117f0cf70 tempest-VolumesActionsTest-1120686599 tempest-VolumesActionsTest-1120686599-project-member] Registering scheme swift+https with {'store': , 'location_class': , 'store_entry': 'swift'} {{(pid=99715) register_scheme_map /opt/stack/data/venv/lib/python3.12/site-packages/glance_store/location.py:146}}
Jul 17 16:48:55.405677 np0000005354 devstack@g-api.service[99715]: DEBUG glance_store.location [None req-a9feaed1-c1bd-48b4-ab49-fa0117f0cf70 tempest-VolumesActionsTest-1120686599 tempest-VolumesActionsTest-1120686599-project-member] Registering scheme swift+https with {'store': , 'location_class': , 'store_entry': 'swift'} {{(pid=99715) register_scheme_map /opt/stack/data/venv/lib/python3.12/site-packages/glance_store/location.py:146}}
Jul 17 16:48:55.405677 np0000005354 devstack@g-api.service[99715]: DEBUG glance_store.location [None req-a9feaed1-c1bd-48b4-ab49-fa0117f0cf70 tempest-VolumesActionsTest-1120686599 tempest-VolumesActionsTest-1120686599-project-member] Registering scheme swift with {'store': , 'location_class': , 'store_entry': 'swift'} {{(pid=99715) register_scheme_map /opt/stack/data/venv/lib/python3.12/site-packages/glance_store/location.py:146}}
Jul 17 16:48:55.405882 np0000005354 devstack@g-api.service[99715]: DEBUG glance_store.location [None req-a9feaed1-c1bd-48b4-ab49-fa0117f0cf70 tempest-VolumesActionsTest-1120686599 tempest-VolumesActionsTest-1120686599-project-member] Registering scheme swift+https with {'store': , 'location_class': , 'store_entry': 'swift'} {{(pid=99715) register_scheme_map /opt/stack/data/venv/lib/python3.12/site-packages/glance_store/location.py:146}}
Jul 17 16:48:55.405882 np0000005354 devstack@g-api.service[99715]: DEBUG glance_store.location [None req-a9feaed1-c1bd-48b4-ab49-fa0117f0cf70 tempest-VolumesActionsTest-1120686599 tempest-VolumesActionsTest-1120686599-project-member] Registering scheme swift with {'store': , 'location_class': , 'store_entry': 'swift'} {{(pid=99715) register_scheme_map /opt/stack/data/venv/lib/python3.12/site-packages/glance_store/location.py:146}}
Jul 17 16:48:55.405882 np0000005354 devstack@g-api.service[99715]: DEBUG glance_store.location [None req-a9feaed1-c1bd-48b4-ab49-fa0117f0cf70 tempest-VolumesActionsTest-1120686599 tempest-VolumesActionsTest-1120686599-project-member] Registering scheme swift+http with {'store': , 'location_class': , 'store_entry': 'swift'} {{(pid=99715) register_scheme_map /opt/stack/data/venv/lib/python3.12/site-packages/glance_store/location.py:146}}
Jul 17 16:48:55.406066 np0000005354 devstack@g-api.service[99715]: DEBUG glance_store.location [None req-a9feaed1-c1bd-48b4-ab49-fa0117f0cf70 tempest-VolumesActionsTest-1120686599 tempest-VolumesActionsTest-1120686599-project-member] Registering scheme swift+https with {'store': , 'location_class': , 'store_entry': 'swift'} {{(pid=99715) register_scheme_map /opt/stack/data/venv/lib/python3.12/site-packages/glance_store/location.py:146}}
Jul 17 16:48:55.406066 np0000005354 devstack@g-api.service[99715]: DEBUG glance_store.location [None req-a9feaed1-c1bd-48b4-ab49-fa0117f0cf70 tempest-VolumesActionsTest-1120686599 tempest-VolumesActionsTest-1120686599-project-member] Registering scheme swift with {'store': , 'location_class': , 'store_entry': 'swift'} {{(pid=99715) register_scheme_map /opt/stack/data/venv/lib/python3.12/site-packages/glance_store/location.py:146}}
Jul 17 16:48:55.406169 np0000005354 devstack@g-api.service[99715]: DEBUG glance_store.location [None req-a9feaed1-c1bd-48b4-ab49-fa0117f0cf70 tempest-VolumesActionsTest-1120686599 tempest-VolumesActionsTest-1120686599-project-member] Registering scheme swift+http with {'store': , 'location_class': , 'store_entry': 'swift'} {{(pid=99715) register_scheme_map /opt/stack/data/venv/lib/python3.12/site-packages/glance_store/location.py:146}}
Jul 17 16:48:55.406169 np0000005354 devstack@g-api.service[99715]: DEBUG glance_store.location [None req-a9feaed1-c1bd-48b4-ab49-fa0117f0cf70 tempest-VolumesActionsTest-1120686599 tempest-VolumesActionsTest-1120686599-project-member] Registering scheme swift+config with {'store': , 'location_class': , 'store_entry': 'swift'} {{(pid=99715) register_scheme_map /opt/stack/data/venv/lib/python3.12/site-packages/glance_store/location.py:146}}
Jul 17 16:48:55.693214 np0000005354 devstack@g-api.service[99715]: DEBUG swiftclient [None req-a9feaed1-c1bd-48b4-ab49-fa0117f0cf70 tempest-VolumesActionsTest-1120686599 tempest-VolumesActionsTest-1120686599-project-member] REQ: curl -i https://10.4.3.31:8080/v1/AUTH_292fcec9a37e4cc89ebca8d911ed9372/glance -I -H "X-Auth-Token: gAAAAABqWlz3J198..." {{(pid=99715) http_log /opt/stack/data/venv/lib/python3.12/site-packages/swiftclient/client.py:160}}
Jul 17 16:48:55.693214 np0000005354 devstack@g-api.service[99715]: DEBUG swiftclient [None req-a9feaed1-c1bd-48b4-ab49-fa0117f0cf70 tempest-VolumesActionsTest-1120686599 tempest-VolumesActionsTest-1120686599-project-member] RESP STATUS: 204 No Content {{(pid=99715) http_log /opt/stack/data/venv/lib/python3.12/site-packages/swiftclient/client.py:161}}
Jul 17 16:48:55.693214 np0000005354 devstack@g-api.service[99715]: DEBUG swiftclient [None req-a9feaed1-c1bd-48b4-ab49-fa0117f0cf70 tempest-VolumesActionsTest-1120686599 tempest-VolumesActionsTest-1120686599-project-member] RESP HEADERS: {'Date': 'Fri, 17 Jul 2026 16:48:55 GMT', 'Server': 'Apache/2.4.58 (Ubuntu)', 'Content-Type': 'text/plain; charset=utf-8', 'X-Container-Object-Count': '3', 'X-Container-Bytes-Used': '64356352', 'X-Timestamp': '1784306570.59512', 'Last-Modified': 'Fri, 17 Jul 2026 16:42:51 GMT', 'Accept-Ranges': 'bytes', 'X-Storage-Policy': 'Policy-0', 'X-Container-Sharding': 'False', 'Vary': 'Accept', 'X-Trans-Id': 'txa0aba4992d894161951b1-006a5a5cf7', 'X-Openstack-Request-Id': 'txa0aba4992d894161951b1-006a5a5cf7', 'Connection': 'close'} {{(pid=99715) http_log /opt/stack/data/venv/lib/python3.12/site-packages/swiftclient/client.py:162}}
Jul 17 16:48:55.693214 np0000005354 devstack@g-api.service[99715]: DEBUG glance_store._drivers.swift.store [None req-a9feaed1-c1bd-48b4-ab49-fa0117f0cf70 tempest-VolumesActionsTest-1120686599 tempest-VolumesActionsTest-1120686599-project-member] Adding image object '31bc86eb-996b-4395-9855-397e9fd9de36' to Swift {{(pid=99715) add /opt/stack/data/venv/lib/python3.12/site-packages/glance_store/_drivers/swift/store.py:970}}
Jul 17 16:48:55.693214 np0000005354 devstack@g-api.service[99715]: DEBUG glance_store._drivers.swift.store [None req-a9feaed1-c1bd-48b4-ab49-fa0117f0cf70 tempest-VolumesActionsTest-1120686599 tempest-VolumesActionsTest-1120686599-project-member] Cannot determine image size because it is either not provided in the request or chunked-transfer encoding is used. Adding image as a segmented object to Swift. {{(pid=99715) add /opt/stack/data/venv/lib/python3.12/site-packages/glance_store/_drivers/swift/store.py:994}}
Jul 17 16:48:55.703777 np0000005354 devstack@g-api.service[99715]: DEBUG oslo_utils.imageutils.format_inspector [None req-a9feaed1-c1bd-48b4-ab49-fa0117f0cf70 tempest-VolumesActionsTest-1120686599 tempest-VolumesActionsTest-1120686599-project-member] Format inspector for vmdk does not match, excluding from consideration (Signature KDMV not found: b'\x00\x00\x00\x00') {{(pid=99715) _process_chunk /opt/stack/data/venv/lib/python3.12/site-packages/oslo_utils/imageutils/format_inspector.py:1758}}
Jul 17 16:48:55.707099 np0000005354 devstack@g-api.service[99715]: DEBUG oslo_utils.imageutils.format_inspector [None req-a9feaed1-c1bd-48b4-ab49-fa0117f0cf70 tempest-VolumesActionsTest-1120686599 tempest-VolumesActionsTest-1120686599-project-member] Format inspector for vhdx does not match, excluding from consideration (Region signature not found at 30000) {{(pid=99715) _process_chunk /opt/stack/data/venv/lib/python3.12/site-packages/oslo_utils/imageutils/format_inspector.py:1758}}
Jul 17 16:48:55.732640 np0000005354 devstack@g-api.service[99714]: DEBUG glance.api.middleware.version_negotiation [None req-68542dcd-35df-44de-8dd2-7023258c3d80 tempest-VolumesActionsTest-1120686599 tempest-VolumesActionsTest-1120686599-project-member] Determining version of request: GET /v2/images/31bc86eb-996b-4395-9855-397e9fd9de36 Accept: application/json {{(pid=99714) process_request /opt/stack/glance/glance/api/middleware/version_negotiation.py:44}}
Jul 17 16:48:55.733222 np0000005354 devstack@g-api.service[99714]: DEBUG glance.api.middleware.version_negotiation [None req-68542dcd-35df-44de-8dd2-7023258c3d80 tempest-VolumesActionsTest-1120686599 tempest-VolumesActionsTest-1120686599-project-member] Using url versioning {{(pid=99714) process_request /opt/stack/glance/glance/api/middleware/version_negotiation.py:57}}
Jul 17 16:48:55.733222 np0000005354 devstack@g-api.service[99714]: DEBUG glance.api.middleware.version_negotiation [None req-68542dcd-35df-44de-8dd2-7023258c3d80 tempest-VolumesActionsTest-1120686599 tempest-VolumesActionsTest-1120686599-project-member] Matched version: v2 {{(pid=99714) process_request /opt/stack/glance/glance/api/middleware/version_negotiation.py:69}}
Jul 17 16:48:55.733222 np0000005354 devstack@g-api.service[99714]: DEBUG glance.api.middleware.version_negotiation [None req-68542dcd-35df-44de-8dd2-7023258c3d80 tempest-VolumesActionsTest-1120686599 tempest-VolumesActionsTest-1120686599-project-member] new path /v2/images/31bc86eb-996b-4395-9855-397e9fd9de36 {{(pid=99714) process_request /opt/stack/glance/glance/api/middleware/version_negotiation.py:70}}
Jul 17 16:48:55.753765 np0000005354 devstack@g-api.service[99714]: [pid: 99714|app: 0|req: 100/314] 127.0.0.1 () {40 vars in 834 bytes} [Fri Jul 17 16:48:55 2026] GET /v2/images/31bc86eb-996b-4395-9855-397e9fd9de36 => generated 650 bytes in 21 msecs (HTTP/1.1 200) 4 headers in 157 bytes (1 switches on core 0)
Jul 17 16:48:56.765733 np0000005354 devstack@g-api.service[99716]: DEBUG glance.api.middleware.version_negotiation [None req-37f79dbf-a3fa-4648-9403-afac9ed7e497 tempest-VolumesActionsTest-1120686599 tempest-VolumesActionsTest-1120686599-project-member] Determining version of request: GET /v2/images/31bc86eb-996b-4395-9855-397e9fd9de36 Accept: application/json {{(pid=99716) process_request /opt/stack/glance/glance/api/middleware/version_negotiation.py:44}}
Jul 17 16:48:56.766215 np0000005354 devstack@g-api.service[99716]: DEBUG glance.api.middleware.version_negotiation [None req-37f79dbf-a3fa-4648-9403-afac9ed7e497 tempest-VolumesActionsTest-1120686599 tempest-VolumesActionsTest-1120686599-project-member] Using url versioning {{(pid=99716) process_request /opt/stack/glance/glance/api/middleware/version_negotiation.py:57}}
Jul 17 16:48:56.766215 np0000005354 devstack@g-api.service[99716]: DEBUG glance.api.middleware.version_negotiation [None req-37f79dbf-a3fa-4648-9403-afac9ed7e497 tempest-VolumesActionsTest-1120686599 tempest-VolumesActionsTest-1120686599-project-member] Matched version: v2 {{(pid=99716) process_request /opt/stack/glance/glance/api/middleware/version_negotiation.py:69}}
Jul 17 16:48:56.766305 np0000005354 devstack@g-api.service[99716]: DEBUG glance.api.middleware.version_negotiation [None req-37f79dbf-a3fa-4648-9403-afac9ed7e497 tempest-VolumesActionsTest-1120686599 tempest-VolumesActionsTest-1120686599-project-member] new path /v2/images/31bc86eb-996b-4395-9855-397e9fd9de36 {{(pid=99716) process_request /opt/stack/glance/glance/api/middleware/version_negotiation.py:70}}
Jul 17 16:48:56.791296 np0000005354 devstack@g-api.service[99716]: [pid: 99716|app: 0|req: 104/315] 127.0.0.1 () {40 vars in 834 bytes} [Fri Jul 17 16:48:56 2026] GET /v2/images/31bc86eb-996b-4395-9855-397e9fd9de36 => generated 650 bytes in 26 msecs (HTTP/1.1 200) 4 headers in 157 bytes (1 switches on core 0)
Jul 17 16:48:57.801795 np0000005354 devstack@g-api.service[99714]: DEBUG glance.api.middleware.version_negotiation [None req-7db2cc1d-1b5c-4b02-9a74-398b66332f84 tempest-VolumesActionsTest-1120686599 tempest-VolumesActionsTest-1120686599-project-member] Determining version of request: GET /v2/images/31bc86eb-996b-4395-9855-397e9fd9de36 Accept: application/json {{(pid=99714) process_request /opt/stack/glance/glance/api/middleware/version_negotiation.py:44}}
Jul 17 16:48:57.802175 np0000005354 devstack@g-api.service[99714]: DEBUG glance.api.middleware.version_negotiation [None req-7db2cc1d-1b5c-4b02-9a74-398b66332f84 tempest-VolumesActionsTest-1120686599 tempest-VolumesActionsTest-1120686599-project-member] Using url versioning {{(pid=99714) process_request /opt/stack/glance/glance/api/middleware/version_negotiation.py:57}}
Jul 17 16:48:57.802295 np0000005354 devstack@g-api.service[99714]: DEBUG glance.api.middleware.version_negotiation [None req-7db2cc1d-1b5c-4b02-9a74-398b66332f84 tempest-VolumesActionsTest-1120686599 tempest-VolumesActionsTest-1120686599-project-member] Matched version: v2 {{(pid=99714) process_request /opt/stack/glance/glance/api/middleware/version_negotiation.py:69}}
Jul 17 16:48:57.802477 np0000005354 devstack@g-api.service[99714]: DEBUG glance.api.middleware.version_negotiation [None req-7db2cc1d-1b5c-4b02-9a74-398b66332f84 tempest-VolumesActionsTest-1120686599 tempest-VolumesActionsTest-1120686599-project-member] new path /v2/images/31bc86eb-996b-4395-9855-397e9fd9de36 {{(pid=99714) process_request /opt/stack/glance/glance/api/middleware/version_negotiation.py:70}}
Jul 17 16:48:57.836898 np0000005354 devstack@g-api.service[99714]: [pid: 99714|app: 0|req: 101/316] 127.0.0.1 () {40 vars in 834 bytes} [Fri Jul 17 16:48:57 2026] GET /v2/images/31bc86eb-996b-4395-9855-397e9fd9de36 => generated 650 bytes in 35 msecs (HTTP/1.1 200) 4 headers in 157 bytes (1 switches on core 0)
Jul 17 16:48:58.849095 np0000005354 devstack@g-api.service[99716]: DEBUG glance.api.middleware.version_negotiation [None req-6b259593-c97d-4c92-b99e-3aab3e036120 tempest-VolumesActionsTest-1120686599 tempest-VolumesActionsTest-1120686599-project-member] Determining version of request: GET /v2/images/31bc86eb-996b-4395-9855-397e9fd9de36 Accept: application/json {{(pid=99716) process_request /opt/stack/glance/glance/api/middleware/version_negotiation.py:44}}
Jul 17 16:48:58.849095 np0000005354 devstack@g-api.service[99716]: DEBUG glance.api.middleware.version_negotiation [None req-6b259593-c97d-4c92-b99e-3aab3e036120 tempest-VolumesActionsTest-1120686599 tempest-VolumesActionsTest-1120686599-project-member] Using url versioning {{(pid=99716) process_request /opt/stack/glance/glance/api/middleware/version_negotiation.py:57}}
Jul 17 16:48:58.849095 np0000005354 devstack@g-api.service[99716]: DEBUG glance.api.middleware.version_negotiation [None req-6b259593-c97d-4c92-b99e-3aab3e036120 tempest-VolumesActionsTest-1120686599 tempest-VolumesActionsTest-1120686599-project-member] Matched version: v2 {{(pid=99716) process_request /opt/stack/glance/glance/api/middleware/version_negotiation.py:69}}
Jul 17 16:48:58.849095 np0000005354 devstack@g-api.service[99716]: DEBUG glance.api.middleware.version_negotiation [None req-6b259593-c97d-4c92-b99e-3aab3e036120 tempest-VolumesActionsTest-1120686599 tempest-VolumesActionsTest-1120686599-project-member] new path /v2/images/31bc86eb-996b-4395-9855-397e9fd9de36 {{(pid=99716) process_request /opt/stack/glance/glance/api/middleware/version_negotiation.py:70}}
Jul 17 16:48:58.863809 np0000005354 devstack@g-api.service[99716]: [pid: 99716|app: 0|req: 105/317] 127.0.0.1 () {40 vars in 834 bytes} [Fri Jul 17 16:48:58 2026] GET /v2/images/31bc86eb-996b-4395-9855-397e9fd9de36 => generated 650 bytes in 17 msecs (HTTP/1.1 200) 4 headers in 157 bytes (1 switches on core 0)
Jul 17 16:48:58.925898 np0000005354 devstack@g-api.service[99715]: DEBUG swiftclient [None req-a9feaed1-c1bd-48b4-ab49-fa0117f0cf70 tempest-VolumesActionsTest-1120686599 tempest-VolumesActionsTest-1120686599-project-member] REQ: curl -i https://10.4.3.31:8080/v1/AUTH_292fcec9a37e4cc89ebca8d911ed9372/glance/31bc86eb-996b-4395-9855-397e9fd9de36-00001 -X PUT -H "X-Auth-Token: gAAAAABqWlz3J198..." {{(pid=99715) http_log /opt/stack/data/venv/lib/python3.12/site-packages/swiftclient/client.py:160}}
Jul 17 16:48:58.926570 np0000005354 devstack@g-api.service[99715]: DEBUG swiftclient [None req-a9feaed1-c1bd-48b4-ab49-fa0117f0cf70 tempest-VolumesActionsTest-1120686599 tempest-VolumesActionsTest-1120686599-project-member] RESP STATUS: 201 Created {{(pid=99715) http_log /opt/stack/data/venv/lib/python3.12/site-packages/swiftclient/client.py:161}}
Jul 17 16:48:58.926570 np0000005354 devstack@g-api.service[99715]: DEBUG swiftclient [None req-a9feaed1-c1bd-48b4-ab49-fa0117f0cf70 tempest-VolumesActionsTest-1120686599 tempest-VolumesActionsTest-1120686599-project-member] RESP HEADERS: {'Date': 'Fri, 17 Jul 2026 16:48:58 GMT', 'Server': 'Apache/2.4.58 (Ubuntu)', 'Content-Type': 'text/html; charset=UTF-8', 'Content-Length': '0', 'Etag': 'eda9a9889837ac4bc81d6387d92c1bec', 'Last-Modified': 'Fri, 17 Jul 2026 16:48:56 GMT', 'X-Trans-Id': 'txb814f1836bf34663b2b8f-006a5a5cf7', 'X-Openstack-Request-Id': 'txb814f1836bf34663b2b8f-006a5a5cf7', 'Connection': 'close'} {{(pid=99715) http_log /opt/stack/data/venv/lib/python3.12/site-packages/swiftclient/client.py:162}}
Jul 17 16:48:58.926570 np0000005354 devstack@g-api.service[99715]: DEBUG glance_store._drivers.swift.store [None req-a9feaed1-c1bd-48b4-ab49-fa0117f0cf70 tempest-VolumesActionsTest-1120686599 tempest-VolumesActionsTest-1120686599-project-member] Wrote chunk 31bc86eb-996b-4395-9855-397e9fd9de36-00001 (1/?) of length 204800000 to Swift returning MD5 of content: eda9a9889837ac4bc81d6387d92c1bec {{(pid=99715) add /opt/stack/data/venv/lib/python3.12/site-packages/glance_store/_drivers/swift/store.py:1059}}
Jul 17 16:48:59.889732 np0000005354 devstack@g-api.service[99714]: DEBUG glance.api.middleware.version_negotiation [None req-b0d2830a-44ae-449e-a057-04f01660aa5a tempest-VolumesActionsTest-1120686599 tempest-VolumesActionsTest-1120686599-project-member] Determining version of request: GET /v2/images/31bc86eb-996b-4395-9855-397e9fd9de36 Accept: application/json {{(pid=99714) process_request /opt/stack/glance/glance/api/middleware/version_negotiation.py:44}}
Jul 17 16:48:59.889732 np0000005354 devstack@g-api.service[99714]: DEBUG glance.api.middleware.version_negotiation [None req-b0d2830a-44ae-449e-a057-04f01660aa5a tempest-VolumesActionsTest-1120686599 tempest-VolumesActionsTest-1120686599-project-member] Using url versioning {{(pid=99714) process_request /opt/stack/glance/glance/api/middleware/version_negotiation.py:57}}
Jul 17 16:48:59.889732 np0000005354 devstack@g-api.service[99714]: DEBUG glance.api.middleware.version_negotiation [None req-b0d2830a-44ae-449e-a057-04f01660aa5a tempest-VolumesActionsTest-1120686599 tempest-VolumesActionsTest-1120686599-project-member] Matched version: v2 {{(pid=99714) process_request /opt/stack/glance/glance/api/middleware/version_negotiation.py:69}}
Jul 17 16:48:59.889732 np0000005354 devstack@g-api.service[99714]: DEBUG glance.api.middleware.version_negotiation [None req-b0d2830a-44ae-449e-a057-04f01660aa5a tempest-VolumesActionsTest-1120686599 tempest-VolumesActionsTest-1120686599-project-member] new path /v2/images/31bc86eb-996b-4395-9855-397e9fd9de36 {{(pid=99714) process_request /opt/stack/glance/glance/api/middleware/version_negotiation.py:70}}
Jul 17 16:48:59.909409 np0000005354 devstack@g-api.service[99714]: [pid: 99714|app: 0|req: 102/318] 127.0.0.1 () {40 vars in 834 bytes} [Fri Jul 17 16:48:59 2026] GET /v2/images/31bc86eb-996b-4395-9855-397e9fd9de36 => generated 650 bytes in 24 msecs (HTTP/1.1 200) 4 headers in 157 bytes (1 switches on core 0)
Jul 17 16:49:00.927033 np0000005354 devstack@g-api.service[99716]: DEBUG glance.api.middleware.version_negotiation [None req-baa3cb4c-78c0-4b8a-b85c-f068dd5508e0 tempest-VolumesActionsTest-1120686599 tempest-VolumesActionsTest-1120686599-project-member] Determining version of request: GET /v2/images/31bc86eb-996b-4395-9855-397e9fd9de36 Accept: application/json {{(pid=99716) process_request /opt/stack/glance/glance/api/middleware/version_negotiation.py:44}}
Jul 17 16:49:00.928792 np0000005354 devstack@g-api.service[99716]: DEBUG glance.api.middleware.version_negotiation [None req-baa3cb4c-78c0-4b8a-b85c-f068dd5508e0 tempest-VolumesActionsTest-1120686599 tempest-VolumesActionsTest-1120686599-project-member] Using url versioning {{(pid=99716) process_request /opt/stack/glance/glance/api/middleware/version_negotiation.py:57}}
Jul 17 16:49:00.928792 np0000005354 devstack@g-api.service[99716]: DEBUG glance.api.middleware.version_negotiation [None req-baa3cb4c-78c0-4b8a-b85c-f068dd5508e0 tempest-VolumesActionsTest-1120686599 tempest-VolumesActionsTest-1120686599-project-member] Matched version: v2 {{(pid=99716) process_request /opt/stack/glance/glance/api/middleware/version_negotiation.py:69}}
Jul 17 16:49:00.929538 np0000005354 devstack@g-api.service[99716]: DEBUG glance.api.middleware.version_negotiation [None req-baa3cb4c-78c0-4b8a-b85c-f068dd5508e0 tempest-VolumesActionsTest-1120686599 tempest-VolumesActionsTest-1120686599-project-member] new path /v2/images/31bc86eb-996b-4395-9855-397e9fd9de36 {{(pid=99716) process_request /opt/stack/glance/glance/api/middleware/version_negotiation.py:70}}
Jul 17 16:49:00.947891 np0000005354 devstack@g-api.service[99716]: [pid: 99716|app: 0|req: 106/319] 127.0.0.1 () {40 vars in 834 bytes} [Fri Jul 17 16:49:00 2026] GET /v2/images/31bc86eb-996b-4395-9855-397e9fd9de36 => generated 650 bytes in 23 msecs (HTTP/1.1 200) 4 headers in 157 bytes (1 switches on core 0)
Jul 17 16:49:01.644528 np0000005354 devstack@g-api.service[99715]: DEBUG swiftclient [None req-a9feaed1-c1bd-48b4-ab49-fa0117f0cf70 tempest-VolumesActionsTest-1120686599 tempest-VolumesActionsTest-1120686599-project-member] REQ: curl -i https://10.4.3.31:8080/v1/AUTH_292fcec9a37e4cc89ebca8d911ed9372/glance/31bc86eb-996b-4395-9855-397e9fd9de36-00002 -X PUT -H "X-Auth-Token: gAAAAABqWlz3J198..." {{(pid=99715) http_log /opt/stack/data/venv/lib/python3.12/site-packages/swiftclient/client.py:160}}
Jul 17 16:49:01.645095 np0000005354 devstack@g-api.service[99715]: DEBUG swiftclient [None req-a9feaed1-c1bd-48b4-ab49-fa0117f0cf70 tempest-VolumesActionsTest-1120686599 tempest-VolumesActionsTest-1120686599-project-member] RESP STATUS: 201 Created {{(pid=99715) http_log /opt/stack/data/venv/lib/python3.12/site-packages/swiftclient/client.py:161}}
Jul 17 16:49:01.645095 np0000005354 devstack@g-api.service[99715]: DEBUG swiftclient [None req-a9feaed1-c1bd-48b4-ab49-fa0117f0cf70 tempest-VolumesActionsTest-1120686599 tempest-VolumesActionsTest-1120686599-project-member] RESP HEADERS: {'Date': 'Fri, 17 Jul 2026 16:49:01 GMT', 'Server': 'Apache/2.4.58 (Ubuntu)', 'Content-Type': 'text/html; charset=UTF-8', 'Content-Length': '0', 'Etag': 'eda9a9889837ac4bc81d6387d92c1bec', 'Last-Modified': 'Fri, 17 Jul 2026 16:48:59 GMT', 'X-Trans-Id': 'tx335fda52c0e547d1b4b30-006a5a5cfa', 'X-Openstack-Request-Id': 'tx335fda52c0e547d1b4b30-006a5a5cfa', 'Connection': 'close'} {{(pid=99715) http_log /opt/stack/data/venv/lib/python3.12/site-packages/swiftclient/client.py:162}}
Jul 17 16:49:01.645095 np0000005354 devstack@g-api.service[99715]: DEBUG glance_store._drivers.swift.store [None req-a9feaed1-c1bd-48b4-ab49-fa0117f0cf70 tempest-VolumesActionsTest-1120686599 tempest-VolumesActionsTest-1120686599-project-member] Wrote chunk 31bc86eb-996b-4395-9855-397e9fd9de36-00002 (2/?) of length 204800000 to Swift returning MD5 of content: eda9a9889837ac4bc81d6387d92c1bec {{(pid=99715) add /opt/stack/data/venv/lib/python3.12/site-packages/glance_store/_drivers/swift/store.py:1059}}
Jul 17 16:49:01.968676 np0000005354 devstack@g-api.service[99714]: DEBUG glance.api.middleware.version_negotiation [None req-a1c5a5f5-7baf-471a-be5f-ada2d66812e1 tempest-VolumesActionsTest-1120686599 tempest-VolumesActionsTest-1120686599-project-member] Determining version of request: GET /v2/images/31bc86eb-996b-4395-9855-397e9fd9de36 Accept: application/json {{(pid=99714) process_request /opt/stack/glance/glance/api/middleware/version_negotiation.py:44}}
Jul 17 16:49:01.968676 np0000005354 devstack@g-api.service[99714]: DEBUG glance.api.middleware.version_negotiation [None req-a1c5a5f5-7baf-471a-be5f-ada2d66812e1 tempest-VolumesActionsTest-1120686599 tempest-VolumesActionsTest-1120686599-project-member] Using url versioning {{(pid=99714) process_request /opt/stack/glance/glance/api/middleware/version_negotiation.py:57}}
Jul 17 16:49:01.968676 np0000005354 devstack@g-api.service[99714]: DEBUG glance.api.middleware.version_negotiation [None req-a1c5a5f5-7baf-471a-be5f-ada2d66812e1 tempest-VolumesActionsTest-1120686599 tempest-VolumesActionsTest-1120686599-project-member] Matched version: v2 {{(pid=99714) process_request /opt/stack/glance/glance/api/middleware/version_negotiation.py:69}}
