Jul 10 20:50:22.835394 np0000005057 devstack@neutron-api.service[87548]: INFO neutron.services.logapi.drivers.ovn.driver [None req-37eb1c15-0308-4c76-9880-4f457ed03587 None None] OVN logging driver registered
Jul 10 20:50:22.835394 np0000005057 devstack@neutron-api.service[87548]: DEBUG neutron_lib.callbacks.manager [None req-37eb1c15-0308-4c76-9880-4f457ed03587 None None] Subscribe: ._register_pvlan_driver at 0x76f0746ba840> pvlan_plugin before_spawn 55550000, False {{(pid=87548) subscribe /opt/stack/data/venv/lib/python3.12/site-packages/neutron_lib/callbacks/manager.py:52}}
Jul 10 20:50:22.835394 np0000005057 devstack@neutron-api.service[87548]: DEBUG neutron_lib.callbacks.manager [None req-37eb1c15-0308-4c76-9880-4f457ed03587 None None] Subscribe: process after_init 55550000, False {{(pid=87548) subscribe /opt/stack/data/venv/lib/python3.12/site-packages/neutron_lib/callbacks/manager.py:52}}
Jul 10 20:50:22.835625 np0000005057 devstack@neutron-api.service[87550]: INFO neutron.api.extensions [None req-449e6d91-40a4-470d-8b03-2d07ef690e46 None None] Loaded extension: dns-domain-ports
Jul 10 20:50:22.835625 np0000005057 devstack@neutron-api.service[87550]: DEBUG neutron.api.extensions [None req-449e6d91-40a4-470d-8b03-2d07ef690e46 None None] Loading extension file: dns_integration_domain_keywords.py {{(pid=87550) _load_all_extensions_from_path /opt/stack/neutron/neutron/api/extensions.py:449}}
Jul 10 20:50:22.835625 np0000005057 devstack@neutron-api.service[87550]: DEBUG neutron.api.extensions [None req-449e6d91-40a4-470d-8b03-2d07ef690e46 None None] Ext name="DNS domain names with keywords allowed" alias="dns-integration-domain-keywords" description="Allows to use keywords like , , and as DNS domain name" updated="2020-06-15T18:00:00-00:00" {{(pid=87550) _check_extension /opt/stack/neutron/neutron/api/extensions.py:415}}
Jul 10 20:50:22.835625 np0000005057 devstack@neutron-api.service[87550]: INFO neutron.api.extensions [None req-449e6d91-40a4-470d-8b03-2d07ef690e46 None None] Loaded extension: dns-integration-domain-keywords
Jul 10 20:50:22.835625 np0000005057 devstack@neutron-api.service[87550]: DEBUG neutron.api.extensions [None req-449e6d91-40a4-470d-8b03-2d07ef690e46 None None] Loading extension file: dvr.py {{(pid=87550) _load_all_extensions_from_path /opt/stack/neutron/neutron/api/extensions.py:449}}
Jul 10 20:50:22.835625 np0000005057 devstack@neutron-api.service[87550]: DEBUG neutron.api.extensions [None req-449e6d91-40a4-470d-8b03-2d07ef690e46 None None] Ext name="Distributed Virtual Router" alias="dvr" description="Enables configuration of Distributed Virtual Routers." updated="2014-06-1T10:00:00-00:00" {{(pid=87550) _check_extension /opt/stack/neutron/neutron/api/extensions.py:415}}
Jul 10 20:50:22.836298 np0000005057 devstack@neutron-api.service[87548]: DEBUG neutron.plugins.ml2.plugin [None req-37eb1c15-0308-4c76-9880-4f457ed03587 None None] neutron.plugins.ml2.plugin.Ml2Plugin method _start_rpc_notifiers called with arguments () {} {{(pid=87548) wrapper /opt/stack/data/venv/lib/python3.12/site-packages/oslo_log/helpers.py:77}}
Jul 10 20:50:22.836712 np0000005057 devstack@neutron-api.service[87550]: INFO neutron.api.extensions [None req-449e6d91-40a4-470d-8b03-2d07ef690e46 None None] Extension dvr not supported by any of loaded plugins
Jul 10 20:50:22.836712 np0000005057 devstack@neutron-api.service[87550]: DEBUG neutron.api.extensions [None req-449e6d91-40a4-470d-8b03-2d07ef690e46 None None] Loading extension file: ecmp_routes.py {{(pid=87550) _load_all_extensions_from_path /opt/stack/neutron/neutron/api/extensions.py:449}}
Jul 10 20:50:22.837237 np0000005057 devstack@neutron-api.service[87548]: DEBUG neutron_lib.callbacks.manager [None req-37eb1c15-0308-4c76-9880-4f457ed03587 None None] Subscribe: > port after_create 55550000, False {{(pid=87548) subscribe /opt/stack/data/venv/lib/python3.12/site-packages/neutron_lib/callbacks/manager.py:52}}
Jul 10 20:50:22.837237 np0000005057 devstack@neutron-api.service[87548]: DEBUG neutron_lib.callbacks.manager [None req-37eb1c15-0308-4c76-9880-4f457ed03587 None None] Subscribe: > port after_update 55550000, False {{(pid=87548) subscribe /opt/stack/data/venv/lib/python3.12/site-packages/neutron_lib/callbacks/manager.py:52}}
Jul 10 20:50:22.837754 np0000005057 devstack@neutron-api.service[87550]: DEBUG neutron.api.extensions [None req-449e6d91-40a4-470d-8b03-2d07ef690e46 None None] Ext name="Equal Cost Multipath Routing" alias="ecmp_routes" description="Allows traffic to reach thesame destination via multiple different links " updated="2020-11-26T18:00:00-00:00" {{(pid=87550) _check_extension /opt/stack/neutron/neutron/api/extensions.py:415}}
Jul 10 20:50:22.838260 np0000005057 devstack@neutron-api.service[87548]: DEBUG neutron_lib.callbacks.manager [None req-37eb1c15-0308-4c76-9880-4f457ed03587 None None] Subscribe: > port after_delete 55550000, False {{(pid=87548) subscribe /opt/stack/data/venv/lib/python3.12/site-packages/neutron_lib/callbacks/manager.py:52}}
Jul 10 20:50:22.838260 np0000005057 devstack@neutron-api.service[87548]: DEBUG neutron_lib.callbacks.manager [None req-37eb1c15-0308-4c76-9880-4f457ed03587 None None] Subscribe: > subnet after_create 55550000, False {{(pid=87548) subscribe /opt/stack/data/venv/lib/python3.12/site-packages/neutron_lib/callbacks/manager.py:52}}
Jul 10 20:50:22.838722 np0000005057 devstack@neutron-api.service[87550]: INFO neutron.api.extensions [None req-449e6d91-40a4-470d-8b03-2d07ef690e46 None None] Extension ecmp_routes not supported by any of loaded plugins
Jul 10 20:50:22.839148 np0000005057 devstack@neutron-api.service[87548]: DEBUG neutron_lib.callbacks.manager [None req-37eb1c15-0308-4c76-9880-4f457ed03587 None None] Subscribe: > subnet after_update 55550000, False {{(pid=87548) subscribe /opt/stack/data/venv/lib/python3.12/site-packages/neutron_lib/callbacks/manager.py:52}}
Jul 10 20:50:22.839148 np0000005057 devstack@neutron-api.service[87548]: DEBUG neutron_lib.callbacks.manager [None req-37eb1c15-0308-4c76-9880-4f457ed03587 None None] Subscribe: > subnet after_delete 55550000, False {{(pid=87548) subscribe /opt/stack/data/venv/lib/python3.12/site-packages/neutron_lib/callbacks/manager.py:52}}
Jul 10 20:50:22.839562 np0000005057 devstack@neutron-api.service[87550]: DEBUG neutron.api.extensions [None req-449e6d91-40a4-470d-8b03-2d07ef690e46 None None] Loading extension file: empty_string_filtering.py {{(pid=87550) _load_all_extensions_from_path /opt/stack/neutron/neutron/api/extensions.py:449}}
Jul 10 20:50:22.839795 np0000005057 devstack@neutron-api.service[87548]: DEBUG neutron_lib.callbacks.manager [None req-37eb1c15-0308-4c76-9880-4f457ed03587 None None] Subscribe: > network after_create 55550000, False {{(pid=87548) subscribe /opt/stack/data/venv/lib/python3.12/site-packages/neutron_lib/callbacks/manager.py:52}}
Jul 10 20:50:22.839795 np0000005057 devstack@neutron-api.service[87548]: DEBUG neutron_lib.callbacks.manager [None req-37eb1c15-0308-4c76-9880-4f457ed03587 None None] Subscribe: > network after_update 55550000, False {{(pid=87548) subscribe /opt/stack/data/venv/lib/python3.12/site-packages/neutron_lib/callbacks/manager.py:52}}
Jul 10 20:50:22.839795 np0000005057 devstack@neutron-api.service[87548]: DEBUG neutron_lib.callbacks.manager [None req-37eb1c15-0308-4c76-9880-4f457ed03587 None None] Subscribe: > network after_delete 55550000, False {{(pid=87548) subscribe /opt/stack/data/venv/lib/python3.12/site-packages/neutron_lib/callbacks/manager.py:52}}
Jul 10 20:50:22.839795 np0000005057 devstack@neutron-api.service[87548]: DEBUG neutron_lib.callbacks.manager [None req-37eb1c15-0308-4c76-9880-4f457ed03587 None None] Subscribe: > security_group after_create 55550000, False {{(pid=87548) subscribe /opt/stack/data/venv/lib/python3.12/site-packages/neutron_lib/callbacks/manager.py:52}}
Jul 10 20:50:22.840112 np0000005057 devstack@neutron-api.service[87550]: DEBUG neutron.api.extensions [None req-449e6d91-40a4-470d-8b03-2d07ef690e46 None None] Ext name="Empty String Filtering Extension" alias="empty-string-filtering" description="Allow filtering by attributes with empty string value" updated="2018-05-01T10:00:00-00:00" {{(pid=87550) _check_extension /opt/stack/neutron/neutron/api/extensions.py:415}}
Jul 10 20:50:22.840324 np0000005057 devstack@neutron-api.service[87548]: DEBUG neutron_lib.callbacks.manager [None req-37eb1c15-0308-4c76-9880-4f457ed03587 None None] Subscribe: > security_group after_update 55550000, False {{(pid=87548) subscribe /opt/stack/data/venv/lib/python3.12/site-packages/neutron_lib/callbacks/manager.py:52}}
Jul 10 20:50:22.840324 np0000005057 devstack@neutron-api.service[87548]: DEBUG neutron_lib.callbacks.manager [None req-37eb1c15-0308-4c76-9880-4f457ed03587 None None] Subscribe: > security_group after_delete 55550000, False {{(pid=87548) subscribe /opt/stack/data/venv/lib/python3.12/site-packages/neutron_lib/callbacks/manager.py:52}}
Jul 10 20:50:22.840653 np0000005057 devstack@neutron-api.service[87550]: INFO neutron.api.extensions [None req-449e6d91-40a4-470d-8b03-2d07ef690e46 None None] Loaded extension: empty-string-filtering
Jul 10 20:50:22.840887 np0000005057 devstack@neutron-api.service[87548]: DEBUG neutron_lib.callbacks.manager [None req-37eb1c15-0308-4c76-9880-4f457ed03587 None None] Subscribe: > security_group_rule after_create 55550000, False {{(pid=87548) subscribe /opt/stack/data/venv/lib/python3.12/site-packages/neutron_lib/callbacks/manager.py:52}}
Jul 10 20:50:22.840887 np0000005057 devstack@neutron-api.service[87548]: DEBUG neutron_lib.callbacks.manager [None req-37eb1c15-0308-4c76-9880-4f457ed03587 None None] Subscribe: > security_group_rule after_update 55550000, False {{(pid=87548) subscribe /opt/stack/data/venv/lib/python3.12/site-packages/neutron_lib/callbacks/manager.py:52}}
Jul 10 20:50:22.841190 np0000005057 devstack@neutron-api.service[87550]: DEBUG neutron.api.extensions [None req-449e6d91-40a4-470d-8b03-2d07ef690e46 None None] Loading extension file: evpn.py {{(pid=87550) _load_all_extensions_from_path /opt/stack/neutron/neutron/api/extensions.py:449}}
Jul 10 20:50:22.841509 np0000005057 devstack@neutron-api.service[87548]: DEBUG neutron_lib.callbacks.manager [None req-37eb1c15-0308-4c76-9880-4f457ed03587 None None] Subscribe: > security_group_rule after_delete 55550000, False {{(pid=87548) subscribe /opt/stack/data/venv/lib/python3.12/site-packages/neutron_lib/callbacks/manager.py:52}}
Jul 10 20:50:22.841509 np0000005057 devstack@neutron-api.service[87548]: DEBUG neutron_lib.callbacks.manager [None req-37eb1c15-0308-4c76-9880-4f457ed03587 None None] Subscribe: > address_group after_create 55550000, False {{(pid=87548) subscribe /opt/stack/data/venv/lib/python3.12/site-packages/neutron_lib/callbacks/manager.py:52}}
Jul 10 20:50:22.841509 np0000005057 devstack@neutron-api.service[87548]: DEBUG neutron_lib.callbacks.manager [None req-37eb1c15-0308-4c76-9880-4f457ed03587 None None] Subscribe: > address_group after_update 55550000, False {{(pid=87548) subscribe /opt/stack/data/venv/lib/python3.12/site-packages/neutron_lib/callbacks/manager.py:52}}
Jul 10 20:50:22.841509 np0000005057 devstack@neutron-api.service[87548]: DEBUG neutron_lib.callbacks.manager [None req-37eb1c15-0308-4c76-9880-4f457ed03587 None None] Subscribe: > address_group after_delete 55550000, False {{(pid=87548) subscribe /opt/stack/data/venv/lib/python3.12/site-packages/neutron_lib/callbacks/manager.py:52}}
Jul 10 20:50:22.841952 np0000005057 devstack@neutron-api.service[87550]: DEBUG neutron.api.extensions [None req-449e6d91-40a4-470d-8b03-2d07ef690e46 None None] Ext name="EVPN" alias="evpn" description="Router extension to support EVPN Type-5 route advertisement" updated="2026-04-28T00:00:00-00:00" {{(pid=87550) _check_extension /opt/stack/neutron/neutron/api/extensions.py:415}}
Jul 10 20:50:22.842254 np0000005057 devstack@neutron-api.service[87548]: DEBUG neutron.plugins.ml2.ovo_rpc [None req-37eb1c15-0308-4c76-9880-4f457ed03587 None None] ML2 OVO RPC backend initialized. {{(pid=87548) __init__ /opt/stack/neutron/neutron/plugins/ml2/ovo_rpc.py:117}}
Jul 10 20:50:22.842465 np0000005057 devstack@neutron-api.service[87550]: INFO neutron.api.extensions [None req-449e6d91-40a4-470d-8b03-2d07ef690e46 None None] Extension evpn not supported by any of loaded plugins
Jul 10 20:50:22.842465 np0000005057 devstack@neutron-api.service[87550]: DEBUG neutron.api.extensions [None req-449e6d91-40a4-470d-8b03-2d07ef690e46 None None] Loading extension file: expose_l3_conntrack_helper.py {{(pid=87550) _load_all_extensions_from_path /opt/stack/neutron/neutron/api/extensions.py:449}}
Jul 10 20:50:22.842465 np0000005057 devstack@neutron-api.service[87550]: DEBUG neutron.api.extensions [None req-449e6d91-40a4-470d-8b03-2d07ef690e46 None None] Ext name="Expose CT target rules for conntrack helper" alias="expose-l3-conntrack-helper" description="Expose allow adding CT target rules for conntrack helper" updated="2019-04-04T10:00:00-00:00" {{(pid=87550) _check_extension /opt/stack/neutron/neutron/api/extensions.py:415}}
Jul 10 20:50:22.842843 np0000005057 devstack@neutron-api.service[87548]: INFO neutron.quota [None req-37eb1c15-0308-4c76-9880-4f457ed03587 None None] Loaded quota_driver: .
Jul 10 20:50:22.843074 np0000005057 devstack@neutron-api.service[87550]: INFO neutron.api.extensions [None req-449e6d91-40a4-470d-8b03-2d07ef690e46 None None] Extension expose-l3-conntrack-helper not supported by any of loaded plugins
Jul 10 20:50:22.843270 np0000005057 devstack@neutron-api.service[87548]: INFO neutron.plugins.ml2.plugin [None req-37eb1c15-0308-4c76-9880-4f457ed03587 None None] Modular L2 Plugin initialization complete
Jul 10 20:50:22.843505 np0000005057 devstack@neutron-api.service[87550]: DEBUG neutron.api.extensions [None req-449e6d91-40a4-470d-8b03-2d07ef690e46 None None] Loading extension file: expose_port_forwarding_in_fip.py {{(pid=87550) _load_all_extensions_from_path /opt/stack/neutron/neutron/api/extensions.py:449}}
Jul 10 20:50:22.843623 np0000005057 devstack@neutron-api.service[87548]: DEBUG neutron.manager [None req-37eb1c15-0308-4c76-9880-4f457ed03587 None None] Loading services supported by the core plugin {{(pid=87548) _load_services_from_core_plugin /opt/stack/neutron/neutron/manager.py:167}}
Jul 10 20:50:22.843623 np0000005057 devstack@neutron-api.service[87548]: INFO neutron.plugins.ml2.managers [None req-37eb1c15-0308-4c76-9880-4f457ed03587 None None] Got port-security extension from driver 'port_security'
Jul 10 20:50:22.843862 np0000005057 devstack@neutron-api.service[87550]: DEBUG neutron.api.extensions [None req-449e6d91-40a4-470d-8b03-2d07ef690e46 None None] Ext name="Expose Floating IP port forwardings" alias="expose-port-forwarding-in-fip" description="Expose port forwarding fields in floating IP response" updated="2018-06-28T16:00:00-00:00" {{(pid=87550) _check_extension /opt/stack/neutron/neutron/api/extensions.py:415}}
Jul 10 20:50:22.844094 np0000005057 devstack@neutron-api.service[87548]: DEBUG neutron.manager [None req-37eb1c15-0308-4c76-9880-4f457ed03587 None None] Loading service plugins: ['ovn-router', 'auto_allocate', 'tag', 'timestamp', 'network_ip_availability', 'flavors', 'revisions'] {{(pid=87548) _load_service_plugins /opt/stack/neutron/neutron/manager.py:192}}
Jul 10 20:50:22.844094 np0000005057 devstack@neutron-api.service[87548]: INFO neutron.manager [None req-37eb1c15-0308-4c76-9880-4f457ed03587 None None] Loading Plugin: ovn-router
Jul 10 20:50:22.844371 np0000005057 devstack@neutron-api.service[87550]: INFO neutron.api.extensions [None req-449e6d91-40a4-470d-8b03-2d07ef690e46 None None] Extension expose-port-forwarding-in-fip not supported by any of loaded plugins
Jul 10 20:50:22.844371 np0000005057 devstack@neutron-api.service[87550]: DEBUG neutron.api.extensions [None req-449e6d91-40a4-470d-8b03-2d07ef690e46 None None] Loading extension file: external_net.py {{(pid=87550) _load_all_extensions_from_path /opt/stack/neutron/neutron/api/extensions.py:449}}
Jul 10 20:50:22.844371 np0000005057 devstack@neutron-api.service[87550]: DEBUG neutron.api.extensions [None req-449e6d91-40a4-470d-8b03-2d07ef690e46 None None] Ext name="Neutron external network" alias="external-net" description="Adds external network attribute to network resource." updated="2013-01-14T10:00:00-00:00" {{(pid=87550) _check_extension /opt/stack/neutron/neutron/api/extensions.py:415}}
Jul 10 20:50:22.844371 np0000005057 devstack@neutron-api.service[87550]: INFO neutron.api.extensions [None req-449e6d91-40a4-470d-8b03-2d07ef690e46 None None] Loaded extension: external-net
Jul 10 20:50:22.844371 np0000005057 devstack@neutron-api.service[87550]: DEBUG neutron.api.extensions [None req-449e6d91-40a4-470d-8b03-2d07ef690e46 None None] Loading extension file: extra_dhcp_opt.py {{(pid=87550) _load_all_extensions_from_path /opt/stack/neutron/neutron/api/extensions.py:449}}
Jul 10 20:50:22.844371 np0000005057 devstack@neutron-api.service[87550]: DEBUG neutron.api.extensions [None req-449e6d91-40a4-470d-8b03-2d07ef690e46 None None] Ext name="Neutron Extra DHCP options" alias="extra_dhcp_opt" description="Extra options configuration for DHCP. For example PXE boot options to DHCP clients can be specified (e.g. tftp-server, server-ip-address, bootfile-name)" updated="2013-03-17T12:00:00-00:00" {{(pid=87550) _check_extension /opt/stack/neutron/neutron/api/extensions.py:415}}
Jul 10 20:50:22.844371 np0000005057 devstack@neutron-api.service[87550]: INFO neutron.api.extensions [None req-449e6d91-40a4-470d-8b03-2d07ef690e46 None None] Loaded extension: extra_dhcp_opt
Jul 10 20:50:22.844874 np0000005057 devstack@neutron-api.service[87550]: DEBUG neutron.api.extensions [None req-449e6d91-40a4-470d-8b03-2d07ef690e46 None None] Loading extension file: extraroute.py {{(pid=87550) _load_all_extensions_from_path /opt/stack/neutron/neutron/api/extensions.py:449}}
Jul 10 20:50:22.844874 np0000005057 devstack@neutron-api.service[87550]: DEBUG neutron.api.extensions [None req-449e6d91-40a4-470d-8b03-2d07ef690e46 None None] Ext name="Neutron Extra Route" alias="extraroute" description="Extra routes configuration for L3 router" updated="2013-02-01T10:00:00-00:00" {{(pid=87550) _check_extension /opt/stack/neutron/neutron/api/extensions.py:415}}
Jul 10 20:50:22.844874 np0000005057 devstack@neutron-api.service[87550]: INFO neutron.api.extensions [None req-449e6d91-40a4-470d-8b03-2d07ef690e46 None None] Loaded extension: extraroute
Jul 10 20:50:22.844874 np0000005057 devstack@neutron-api.service[87550]: DEBUG neutron.api.extensions [None req-449e6d91-40a4-470d-8b03-2d07ef690e46 None None] Loading extension file: extraroute_atomic.py {{(pid=87550) _load_all_extensions_from_path /opt/stack/neutron/neutron/api/extensions.py:449}}
Jul 10 20:50:22.844874 np0000005057 devstack@neutron-api.service[87550]: DEBUG neutron.api.extensions [None req-449e6d91-40a4-470d-8b03-2d07ef690e46 None None] Ext name="Atomically add/remove extra routes" alias="extraroute-atomic" description="Edit extra routes of a router on server side by atomically adding/removing extra routes" updated="2019-07-10T00:00:00+00:00" {{(pid=87550) _check_extension /opt/stack/neutron/neutron/api/extensions.py:415}}
Jul 10 20:50:22.844874 np0000005057 devstack@neutron-api.service[87550]: INFO neutron.api.extensions [None req-449e6d91-40a4-470d-8b03-2d07ef690e46 None None] Loaded extension: extraroute-atomic
Jul 10 20:50:22.844874 np0000005057 devstack@neutron-api.service[87550]: DEBUG neutron.api.extensions [None req-449e6d91-40a4-470d-8b03-2d07ef690e46 None None] Loading extension file: filter_validation.py {{(pid=87550) _load_all_extensions_from_path /opt/stack/neutron/neutron/api/extensions.py:449}}
Jul 10 20:50:22.845474 np0000005057 devstack@neutron-api.service[87550]: DEBUG neutron.api.extensions [None req-449e6d91-40a4-470d-8b03-2d07ef690e46 None None] Ext name="Filter parameters validation" alias="filter-validation" description="Provides validation on filter parameters." updated="2018-07-04T10:00:00-00:00" {{(pid=87550) _check_extension /opt/stack/neutron/neutron/api/extensions.py:415}}
Jul 10 20:50:22.845474 np0000005057 devstack@neutron-api.service[87550]: INFO neutron.api.extensions [None req-449e6d91-40a4-470d-8b03-2d07ef690e46 None None] Loaded extension: filter-validation
Jul 10 20:50:22.845474 np0000005057 devstack@neutron-api.service[87550]: DEBUG neutron.api.extensions [None req-449e6d91-40a4-470d-8b03-2d07ef690e46 None None] Loading extension file: fip_pf_description.py {{(pid=87550) _load_all_extensions_from_path /opt/stack/neutron/neutron/api/extensions.py:449}}
Jul 10 20:50:22.845474 np0000005057 devstack@neutron-api.service[87550]: DEBUG neutron.api.extensions [None req-449e6d91-40a4-470d-8b03-2d07ef690e46 None None] Ext name="Floating IP Port Forwarding new attribute description" alias="floating-ip-port-forwarding-description" description="Add a description field to Port Forwarding rules" updated="2019-11-01T10:00:00-00:00" {{(pid=87550) _check_extension /opt/stack/neutron/neutron/api/extensions.py:415}}
Jul 10 20:50:22.845474 np0000005057 devstack@neutron-api.service[87550]: INFO neutron.api.extensions [None req-449e6d91-40a4-470d-8b03-2d07ef690e46 None None] Extension floating-ip-port-forwarding-description not supported by any of loaded plugins
Jul 10 20:50:22.845474 np0000005057 devstack@neutron-api.service[87550]: DEBUG neutron.api.extensions [None req-449e6d91-40a4-470d-8b03-2d07ef690e46 None None] Loading extension file: fip_pf_detail.py {{(pid=87550) _load_all_extensions_from_path /opt/stack/neutron/neutron/api/extensions.py:449}}
Jul 10 20:50:22.846086 np0000005057 devstack@neutron-api.service[87550]: DEBUG neutron.api.extensions [None req-449e6d91-40a4-470d-8b03-2d07ef690e46 None None] Ext name="Floating IP port forwarding detail" alias="floating-ip-port-forwarding-detail" description="Allow list floating ip return more port forwarding data, include'id' and 'internal_port_id'" updated="2022-05-06T10:00:00-00:00" {{(pid=87550) _check_extension /opt/stack/neutron/neutron/api/extensions.py:415}}
Jul 10 20:50:22.846086 np0000005057 devstack@neutron-api.service[87550]: INFO neutron.api.extensions [None req-449e6d91-40a4-470d-8b03-2d07ef690e46 None None] Loaded extension: floating-ip-port-forwarding-detail
Jul 10 20:50:22.846086 np0000005057 devstack@neutron-api.service[87550]: DEBUG neutron.api.extensions [None req-449e6d91-40a4-470d-8b03-2d07ef690e46 None None] Loading extension file: fip_pf_port_range.py {{(pid=87550) _load_all_extensions_from_path /opt/stack/neutron/neutron/api/extensions.py:449}}
Jul 10 20:50:22.846086 np0000005057 devstack@neutron-api.service[87550]: DEBUG neutron.api.extensions [None req-449e6d91-40a4-470d-8b03-2d07ef690e46 None None] Ext name="Floating IP Port Forwarding support port ranges" alias="floating-ip-port-forwarding-port-ranges" description="Add support to port ranges" updated="2020-07-01T10:00:00-00:00" {{(pid=87550) _check_extension /opt/stack/neutron/neutron/api/extensions.py:415}}
Jul 10 20:50:22.846086 np0000005057 devstack@neutron-api.service[87550]: INFO neutron.api.extensions [None req-449e6d91-40a4-470d-8b03-2d07ef690e46 None None] Extension floating-ip-port-forwarding-port-ranges not supported by any of loaded plugins
Jul 10 20:50:22.846086 np0000005057 devstack@neutron-api.service[87550]: DEBUG neutron.api.extensions [None req-449e6d91-40a4-470d-8b03-2d07ef690e46 None None] Loading extension file: fip_port_details.py {{(pid=87550) _load_all_extensions_from_path /opt/stack/neutron/neutron/api/extensions.py:449}}
Jul 10 20:50:22.846572 np0000005057 devstack@neutron-api.service[87550]: DEBUG neutron.api.extensions [None req-449e6d91-40a4-470d-8b03-2d07ef690e46 None None] Ext name="Floating IP Port Details Extension" alias="fip-port-details" description="Add port_details attribute to Floating IP resource" updated="2018-04-09T10:00:00-00:00" {{(pid=87550) _check_extension /opt/stack/neutron/neutron/api/extensions.py:415}}
Jul 10 20:50:22.846572 np0000005057 devstack@neutron-api.service[87550]: INFO neutron.api.extensions [None req-449e6d91-40a4-470d-8b03-2d07ef690e46 None None] Loaded extension: fip-port-details
Jul 10 20:50:22.846572 np0000005057 devstack@neutron-api.service[87550]: DEBUG neutron.api.extensions [None req-449e6d91-40a4-470d-8b03-2d07ef690e46 None None] Loading extension file: flavors.py {{(pid=87550) _load_all_extensions_from_path /opt/stack/neutron/neutron/api/extensions.py:449}}
Jul 10 20:50:22.846572 np0000005057 devstack@neutron-api.service[87550]: DEBUG neutron.api.extensions [None req-449e6d91-40a4-470d-8b03-2d07ef690e46 None None] Ext name="Neutron Service Flavors" alias="flavors" description="Flavor specification for Neutron advanced services." updated="2015-09-17T10:00:00-00:00" {{(pid=87550) _check_extension /opt/stack/neutron/neutron/api/extensions.py:415}}
Jul 10 20:50:22.846572 np0000005057 devstack@neutron-api.service[87550]: INFO neutron.api.extensions [None req-449e6d91-40a4-470d-8b03-2d07ef690e46 None None] Loaded extension: flavors
Jul 10 20:50:22.846572 np0000005057 devstack@neutron-api.service[87550]: DEBUG neutron.api.extensions [None req-449e6d91-40a4-470d-8b03-2d07ef690e46 None None] Loading extension file: floating_ip_port_forwarding.py {{(pid=87550) _load_all_extensions_from_path /opt/stack/neutron/neutron/api/extensions.py:449}}
Jul 10 20:50:22.846572 np0000005057 devstack@neutron-api.service[87550]: DEBUG neutron.api.extensions [None req-449e6d91-40a4-470d-8b03-2d07ef690e46 None None] Ext name="Floating IP Port Forwarding" alias="floating-ip-port-forwarding" description="Allow port forwarding from floating IP port to an internal port" updated="2018-01-19T10:00:00-00:00" {{(pid=87550) _check_extension /opt/stack/neutron/neutron/api/extensions.py:415}}
Jul 10 20:50:22.847070 np0000005057 devstack@neutron-api.service[87550]: INFO neutron.api.extensions [None req-449e6d91-40a4-470d-8b03-2d07ef690e46 None None] Extension floating-ip-port-forwarding not supported by any of loaded plugins
Jul 10 20:50:22.847070 np0000005057 devstack@neutron-api.service[87550]: DEBUG neutron.api.extensions [None req-449e6d91-40a4-470d-8b03-2d07ef690e46 None None] Loading extension file: floatingip_pools.py {{(pid=87550) _load_all_extensions_from_path /opt/stack/neutron/neutron/api/extensions.py:449}}
Jul 10 20:50:22.847070 np0000005057 devstack@neutron-api.service[87550]: DEBUG neutron.api.extensions [None req-449e6d91-40a4-470d-8b03-2d07ef690e46 None None] Ext name="Floating IP Pools Extension" alias="floatingip-pools" description="Provides a floating IP pools API." updated="2018-03-21T10:00:00-00:00" {{(pid=87550) _check_extension /opt/stack/neutron/neutron/api/extensions.py:415}}
Jul 10 20:50:22.847070 np0000005057 devstack@neutron-api.service[87550]: INFO neutron.api.extensions [None req-449e6d91-40a4-470d-8b03-2d07ef690e46 None None] Loaded extension: floatingip-pools
Jul 10 20:50:22.847070 np0000005057 devstack@neutron-api.service[87550]: DEBUG neutron.api.extensions [None req-449e6d91-40a4-470d-8b03-2d07ef690e46 None None] Loading extension file: ip_allocation.py {{(pid=87550) _load_all_extensions_from_path /opt/stack/neutron/neutron/api/extensions.py:449}}
Jul 10 20:50:22.847070 np0000005057 devstack@neutron-api.service[87550]: DEBUG neutron.api.extensions [None req-449e6d91-40a4-470d-8b03-2d07ef690e46 None None] Ext name="IP Allocation" alias="ip_allocation" description="IP allocation extension." updated="2016-06-10T23:00:00-00:00" {{(pid=87550) _check_extension /opt/stack/neutron/neutron/api/extensions.py:415}}
Jul 10 20:50:22.847070 np0000005057 devstack@neutron-api.service[87550]: INFO neutron.api.extensions [None req-449e6d91-40a4-470d-8b03-2d07ef690e46 None None] Extension ip_allocation not supported by any of loaded plugins
Jul 10 20:50:22.847070 np0000005057 devstack@neutron-api.service[87550]: DEBUG neutron.api.extensions [None req-449e6d91-40a4-470d-8b03-2d07ef690e46 None None] Loading extension file: ip_substring_port_filtering.py {{(pid=87550) _load_all_extensions_from_path /opt/stack/neutron/neutron/api/extensions.py:449}}
Jul 10 20:50:22.847558 np0000005057 devstack@neutron-api.service[87550]: DEBUG neutron.api.extensions [None req-449e6d91-40a4-470d-8b03-2d07ef690e46 None None] Ext name="IP address substring filtering" alias="ip-substring-filtering" description="Provides IP address substring filtering when listing ports" updated="2017-11-28T09:00:00-00:00" {{(pid=87550) _check_extension /opt/stack/neutron/neutron/api/extensions.py:415}}
Jul 10 20:50:22.847766 np0000005057 devstack@neutron-api.service[87548]: DEBUG neutron_lib.callbacks.manager [None req-37eb1c15-0308-4c76-9880-4f457ed03587 None None] Subscribe: > router before_delete 55550000, False {{(pid=87548) subscribe /opt/stack/data/venv/lib/python3.12/site-packages/neutron_lib/callbacks/manager.py:52}}
Jul 10 20:50:22.847926 np0000005057 devstack@neutron-api.service[87550]: INFO neutron.api.extensions [None req-449e6d91-40a4-470d-8b03-2d07ef690e46 None None] Extension ip-substring-filtering not supported by any of loaded plugins
Jul 10 20:50:22.848155 np0000005057 devstack@neutron-api.service[87548]: DEBUG neutron_lib.callbacks.manager [None req-37eb1c15-0308-4c76-9880-4f457ed03587 None None] Subscribe: port before_update 55550000, False {{(pid=87548) subscribe /opt/stack/data/venv/lib/python3.12/site-packages/neutron_lib/callbacks/manager.py:52}}
Jul 10 20:50:22.848374 np0000005057 devstack@neutron-api.service[87550]: DEBUG neutron.api.extensions [None req-449e6d91-40a4-470d-8b03-2d07ef690e46 None None] Loading extension file: l2_adjacency.py {{(pid=87550) _load_all_extensions_from_path /opt/stack/neutron/neutron/api/extensions.py:449}}
Jul 10 20:50:22.848567 np0000005057 devstack@neutron-api.service[87548]: DEBUG neutron_lib.callbacks.manager [None req-37eb1c15-0308-4c76-9880-4f457ed03587 None None] Subscribe: port after_update 55550000, False {{(pid=87548) subscribe /opt/stack/data/venv/lib/python3.12/site-packages/neutron_lib/callbacks/manager.py:52}}
Jul 10 20:50:22.848567 np0000005057 devstack@neutron-api.service[87548]: DEBUG neutron_lib.callbacks.manager [None req-37eb1c15-0308-4c76-9880-4f457ed03587 None None] Subscribe: > port precommit_delete 55550000, False {{(pid=87548) subscribe /opt/stack/data/venv/lib/python3.12/site-packages/neutron_lib/callbacks/manager.py:52}}
Jul 10 20:50:22.848567 np0000005057 devstack@neutron-api.service[87548]: DEBUG neutron_lib.callbacks.manager [None req-37eb1c15-0308-4c76-9880-4f457ed03587 None None] Subscribe: port before_update 55550000, False {{(pid=87548) subscribe /opt/stack/data/venv/lib/python3.12/site-packages/neutron_lib/callbacks/manager.py:52}}
Jul 10 20:50:22.848891 np0000005057 devstack@neutron-api.service[87550]: DEBUG neutron.api.extensions [None req-449e6d91-40a4-470d-8b03-2d07ef690e46 None None] Ext name="L2 Adjacency" alias="l2_adjacency" description="Display L2 Adjacency for Neutron Networks." updated="2016-04-12T16:00:00-00:00" {{(pid=87550) _check_extension /opt/stack/neutron/neutron/api/extensions.py:415}}
Jul 10 20:50:22.849137 np0000005057 devstack@neutron-api.service[87548]: DEBUG neutron_lib.callbacks.manager [None req-37eb1c15-0308-4c76-9880-4f457ed03587 None None] Subscribe: port before_delete 55550000, False {{(pid=87548) subscribe /opt/stack/data/venv/lib/python3.12/site-packages/neutron_lib/callbacks/manager.py:52}}
Jul 10 20:50:22.849137 np0000005057 devstack@neutron-api.service[87548]: DEBUG neutron_lib.callbacks.manager [None req-37eb1c15-0308-4c76-9880-4f457ed03587 None None] Subscribe: > router precommit_create 55550000, False {{(pid=87548) subscribe /opt/stack/data/venv/lib/python3.12/site-packages/neutron_lib/callbacks/manager.py:52}}
Jul 10 20:50:22.849463 np0000005057 devstack@neutron-api.service[87550]: INFO neutron.api.extensions [None req-449e6d91-40a4-470d-8b03-2d07ef690e46 None None] Extension l2_adjacency not supported by any of loaded plugins
Jul 10 20:50:22.849669 np0000005057 devstack@neutron-api.service[87548]: DEBUG neutron_lib.callbacks.manager [None req-37eb1c15-0308-4c76-9880-4f457ed03587 None None] Subscribe: > router precommit_create 55550000, False {{(pid=87548) subscribe /opt/stack/data/venv/lib/python3.12/site-packages/neutron_lib/callbacks/manager.py:52}}
Jul 10 20:50:22.850273 np0000005057 devstack@neutron-api.service[87550]: DEBUG neutron.api.extensions [None req-449e6d91-40a4-470d-8b03-2d07ef690e46 None None] Loading extension file: l3.py {{(pid=87550) _load_all_extensions_from_path /opt/stack/neutron/neutron/api/extensions.py:449}}
Jul 10 20:50:22.850447 np0000005057 devstack@neutron-api.service[87548]: DEBUG neutron_lib.callbacks.manager [None req-37eb1c15-0308-4c76-9880-4f457ed03587 None None] Subscribe: > router precommit_update 55550000, False {{(pid=87548) subscribe /opt/stack/data/venv/lib/python3.12/site-packages/neutron_lib/callbacks/manager.py:52}}
Jul 10 20:50:22.850447 np0000005057 devstack@neutron-api.service[87548]: DEBUG neutron_lib.callbacks.manager [None req-37eb1c15-0308-4c76-9880-4f457ed03587 None None] Subscribe: subnet after_update 55550000, False {{(pid=87548) subscribe /opt/stack/data/venv/lib/python3.12/site-packages/neutron_lib/callbacks/manager.py:52}}
Jul 10 20:50:22.850447 np0000005057 devstack@neutron-api.service[87548]: DEBUG neutron.quota.resource_registry [None req-37eb1c15-0308-4c76-9880-4f457ed03587 None None] Tracking information for resource: router configured {{(pid=87548) set_tracked_resource /opt/stack/neutron/neutron/quota/resource_registry.py:203}}
Jul 10 20:50:22.850447 np0000005057 devstack@neutron-api.service[87548]: DEBUG neutron.quota.resource_registry [None req-37eb1c15-0308-4c76-9880-4f457ed03587 None None] Tracking information for resource: floatingip configured {{(pid=87548) set_tracked_resource /opt/stack/neutron/neutron/quota/resource_registry.py:203}}
Jul 10 20:50:22.850447 np0000005057 devstack@neutron-api.service[87548]: INFO neutron.services.ovn_l3.plugin [None req-37eb1c15-0308-4c76-9880-4f457ed03587 None None] Starting OVNL3RouterPlugin
Jul 10 20:50:22.850799 np0000005057 devstack@neutron-api.service[87550]: DEBUG neutron.api.extensions [None req-449e6d91-40a4-470d-8b03-2d07ef690e46 None None] Ext name="Neutron L3 Router" alias="router" description="Router abstraction for basic L3 forwarding between L2 Neutron networks and access to external networks via a NAT gateway." updated="2012-07-20T10:00:00-00:00" {{(pid=87550) _check_extension /opt/stack/neutron/neutron/api/extensions.py:415}}
Jul 10 20:50:22.850799 np0000005057 devstack@neutron-api.service[87550]: INFO neutron.api.extensions [None req-449e6d91-40a4-470d-8b03-2d07ef690e46 None None] Loaded extension: router
Jul 10 20:50:22.851104 np0000005057 devstack@neutron-api.service[87548]: DEBUG neutron_lib.callbacks.manager [None req-37eb1c15-0308-4c76-9880-4f457ed03587 None None] Subscribe: > port_forwarding_plugin after_init 55550000, False {{(pid=87548) subscribe /opt/stack/data/venv/lib/python3.12/site-packages/neutron_lib/callbacks/manager.py:52}}
Jul 10 20:50:22.851267 np0000005057 devstack@neutron-api.service[87550]: DEBUG neutron.api.extensions [None req-449e6d91-40a4-470d-8b03-2d07ef690e46 None None] Loading extension file: l3_agent_scheduler_ha_chassis_priority.py {{(pid=87550) _load_all_extensions_from_path /opt/stack/neutron/neutron/api/extensions.py:449}}
Jul 10 20:50:22.851447 np0000005057 devstack@neutron-api.service[87548]: DEBUG neutron_lib.callbacks.manager [None req-37eb1c15-0308-4c76-9880-4f457ed03587 None None] Subscribe: > router before_create 55550100, False {{(pid=87548) subscribe /opt/stack/data/venv/lib/python3.12/site-packages/neutron_lib/callbacks/manager.py:52}}
Jul 10 20:50:22.851447 np0000005057 devstack@neutron-api.service[87548]: DEBUG neutron_lib.callbacks.manager [None req-37eb1c15-0308-4c76-9880-4f457ed03587 None None] Subscribe: > router precommit_delete 55550100, False {{(pid=87548) subscribe /opt/stack/data/venv/lib/python3.12/site-packages/neutron_lib/callbacks/manager.py:52}}
Jul 10 20:50:22.851447 np0000005057 devstack@neutron-api.service[87548]: DEBUG neutron_lib.callbacks.manager [None req-37eb1c15-0308-4c76-9880-4f457ed03587 None None] Subscribe: > router precommit_create 55550100, False {{(pid=87548) subscribe /opt/stack/data/venv/lib/python3.12/site-packages/neutron_lib/callbacks/manager.py:52}}
Jul 10 20:50:22.851684 np0000005057 devstack@neutron-api.service[87550]: DEBUG neutron.api.extensions [None req-449e6d91-40a4-470d-8b03-2d07ef690e46 None None] Ext name="L3 Agent Scheduler HA Chassis Priority" alias="l3-agent-scheduler-ha-chassis-priority" description="Exposes the HA_Chassis priority in the L3 Agent Scheduler API responses and allows setting priority when scheduling a router to a chassis." updated="2026-03-31T00:00:00-00:00" {{(pid=87550) _check_extension /opt/stack/neutron/neutron/api/extensions.py:415}}
Jul 10 20:50:22.851865 np0000005057 devstack@neutron-api.service[87548]: DEBUG neutron_lib.callbacks.manager [None req-37eb1c15-0308-4c76-9880-4f457ed03587 None None] Subscribe: > router precommit_update 55550100, False {{(pid=87548) subscribe /opt/stack/data/venv/lib/python3.12/site-packages/neutron_lib/callbacks/manager.py:52}}
Jul 10 20:50:22.852146 np0000005057 devstack@neutron-api.service[87550]: INFO neutron.api.extensions [None req-449e6d91-40a4-470d-8b03-2d07ef690e46 None None] Loaded extension: l3-agent-scheduler-ha-chassis-priority
Jul 10 20:50:22.852146 np0000005057 devstack@neutron-api.service[87550]: DEBUG neutron.api.extensions [None req-449e6d91-40a4-470d-8b03-2d07ef690e46 None None] Loading extension file: l3_conntrack_helper.py {{(pid=87550) _load_all_extensions_from_path /opt/stack/neutron/neutron/api/extensions.py:449}}
Jul 10 20:50:22.852146 np0000005057 devstack@neutron-api.service[87550]: DEBUG neutron.api.extensions [None req-449e6d91-40a4-470d-8b03-2d07ef690e46 None None] Ext name="L3 Conntrack helper" alias="l3-conntrack-helper" description="Allow adding CT target rules for conntrack helper" updated="2019-04-04T10:00:00-00:00" {{(pid=87550) _check_extension /opt/stack/neutron/neutron/api/extensions.py:415}}
Jul 10 20:50:22.852146 np0000005057 devstack@neutron-api.service[87550]: INFO neutron.api.extensions [None req-449e6d91-40a4-470d-8b03-2d07ef690e46 None None] Extension l3-conntrack-helper not supported by any of loaded plugins
Jul 10 20:50:22.852146 np0000005057 devstack@neutron-api.service[87550]: DEBUG neutron.api.extensions [None req-449e6d91-40a4-470d-8b03-2d07ef690e46 None None] Loading extension file: l3_enable_default_route_bfd.py {{(pid=87550) _load_all_extensions_from_path /opt/stack/neutron/neutron/api/extensions.py:449}}
Jul 10 20:50:22.852146 np0000005057 devstack@neutron-api.service[87550]: DEBUG neutron.api.extensions [None req-449e6d91-40a4-470d-8b03-2d07ef690e46 None None] Ext name="Enable Default Route BFD" alias="enable-default-route-bfd" description="Enables configurable BFD behavior for default routes" updated="2023-02-27T00:00:00-00:00" {{(pid=87550) _check_extension /opt/stack/neutron/neutron/api/extensions.py:415}}
Jul 10 20:50:22.852146 np0000005057 devstack@neutron-api.service[87550]: INFO neutron.api.extensions [None req-449e6d91-40a4-470d-8b03-2d07ef690e46 None None] Loaded extension: enable-default-route-bfd
Jul 10 20:50:22.852661 np0000005057 devstack@neutron-api.service[87550]: DEBUG neutron.api.extensions [None req-449e6d91-40a4-470d-8b03-2d07ef690e46 None None] Loading extension file: l3_enable_default_route_ecmp.py {{(pid=87550) _load_all_extensions_from_path /opt/stack/neutron/neutron/api/extensions.py:449}}
Jul 10 20:50:22.852661 np0000005057 devstack@neutron-api.service[87550]: DEBUG neutron.api.extensions [None req-449e6d91-40a4-470d-8b03-2d07ef690e46 None None] Ext name="Enable Default Route ECMP" alias="enable-default-route-ecmp" description="Enables configurable ECMP behavior for default routes" updated="2023-02-27T00:00:00-00:00" {{(pid=87550) _check_extension /opt/stack/neutron/neutron/api/extensions.py:415}}
Jul 10 20:50:22.852661 np0000005057 devstack@neutron-api.service[87550]: INFO neutron.api.extensions [None req-449e6d91-40a4-470d-8b03-2d07ef690e46 None None] Loaded extension: enable-default-route-ecmp
Jul 10 20:50:22.852661 np0000005057 devstack@neutron-api.service[87550]: DEBUG neutron.api.extensions [None req-449e6d91-40a4-470d-8b03-2d07ef690e46 None None] Loading extension file: l3_ext_gw_mode.py {{(pid=87550) _load_all_extensions_from_path /opt/stack/neutron/neutron/api/extensions.py:449}}
Jul 10 20:50:22.852661 np0000005057 devstack@neutron-api.service[87550]: DEBUG neutron.api.extensions [None req-449e6d91-40a4-470d-8b03-2d07ef690e46 None None] Ext name="Neutron L3 Configurable external gateway mode" alias="ext-gw-mode" description="Extension of the router abstraction for specifying whether SNAT should occur on the external gateway" updated="2013-03-28T10:00:00-00:00" {{(pid=87550) _check_extension /opt/stack/neutron/neutron/api/extensions.py:415}}
Jul 10 20:50:22.853468 np0000005057 devstack@neutron-api.service[87548]: DEBUG neutron.services.provider_configuration [None req-37eb1c15-0308-4c76-9880-4f457ed03587 None None] Service providers = [] {{(pid=87548) parse_service_provider_opt /opt/stack/neutron/neutron/services/provider_configuration.py:170}}
Jul 10 20:50:22.853614 np0000005057 devstack@neutron-api.service[87550]: INFO neutron.api.extensions [None req-449e6d91-40a4-470d-8b03-2d07ef690e46 None None] Loaded extension: ext-gw-mode
Jul 10 20:50:22.853828 np0000005057 devstack@neutron-api.service[87548]: DEBUG neutron.db.servicetype_db [None req-37eb1c15-0308-4c76-9880-4f457ed03587 None None] Adding provider configuration for service L3_ROUTER_NAT {{(pid=87548) add_provider_configuration /opt/stack/neutron/neutron/db/servicetype_db.py:45}}
Jul 10 20:50:22.854151 np0000005057 devstack@neutron-api.service[87550]: DEBUG neutron.api.extensions [None req-449e6d91-40a4-470d-8b03-2d07ef690e46 None None] Loading extension file: l3_ext_ha_mode.py {{(pid=87550) _load_all_extensions_from_path /opt/stack/neutron/neutron/api/extensions.py:449}}
Jul 10 20:50:22.854151 np0000005057 devstack@neutron-api.service[87550]: DEBUG neutron.api.extensions [None req-449e6d91-40a4-470d-8b03-2d07ef690e46 None None] Ext name="HA Router extension" alias="l3-ha" description="Adds HA capability to routers." updated="2014-04-26T00:00:00-00:00" {{(pid=87550) _check_extension /opt/stack/neutron/neutron/api/extensions.py:415}}
Jul 10 20:50:22.854151 np0000005057 devstack@neutron-api.service[87550]: INFO neutron.api.extensions [None req-449e6d91-40a4-470d-8b03-2d07ef690e46 None None] Loaded extension: l3-ha
Jul 10 20:50:22.854151 np0000005057 devstack@neutron-api.service[87550]: DEBUG neutron.api.extensions [None req-449e6d91-40a4-470d-8b03-2d07ef690e46 None None] Loading extension file: l3_ext_ndp_proxy.py {{(pid=87550) _load_all_extensions_from_path /opt/stack/neutron/neutron/api/extensions.py:449}}
Jul 10 20:50:22.854151 np0000005057 devstack@neutron-api.service[87550]: DEBUG neutron.api.extensions [None req-449e6d91-40a4-470d-8b03-2d07ef690e46 None None] Ext name="Router support to enable NDP proxy" alias="l3-ext-ndp-proxy" description="Router extension to enable ndp proxy" updated="2020-08-25T00:00:00-00:00" {{(pid=87550) _check_extension /opt/stack/neutron/neutron/api/extensions.py:415}}
Jul 10 20:50:22.854663 np0000005057 devstack@neutron-api.service[87548]: DEBUG neutron_lib.callbacks.manager [None req-37eb1c15-0308-4c76-9880-4f457ed03587 None None] Subscribe: > router precommit_create 55549900, False {{(pid=87548) subscribe /opt/stack/data/venv/lib/python3.12/site-packages/neutron_lib/callbacks/manager.py:52}}
Jul 10 20:50:22.854663 np0000005057 devstack@neutron-api.service[87548]: DEBUG neutron_lib.callbacks.manager [None req-37eb1c15-0308-4c76-9880-4f457ed03587 None None] Subscribe: > router_interface after_create 55550000, False {{(pid=87548) subscribe /opt/stack/data/venv/lib/python3.12/site-packages/neutron_lib/callbacks/manager.py:52}}
Jul 10 20:50:22.854859 np0000005057 devstack@neutron-api.service[87550]: INFO neutron.api.extensions [None req-449e6d91-40a4-470d-8b03-2d07ef690e46 None None] Extension l3-ext-ndp-proxy not supported by any of loaded plugins
Jul 10 20:50:22.855085 np0000005057 devstack@neutron-api.service[87548]: DEBUG neutron_lib.callbacks.manager [None req-37eb1c15-0308-4c76-9880-4f457ed03587 None None] Subscribe: > floatingip after_create 55550000, False {{(pid=87548) subscribe /opt/stack/data/venv/lib/python3.12/site-packages/neutron_lib/callbacks/manager.py:52}}
Jul 10 20:50:22.855247 np0000005057 devstack@neutron-api.service[87550]: DEBUG neutron.api.extensions [None req-449e6d91-40a4-470d-8b03-2d07ef690e46 None None] Loading extension file: l3_extra_gws.py {{(pid=87550) _load_all_extensions_from_path /opt/stack/neutron/neutron/api/extensions.py:449}}
Jul 10 20:50:22.855462 np0000005057 devstack@neutron-api.service[87548]: DEBUG neutron_lib.callbacks.manager [None req-37eb1c15-0308-4c76-9880-4f457ed03587 None None] Subscribe: > floatingip precommit_create 55550000, False {{(pid=87548) subscribe /opt/stack/data/venv/lib/python3.12/site-packages/neutron_lib/callbacks/manager.py:52}}
Jul 10 20:50:22.855462 np0000005057 devstack@neutron-api.service[87548]: DEBUG neutron_lib.callbacks.manager [None req-37eb1c15-0308-4c76-9880-4f457ed03587 None None] Subscribe: > floatingip precommit_update 55550000, False {{(pid=87548) subscribe /opt/stack/data/venv/lib/python3.12/site-packages/neutron_lib/callbacks/manager.py:52}}
Jul 10 20:50:22.855462 np0000005057 devstack@neutron-api.service[87548]: DEBUG neutron_lib.callbacks.manager [None req-37eb1c15-0308-4c76-9880-4f457ed03587 None None] Subscribe: > floatingip after_delete 55550000, False {{(pid=87548) subscribe /opt/stack/data/venv/lib/python3.12/site-packages/neutron_lib/callbacks/manager.py:52}}
Jul 10 20:50:22.855716 np0000005057 devstack@neutron-api.service[87550]: DEBUG neutron.api.extensions [None req-449e6d91-40a4-470d-8b03-2d07ef690e46 None None] Ext name="Neutron L3 External Gateway Multihoming" alias="external-gateway-multihoming" description="Allow multiple external gateway ports per router" updated="2023-01-18T00:00:00-00:00" {{(pid=87550) _check_extension /opt/stack/neutron/neutron/api/extensions.py:415}}
Jul 10 20:50:22.855905 np0000005057 devstack@neutron-api.service[87548]: DEBUG neutron_lib.callbacks.manager [None req-37eb1c15-0308-4c76-9880-4f457ed03587 None None] Subscribe: > floatingip after_status_update 55550000, False {{(pid=87548) subscribe /opt/stack/data/venv/lib/python3.12/site-packages/neutron_lib/callbacks/manager.py:52}}
Jul 10 20:50:22.855905 np0000005057 devstack@neutron-api.service[87548]: DEBUG neutron_lib.callbacks.manager [None req-37eb1c15-0308-4c76-9880-4f457ed03587 None None] Subscribe: > floatingip after_update 55550000, False {{(pid=87548) subscribe /opt/stack/data/venv/lib/python3.12/site-packages/neutron_lib/callbacks/manager.py:52}}
Jul 10 20:50:22.855905 np0000005057 devstack@neutron-api.service[87548]: DEBUG neutron_lib.callbacks.manager [None req-37eb1c15-0308-4c76-9880-4f457ed03587 None None] Subscribe: > port_forwarding after_create 55550000, False {{(pid=87548) subscribe /opt/stack/data/venv/lib/python3.12/site-packages/neutron_lib/callbacks/manager.py:52}}
Jul 10 20:50:22.856166 np0000005057 devstack@neutron-api.service[87550]: INFO neutron.api.extensions [None req-449e6d91-40a4-470d-8b03-2d07ef690e46 None None] Loaded extension: external-gateway-multihoming
Jul 10 20:50:22.856376 np0000005057 devstack@neutron-api.service[87548]: DEBUG neutron_lib.callbacks.manager [None req-37eb1c15-0308-4c76-9880-4f457ed03587 None None] Subscribe: > router_interface after_delete 55550000, False {{(pid=87548) subscribe /opt/stack/data/venv/lib/python3.12/site-packages/neutron_lib/callbacks/manager.py:52}}
Jul 10 20:50:22.856548 np0000005057 devstack@neutron-api.service[87550]: DEBUG neutron.api.extensions [None req-449e6d91-40a4-470d-8b03-2d07ef690e46 None None] Loading extension file: l3_flavors.py {{(pid=87550) _load_all_extensions_from_path /opt/stack/neutron/neutron/api/extensions.py:449}}
Jul 10 20:50:22.856715 np0000005057 devstack@neutron-api.service[87548]: DEBUG neutron_lib.callbacks.manager [None req-37eb1c15-0308-4c76-9880-4f457ed03587 None None] Subscribe: > router after_create 55550000, False {{(pid=87548) subscribe /opt/stack/data/venv/lib/python3.12/site-packages/neutron_lib/callbacks/manager.py:52}}
Jul 10 20:50:22.856715 np0000005057 devstack@neutron-api.service[87548]: DEBUG neutron_lib.callbacks.manager [None req-37eb1c15-0308-4c76-9880-4f457ed03587 None None] Subscribe: > router precommit_create 55550000, False {{(pid=87548) subscribe /opt/stack/data/venv/lib/python3.12/site-packages/neutron_lib/callbacks/manager.py:52}}
Jul 10 20:50:22.856715 np0000005057 devstack@neutron-api.service[87548]: DEBUG neutron_lib.callbacks.manager [None req-37eb1c15-0308-4c76-9880-4f457ed03587 None None] Subscribe: > router after_delete 55550000, False {{(pid=87548) subscribe /opt/stack/data/venv/lib/python3.12/site-packages/neutron_lib/callbacks/manager.py:52}}
Jul 10 20:50:22.856715 np0000005057 devstack@neutron-api.service[87548]: DEBUG neutron_lib.callbacks.manager [None req-37eb1c15-0308-4c76-9880-4f457ed03587 None None] Subscribe: > router after_update 55550000, False {{(pid=87548) subscribe /opt/stack/data/venv/lib/python3.12/site-packages/neutron_lib/callbacks/manager.py:52}}
Jul 10 20:50:22.856715 np0000005057 devstack@neutron-api.service[87548]: DEBUG neutron.services.service_base [None req-37eb1c15-0308-4c76-9880-4f457ed03587 None None] Loaded 'neutron.services.ovn_l3.service_providers.ovn.OvnDriver' provider for service L3_ROUTER_NAT {{(pid=87548) load_drivers /opt/stack/neutron/neutron/services/service_base.py:49}}
