May 12 18:34:42.091218 np0000000627 neutron-periodic-workers[91720]: DEBUG cotyledon.oslo_config_glue [-] database.synchronous_reader = True {{(pid=91720) log_opt_values /opt/stack/data/venv/lib/python3.12/site-packages/oslo_config/cfg.py:3006}}
May 12 18:34:42.091247 np0000000627 neutron-periodic-workers[91711]: DEBUG cotyledon.oslo_config_glue [-] ******************************************************************************** {{(pid=91711) log_opt_values /opt/stack/data/venv/lib/python3.12/site-packages/oslo_config/cfg.py:3013}}
May 12 18:34:42.091274 np0000000627 neutron-periodic-workers[91720]: DEBUG cotyledon.oslo_config_glue [-] database.use_db_reconnect = False {{(pid=91720) log_opt_values /opt/stack/data/venv/lib/python3.12/site-packages/oslo_config/cfg.py:3006}}
May 12 18:34:42.091274 np0000000627 neutron-periodic-workers[91720]: DEBUG cotyledon.oslo_config_glue [-] ovn.bfd_min_rx = 1000 {{(pid=91720) log_opt_values /opt/stack/data/venv/lib/python3.12/site-packages/oslo_config/cfg.py:3006}}
May 12 18:34:42.091274 np0000000627 neutron-periodic-workers[91720]: DEBUG cotyledon.oslo_config_glue [-] ovn.bfd_min_tx = 100 {{(pid=91720) log_opt_values /opt/stack/data/venv/lib/python3.12/site-packages/oslo_config/cfg.py:3006}}
May 12 18:34:42.091274 np0000000627 neutron-periodic-workers[91720]: DEBUG cotyledon.oslo_config_glue [-] ovn.bfd_mult = 3 {{(pid=91720) log_opt_values /opt/stack/data/venv/lib/python3.12/site-packages/oslo_config/cfg.py:3006}}
May 12 18:34:42.091395 np0000000627 neutron-periodic-workers[91711]: DEBUG cotyledon._service_worker [-] Run service ServiceWrapper(0) [91711] {{(pid=91711) wait_forever /opt/stack/data/venv/lib/python3.12/site-packages/cotyledon/_service_worker.py:218}}
May 12 18:34:42.091429 np0000000627 neutron-periodic-workers[91720]: DEBUG cotyledon.oslo_config_glue [-] ovn.broadcast_arps_to_all_routers = True {{(pid=91720) log_opt_values /opt/stack/data/venv/lib/python3.12/site-packages/oslo_config/cfg.py:3006}}
May 12 18:34:42.091429 np0000000627 neutron-periodic-workers[91720]: DEBUG cotyledon.oslo_config_glue [-] ovn.dhcp_default_lease_time = 43200 {{(pid=91720) log_opt_values /opt/stack/data/venv/lib/python3.12/site-packages/oslo_config/cfg.py:3006}}
May 12 18:34:42.091429 np0000000627 neutron-periodic-workers[91720]: DEBUG cotyledon.oslo_config_glue [-] ovn.disable_ovn_dhcp_for_baremetal_ports = False {{(pid=91720) log_opt_values /opt/stack/data/venv/lib/python3.12/site-packages/oslo_config/cfg.py:3006}}
May 12 18:34:42.091429 np0000000627 neutron-periodic-workers[91720]: DEBUG cotyledon.oslo_config_glue [-] ovn.dns_records_ovn_owned = False {{(pid=91720) log_opt_values /opt/stack/data/venv/lib/python3.12/site-packages/oslo_config/cfg.py:3006}}
May 12 18:34:42.091429 np0000000627 neutron-periodic-workers[91720]: DEBUG cotyledon.oslo_config_glue [-] ovn.dns_servers = [] {{(pid=91720) log_opt_values /opt/stack/data/venv/lib/python3.12/site-packages/oslo_config/cfg.py:3006}}
May 12 18:34:42.091429 np0000000627 neutron-periodic-workers[91720]: DEBUG cotyledon.oslo_config_glue [-] ovn.enable_distributed_floating_ip = False {{(pid=91720) log_opt_values /opt/stack/data/venv/lib/python3.12/site-packages/oslo_config/cfg.py:3006}}
May 12 18:34:42.091429 np0000000627 neutron-periodic-workers[91720]: DEBUG cotyledon.oslo_config_glue [-] ovn.fdb_age_threshold = 300 {{(pid=91720) log_opt_values /opt/stack/data/venv/lib/python3.12/site-packages/oslo_config/cfg.py:3006}}
May 12 18:34:42.091617 np0000000627 neutron-periodic-workers[91720]: DEBUG cotyledon.oslo_config_glue [-] ovn.ha_failover_strategy = normal {{(pid=91720) log_opt_values /opt/stack/data/venv/lib/python3.12/site-packages/oslo_config/cfg.py:3006}}
May 12 18:34:42.091617 np0000000627 neutron-periodic-workers[91720]: DEBUG cotyledon.oslo_config_glue [-] ovn.live_migration_activation_strategy = rarp {{(pid=91720) log_opt_values /opt/stack/data/venv/lib/python3.12/site-packages/oslo_config/cfg.py:3006}}
May 12 18:34:42.091617 np0000000627 neutron-periodic-workers[91720]: DEBUG cotyledon.oslo_config_glue [-] ovn.localnet_learn_fdb = False {{(pid=91720) log_opt_values /opt/stack/data/venv/lib/python3.12/site-packages/oslo_config/cfg.py:3006}}
May 12 18:34:42.091696 np0000000627 neutron-periodic-workers[91720]: DEBUG cotyledon.oslo_config_glue [-] ovn.mac_binding_age_threshold = 300 {{(pid=91720) log_opt_values /opt/stack/data/venv/lib/python3.12/site-packages/oslo_config/cfg.py:3006}}
May 12 18:34:42.091696 np0000000627 neutron-periodic-workers[91720]: DEBUG cotyledon.oslo_config_glue [-] ovn.neutron_sync_mode = log {{(pid=91720) log_opt_values /opt/stack/data/venv/lib/python3.12/site-packages/oslo_config/cfg.py:3006}}
May 12 18:34:42.091766 np0000000627 neutron-periodic-workers[91720]: DEBUG cotyledon.oslo_config_glue [-] ovn.ovn_dhcp4_global_options = {} {{(pid=91720) log_opt_values /opt/stack/data/venv/lib/python3.12/site-packages/oslo_config/cfg.py:3006}}
May 12 18:34:42.091809 np0000000627 neutron-periodic-workers[91720]: DEBUG cotyledon.oslo_config_glue [-] ovn.ovn_dhcp6_global_options = {} {{(pid=91720) log_opt_values /opt/stack/data/venv/lib/python3.12/site-packages/oslo_config/cfg.py:3006}}
May 12 18:34:42.091809 np0000000627 neutron-periodic-workers[91720]: DEBUG cotyledon.oslo_config_glue [-] ovn.ovn_l3_scheduler = leastloaded {{(pid=91720) log_opt_values /opt/stack/data/venv/lib/python3.12/site-packages/oslo_config/cfg.py:3006}}
May 12 18:34:42.091874 np0000000627 neutron-periodic-workers[91720]: DEBUG cotyledon.oslo_config_glue [-] ovn.ovn_metadata_enabled = True {{(pid=91720) log_opt_values /opt/stack/data/venv/lib/python3.12/site-packages/oslo_config/cfg.py:3006}}
May 12 18:34:42.091938 np0000000627 neutron-periodic-workers[91720]: DEBUG cotyledon.oslo_config_glue [-] ovn.ovn_nb_ca_cert = /opt/stack/data/CA/int-ca/ca-chain.pem {{(pid=91720) log_opt_values /opt/stack/data/venv/lib/python3.12/site-packages/oslo_config/cfg.py:3006}}
May 12 18:34:42.091988 np0000000627 neutron-periodic-workers[91720]: DEBUG cotyledon.oslo_config_glue [-] ovn.ovn_nb_certificate = /opt/stack/data/CA/int-ca/devstack-cert.crt {{(pid=91720) log_opt_values /opt/stack/data/venv/lib/python3.12/site-packages/oslo_config/cfg.py:3006}}
May 12 18:34:42.092027 np0000000627 neutron-periodic-workers[91720]: DEBUG cotyledon.oslo_config_glue [-] ovn.ovn_nb_connection = ['ssl:10.4.3.161:6641'] {{(pid=91720) log_opt_values /opt/stack/data/venv/lib/python3.12/site-packages/oslo_config/cfg.py:3006}}
May 12 18:34:42.092062 np0000000627 neutron-periodic-workers[91720]: DEBUG cotyledon.oslo_config_glue [-] ovn.ovn_nb_private_key = /opt/stack/data/CA/int-ca/private/devstack-cert.key {{(pid=91720) log_opt_values /opt/stack/data/venv/lib/python3.12/site-packages/oslo_config/cfg.py:3006}}
May 12 18:34:42.092094 np0000000627 neutron-periodic-workers[91720]: DEBUG cotyledon.oslo_config_glue [-] ovn.ovn_router_indirect_snat = False {{(pid=91720) log_opt_values /opt/stack/data/venv/lib/python3.12/site-packages/oslo_config/cfg.py:3006}}
May 12 18:34:42.092132 np0000000627 neutron-periodic-workers[91720]: DEBUG cotyledon.oslo_config_glue [-] ovn.ovn_sb_ca_cert = /opt/stack/data/CA/int-ca/ca-chain.pem {{(pid=91720) log_opt_values /opt/stack/data/venv/lib/python3.12/site-packages/oslo_config/cfg.py:3006}}
May 12 18:34:42.092158 np0000000627 neutron-periodic-workers[91720]: DEBUG cotyledon.oslo_config_glue [-] ovn.ovn_sb_certificate = /opt/stack/data/CA/int-ca/devstack-cert.crt {{(pid=91720) log_opt_values /opt/stack/data/venv/lib/python3.12/site-packages/oslo_config/cfg.py:3006}}
May 12 18:34:42.092200 np0000000627 neutron-periodic-workers[91720]: DEBUG cotyledon.oslo_config_glue [-] ovn.ovn_sb_connection = ['ssl:10.4.3.161:6642'] {{(pid=91720) log_opt_values /opt/stack/data/venv/lib/python3.12/site-packages/oslo_config/cfg.py:3006}}
May 12 18:34:42.092228 np0000000627 neutron-periodic-workers[91720]: DEBUG cotyledon.oslo_config_glue [-] ovn.ovn_sb_private_key = /opt/stack/data/CA/int-ca/private/devstack-cert.key {{(pid=91720) log_opt_values /opt/stack/data/venv/lib/python3.12/site-packages/oslo_config/cfg.py:3006}}
May 12 18:34:42.092262 np0000000627 neutron-periodic-workers[91720]: DEBUG cotyledon.oslo_config_glue [-] ovn.ovs_create_tap = False {{(pid=91720) log_opt_values /opt/stack/data/venv/lib/python3.12/site-packages/oslo_config/cfg.py:3006}}
May 12 18:34:42.092339 np0000000627 neutron-periodic-workers[91720]: DEBUG cotyledon.oslo_config_glue [-] ovn.ovsdb_connection_timeout = 180 {{(pid=91720) log_opt_values /opt/stack/data/venv/lib/python3.12/site-packages/oslo_config/cfg.py:3006}}
May 12 18:34:42.092380 np0000000627 neutron-periodic-workers[91720]: DEBUG cotyledon.oslo_config_glue [-] ovn.ovsdb_log_level = INFO {{(pid=91720) log_opt_values /opt/stack/data/venv/lib/python3.12/site-packages/oslo_config/cfg.py:3006}}
May 12 18:34:42.092421 np0000000627 neutron-periodic-workers[91720]: DEBUG cotyledon.oslo_config_glue [-] ovn.ovsdb_probe_interval = 60000 {{(pid=91720) log_opt_values /opt/stack/data/venv/lib/python3.12/site-packages/oslo_config/cfg.py:3006}}
May 12 18:34:42.092449 np0000000627 neutron-periodic-workers[91720]: DEBUG cotyledon.oslo_config_glue [-] ovn.ovsdb_retry_max_interval = 180 {{(pid=91720) log_opt_values /opt/stack/data/venv/lib/python3.12/site-packages/oslo_config/cfg.py:3006}}
May 12 18:34:42.092490 np0000000627 neutron-periodic-workers[91720]: DEBUG cotyledon.oslo_config_glue [-] ovn.stateless_nat_enabled = False {{(pid=91720) log_opt_values /opt/stack/data/venv/lib/python3.12/site-packages/oslo_config/cfg.py:3006}}
May 12 18:34:42.092537 np0000000627 neutron-periodic-workers[91720]: DEBUG cotyledon.oslo_config_glue [-] ovn.vhost_sock_dir = /var/run/openvswitch {{(pid=91720) log_opt_values /opt/stack/data/venv/lib/python3.12/site-packages/oslo_config/cfg.py:3006}}
May 12 18:34:42.092602 np0000000627 neutron-periodic-workers[91720]: DEBUG cotyledon.oslo_config_glue [-] OVS.bridge_mac_table_size = 50000 {{(pid=91720) log_opt_values /opt/stack/data/venv/lib/python3.12/site-packages/oslo_config/cfg.py:3006}}
May 12 18:34:42.092641 np0000000627 neutron-periodic-workers[91720]: DEBUG cotyledon.oslo_config_glue [-] OVS.igmp_flood = False {{(pid=91720) log_opt_values /opt/stack/data/venv/lib/python3.12/site-packages/oslo_config/cfg.py:3006}}
May 12 18:34:42.092692 np0000000627 neutron-periodic-workers[91720]: DEBUG cotyledon.oslo_config_glue [-] OVS.igmp_flood_reports = True {{(pid=91720) log_opt_values /opt/stack/data/venv/lib/python3.12/site-packages/oslo_config/cfg.py:3006}}
May 12 18:34:42.092732 np0000000627 neutron-periodic-workers[91720]: DEBUG cotyledon.oslo_config_glue [-] OVS.igmp_flood_unregistered = False {{(pid=91720) log_opt_values /opt/stack/data/venv/lib/python3.12/site-packages/oslo_config/cfg.py:3006}}
May 12 18:34:42.092772 np0000000627 neutron-periodic-workers[91720]: DEBUG cotyledon.oslo_config_glue [-] OVS.igmp_snooping_enable = False {{(pid=91720) log_opt_values /opt/stack/data/venv/lib/python3.12/site-packages/oslo_config/cfg.py:3006}}
May 12 18:34:42.092817 np0000000627 neutron-periodic-workers[91720]: DEBUG cotyledon.oslo_config_glue [-] OVS.ovsdb_timeout = 10 {{(pid=91720) log_opt_values /opt/stack/data/venv/lib/python3.12/site-packages/oslo_config/cfg.py:3006}}
May 12 18:34:42.092869 np0000000627 neutron-periodic-workers[91720]: DEBUG cotyledon.oslo_config_glue [-] ovn_nb_global.fdb_removal_limit = 0 {{(pid=91720) log_opt_values /opt/stack/data/venv/lib/python3.12/site-packages/oslo_config/cfg.py:3006}}
May 12 18:34:42.092934 np0000000627 neutron-periodic-workers[91720]: DEBUG cotyledon.oslo_config_glue [-] ovn_nb_global.ignore_lsp_down = False {{(pid=91720) log_opt_values /opt/stack/data/venv/lib/python3.12/site-packages/oslo_config/cfg.py:3006}}
May 12 18:34:42.092984 np0000000627 neutron-periodic-workers[91720]: DEBUG cotyledon.oslo_config_glue [-] ovn_nb_global.mac_binding_removal_limit = 0 {{(pid=91720) log_opt_values /opt/stack/data/venv/lib/python3.12/site-packages/oslo_config/cfg.py:3006}}
May 12 18:34:42.093022 np0000000627 neutron-periodic-workers[91720]: DEBUG cotyledon.oslo_config_glue [-] ******************************************************************************** {{(pid=91720) log_opt_values /opt/stack/data/venv/lib/python3.12/site-packages/oslo_config/cfg.py:3013}}
May 12 18:34:42.093180 np0000000627 neutron-periodic-workers[91720]: DEBUG cotyledon._service_worker [-] Run service ServiceWrapper(0) [91720] {{(pid=91720) wait_forever /opt/stack/data/venv/lib/python3.12/site-packages/cotyledon/_service_worker.py:218}}
May 12 18:34:51.742127 np0000000627 neutron-periodic-workers[90652]: DEBUG dbcounter [-] [90652] Writing DB stats neutron:SELECT=4 {{(pid=90652) stat_writer /opt/stack/data/venv/lib/python3.12/site-packages/dbcounter.py:115}}
May 12 18:35:40.097068 np0000000627 neutron-periodic-workers[91711]: DEBUG oslo_db.sqlalchemy.engines [None req-b3dbb43a-888c-4859-bc4a-41c7393d11b1 None None] Parent process 90652 forked (91711) with an open database connection, which is being discarded and recreated. {{(pid=91711) checkout /opt/stack/data/venv/lib/python3.12/site-packages/oslo_db/sqlalchemy/engines.py:402}}
May 12 18:35:40.102886 np0000000627 neutron-periodic-workers[91711]: DEBUG dbcounter [-] [91711] Writer thread running {{(pid=91711) stat_writer /opt/stack/data/venv/lib/python3.12/site-packages/dbcounter.py:102}}
May 12 18:35:40.105556 np0000000627 neutron-periodic-workers[91711]: DEBUG neutron.db.agents_db [None req-b3dbb43a-888c-4859-bc4a-41c7393d11b1 None None] Agent healthcheck: found 0 active agents {{(pid=91711) agent_health_check /opt/stack/neutron/neutron/db/agents_db.py:322}}
May 12 18:35:40.105725 np0000000627 neutron-periodic-workers[91711]: DEBUG oslo.service.backend._threading.loopingcall [None req-b3dbb43a-888c-4859-bc4a-41c7393d11b1 None None] Fixed interval looping call 'neutron.plugins.ml2.plugin.AgentDbMixin.agent_health_check' sleeping for 36.99 seconds {{(pid=91711) _run_loop /opt/stack/data/venv/lib/python3.12/site-packages/oslo_service/backend/_threading/loopingcall.py:125}}
May 12 18:35:46.072413 np0000000627 neutron-periodic-workers[91698]: DEBUG dbcounter [-] [91698] Writer thread running {{(pid=91698) stat_writer /opt/stack/data/venv/lib/python3.12/site-packages/dbcounter.py:102}}
May 12 18:35:46.079714 np0000000627 neutron-periodic-workers[91698]: DEBUG oslo.service.backend._threading.loopingcall [None req-d4359031-c6ea-4b4f-8fea-021e184c6fba None None] Fixed interval looping call 'neutron.plugins.ml2.plugin.DhcpAgentSchedulerDbMixin.remove_networks_from_down_agents' sleeping for 36.98 seconds {{(pid=91698) _run_loop /opt/stack/data/venv/lib/python3.12/site-packages/oslo_service/backend/_threading/loopingcall.py:125}}
May 12 18:35:50.103320 np0000000627 neutron-periodic-workers[91711]: DEBUG dbcounter [-] [91711] Writing DB stats neutron:SELECT=1 {{(pid=91711) stat_writer /opt/stack/data/venv/lib/python3.12/site-packages/dbcounter.py:115}}
May 12 18:35:56.079058 np0000000627 neutron-periodic-workers[91698]: DEBUG dbcounter [-] [91698] Writing DB stats neutron:SELECT=3 {{(pid=91698) stat_writer /opt/stack/data/venv/lib/python3.12/site-packages/dbcounter.py:115}}
May 12 18:36:17.099528 np0000000627 neutron-periodic-workers[91711]: DEBUG neutron.db.agents_db [None req-b3dbb43a-888c-4859-bc4a-41c7393d11b1 None None] Agent healthcheck: found 0 active agents {{(pid=91711) agent_health_check /opt/stack/neutron/neutron/db/agents_db.py:322}}
May 12 18:36:17.099528 np0000000627 neutron-periodic-workers[91711]: DEBUG oslo.service.backend._threading.loopingcall [None req-b3dbb43a-888c-4859-bc4a-41c7393d11b1 None None] Fixed interval looping call 'neutron.plugins.ml2.plugin.AgentDbMixin.agent_health_check' sleeping for 37.00 seconds {{(pid=91711) _run_loop /opt/stack/data/venv/lib/python3.12/site-packages/oslo_service/backend/_threading/loopingcall.py:125}}
May 12 18:36:23.066198 np0000000627 neutron-periodic-workers[91698]: DEBUG oslo.service.backend._threading.loopingcall [None req-d4359031-c6ea-4b4f-8fea-021e184c6fba None None] Fixed interval looping call 'neutron.plugins.ml2.plugin.DhcpAgentSchedulerDbMixin.remove_networks_from_down_agents' sleeping for 36.99 seconds {{(pid=91698) _run_loop /opt/stack/data/venv/lib/python3.12/site-packages/oslo_service/backend/_threading/loopingcall.py:125}}
May 12 18:36:27.098364 np0000000627 neutron-periodic-workers[91711]: DEBUG dbcounter [-] [91711] Writing DB stats neutron:SELECT=1 {{(pid=91711) stat_writer /opt/stack/data/venv/lib/python3.12/site-packages/dbcounter.py:115}}
May 12 18:36:33.065320 np0000000627 neutron-periodic-workers[91698]: DEBUG dbcounter [-] [91698] Writing DB stats neutron:SELECT=3 {{(pid=91698) stat_writer /opt/stack/data/venv/lib/python3.12/site-packages/dbcounter.py:115}}
May 12 18:36:42.106467 np0000000627 neutron-periodic-workers[91720]: DEBUG dbcounter [-] [91720] Writer thread running {{(pid=91720) stat_writer /opt/stack/data/venv/lib/python3.12/site-packages/dbcounter.py:102}}
May 12 18:36:42.108249 np0000000627 neutron-periodic-workers[91720]: DEBUG oslo.service.backend._threading.loopingcall [None req-8435b9f8-0da2-4afb-ba3a-fca19d30a025 None None] Fixed interval looping call 'neutron.db.quota.driver_nolock.DbQuotaNoLockDriver._remove_expired_reservations' sleeping for 119.99 seconds {{(pid=91720) _run_loop /opt/stack/data/venv/lib/python3.12/site-packages/oslo_service/backend/_threading/loopingcall.py:125}}
May 12 18:36:52.107044 np0000000627 neutron-periodic-workers[91720]: DEBUG dbcounter [-] [91720] Writing DB stats neutron:DELETE=1 {{(pid=91720) stat_writer /opt/stack/data/venv/lib/python3.12/site-packages/dbcounter.py:115}}
May 12 18:36:54.103206 np0000000627 neutron-periodic-workers[91711]: DEBUG neutron.db.agents_db [None req-b3dbb43a-888c-4859-bc4a-41c7393d11b1 None None] Agent healthcheck: found 0 active agents {{(pid=91711) agent_health_check /opt/stack/neutron/neutron/db/agents_db.py:322}}
May 12 18:36:54.103617 np0000000627 neutron-periodic-workers[91711]: DEBUG oslo.service.backend._threading.loopingcall [None req-b3dbb43a-888c-4859-bc4a-41c7393d11b1 None None] Fixed interval looping call 'neutron.plugins.ml2.plugin.AgentDbMixin.agent_health_check' sleeping for 37.00 seconds {{(pid=91711) _run_loop /opt/stack/data/venv/lib/python3.12/site-packages/oslo_service/backend/_threading/loopingcall.py:125}}
May 12 18:37:00.062638 np0000000627 neutron-periodic-workers[91698]: DEBUG oslo.service.backend._threading.loopingcall [None req-d4359031-c6ea-4b4f-8fea-021e184c6fba None None] Fixed interval looping call 'neutron.plugins.ml2.plugin.DhcpAgentSchedulerDbMixin.remove_networks_from_down_agents' sleeping for 36.99 seconds {{(pid=91698) _run_loop /opt/stack/data/venv/lib/python3.12/site-packages/oslo_service/backend/_threading/loopingcall.py:125}}
May 12 18:37:04.102144 np0000000627 neutron-periodic-workers[91711]: DEBUG dbcounter [-] [91711] Writing DB stats neutron:SELECT=1 {{(pid=91711) stat_writer /opt/stack/data/venv/lib/python3.12/site-packages/dbcounter.py:115}}
May 12 18:37:10.061891 np0000000627 neutron-periodic-workers[91698]: DEBUG dbcounter [-] [91698] Writing DB stats neutron:SELECT=3 {{(pid=91698) stat_writer /opt/stack/data/venv/lib/python3.12/site-packages/dbcounter.py:115}}
May 12 18:37:31.106522 np0000000627 neutron-periodic-workers[91711]: DEBUG neutron.db.agents_db [None req-b3dbb43a-888c-4859-bc4a-41c7393d11b1 None None] Agent healthcheck: found 0 active agents {{(pid=91711) agent_health_check /opt/stack/neutron/neutron/db/agents_db.py:322}}
May 12 18:37:31.106965 np0000000627 neutron-periodic-workers[91711]: DEBUG oslo.service.backend._threading.loopingcall [None req-b3dbb43a-888c-4859-bc4a-41c7393d11b1 None None] Fixed interval looping call 'neutron.plugins.ml2.plugin.AgentDbMixin.agent_health_check' sleeping for 37.00 seconds {{(pid=91711) _run_loop /opt/stack/data/venv/lib/python3.12/site-packages/oslo_service/backend/_threading/loopingcall.py:125}}
May 12 18:37:37.057854 np0000000627 neutron-periodic-workers[91698]: DEBUG oslo.service.backend._threading.loopingcall [None req-d4359031-c6ea-4b4f-8fea-021e184c6fba None None] Fixed interval looping call 'neutron.plugins.ml2.plugin.DhcpAgentSchedulerDbMixin.remove_networks_from_down_agents' sleeping for 37.00 seconds {{(pid=91698) _run_loop /opt/stack/data/venv/lib/python3.12/site-packages/oslo_service/backend/_threading/loopingcall.py:125}}
May 12 18:37:41.105479 np0000000627 neutron-periodic-workers[91711]: DEBUG dbcounter [-] [91711] Writing DB stats neutron:SELECT=1 {{(pid=91711) stat_writer /opt/stack/data/venv/lib/python3.12/site-packages/dbcounter.py:115}}
May 12 18:37:47.057100 np0000000627 neutron-periodic-workers[91698]: DEBUG dbcounter [-] [91698] Writing DB stats neutron:SELECT=3 {{(pid=91698) stat_writer /opt/stack/data/venv/lib/python3.12/site-packages/dbcounter.py:115}}
May 12 18:38:08.110489 np0000000627 neutron-periodic-workers[91711]: DEBUG neutron.db.agents_db [None req-b3dbb43a-888c-4859-bc4a-41c7393d11b1 None None] Agent healthcheck: found 0 active agents {{(pid=91711) agent_health_check /opt/stack/neutron/neutron/db/agents_db.py:322}}
May 12 18:38:08.110845 np0000000627 neutron-periodic-workers[91711]: DEBUG oslo.service.backend._threading.loopingcall [None req-b3dbb43a-888c-4859-bc4a-41c7393d11b1 None None] Fixed interval looping call 'neutron.plugins.ml2.plugin.AgentDbMixin.agent_health_check' sleeping for 37.00 seconds {{(pid=91711) _run_loop /opt/stack/data/venv/lib/python3.12/site-packages/oslo_service/backend/_threading/loopingcall.py:125}}
May 12 18:38:14.064560 np0000000627 neutron-periodic-workers[91698]: DEBUG oslo.service.backend._threading.loopingcall [None req-d4359031-c6ea-4b4f-8fea-021e184c6fba None None] Fixed interval looping call 'neutron.plugins.ml2.plugin.DhcpAgentSchedulerDbMixin.remove_networks_from_down_agents' sleeping for 36.99 seconds {{(pid=91698) _run_loop /opt/stack/data/venv/lib/python3.12/site-packages/oslo_service/backend/_threading/loopingcall.py:125}}
May 12 18:38:18.110086 np0000000627 neutron-periodic-workers[91711]: DEBUG dbcounter [-] [91711] Writing DB stats neutron:SELECT=1 {{(pid=91711) stat_writer /opt/stack/data/venv/lib/python3.12/site-packages/dbcounter.py:115}}
May 12 18:38:24.063565 np0000000627 neutron-periodic-workers[91698]: DEBUG dbcounter [-] [91698] Writing DB stats neutron:SELECT=3 {{(pid=91698) stat_writer /opt/stack/data/venv/lib/python3.12/site-packages/dbcounter.py:115}}
May 12 18:38:42.107475 np0000000627 neutron-periodic-workers[91720]: DEBUG oslo.service.backend._threading.loopingcall [None req-8435b9f8-0da2-4afb-ba3a-fca19d30a025 None None] Fixed interval looping call 'neutron.db.quota.driver_nolock.DbQuotaNoLockDriver._remove_expired_reservations' sleeping for 119.99 seconds {{(pid=91720) _run_loop /opt/stack/data/venv/lib/python3.12/site-packages/oslo_service/backend/_threading/loopingcall.py:125}}
May 12 18:38:45.118198 np0000000627 neutron-periodic-workers[91711]: DEBUG neutron.db.agents_db [None req-b3dbb43a-888c-4859-bc4a-41c7393d11b1 None None] Agent healthcheck: found 0 active agents {{(pid=91711) agent_health_check /opt/stack/neutron/neutron/db/agents_db.py:322}}
May 12 18:38:45.118965 np0000000627 neutron-periodic-workers[91711]: DEBUG oslo.service.backend._threading.loopingcall [None req-b3dbb43a-888c-4859-bc4a-41c7393d11b1 None None] Fixed interval looping call 'neutron.plugins.ml2.plugin.AgentDbMixin.agent_health_check' sleeping for 36.99 seconds {{(pid=91711) _run_loop /opt/stack/data/venv/lib/python3.12/site-packages/oslo_service/backend/_threading/loopingcall.py:125}}
May 12 18:38:51.060768 np0000000627 neutron-periodic-workers[91698]: DEBUG oslo.service.backend._threading.loopingcall [None req-d4359031-c6ea-4b4f-8fea-021e184c6fba None None] Fixed interval looping call 'neutron.plugins.ml2.plugin.DhcpAgentSchedulerDbMixin.remove_networks_from_down_agents' sleeping for 36.99 seconds {{(pid=91698) _run_loop /opt/stack/data/venv/lib/python3.12/site-packages/oslo_service/backend/_threading/loopingcall.py:125}}
May 12 18:38:52.103834 np0000000627 neutron-periodic-workers[91720]: DEBUG dbcounter [-] [91720] Writing DB stats neutron:DELETE=1 {{(pid=91720) stat_writer /opt/stack/data/venv/lib/python3.12/site-packages/dbcounter.py:115}}
May 12 18:38:55.115190 np0000000627 neutron-periodic-workers[91711]: DEBUG dbcounter [-] [91711] Writing DB stats neutron:SELECT=1 {{(pid=91711) stat_writer /opt/stack/data/venv/lib/python3.12/site-packages/dbcounter.py:115}}
May 12 18:39:01.059826 np0000000627 neutron-periodic-workers[91698]: DEBUG dbcounter [-] [91698] Writing DB stats neutron:SELECT=3 {{(pid=91698) stat_writer /opt/stack/data/venv/lib/python3.12/site-packages/dbcounter.py:115}}
May 12 18:39:22.112669 np0000000627 neutron-periodic-workers[91711]: DEBUG neutron.db.agents_db [None req-b3dbb43a-888c-4859-bc4a-41c7393d11b1 None None] Agent healthcheck: found 0 active agents {{(pid=91711) agent_health_check /opt/stack/neutron/neutron/db/agents_db.py:322}}
May 12 18:39:22.113086 np0000000627 neutron-periodic-workers[91711]: DEBUG oslo.service.backend._threading.loopingcall [None req-b3dbb43a-888c-4859-bc4a-41c7393d11b1 None None] Fixed interval looping call 'neutron.plugins.ml2.plugin.AgentDbMixin.agent_health_check' sleeping for 37.00 seconds {{(pid=91711) _run_loop /opt/stack/data/venv/lib/python3.12/site-packages/oslo_service/backend/_threading/loopingcall.py:125}}
May 12 18:39:28.057474 np0000000627 neutron-periodic-workers[91698]: DEBUG oslo.service.backend._threading.loopingcall [None req-d4359031-c6ea-4b4f-8fea-021e184c6fba None None] Fixed interval looping call 'neutron.plugins.ml2.plugin.DhcpAgentSchedulerDbMixin.remove_networks_from_down_agents' sleeping for 36.99 seconds {{(pid=91698) _run_loop /opt/stack/data/venv/lib/python3.12/site-packages/oslo_service/backend/_threading/loopingcall.py:125}}
May 12 18:39:30.071012 np0000000627 neutron-periodic-workers[91684]: DEBUG dbcounter [-] [91684] Writer thread running {{(pid=91684) stat_writer /opt/stack/data/venv/lib/python3.12/site-packages/dbcounter.py:102}}
May 12 18:39:30.080854 np0000000627 neutron-periodic-workers[91684]: DEBUG oslo.service.backend._threading.loopingcall [None req-b6af3da9-4898-49e6-a6bd-452662f63cc6 None None] Fixed interval looping call 'neutron.services.ovn_l3.plugin.L3_NAT_dbonly_mixin._clean_garbage' sleeping for 299.96 seconds {{(pid=91684) _run_loop /opt/stack/data/venv/lib/python3.12/site-packages/oslo_service/backend/_threading/loopingcall.py:125}}
May 12 18:39:32.111371 np0000000627 neutron-periodic-workers[91711]: DEBUG dbcounter [-] [91711] Writing DB stats neutron:SELECT=1 {{(pid=91711) stat_writer /opt/stack/data/venv/lib/python3.12/site-packages/dbcounter.py:115}}
May 12 18:39:38.056568 np0000000627 neutron-periodic-workers[91698]: DEBUG dbcounter [-] [91698] Writing DB stats neutron:SELECT=3 {{(pid=91698) stat_writer /opt/stack/data/venv/lib/python3.12/site-packages/dbcounter.py:115}}
May 12 18:39:40.071592 np0000000627 neutron-periodic-workers[91684]: DEBUG dbcounter [-] [91684] Writing DB stats neutron:SELECT=1 {{(pid=91684) stat_writer /opt/stack/data/venv/lib/python3.12/site-packages/dbcounter.py:115}}
May 12 18:39:59.119028 np0000000627 neutron-periodic-workers[91711]: DEBUG neutron.db.agents_db [None req-b3dbb43a-888c-4859-bc4a-41c7393d11b1 None None] Agent healthcheck: found 0 active agents {{(pid=91711) agent_health_check /opt/stack/neutron/neutron/db/agents_db.py:322}}
May 12 18:39:59.119347 np0000000627 neutron-periodic-workers[91711]: DEBUG oslo.service.backend._threading.loopingcall [None req-b3dbb43a-888c-4859-bc4a-41c7393d11b1 None None] Fixed interval looping call 'neutron.plugins.ml2.plugin.AgentDbMixin.agent_health_check' sleeping for 36.99 seconds {{(pid=91711) _run_loop /opt/stack/data/venv/lib/python3.12/site-packages/oslo_service/backend/_threading/loopingcall.py:125}}
May 12 18:40:05.057310 np0000000627 neutron-periodic-workers[91698]: DEBUG oslo.service.backend._threading.loopingcall [None req-d4359031-c6ea-4b4f-8fea-021e184c6fba None None] Fixed interval looping call 'neutron.plugins.ml2.plugin.DhcpAgentSchedulerDbMixin.remove_networks_from_down_agents' sleeping for 36.99 seconds {{(pid=91698) _run_loop /opt/stack/data/venv/lib/python3.12/site-packages/oslo_service/backend/_threading/loopingcall.py:125}}
May 12 18:40:09.117227 np0000000627 neutron-periodic-workers[91711]: DEBUG dbcounter [-] [91711] Writing DB stats neutron:SELECT=1 {{(pid=91711) stat_writer /opt/stack/data/venv/lib/python3.12/site-packages/dbcounter.py:115}}
May 12 18:40:15.056465 np0000000627 neutron-periodic-workers[91698]: DEBUG dbcounter [-] [91698] Writing DB stats neutron:SELECT=3 {{(pid=91698) stat_writer /opt/stack/data/venv/lib/python3.12/site-packages/dbcounter.py:115}}
May 12 18:40:36.112423 np0000000627 neutron-periodic-workers[91711]: DEBUG neutron.db.agents_db [None req-b3dbb43a-888c-4859-bc4a-41c7393d11b1 None None] Agent healthcheck: found 0 active agents {{(pid=91711) agent_health_check /opt/stack/neutron/neutron/db/agents_db.py:322}}
May 12 18:40:36.112724 np0000000627 neutron-periodic-workers[91711]: DEBUG oslo.service.backend._threading.loopingcall [None req-b3dbb43a-888c-4859-bc4a-41c7393d11b1 None None] Fixed interval looping call 'neutron.plugins.ml2.plugin.AgentDbMixin.agent_health_check' sleeping for 37.00 seconds {{(pid=91711) _run_loop /opt/stack/data/venv/lib/python3.12/site-packages/oslo_service/backend/_threading/loopingcall.py:125}}
May 12 18:40:42.057114 np0000000627 neutron-periodic-workers[91698]: DEBUG oslo.service.backend._threading.loopingcall [None req-d4359031-c6ea-4b4f-8fea-021e184c6fba None None] Fixed interval looping call 'neutron.plugins.ml2.plugin.DhcpAgentSchedulerDbMixin.remove_networks_from_down_agents' sleeping for 36.99 seconds {{(pid=91698) _run_loop /opt/stack/data/venv/lib/python3.12/site-packages/oslo_service/backend/_threading/loopingcall.py:125}}
May 12 18:40:42.100691 np0000000627 neutron-periodic-workers[91720]: DEBUG oslo.service.backend._threading.loopingcall [None req-8435b9f8-0da2-4afb-ba3a-fca19d30a025 None None] Fixed interval looping call 'neutron.db.quota.driver_nolock.DbQuotaNoLockDriver._remove_expired_reservations' sleeping for 120.00 seconds {{(pid=91720) _run_loop /opt/stack/data/venv/lib/python3.12/site-packages/oslo_service/backend/_threading/loopingcall.py:125}}
May 12 18:40:46.111814 np0000000627 neutron-periodic-workers[91711]: DEBUG dbcounter [-] [91711] Writing DB stats neutron:SELECT=1 {{(pid=91711) stat_writer /opt/stack/data/venv/lib/python3.12/site-packages/dbcounter.py:115}}
May 12 18:40:52.055553 np0000000627 neutron-periodic-workers[91698]: DEBUG dbcounter [-] [91698] Writing DB stats neutron:SELECT=3 {{(pid=91698) stat_writer /opt/stack/data/venv/lib/python3.12/site-packages/dbcounter.py:115}}
May 12 18:40:52.099836 np0000000627 neutron-periodic-workers[91720]: DEBUG dbcounter [-] [91720] Writing DB stats neutron:DELETE=1 {{(pid=91720) stat_writer /opt/stack/data/venv/lib/python3.12/site-packages/dbcounter.py:115}}
May 12 18:41:13.120000 np0000000627 neutron-periodic-workers[91711]: DEBUG neutron.db.agents_db [None req-b3dbb43a-888c-4859-bc4a-41c7393d11b1 None None] Agent healthcheck: found 0 active agents {{(pid=91711) agent_health_check /opt/stack/neutron/neutron/db/agents_db.py:322}}
May 12 18:41:13.120425 np0000000627 neutron-periodic-workers[91711]: DEBUG oslo.service.backend._threading.loopingcall [None req-b3dbb43a-888c-4859-bc4a-41c7393d11b1 None None] Fixed interval looping call 'neutron.plugins.ml2.plugin.AgentDbMixin.agent_health_check' sleeping for 36.99 seconds {{(pid=91711) _run_loop /opt/stack/data/venv/lib/python3.12/site-packages/oslo_service/backend/_threading/loopingcall.py:125}}
May 12 18:41:19.057846 np0000000627 neutron-periodic-workers[91698]: DEBUG oslo.service.backend._threading.loopingcall [None req-d4359031-c6ea-4b4f-8fea-021e184c6fba None None] Fixed interval looping call 'neutron.plugins.ml2.plugin.DhcpAgentSchedulerDbMixin.remove_networks_from_down_agents' sleeping for 36.99 seconds {{(pid=91698) _run_loop /opt/stack/data/venv/lib/python3.12/site-packages/oslo_service/backend/_threading/loopingcall.py:125}}
May 12 18:41:23.118836 np0000000627 neutron-periodic-workers[91711]: DEBUG dbcounter [-] [91711] Writing DB stats neutron:SELECT=1 {{(pid=91711) stat_writer /opt/stack/data/venv/lib/python3.12/site-packages/dbcounter.py:115}}
May 12 18:41:29.056286 np0000000627 neutron-periodic-workers[91698]: DEBUG dbcounter [-] [91698] Writing DB stats neutron:SELECT=3 {{(pid=91698) stat_writer /opt/stack/data/venv/lib/python3.12/site-packages/dbcounter.py:115}}
May 12 18:41:50.113890 np0000000627 neutron-periodic-workers[91711]: DEBUG neutron.db.agents_db [None req-b3dbb43a-888c-4859-bc4a-41c7393d11b1 None None] Agent healthcheck: found 0 active agents {{(pid=91711) agent_health_check /opt/stack/neutron/neutron/db/agents_db.py:322}}
May 12 18:41:50.114224 np0000000627 neutron-periodic-workers[91711]: DEBUG oslo.service.backend._threading.loopingcall [None req-b3dbb43a-888c-4859-bc4a-41c7393d11b1 None None] Fixed interval looping call 'neutron.plugins.ml2.plugin.AgentDbMixin.agent_health_check' sleeping for 37.00 seconds {{(pid=91711) _run_loop /opt/stack/data/venv/lib/python3.12/site-packages/oslo_service/backend/_threading/loopingcall.py:125}}
May 12 18:41:56.056557 np0000000627 neutron-periodic-workers[91698]: DEBUG oslo.service.backend._threading.loopingcall [None req-d4359031-c6ea-4b4f-8fea-021e184c6fba None None] Fixed interval looping call 'neutron.plugins.ml2.plugin.DhcpAgentSchedulerDbMixin.remove_networks_from_down_agents' sleeping for 36.99 seconds {{(pid=91698) _run_loop /opt/stack/data/venv/lib/python3.12/site-packages/oslo_service/backend/_threading/loopingcall.py:125}}
May 12 18:42:00.112979 np0000000627 neutron-periodic-workers[91711]: DEBUG dbcounter [-] [91711] Writing DB stats neutron:SELECT=1 {{(pid=91711) stat_writer /opt/stack/data/venv/lib/python3.12/site-packages/dbcounter.py:115}}
May 12 18:42:06.056389 np0000000627 neutron-periodic-workers[91698]: DEBUG dbcounter [-] [91698] Writing DB stats neutron:SELECT=3 {{(pid=91698) stat_writer /opt/stack/data/venv/lib/python3.12/site-packages/dbcounter.py:115}}
May 12 18:42:27.118932 np0000000627 neutron-periodic-workers[91711]: DEBUG neutron.db.agents_db [None req-b3dbb43a-888c-4859-bc4a-41c7393d11b1 None None] Agent healthcheck: found 0 active agents {{(pid=91711) agent_health_check /opt/stack/neutron/neutron/db/agents_db.py:322}}
May 12 18:42:27.118932 np0000000627 neutron-periodic-workers[91711]: DEBUG oslo.service.backend._threading.loopingcall [None req-b3dbb43a-888c-4859-bc4a-41c7393d11b1 None None] Fixed interval looping call 'neutron.plugins.ml2.plugin.AgentDbMixin.agent_health_check' sleeping for 37.00 seconds {{(pid=91711) _run_loop /opt/stack/data/venv/lib/python3.12/site-packages/oslo_service/backend/_threading/loopingcall.py:125}}
May 12 18:42:33.051806 np0000000627 neutron-periodic-workers[91698]: DEBUG oslo.service.backend._threading.loopingcall [None req-d4359031-c6ea-4b4f-8fea-021e184c6fba None None] Fixed interval looping call 'neutron.plugins.ml2.plugin.DhcpAgentSchedulerDbMixin.remove_networks_from_down_agents' sleeping for 37.00 seconds {{(pid=91698) _run_loop /opt/stack/data/venv/lib/python3.12/site-packages/oslo_service/backend/_threading/loopingcall.py:125}}
May 12 18:42:37.117699 np0000000627 neutron-periodic-workers[91711]: DEBUG dbcounter [-] [91711] Writing DB stats neutron:SELECT=1 {{(pid=91711) stat_writer /opt/stack/data/venv/lib/python3.12/site-packages/dbcounter.py:115}}
May 12 18:42:42.104274 np0000000627 neutron-periodic-workers[91720]: DEBUG oslo.service.backend._threading.loopingcall [None req-8435b9f8-0da2-4afb-ba3a-fca19d30a025 None None] Fixed interval looping call 'neutron.db.quota.driver_nolock.DbQuotaNoLockDriver._remove_expired_reservations' sleeping for 120.00 seconds {{(pid=91720) _run_loop /opt/stack/data/venv/lib/python3.12/site-packages/oslo_service/backend/_threading/loopingcall.py:125}}
May 12 18:42:43.051227 np0000000627 neutron-periodic-workers[91698]: DEBUG dbcounter [-] [91698] Writing DB stats neutron:SELECT=3 {{(pid=91698) stat_writer /opt/stack/data/venv/lib/python3.12/site-packages/dbcounter.py:115}}
May 12 18:42:52.103340 np0000000627 neutron-periodic-workers[91720]: DEBUG dbcounter [-] [91720] Writing DB stats neutron:DELETE=1 {{(pid=91720) stat_writer /opt/stack/data/venv/lib/python3.12/site-packages/dbcounter.py:115}}
May 12 18:43:04.122771 np0000000627 neutron-periodic-workers[91711]: DEBUG neutron.db.agents_db [None req-b3dbb43a-888c-4859-bc4a-41c7393d11b1 None None] Agent healthcheck: found 0 active agents {{(pid=91711) agent_health_check /opt/stack/neutron/neutron/db/agents_db.py:322}}
May 12 18:43:04.122771 np0000000627 neutron-periodic-workers[91711]: DEBUG oslo.service.backend._threading.loopingcall [None req-b3dbb43a-888c-4859-bc4a-41c7393d11b1 None None] Fixed interval looping call 'neutron.plugins.ml2.plugin.AgentDbMixin.agent_health_check' sleeping for 37.00 seconds {{(pid=91711) _run_loop /opt/stack/data/venv/lib/python3.12/site-packages/oslo_service/backend/_threading/loopingcall.py:125}}
May 12 18:43:10.059543 np0000000627 neutron-periodic-workers[91698]: DEBUG oslo.service.backend._threading.loopingcall [None req-d4359031-c6ea-4b4f-8fea-021e184c6fba None None] Fixed interval looping call 'neutron.plugins.ml2.plugin.DhcpAgentSchedulerDbMixin.remove_networks_from_down_agents' sleeping for 36.99 seconds {{(pid=91698) _run_loop /opt/stack/data/venv/lib/python3.12/site-packages/oslo_service/backend/_threading/loopingcall.py:125}}
May 12 18:43:14.125491 np0000000627 neutron-periodic-workers[91711]: DEBUG dbcounter [-] [91711] Writing DB stats neutron:SELECT=1 {{(pid=91711) stat_writer /opt/stack/data/venv/lib/python3.12/site-packages/dbcounter.py:115}}
May 12 18:43:20.058831 np0000000627 neutron-periodic-workers[91698]: DEBUG dbcounter [-] [91698] Writing DB stats neutron:SELECT=3 {{(pid=91698) stat_writer /opt/stack/data/venv/lib/python3.12/site-packages/dbcounter.py:115}}
May 12 18:43:41.126546 np0000000627 neutron-periodic-workers[91711]: DEBUG neutron.db.agents_db [None req-b3dbb43a-888c-4859-bc4a-41c7393d11b1 None None] Agent healthcheck: found 0 active agents {{(pid=91711) agent_health_check /opt/stack/neutron/neutron/db/agents_db.py:322}}
May 12 18:43:41.126915 np0000000627 neutron-periodic-workers[91711]: DEBUG oslo.service.backend._threading.loopingcall [None req-b3dbb43a-888c-4859-bc4a-41c7393d11b1 None None] Fixed interval looping call 'neutron.plugins.ml2.plugin.AgentDbMixin.agent_health_check' sleeping for 37.00 seconds {{(pid=91711) _run_loop /opt/stack/data/venv/lib/python3.12/site-packages/oslo_service/backend/_threading/loopingcall.py:125}}
May 12 18:43:47.056567 np0000000627 neutron-periodic-workers[91698]: DEBUG oslo.service.backend._threading.loopingcall [None req-d4359031-c6ea-4b4f-8fea-021e184c6fba None None] Fixed interval looping call 'neutron.plugins.ml2.plugin.DhcpAgentSchedulerDbMixin.remove_networks_from_down_agents' sleeping for 36.99 seconds {{(pid=91698) _run_loop /opt/stack/data/venv/lib/python3.12/site-packages/oslo_service/backend/_threading/loopingcall.py:125}}
May 12 18:43:51.125364 np0000000627 neutron-periodic-workers[91711]: DEBUG dbcounter [-] [91711] Writing DB stats neutron:SELECT=1 {{(pid=91711) stat_writer /opt/stack/data/venv/lib/python3.12/site-packages/dbcounter.py:115}}
May 12 18:43:57.054733 np0000000627 neutron-periodic-workers[91698]: DEBUG dbcounter [-] [91698] Writing DB stats neutron:SELECT=3 {{(pid=91698) stat_writer /opt/stack/data/venv/lib/python3.12/site-packages/dbcounter.py:115}}
May 12 18:44:18.129967 np0000000627 neutron-periodic-workers[91711]: DEBUG neutron.db.agents_db [None req-b3dbb43a-888c-4859-bc4a-41c7393d11b1 None None] Agent healthcheck: found 0 active agents {{(pid=91711) agent_health_check /opt/stack/neutron/neutron/db/agents_db.py:322}}
May 12 18:44:18.130382 np0000000627 neutron-periodic-workers[91711]: DEBUG oslo.service.backend._threading.loopingcall [None req-b3dbb43a-888c-4859-bc4a-41c7393d11b1 None None] Fixed interval looping call 'neutron.plugins.ml2.plugin.AgentDbMixin.agent_health_check' sleeping for 37.00 seconds {{(pid=91711) _run_loop /opt/stack/data/venv/lib/python3.12/site-packages/oslo_service/backend/_threading/loopingcall.py:125}}
May 12 18:44:24.052829 np0000000627 neutron-periodic-workers[91698]: DEBUG oslo.service.backend._threading.loopingcall [None req-d4359031-c6ea-4b4f-8fea-021e184c6fba None None] Fixed interval looping call 'neutron.plugins.ml2.plugin.DhcpAgentSchedulerDbMixin.remove_networks_from_down_agents' sleeping for 36.99 seconds {{(pid=91698) _run_loop /opt/stack/data/venv/lib/python3.12/site-packages/oslo_service/backend/_threading/loopingcall.py:125}}
May 12 18:44:28.128871 np0000000627 neutron-periodic-workers[91711]: DEBUG dbcounter [-] [91711] Writing DB stats neutron:SELECT=1 {{(pid=91711) stat_writer /opt/stack/data/venv/lib/python3.12/site-packages/dbcounter.py:115}}
May 12 18:44:30.056135 np0000000627 neutron-periodic-workers[91684]: DEBUG oslo.service.backend._threading.loopingcall [None req-b6af3da9-4898-49e6-a6bd-452662f63cc6 None None] Fixed interval looping call 'neutron.services.ovn_l3.plugin.L3_NAT_dbonly_mixin._clean_garbage' sleeping for 299.99 seconds {{(pid=91684) _run_loop /opt/stack/data/venv/lib/python3.12/site-packages/oslo_service/backend/_threading/loopingcall.py:125}}
May 12 18:44:34.051993 np0000000627 neutron-periodic-workers[91698]: DEBUG dbcounter [-] [91698] Writing DB stats neutron:SELECT=3 {{(pid=91698) stat_writer /opt/stack/data/venv/lib/python3.12/site-packages/dbcounter.py:115}}
May 12 18:44:40.046564 np0000000627 neutron-periodic-workers[91684]: DEBUG dbcounter [-] [91684] Writing DB stats neutron:SELECT=1 {{(pid=91684) stat_writer /opt/stack/data/venv/lib/python3.12/site-packages/dbcounter.py:115}}
May 12 18:44:42.115336 np0000000627 neutron-periodic-workers[91720]: DEBUG oslo.service.backend._threading.loopingcall [None req-8435b9f8-0da2-4afb-ba3a-fca19d30a025 None None] Fixed interval looping call 'neutron.db.quota.driver_nolock.DbQuotaNoLockDriver._remove_expired_reservations' sleeping for 119.99 seconds {{(pid=91720) _run_loop /opt/stack/data/venv/lib/python3.12/site-packages/oslo_service/backend/_threading/loopingcall.py:125}}
May 12 18:44:52.111137 np0000000627 neutron-periodic-workers[91720]: DEBUG dbcounter [-] [91720] Writing DB stats neutron:DELETE=1 {{(pid=91720) stat_writer /opt/stack/data/venv/lib/python3.12/site-packages/dbcounter.py:115}}
May 12 18:44:55.135993 np0000000627 neutron-periodic-workers[91711]: DEBUG neutron.db.agents_db [None req-b3dbb43a-888c-4859-bc4a-41c7393d11b1 None None] Agent healthcheck: found 0 active agents {{(pid=91711) agent_health_check /opt/stack/neutron/neutron/db/agents_db.py:322}}
May 12 18:44:55.135993 np0000000627 neutron-periodic-workers[91711]: DEBUG oslo.service.backend._threading.loopingcall [None req-b3dbb43a-888c-4859-bc4a-41c7393d11b1 None None] Fixed interval looping call 'neutron.plugins.ml2.plugin.AgentDbMixin.agent_health_check' sleeping for 36.99 seconds {{(pid=91711) _run_loop /opt/stack/data/venv/lib/python3.12/site-packages/oslo_service/backend/_threading/loopingcall.py:125}}
May 12 18:45:01.054186 np0000000627 neutron-periodic-workers[91698]: DEBUG oslo.service.backend._threading.loopingcall [None req-d4359031-c6ea-4b4f-8fea-021e184c6fba None None] Fixed interval looping call 'neutron.plugins.ml2.plugin.DhcpAgentSchedulerDbMixin.remove_networks_from_down_agents' sleeping for 36.99 seconds {{(pid=91698) _run_loop /opt/stack/data/venv/lib/python3.12/site-packages/oslo_service/backend/_threading/loopingcall.py:125}}
May 12 18:45:05.135697 np0000000627 neutron-periodic-workers[91711]: DEBUG dbcounter [-] [91711] Writing DB stats neutron:SELECT=1 {{(pid=91711) stat_writer /opt/stack/data/venv/lib/python3.12/site-packages/dbcounter.py:115}}
May 12 18:45:11.050583 np0000000627 neutron-periodic-workers[91698]: DEBUG dbcounter [-] [91698] Writing DB stats neutron:SELECT=3 {{(pid=91698) stat_writer /opt/stack/data/venv/lib/python3.12/site-packages/dbcounter.py:115}}
May 12 18:45:32.129198 np0000000627 neutron-periodic-workers[91711]: DEBUG neutron.db.agents_db [None req-b3dbb43a-888c-4859-bc4a-41c7393d11b1 None None] Agent healthcheck: found 0 active agents {{(pid=91711) agent_health_check /opt/stack/neutron/neutron/db/agents_db.py:322}}
May 12 18:45:32.129666 np0000000627 neutron-periodic-workers[91711]: DEBUG oslo.service.backend._threading.loopingcall [None req-b3dbb43a-888c-4859-bc4a-41c7393d11b1 None None] Fixed interval looping call 'neutron.plugins.ml2.plugin.AgentDbMixin.agent_health_check' sleeping for 37.00 seconds {{(pid=91711) _run_loop /opt/stack/data/venv/lib/python3.12/site-packages/oslo_service/backend/_threading/loopingcall.py:125}}
May 12 18:45:38.050142 np0000000627 neutron-periodic-workers[91698]: DEBUG oslo.service.backend._threading.loopingcall [None req-d4359031-c6ea-4b4f-8fea-021e184c6fba None None] Fixed interval looping call 'neutron.plugins.ml2.plugin.DhcpAgentSchedulerDbMixin.remove_networks_from_down_agents' sleeping for 36.99 seconds {{(pid=91698) _run_loop /opt/stack/data/venv/lib/python3.12/site-packages/oslo_service/backend/_threading/loopingcall.py:125}}
May 12 18:45:42.128455 np0000000627 neutron-periodic-workers[91711]: DEBUG dbcounter [-] [91711] Writing DB stats neutron:SELECT=1 {{(pid=91711) stat_writer /opt/stack/data/venv/lib/python3.12/site-packages/dbcounter.py:115}}
May 12 18:45:48.050829 np0000000627 neutron-periodic-workers[91698]: DEBUG dbcounter [-] [91698] Writing DB stats neutron:SELECT=3 {{(pid=91698) stat_writer /opt/stack/data/venv/lib/python3.12/site-packages/dbcounter.py:115}}
May 12 18:46:09.132675 np0000000627 neutron-periodic-workers[91711]: DEBUG neutron.db.agents_db [None req-b3dbb43a-888c-4859-bc4a-41c7393d11b1 None None] Agent healthcheck: found 0 active agents {{(pid=91711) agent_health_check /opt/stack/neutron/neutron/db/agents_db.py:322}}
May 12 18:46:09.133095 np0000000627 neutron-periodic-workers[91711]: DEBUG oslo.service.backend._threading.loopingcall [None req-b3dbb43a-888c-4859-bc4a-41c7393d11b1 None None] Fixed interval looping call 'neutron.plugins.ml2.plugin.AgentDbMixin.agent_health_check' sleeping for 37.00 seconds {{(pid=91711) _run_loop /opt/stack/data/venv/lib/python3.12/site-packages/oslo_service/backend/_threading/loopingcall.py:125}}
May 12 18:46:15.047337 np0000000627 neutron-periodic-workers[91698]: DEBUG oslo.service.backend._threading.loopingcall [None req-d4359031-c6ea-4b4f-8fea-021e184c6fba None None] Fixed interval looping call 'neutron.plugins.ml2.plugin.DhcpAgentSchedulerDbMixin.remove_networks_from_down_agents' sleeping for 36.99 seconds {{(pid=91698) _run_loop /opt/stack/data/venv/lib/python3.12/site-packages/oslo_service/backend/_threading/loopingcall.py:125}}
May 12 18:46:19.131581 np0000000627 neutron-periodic-workers[91711]: DEBUG dbcounter [-] [91711] Writing DB stats neutron:SELECT=1 {{(pid=91711) stat_writer /opt/stack/data/venv/lib/python3.12/site-packages/dbcounter.py:115}}
May 12 18:46:25.045323 np0000000627 neutron-periodic-workers[91698]: DEBUG dbcounter [-] [91698] Writing DB stats neutron:SELECT=3 {{(pid=91698) stat_writer /opt/stack/data/venv/lib/python3.12/site-packages/dbcounter.py:115}}
May 12 18:46:42.108095 np0000000627 neutron-periodic-workers[91720]: DEBUG oslo.service.backend._threading.loopingcall [None req-8435b9f8-0da2-4afb-ba3a-fca19d30a025 None None] Fixed interval looping call 'neutron.db.quota.driver_nolock.DbQuotaNoLockDriver._remove_expired_reservations' sleeping for 120.00 seconds {{(pid=91720) _run_loop /opt/stack/data/venv/lib/python3.12/site-packages/oslo_service/backend/_threading/loopingcall.py:125}}
May 12 18:46:46.135843 np0000000627 neutron-periodic-workers[91711]: DEBUG neutron.db.agents_db [None req-b3dbb43a-888c-4859-bc4a-41c7393d11b1 None None] Agent healthcheck: found 0 active agents {{(pid=91711) agent_health_check /opt/stack/neutron/neutron/db/agents_db.py:322}}
May 12 18:46:46.136286 np0000000627 neutron-periodic-workers[91711]: DEBUG oslo.service.backend._threading.loopingcall [None req-b3dbb43a-888c-4859-bc4a-41c7393d11b1 None None] Fixed interval looping call 'neutron.plugins.ml2.plugin.AgentDbMixin.agent_health_check' sleeping for 37.00 seconds {{(pid=91711) _run_loop /opt/stack/data/venv/lib/python3.12/site-packages/oslo_service/backend/_threading/loopingcall.py:125}}
May 12 18:46:52.044845 np0000000627 neutron-periodic-workers[91698]: DEBUG oslo.service.backend._threading.loopingcall [None req-d4359031-c6ea-4b4f-8fea-021e184c6fba None None] Fixed interval looping call 'neutron.plugins.ml2.plugin.DhcpAgentSchedulerDbMixin.remove_networks_from_down_agents' sleeping for 36.99 seconds {{(pid=91698) _run_loop /opt/stack/data/venv/lib/python3.12/site-packages/oslo_service/backend/_threading/loopingcall.py:125}}
May 12 18:46:52.107736 np0000000627 neutron-periodic-workers[91720]: DEBUG dbcounter [-] [91720] Writing DB stats neutron:DELETE=1 {{(pid=91720) stat_writer /opt/stack/data/venv/lib/python3.12/site-packages/dbcounter.py:115}}
May 12 18:46:56.134789 np0000000627 neutron-periodic-workers[91711]: DEBUG dbcounter [-] [91711] Writing DB stats neutron:SELECT=1 {{(pid=91711) stat_writer /opt/stack/data/venv/lib/python3.12/site-packages/dbcounter.py:115}}
May 12 18:47:02.043329 np0000000627 neutron-periodic-workers[91698]: DEBUG dbcounter [-] [91698] Writing DB stats neutron:SELECT=3 {{(pid=91698) stat_writer /opt/stack/data/venv/lib/python3.12/site-packages/dbcounter.py:115}}
May 12 18:47:23.138813 np0000000627 neutron-periodic-workers[91711]: DEBUG neutron.db.agents_db [None req-b3dbb43a-888c-4859-bc4a-41c7393d11b1 None None] Agent healthcheck: found 0 active agents {{(pid=91711) agent_health_check /opt/stack/neutron/neutron/db/agents_db.py:322}}
