Jul 27 10:21:51.005558 np0000005894 devstack@g-api.service[103327]: [pid: 103327|app: 0|req: 10/37] 127.0.0.1 () {44 vars in 1115 bytes} [Mon Jul 27 10:21:50 2026] GET /v2/images/be595d2a-fff3-44e4-a42a-16d299b68823 => generated 1044 bytes in 316 msecs (HTTP/1.1 200) 4 headers in 158 bytes (1 switches on core 0)
Jul 27 10:21:51.042118 np0000005894 devstack@g-api.service[103328]: DEBUG glance.api.middleware.version_negotiation [None req-028d4a22-19ef-4b1e-981f-47d9a1a367e1 tempest-TaggedBootDevicesTest_v242-1640697921 tempest-TaggedBootDevicesTest_v242-1640697921-project-member] Determining version of request: GET /v2/images/be595d2a-fff3-44e4-a42a-16d299b68823/file Accept: */* {{(pid=103328) process_request /opt/stack/glance/glance/api/middleware/version_negotiation.py:44}}
Jul 27 10:21:51.042407 np0000005894 devstack@g-api.service[103328]: DEBUG glance.api.middleware.version_negotiation [None req-028d4a22-19ef-4b1e-981f-47d9a1a367e1 tempest-TaggedBootDevicesTest_v242-1640697921 tempest-TaggedBootDevicesTest_v242-1640697921-project-member] Using url versioning {{(pid=103328) process_request /opt/stack/glance/glance/api/middleware/version_negotiation.py:57}}
Jul 27 10:21:51.042560 np0000005894 devstack@g-api.service[103328]: DEBUG glance.api.middleware.version_negotiation [None req-028d4a22-19ef-4b1e-981f-47d9a1a367e1 tempest-TaggedBootDevicesTest_v242-1640697921 tempest-TaggedBootDevicesTest_v242-1640697921-project-member] Matched version: v2 {{(pid=103328) process_request /opt/stack/glance/glance/api/middleware/version_negotiation.py:69}}
Jul 27 10:21:51.042611 np0000005894 devstack@g-api.service[103328]: DEBUG glance.api.middleware.version_negotiation [None req-028d4a22-19ef-4b1e-981f-47d9a1a367e1 tempest-TaggedBootDevicesTest_v242-1640697921 tempest-TaggedBootDevicesTest_v242-1640697921-project-member] new path /v2/images/be595d2a-fff3-44e4-a42a-16d299b68823/file {{(pid=103328) process_request /opt/stack/glance/glance/api/middleware/version_negotiation.py:70}}
Jul 27 10:21:51.052525 np0000005894 devstack@g-api.service[103328]: DEBUG glance.api.middleware.cache [None req-a518c6ef-eeee-48e8-ad28-e787a6755e24 tempest-DeleteServersTestJSON-102963438 tempest-DeleteServersTestJSON-102963438-project-member] Cache hit for image 'be595d2a-fff3-44e4-a42a-16d299b68823' {{(pid=103328) process_request /opt/stack/glance/glance/api/middleware/cache.py:160}}
Jul 27 10:21:51.100075 np0000005894 devstack@g-api.service[103330]: DEBUG glance.location [None req-2af03a98-f38c-4758-b731-2e206355eacf tempest-AttachSCSIVolumeTestJSON-976978855 tempest-AttachSCSIVolumeTestJSON-976978855-project-admin] Enabling in-flight format inspection for qcow2 {{(pid=103330) set_data /opt/stack/glance/glance/location.py:596}}
Jul 27 10:21:51.100396 np0000005894 devstack@g-api.service[103330]: DEBUG glance_store.backend [None req-2af03a98-f38c-4758-b731-2e206355eacf tempest-AttachSCSIVolumeTestJSON-976978855 tempest-AttachSCSIVolumeTestJSON-976978855-project-admin] Attempting to import store swift {{(pid=103330) _load_store /opt/stack/data/venv/lib/python3.12/site-packages/glance_store/backend.py:215}}
Jul 27 10:21:51.101938 np0000005894 devstack@g-api.service[103330]: DEBUG glance_store.capabilities [None req-2af03a98-f38c-4758-b731-2e206355eacf tempest-AttachSCSIVolumeTestJSON-976978855 tempest-AttachSCSIVolumeTestJSON-976978855-project-admin] Store glance_store._drivers.swift.store.SingleTenantStore doesn't support updating dynamic storage capabilities. Please overwrite 'update_capabilities' method of the store to implement updating logics if needed. {{(pid=103330) update_capabilities /opt/stack/data/venv/lib/python3.12/site-packages/glance_store/capabilities.py:91}}
Jul 27 10:21:51.101938 np0000005894 devstack@g-api.service[103330]: DEBUG glance_store.driver [None req-2af03a98-f38c-4758-b731-2e206355eacf tempest-AttachSCSIVolumeTestJSON-976978855 tempest-AttachSCSIVolumeTestJSON-976978855-project-admin] Late loading location class glance_store._drivers.swift.store.StoreLocation {{(pid=103330) get_store_location_class /opt/stack/data/venv/lib/python3.12/site-packages/glance_store/driver.py:134}}
Jul 27 10:21:51.101938 np0000005894 devstack@g-api.service[103330]: DEBUG glance_store.location [None req-2af03a98-f38c-4758-b731-2e206355eacf tempest-AttachSCSIVolumeTestJSON-976978855 tempest-AttachSCSIVolumeTestJSON-976978855-project-admin] Registering scheme swift+https with {'store': , 'location_class': , 'store_entry': 'swift'} {{(pid=103330) register_scheme_map /opt/stack/data/venv/lib/python3.12/site-packages/glance_store/location.py:146}}
Jul 27 10:21:51.102128 np0000005894 devstack@g-api.service[103330]: DEBUG glance_store.location [None req-2af03a98-f38c-4758-b731-2e206355eacf tempest-AttachSCSIVolumeTestJSON-976978855 tempest-AttachSCSIVolumeTestJSON-976978855-project-admin] Registering scheme swift+https with {'store': , 'location_class': , 'store_entry': 'swift'} {{(pid=103330) register_scheme_map /opt/stack/data/venv/lib/python3.12/site-packages/glance_store/location.py:146}}
Jul 27 10:21:51.102128 np0000005894 devstack@g-api.service[103330]: DEBUG glance_store.location [None req-2af03a98-f38c-4758-b731-2e206355eacf tempest-AttachSCSIVolumeTestJSON-976978855 tempest-AttachSCSIVolumeTestJSON-976978855-project-admin] Registering scheme swift with {'store': , 'location_class': , 'store_entry': 'swift'} {{(pid=103330) register_scheme_map /opt/stack/data/venv/lib/python3.12/site-packages/glance_store/location.py:146}}
Jul 27 10:21:51.102224 np0000005894 devstack@g-api.service[103330]: DEBUG glance_store.location [None req-2af03a98-f38c-4758-b731-2e206355eacf tempest-AttachSCSIVolumeTestJSON-976978855 tempest-AttachSCSIVolumeTestJSON-976978855-project-admin] Registering scheme swift+https with {'store': , 'location_class': , 'store_entry': 'swift'} {{(pid=103330) register_scheme_map /opt/stack/data/venv/lib/python3.12/site-packages/glance_store/location.py:146}}
Jul 27 10:21:51.102224 np0000005894 devstack@g-api.service[103330]: DEBUG glance_store.location [None req-2af03a98-f38c-4758-b731-2e206355eacf tempest-AttachSCSIVolumeTestJSON-976978855 tempest-AttachSCSIVolumeTestJSON-976978855-project-admin] Registering scheme swift with {'store': , 'location_class': , 'store_entry': 'swift'} {{(pid=103330) register_scheme_map /opt/stack/data/venv/lib/python3.12/site-packages/glance_store/location.py:146}}
Jul 27 10:21:51.102286 np0000005894 devstack@g-api.service[103330]: DEBUG glance_store.location [None req-2af03a98-f38c-4758-b731-2e206355eacf tempest-AttachSCSIVolumeTestJSON-976978855 tempest-AttachSCSIVolumeTestJSON-976978855-project-admin] Registering scheme swift+http with {'store': , 'location_class': , 'store_entry': 'swift'} {{(pid=103330) register_scheme_map /opt/stack/data/venv/lib/python3.12/site-packages/glance_store/location.py:146}}
Jul 27 10:21:51.102374 np0000005894 devstack@g-api.service[103330]: DEBUG glance_store.location [None req-2af03a98-f38c-4758-b731-2e206355eacf tempest-AttachSCSIVolumeTestJSON-976978855 tempest-AttachSCSIVolumeTestJSON-976978855-project-admin] Registering scheme swift+https with {'store': , 'location_class': , 'store_entry': 'swift'} {{(pid=103330) register_scheme_map /opt/stack/data/venv/lib/python3.12/site-packages/glance_store/location.py:146}}
Jul 27 10:21:51.102460 np0000005894 devstack@g-api.service[103330]: DEBUG glance_store.location [None req-2af03a98-f38c-4758-b731-2e206355eacf tempest-AttachSCSIVolumeTestJSON-976978855 tempest-AttachSCSIVolumeTestJSON-976978855-project-admin] Registering scheme swift with {'store': , 'location_class': , 'store_entry': 'swift'} {{(pid=103330) register_scheme_map /opt/stack/data/venv/lib/python3.12/site-packages/glance_store/location.py:146}}
Jul 27 10:21:51.102500 np0000005894 devstack@g-api.service[103330]: DEBUG glance_store.location [None req-2af03a98-f38c-4758-b731-2e206355eacf tempest-AttachSCSIVolumeTestJSON-976978855 tempest-AttachSCSIVolumeTestJSON-976978855-project-admin] Registering scheme swift+http with {'store': , 'location_class': , 'store_entry': 'swift'} {{(pid=103330) register_scheme_map /opt/stack/data/venv/lib/python3.12/site-packages/glance_store/location.py:146}}
Jul 27 10:21:51.102567 np0000005894 devstack@g-api.service[103330]: DEBUG glance_store.location [None req-2af03a98-f38c-4758-b731-2e206355eacf tempest-AttachSCSIVolumeTestJSON-976978855 tempest-AttachSCSIVolumeTestJSON-976978855-project-admin] Registering scheme swift+config with {'store': , 'location_class': , 'store_entry': 'swift'} {{(pid=103330) register_scheme_map /opt/stack/data/venv/lib/python3.12/site-packages/glance_store/location.py:146}}
Jul 27 10:21:51.118682 np0000005894 devstack@g-api.service[103328]: [pid: 103328|app: 0|req: 11/38] 127.0.0.1 () {44 vars in 1125 bytes} [Mon Jul 27 10:21:51 2026] GET /v2/images/be595d2a-fff3-44e4-a42a-16d299b68823/file => generated 21692416 bytes in 76 msecs (HTTP/1.1 200) 5 headers in 217 bytes (339 switches on core 0)
Jul 27 10:21:51.255171 np0000005894 devstack@g-api.service[103329]: DEBUG glance.api.middleware.version_negotiation [None req-028d4a22-19ef-4b1e-981f-47d9a1a367e1 tempest-TaggedBootDevicesTest_v242-1640697921 tempest-TaggedBootDevicesTest_v242-1640697921-project-member] Determining version of request: GET /v2/images/be595d2a-fff3-44e4-a42a-16d299b68823 Accept: */* {{(pid=103329) process_request /opt/stack/glance/glance/api/middleware/version_negotiation.py:44}}
Jul 27 10:21:51.255515 np0000005894 devstack@g-api.service[103329]: DEBUG glance.api.middleware.version_negotiation [None req-028d4a22-19ef-4b1e-981f-47d9a1a367e1 tempest-TaggedBootDevicesTest_v242-1640697921 tempest-TaggedBootDevicesTest_v242-1640697921-project-member] Using url versioning {{(pid=103329) process_request /opt/stack/glance/glance/api/middleware/version_negotiation.py:57}}
Jul 27 10:21:51.255515 np0000005894 devstack@g-api.service[103329]: DEBUG glance.api.middleware.version_negotiation [None req-028d4a22-19ef-4b1e-981f-47d9a1a367e1 tempest-TaggedBootDevicesTest_v242-1640697921 tempest-TaggedBootDevicesTest_v242-1640697921-project-member] Matched version: v2 {{(pid=103329) process_request /opt/stack/glance/glance/api/middleware/version_negotiation.py:69}}
Jul 27 10:21:51.255597 np0000005894 devstack@g-api.service[103329]: DEBUG glance.api.middleware.version_negotiation [None req-028d4a22-19ef-4b1e-981f-47d9a1a367e1 tempest-TaggedBootDevicesTest_v242-1640697921 tempest-TaggedBootDevicesTest_v242-1640697921-project-member] new path /v2/images/be595d2a-fff3-44e4-a42a-16d299b68823 {{(pid=103329) process_request /opt/stack/glance/glance/api/middleware/version_negotiation.py:70}}
Jul 27 10:21:51.272247 np0000005894 devstack@g-api.service[103329]: [pid: 103329|app: 0|req: 12/39] 127.0.0.1 () {44 vars in 1115 bytes} [Mon Jul 27 10:21:51 2026] GET /v2/images/be595d2a-fff3-44e4-a42a-16d299b68823 => generated 1044 bytes in 17 msecs (HTTP/1.1 200) 4 headers in 158 bytes (1 switches on core 0)
Jul 27 10:21:51.287130 np0000005894 devstack@g-api.service[103327]: DEBUG glance.api.middleware.version_negotiation [None req-a518c6ef-eeee-48e8-ad28-e787a6755e24 tempest-DeleteServersTestJSON-102963438 tempest-DeleteServersTestJSON-102963438-project-member] Determining version of request: GET /versions Accept: */* {{(pid=103327) process_request /opt/stack/glance/glance/api/middleware/version_negotiation.py:44}}
Jul 27 10:21:51.288369 np0000005894 devstack@g-api.service[103327]: [pid: 103327|app: 0|req: 11/40] 127.0.0.1 () {44 vars in 1039 bytes} [Mon Jul 27 10:21:51 2026] GET /versions => generated 1515 bytes in 1 msecs (HTTP/1.1 200) 3 headers in 92 bytes (1 switches on core 0)
Jul 27 10:21:51.297234 np0000005894 devstack@g-api.service[103328]: DEBUG glance.api.middleware.version_negotiation [None req-a518c6ef-eeee-48e8-ad28-e787a6755e24 tempest-DeleteServersTestJSON-102963438 tempest-DeleteServersTestJSON-102963438-project-member] Determining version of request: GET /v2/images/be595d2a-fff3-44e4-a42a-16d299b68823/locations Accept: */* {{(pid=103328) process_request /opt/stack/glance/glance/api/middleware/version_negotiation.py:44}}
Jul 27 10:21:51.297531 np0000005894 devstack@g-api.service[103328]: DEBUG glance.api.middleware.version_negotiation [None req-a518c6ef-eeee-48e8-ad28-e787a6755e24 tempest-DeleteServersTestJSON-102963438 tempest-DeleteServersTestJSON-102963438-project-member] Using url versioning {{(pid=103328) process_request /opt/stack/glance/glance/api/middleware/version_negotiation.py:57}}
Jul 27 10:21:51.297531 np0000005894 devstack@g-api.service[103328]: DEBUG glance.api.middleware.version_negotiation [None req-a518c6ef-eeee-48e8-ad28-e787a6755e24 tempest-DeleteServersTestJSON-102963438 tempest-DeleteServersTestJSON-102963438-project-member] Matched version: v2 {{(pid=103328) process_request /opt/stack/glance/glance/api/middleware/version_negotiation.py:69}}
Jul 27 10:21:51.297707 np0000005894 devstack@g-api.service[103328]: DEBUG glance.api.middleware.version_negotiation [None req-a518c6ef-eeee-48e8-ad28-e787a6755e24 tempest-DeleteServersTestJSON-102963438 tempest-DeleteServersTestJSON-102963438-project-member] new path /v2/images/be595d2a-fff3-44e4-a42a-16d299b68823/locations {{(pid=103328) process_request /opt/stack/glance/glance/api/middleware/version_negotiation.py:70}}
Jul 27 10:21:51.306053 np0000005894 devstack@g-api.service[103329]: DEBUG glance.api.middleware.version_negotiation [None req-a518c6ef-eeee-48e8-ad28-e787a6755e24 tempest-DeleteServersTestJSON-102963438 tempest-DeleteServersTestJSON-102963438-project-member] Determining version of request: GET /v2/schemas/image Accept: */* {{(pid=103329) process_request /opt/stack/glance/glance/api/middleware/version_negotiation.py:44}}
Jul 27 10:21:51.307857 np0000005894 devstack@g-api.service[103329]: DEBUG glance.api.middleware.version_negotiation [None req-a518c6ef-eeee-48e8-ad28-e787a6755e24 tempest-DeleteServersTestJSON-102963438 tempest-DeleteServersTestJSON-102963438-project-member] Using url versioning {{(pid=103329) process_request /opt/stack/glance/glance/api/middleware/version_negotiation.py:57}}
Jul 27 10:21:51.307857 np0000005894 devstack@g-api.service[103329]: DEBUG glance.api.middleware.version_negotiation [None req-a518c6ef-eeee-48e8-ad28-e787a6755e24 tempest-DeleteServersTestJSON-102963438 tempest-DeleteServersTestJSON-102963438-project-member] Matched version: v2 {{(pid=103329) process_request /opt/stack/glance/glance/api/middleware/version_negotiation.py:69}}
Jul 27 10:21:51.307857 np0000005894 devstack@g-api.service[103329]: DEBUG glance.api.middleware.version_negotiation [None req-a518c6ef-eeee-48e8-ad28-e787a6755e24 tempest-DeleteServersTestJSON-102963438 tempest-DeleteServersTestJSON-102963438-project-member] new path /v2/schemas/image {{(pid=103329) process_request /opt/stack/glance/glance/api/middleware/version_negotiation.py:70}}
Jul 27 10:21:51.310960 np0000005894 devstack@g-api.service[103329]: [pid: 103329|app: 0|req: 13/41] 127.0.0.1 () {44 vars in 1055 bytes} [Mon Jul 27 10:21:51 2026] GET /v2/schemas/image => generated 6083 bytes in 5 msecs (HTTP/1.1 200) 4 headers in 158 bytes (1 switches on core 0)
Jul 27 10:21:51.478527 np0000005894 devstack@g-api.service[103330]: DEBUG swiftclient [None req-2af03a98-f38c-4758-b731-2e206355eacf tempest-AttachSCSIVolumeTestJSON-976978855 tempest-AttachSCSIVolumeTestJSON-976978855-project-admin] REQ: curl -i https://10.4.3.203:8080/v1/AUTH_fc2ceefe6c2f4dcf84763b063324b77b/glance -I -H "X-Auth-Token: gAAAAABqZzE_7WXd..." {{(pid=103330) http_log /opt/stack/data/venv/lib/python3.12/site-packages/swiftclient/client.py:160}}
Jul 27 10:21:51.478596 np0000005894 devstack@g-api.service[103330]: DEBUG swiftclient [None req-2af03a98-f38c-4758-b731-2e206355eacf tempest-AttachSCSIVolumeTestJSON-976978855 tempest-AttachSCSIVolumeTestJSON-976978855-project-admin] RESP STATUS: 204 No Content {{(pid=103330) http_log /opt/stack/data/venv/lib/python3.12/site-packages/swiftclient/client.py:161}}
Jul 27 10:21:51.478827 np0000005894 devstack@g-api.service[103330]: DEBUG swiftclient [None req-2af03a98-f38c-4758-b731-2e206355eacf tempest-AttachSCSIVolumeTestJSON-976978855 tempest-AttachSCSIVolumeTestJSON-976978855-project-admin] RESP HEADERS: {'Date': 'Mon, 27 Jul 2026 10:21:51 GMT', 'Server': 'Apache/2.4.58 (Ubuntu)', 'Content-Type': 'text/plain; charset=utf-8', 'X-Container-Object-Count': '3', 'X-Container-Bytes-Used': '64356352', 'X-Timestamp': '1785147598.85551', 'Last-Modified': 'Mon, 27 Jul 2026 10:19:59 GMT', 'Accept-Ranges': 'bytes', 'X-Storage-Policy': 'Policy-0', 'X-Container-Sharding': 'False', 'Vary': 'Accept', 'X-Trans-Id': 'tx01421af3965c4b8286d5f-006a67313f', 'X-Openstack-Request-Id': 'tx01421af3965c4b8286d5f-006a67313f', 'Connection': 'close'} {{(pid=103330) http_log /opt/stack/data/venv/lib/python3.12/site-packages/swiftclient/client.py:162}}
Jul 27 10:21:51.479085 np0000005894 devstack@g-api.service[103330]: DEBUG glance_store._drivers.swift.store [None req-2af03a98-f38c-4758-b731-2e206355eacf tempest-AttachSCSIVolumeTestJSON-976978855 tempest-AttachSCSIVolumeTestJSON-976978855-project-admin] Adding image object 'd7814041-118c-4421-a760-ea4b820a2f9e' to Swift {{(pid=103330) add /opt/stack/data/venv/lib/python3.12/site-packages/glance_store/_drivers/swift/store.py:970}}
Jul 27 10:21:51.480087 np0000005894 devstack@g-api.service[103330]: DEBUG glance_store._drivers.swift.store [None req-2af03a98-f38c-4758-b731-2e206355eacf tempest-AttachSCSIVolumeTestJSON-976978855 tempest-AttachSCSIVolumeTestJSON-976978855-project-admin] Cannot determine image size because it is either not provided in the request or chunked-transfer encoding is used. Adding image as a segmented object to Swift. {{(pid=103330) add /opt/stack/data/venv/lib/python3.12/site-packages/glance_store/_drivers/swift/store.py:994}}
Jul 27 10:21:51.485354 np0000005894 devstack@g-api.service[103330]: DEBUG oslo_utils.imageutils.format_inspector [None req-2af03a98-f38c-4758-b731-2e206355eacf tempest-AttachSCSIVolumeTestJSON-976978855 tempest-AttachSCSIVolumeTestJSON-976978855-project-admin] Format inspector for vmdk does not match, excluding from consideration (Signature KDMV not found: b'QFI\xfb') {{(pid=103330) _process_chunk /opt/stack/data/venv/lib/python3.12/site-packages/oslo_utils/imageutils/format_inspector.py:1758}}
Jul 27 10:21:51.490092 np0000005894 devstack@g-api.service[103330]: DEBUG oslo_utils.imageutils.format_inspector [None req-2af03a98-f38c-4758-b731-2e206355eacf tempest-AttachSCSIVolumeTestJSON-976978855 tempest-AttachSCSIVolumeTestJSON-976978855-project-admin] Format inspector for vhdx does not match, excluding from consideration (Region signature not found at 30000) {{(pid=103330) _process_chunk /opt/stack/data/venv/lib/python3.12/site-packages/oslo_utils/imageutils/format_inspector.py:1758}}
Jul 27 10:21:51.749630 np0000005894 devstack@g-api.service[103330]: DEBUG swiftclient [None req-2af03a98-f38c-4758-b731-2e206355eacf tempest-AttachSCSIVolumeTestJSON-976978855 tempest-AttachSCSIVolumeTestJSON-976978855-project-admin] REQ: curl -i https://10.4.3.203:8080/v1/AUTH_fc2ceefe6c2f4dcf84763b063324b77b/glance/d7814041-118c-4421-a760-ea4b820a2f9e-00001 -X PUT -H "X-Auth-Token: gAAAAABqZzE_7WXd..." {{(pid=103330) http_log /opt/stack/data/venv/lib/python3.12/site-packages/swiftclient/client.py:160}}
Jul 27 10:21:51.749799 np0000005894 devstack@g-api.service[103330]: DEBUG swiftclient [None req-2af03a98-f38c-4758-b731-2e206355eacf tempest-AttachSCSIVolumeTestJSON-976978855 tempest-AttachSCSIVolumeTestJSON-976978855-project-admin] RESP STATUS: 201 Created {{(pid=103330) http_log /opt/stack/data/venv/lib/python3.12/site-packages/swiftclient/client.py:161}}
Jul 27 10:21:51.749909 np0000005894 devstack@g-api.service[103330]: DEBUG swiftclient [None req-2af03a98-f38c-4758-b731-2e206355eacf tempest-AttachSCSIVolumeTestJSON-976978855 tempest-AttachSCSIVolumeTestJSON-976978855-project-admin] RESP HEADERS: {'Date': 'Mon, 27 Jul 2026 10:21:51 GMT', 'Server': 'Apache/2.4.58 (Ubuntu)', 'Content-Type': 'text/html; charset=UTF-8', 'Content-Length': '0', 'Etag': '87617e24a5e30cb3b87fda8c0764838f', 'Last-Modified': 'Mon, 27 Jul 2026 10:21:52 GMT', 'X-Trans-Id': 'tx77b795daa35844b090df6-006a67313f', 'X-Openstack-Request-Id': 'tx77b795daa35844b090df6-006a67313f', 'Connection': 'close'} {{(pid=103330) http_log /opt/stack/data/venv/lib/python3.12/site-packages/swiftclient/client.py:162}}
Jul 27 10:21:51.750063 np0000005894 devstack@g-api.service[103330]: DEBUG glance_store._drivers.swift.store [None req-2af03a98-f38c-4758-b731-2e206355eacf tempest-AttachSCSIVolumeTestJSON-976978855 tempest-AttachSCSIVolumeTestJSON-976978855-project-admin] Wrote chunk d7814041-118c-4421-a760-ea4b820a2f9e-00001 (1/?) of length 21692416 to Swift returning MD5 of content: 87617e24a5e30cb3b87fda8c0764838f {{(pid=103330) add /opt/stack/data/venv/lib/python3.12/site-packages/glance_store/_drivers/swift/store.py:1059}}
Jul 27 10:21:51.750358 np0000005894 devstack@g-api.service[103330]: DEBUG glance_store._drivers.swift.store [None req-2af03a98-f38c-4758-b731-2e206355eacf tempest-AttachSCSIVolumeTestJSON-976978855 tempest-AttachSCSIVolumeTestJSON-976978855-project-admin] Not writing zero-length chunk. {{(pid=103330) add /opt/stack/data/venv/lib/python3.12/site-packages/glance_store/_drivers/swift/store.py:1028}}
Jul 27 10:21:51.786278 np0000005894 devstack@g-api.service[103328]: [pid: 103328|app: 0|req: 12/42] 127.0.0.1 () {44 vars in 1135 bytes} [Mon Jul 27 10:21:51 2026] GET /v2/images/be595d2a-fff3-44e4-a42a-16d299b68823/locations => generated 92 bytes in 489 msecs (HTTP/1.1 200) 4 headers in 156 bytes (1 switches on core 0)
Jul 27 10:21:51.798527 np0000005894 devstack@g-api.service[103327]: DEBUG glance.api.middleware.version_negotiation [None req-a518c6ef-eeee-48e8-ad28-e787a6755e24 tempest-DeleteServersTestJSON-102963438 tempest-DeleteServersTestJSON-102963438-project-member] Determining version of request: GET /v2/images/be595d2a-fff3-44e4-a42a-16d299b68823 Accept: */* {{(pid=103327) process_request /opt/stack/glance/glance/api/middleware/version_negotiation.py:44}}
Jul 27 10:21:51.799305 np0000005894 devstack@g-api.service[103327]: DEBUG glance.api.middleware.version_negotiation [None req-a518c6ef-eeee-48e8-ad28-e787a6755e24 tempest-DeleteServersTestJSON-102963438 tempest-DeleteServersTestJSON-102963438-project-member] Using url versioning {{(pid=103327) process_request /opt/stack/glance/glance/api/middleware/version_negotiation.py:57}}
Jul 27 10:21:51.799305 np0000005894 devstack@g-api.service[103327]: DEBUG glance.api.middleware.version_negotiation [None req-a518c6ef-eeee-48e8-ad28-e787a6755e24 tempest-DeleteServersTestJSON-102963438 tempest-DeleteServersTestJSON-102963438-project-member] Matched version: v2 {{(pid=103327) process_request /opt/stack/glance/glance/api/middleware/version_negotiation.py:69}}
Jul 27 10:21:51.799305 np0000005894 devstack@g-api.service[103327]: DEBUG glance.api.middleware.version_negotiation [None req-a518c6ef-eeee-48e8-ad28-e787a6755e24 tempest-DeleteServersTestJSON-102963438 tempest-DeleteServersTestJSON-102963438-project-member] new path /v2/images/be595d2a-fff3-44e4-a42a-16d299b68823 {{(pid=103327) process_request /opt/stack/glance/glance/api/middleware/version_negotiation.py:70}}
Jul 27 10:21:51.811519 np0000005894 devstack@g-api.service[103330]: DEBUG swiftclient [None req-2af03a98-f38c-4758-b731-2e206355eacf tempest-AttachSCSIVolumeTestJSON-976978855 tempest-AttachSCSIVolumeTestJSON-976978855-project-admin] REQ: curl -i https://10.4.3.203:8080/v1/AUTH_fc2ceefe6c2f4dcf84763b063324b77b/glance/d7814041-118c-4421-a760-ea4b820a2f9e -X PUT -H "X-Object-Manifest: glance/d7814041-118c-4421-a760-ea4b820a2f9e-" -H "X-Auth-Token: gAAAAABqZzE_7WXd..." -H "Content-Length: 0" {{(pid=103330) http_log /opt/stack/data/venv/lib/python3.12/site-packages/swiftclient/client.py:160}}
Jul 27 10:21:51.811699 np0000005894 devstack@g-api.service[103330]: DEBUG swiftclient [None req-2af03a98-f38c-4758-b731-2e206355eacf tempest-AttachSCSIVolumeTestJSON-976978855 tempest-AttachSCSIVolumeTestJSON-976978855-project-admin] RESP STATUS: 201 Created {{(pid=103330) http_log /opt/stack/data/venv/lib/python3.12/site-packages/swiftclient/client.py:161}}
Jul 27 10:21:51.811878 np0000005894 devstack@g-api.service[103330]: DEBUG swiftclient [None req-2af03a98-f38c-4758-b731-2e206355eacf tempest-AttachSCSIVolumeTestJSON-976978855 tempest-AttachSCSIVolumeTestJSON-976978855-project-admin] RESP HEADERS: {'Date': 'Mon, 27 Jul 2026 10:21:51 GMT', 'Server': 'Apache/2.4.58 (Ubuntu)', 'Content-Type': 'text/html; charset=UTF-8', 'Content-Length': '0', 'Etag': 'd41d8cd98f00b204e9800998ecf8427e', 'Last-Modified': 'Mon, 27 Jul 2026 10:21:52 GMT', 'X-Trans-Id': 'tx3a6bef5a62284d44ac109-006a67313f', 'X-Openstack-Request-Id': 'tx3a6bef5a62284d44ac109-006a67313f', 'Connection': 'close'} {{(pid=103330) http_log /opt/stack/data/venv/lib/python3.12/site-packages/swiftclient/client.py:162}}
Jul 27 10:21:51.812647 np0000005894 devstack@g-api.service[103330]: INFO glance.location [None req-2af03a98-f38c-4758-b731-2e206355eacf tempest-AttachSCSIVolumeTestJSON-976978855 tempest-AttachSCSIVolumeTestJSON-976978855-project-admin] Image format matched and virtual size computed: 117440512
Jul 27 10:21:51.815122 np0000005894 devstack@g-api.service[103327]: [pid: 103327|app: 0|req: 12/43] 127.0.0.1 () {44 vars in 1115 bytes} [Mon Jul 27 10:21:51 2026] GET /v2/images/be595d2a-fff3-44e4-a42a-16d299b68823 => generated 1044 bytes in 16 msecs (HTTP/1.1 200) 4 headers in 158 bytes (1 switches on core 0)
Jul 27 10:21:51.829575 np0000005894 devstack@g-api.service[103329]: DEBUG glance.api.middleware.version_negotiation [None req-a518c6ef-eeee-48e8-ad28-e787a6755e24 tempest-DeleteServersTestJSON-102963438 tempest-DeleteServersTestJSON-102963438-project-member] Determining version of request: GET /v2/schemas/image Accept: */* {{(pid=103329) process_request /opt/stack/glance/glance/api/middleware/version_negotiation.py:44}}
Jul 27 10:21:51.829802 np0000005894 devstack@g-api.service[103329]: DEBUG glance.api.middleware.version_negotiation [None req-a518c6ef-eeee-48e8-ad28-e787a6755e24 tempest-DeleteServersTestJSON-102963438 tempest-DeleteServersTestJSON-102963438-project-member] Using url versioning {{(pid=103329) process_request /opt/stack/glance/glance/api/middleware/version_negotiation.py:57}}
Jul 27 10:21:51.831161 np0000005894 devstack@g-api.service[103329]: DEBUG glance.api.middleware.version_negotiation [None req-a518c6ef-eeee-48e8-ad28-e787a6755e24 tempest-DeleteServersTestJSON-102963438 tempest-DeleteServersTestJSON-102963438-project-member] Matched version: v2 {{(pid=103329) process_request /opt/stack/glance/glance/api/middleware/version_negotiation.py:69}}
Jul 27 10:21:51.831161 np0000005894 devstack@g-api.service[103329]: DEBUG glance.api.middleware.version_negotiation [None req-a518c6ef-eeee-48e8-ad28-e787a6755e24 tempest-DeleteServersTestJSON-102963438 tempest-DeleteServersTestJSON-102963438-project-member] new path /v2/schemas/image {{(pid=103329) process_request /opt/stack/glance/glance/api/middleware/version_negotiation.py:70}}
Jul 27 10:21:51.835064 np0000005894 devstack@g-api.service[103329]: [pid: 103329|app: 0|req: 14/44] 127.0.0.1 () {44 vars in 1055 bytes} [Mon Jul 27 10:21:51 2026] GET /v2/schemas/image => generated 6083 bytes in 3 msecs (HTTP/1.1 200) 4 headers in 158 bytes (1 switches on core 0)
Jul 27 10:21:51.842587 np0000005894 devstack@g-api.service[103328]: DEBUG glance.api.middleware.version_negotiation [None req-028d4a22-19ef-4b1e-981f-47d9a1a367e1 service glance] Determining version of request: GET /v2/schemas/image Accept: */* {{(pid=103328) process_request /opt/stack/glance/glance/api/middleware/version_negotiation.py:44}}
Jul 27 10:21:51.842587 np0000005894 devstack@g-api.service[103328]: DEBUG glance.api.middleware.version_negotiation [None req-028d4a22-19ef-4b1e-981f-47d9a1a367e1 service glance] Using url versioning {{(pid=103328) process_request /opt/stack/glance/glance/api/middleware/version_negotiation.py:57}}
Jul 27 10:21:51.842587 np0000005894 devstack@g-api.service[103328]: DEBUG glance.api.middleware.version_negotiation [None req-028d4a22-19ef-4b1e-981f-47d9a1a367e1 service glance] Matched version: v2 {{(pid=103328) process_request /opt/stack/glance/glance/api/middleware/version_negotiation.py:69}}
Jul 27 10:21:51.842587 np0000005894 devstack@g-api.service[103328]: DEBUG glance.api.middleware.version_negotiation [None req-028d4a22-19ef-4b1e-981f-47d9a1a367e1 service glance] new path /v2/schemas/image {{(pid=103328) process_request /opt/stack/glance/glance/api/middleware/version_negotiation.py:70}}
Jul 27 10:21:51.847305 np0000005894 devstack@g-api.service[103328]: [pid: 103328|app: 0|req: 13/45] 127.0.0.1 () {44 vars in 1055 bytes} [Mon Jul 27 10:21:51 2026] GET /v2/schemas/image => generated 6083 bytes in 5 msecs (HTTP/1.1 200) 4 headers in 158 bytes (1 switches on core 0)
Jul 27 10:21:51.867678 np0000005894 devstack@g-api.service[103330]: DEBUG glance_store.backend [None req-2af03a98-f38c-4758-b731-2e206355eacf tempest-AttachSCSIVolumeTestJSON-976978855 tempest-AttachSCSIVolumeTestJSON-976978855-project-admin] Attempting to import store swift {{(pid=103330) _load_store /opt/stack/data/venv/lib/python3.12/site-packages/glance_store/backend.py:215}}
Jul 27 10:21:51.867678 np0000005894 devstack@g-api.service[103330]: DEBUG glance_store.capabilities [None req-2af03a98-f38c-4758-b731-2e206355eacf tempest-AttachSCSIVolumeTestJSON-976978855 tempest-AttachSCSIVolumeTestJSON-976978855-project-admin] Store glance_store._drivers.swift.store.SingleTenantStore doesn't support updating dynamic storage capabilities. Please overwrite 'update_capabilities' method of the store to implement updating logics if needed. {{(pid=103330) update_capabilities /opt/stack/data/venv/lib/python3.12/site-packages/glance_store/capabilities.py:91}}
Jul 27 10:21:51.867678 np0000005894 devstack@g-api.service[103330]: DEBUG glance_store.driver [None req-2af03a98-f38c-4758-b731-2e206355eacf tempest-AttachSCSIVolumeTestJSON-976978855 tempest-AttachSCSIVolumeTestJSON-976978855-project-admin] Late loading location class glance_store._drivers.swift.store.StoreLocation {{(pid=103330) get_store_location_class /opt/stack/data/venv/lib/python3.12/site-packages/glance_store/driver.py:134}}
Jul 27 10:21:51.867678 np0000005894 devstack@g-api.service[103330]: DEBUG glance_store.location [None req-2af03a98-f38c-4758-b731-2e206355eacf tempest-AttachSCSIVolumeTestJSON-976978855 tempest-AttachSCSIVolumeTestJSON-976978855-project-admin] Registering scheme swift+https with {'store': , 'location_class': , 'store_entry': 'swift'} {{(pid=103330) register_scheme_map /opt/stack/data/venv/lib/python3.12/site-packages/glance_store/location.py:146}}
Jul 27 10:21:51.867944 np0000005894 devstack@g-api.service[103330]: DEBUG glance_store.location [None req-2af03a98-f38c-4758-b731-2e206355eacf tempest-AttachSCSIVolumeTestJSON-976978855 tempest-AttachSCSIVolumeTestJSON-976978855-project-admin] Registering scheme swift+https with {'store': , 'location_class': , 'store_entry': 'swift'} {{(pid=103330) register_scheme_map /opt/stack/data/venv/lib/python3.12/site-packages/glance_store/location.py:146}}
Jul 27 10:21:51.867944 np0000005894 devstack@g-api.service[103330]: DEBUG glance_store.location [None req-2af03a98-f38c-4758-b731-2e206355eacf tempest-AttachSCSIVolumeTestJSON-976978855 tempest-AttachSCSIVolumeTestJSON-976978855-project-admin] Registering scheme swift with {'store': , 'location_class': , 'store_entry': 'swift'} {{(pid=103330) register_scheme_map /opt/stack/data/venv/lib/python3.12/site-packages/glance_store/location.py:146}}
Jul 27 10:21:51.867944 np0000005894 devstack@g-api.service[103330]: DEBUG glance_store.location [None req-2af03a98-f38c-4758-b731-2e206355eacf tempest-AttachSCSIVolumeTestJSON-976978855 tempest-AttachSCSIVolumeTestJSON-976978855-project-admin] Registering scheme swift+https with {'store': , 'location_class': , 'store_entry': 'swift'} {{(pid=103330) register_scheme_map /opt/stack/data/venv/lib/python3.12/site-packages/glance_store/location.py:146}}
Jul 27 10:21:51.868245 np0000005894 devstack@g-api.service[103330]: DEBUG glance_store.location [None req-2af03a98-f38c-4758-b731-2e206355eacf tempest-AttachSCSIVolumeTestJSON-976978855 tempest-AttachSCSIVolumeTestJSON-976978855-project-admin] Registering scheme swift with {'store': , 'location_class': , 'store_entry': 'swift'} {{(pid=103330) register_scheme_map /opt/stack/data/venv/lib/python3.12/site-packages/glance_store/location.py:146}}
Jul 27 10:21:51.868245 np0000005894 devstack@g-api.service[103330]: DEBUG glance_store.location [None req-2af03a98-f38c-4758-b731-2e206355eacf tempest-AttachSCSIVolumeTestJSON-976978855 tempest-AttachSCSIVolumeTestJSON-976978855-project-admin] Registering scheme swift+http with {'store': , 'location_class': , 'store_entry': 'swift'} {{(pid=103330) register_scheme_map /opt/stack/data/venv/lib/python3.12/site-packages/glance_store/location.py:146}}
Jul 27 10:21:51.868245 np0000005894 devstack@g-api.service[103330]: DEBUG glance_store.location [None req-2af03a98-f38c-4758-b731-2e206355eacf tempest-AttachSCSIVolumeTestJSON-976978855 tempest-AttachSCSIVolumeTestJSON-976978855-project-admin] Registering scheme swift+https with {'store': , 'location_class': , 'store_entry': 'swift'} {{(pid=103330) register_scheme_map /opt/stack/data/venv/lib/python3.12/site-packages/glance_store/location.py:146}}
Jul 27 10:21:51.868449 np0000005894 devstack@g-api.service[103330]: DEBUG glance_store.location [None req-2af03a98-f38c-4758-b731-2e206355eacf tempest-AttachSCSIVolumeTestJSON-976978855 tempest-AttachSCSIVolumeTestJSON-976978855-project-admin] Registering scheme swift with {'store': , 'location_class': , 'store_entry': 'swift'} {{(pid=103330) register_scheme_map /opt/stack/data/venv/lib/python3.12/site-packages/glance_store/location.py:146}}
Jul 27 10:21:51.868449 np0000005894 devstack@g-api.service[103330]: DEBUG glance_store.location [None req-2af03a98-f38c-4758-b731-2e206355eacf tempest-AttachSCSIVolumeTestJSON-976978855 tempest-AttachSCSIVolumeTestJSON-976978855-project-admin] Registering scheme swift+http with {'store': , 'location_class': , 'store_entry': 'swift'} {{(pid=103330) register_scheme_map /opt/stack/data/venv/lib/python3.12/site-packages/glance_store/location.py:146}}
Jul 27 10:21:51.868449 np0000005894 devstack@g-api.service[103330]: DEBUG glance_store.location [None req-2af03a98-f38c-4758-b731-2e206355eacf tempest-AttachSCSIVolumeTestJSON-976978855 tempest-AttachSCSIVolumeTestJSON-976978855-project-admin] Registering scheme swift+config with {'store': , 'location_class': , 'store_entry': 'swift'} {{(pid=103330) register_scheme_map /opt/stack/data/venv/lib/python3.12/site-packages/glance_store/location.py:146}}
Jul 27 10:21:51.868449 np0000005894 devstack@g-api.service[103330]: DEBUG glance_store.backend [None req-2af03a98-f38c-4758-b731-2e206355eacf tempest-AttachSCSIVolumeTestJSON-976978855 tempest-AttachSCSIVolumeTestJSON-976978855-project-admin] Skipping store.set_acls... not implemented. {{(pid=103330) set_acls /opt/stack/data/venv/lib/python3.12/site-packages/glance_store/backend.py:507}}
Jul 27 10:21:51.876330 np0000005894 devstack@g-api.service[103330]: [pid: 103330|app: 0|req: 7/46] 127.0.0.1 () {40 vars in 858 bytes} [Mon Jul 27 10:21:49 2026] PUT /v2/images/d7814041-118c-4421-a760-ea4b820a2f9e/file => generated 0 bytes in 2314 msecs (HTTP/1.1 204) 4 headers in 171 bytes (1 switches on core 0)
Jul 27 10:21:51.892973 np0000005894 devstack@g-api.service[103327]: DEBUG glance.api.middleware.version_negotiation [None req-028d4a22-19ef-4b1e-981f-47d9a1a367e1 tempest-TaggedBootDevicesTest_v242-1640697921 tempest-TaggedBootDevicesTest_v242-1640697921-project-member] Determining version of request: GET /v2/images/be595d2a-fff3-44e4-a42a-16d299b68823 Accept: */* {{(pid=103327) process_request /opt/stack/glance/glance/api/middleware/version_negotiation.py:44}}
Jul 27 10:21:51.893200 np0000005894 devstack@g-api.service[103327]: DEBUG glance.api.middleware.version_negotiation [None req-028d4a22-19ef-4b1e-981f-47d9a1a367e1 tempest-TaggedBootDevicesTest_v242-1640697921 tempest-TaggedBootDevicesTest_v242-1640697921-project-member] Using url versioning {{(pid=103327) process_request /opt/stack/glance/glance/api/middleware/version_negotiation.py:57}}
Jul 27 10:21:51.894149 np0000005894 devstack@g-api.service[103327]: DEBUG glance.api.middleware.version_negotiation [None req-028d4a22-19ef-4b1e-981f-47d9a1a367e1 tempest-TaggedBootDevicesTest_v242-1640697921 tempest-TaggedBootDevicesTest_v242-1640697921-project-member] Matched version: v2 {{(pid=103327) process_request /opt/stack/glance/glance/api/middleware/version_negotiation.py:69}}
Jul 27 10:21:51.894348 np0000005894 devstack@g-api.service[103327]: DEBUG glance.api.middleware.version_negotiation [None req-028d4a22-19ef-4b1e-981f-47d9a1a367e1 tempest-TaggedBootDevicesTest_v242-1640697921 tempest-TaggedBootDevicesTest_v242-1640697921-project-member] new path /v2/images/be595d2a-fff3-44e4-a42a-16d299b68823 {{(pid=103327) process_request /opt/stack/glance/glance/api/middleware/version_negotiation.py:70}}
Jul 27 10:21:51.911447 np0000005894 devstack@g-api.service[103327]: [pid: 103327|app: 0|req: 13/47] 127.0.0.1 () {44 vars in 1115 bytes} [Mon Jul 27 10:21:51 2026] GET /v2/images/be595d2a-fff3-44e4-a42a-16d299b68823 => generated 1044 bytes in 18 msecs (HTTP/1.1 200) 4 headers in 158 bytes (1 switches on core 0)
Jul 27 10:21:51.923019 np0000005894 devstack@g-api.service[103329]: DEBUG glance.api.middleware.version_negotiation [None req-028d4a22-19ef-4b1e-981f-47d9a1a367e1 tempest-TaggedBootDevicesTest_v242-1640697921 tempest-TaggedBootDevicesTest_v242-1640697921-project-member] Determining version of request: GET /v2/images/be595d2a-fff3-44e4-a42a-16d299b68823/file Accept: */* {{(pid=103329) process_request /opt/stack/glance/glance/api/middleware/version_negotiation.py:44}}
Jul 27 10:21:51.923019 np0000005894 devstack@g-api.service[103329]: DEBUG glance.api.middleware.version_negotiation [None req-028d4a22-19ef-4b1e-981f-47d9a1a367e1 tempest-TaggedBootDevicesTest_v242-1640697921 tempest-TaggedBootDevicesTest_v242-1640697921-project-member] Using url versioning {{(pid=103329) process_request /opt/stack/glance/glance/api/middleware/version_negotiation.py:57}}
Jul 27 10:21:51.923019 np0000005894 devstack@g-api.service[103329]: DEBUG glance.api.middleware.version_negotiation [None req-028d4a22-19ef-4b1e-981f-47d9a1a367e1 tempest-TaggedBootDevicesTest_v242-1640697921 tempest-TaggedBootDevicesTest_v242-1640697921-project-member] Matched version: v2 {{(pid=103329) process_request /opt/stack/glance/glance/api/middleware/version_negotiation.py:69}}
Jul 27 10:21:51.923019 np0000005894 devstack@g-api.service[103329]: DEBUG glance.api.middleware.version_negotiation [None req-028d4a22-19ef-4b1e-981f-47d9a1a367e1 tempest-TaggedBootDevicesTest_v242-1640697921 tempest-TaggedBootDevicesTest_v242-1640697921-project-member] new path /v2/images/be595d2a-fff3-44e4-a42a-16d299b68823/file {{(pid=103329) process_request /opt/stack/glance/glance/api/middleware/version_negotiation.py:70}}
Jul 27 10:21:51.935992 np0000005894 devstack@g-api.service[103329]: DEBUG glance.api.middleware.cache [None req-028d4a22-19ef-4b1e-981f-47d9a1a367e1 tempest-TaggedBootDevicesTest_v242-1640697921 tempest-TaggedBootDevicesTest_v242-1640697921-project-member] Cache hit for image 'be595d2a-fff3-44e4-a42a-16d299b68823' {{(pid=103329) process_request /opt/stack/glance/glance/api/middleware/cache.py:160}}
Jul 27 10:21:52.030663 np0000005894 devstack@g-api.service[103329]: [pid: 103329|app: 0|req: 15/48] 127.0.0.1 () {44 vars in 1125 bytes} [Mon Jul 27 10:21:51 2026] GET /v2/images/be595d2a-fff3-44e4-a42a-16d299b68823/file => generated 21692416 bytes in 111 msecs (HTTP/1.1 200) 5 headers in 217 bytes (340 switches on core 0)
Jul 27 10:21:52.186667 np0000005894 devstack@g-api.service[103328]: DEBUG glance.api.middleware.version_negotiation [None req-028d4a22-19ef-4b1e-981f-47d9a1a367e1 tempest-TaggedBootDevicesTest_v242-1640697921 tempest-TaggedBootDevicesTest_v242-1640697921-project-member] Determining version of request: GET /v2/images/be595d2a-fff3-44e4-a42a-16d299b68823 Accept: */* {{(pid=103328) process_request /opt/stack/glance/glance/api/middleware/version_negotiation.py:44}}
Jul 27 10:21:52.186825 np0000005894 devstack@g-api.service[103328]: DEBUG glance.api.middleware.version_negotiation [None req-028d4a22-19ef-4b1e-981f-47d9a1a367e1 tempest-TaggedBootDevicesTest_v242-1640697921 tempest-TaggedBootDevicesTest_v242-1640697921-project-member] Using url versioning {{(pid=103328) process_request /opt/stack/glance/glance/api/middleware/version_negotiation.py:57}}
Jul 27 10:21:52.186926 np0000005894 devstack@g-api.service[103328]: DEBUG glance.api.middleware.version_negotiation [None req-028d4a22-19ef-4b1e-981f-47d9a1a367e1 tempest-TaggedBootDevicesTest_v242-1640697921 tempest-TaggedBootDevicesTest_v242-1640697921-project-member] Matched version: v2 {{(pid=103328) process_request /opt/stack/glance/glance/api/middleware/version_negotiation.py:69}}
Jul 27 10:21:52.187011 np0000005894 devstack@g-api.service[103328]: DEBUG glance.api.middleware.version_negotiation [None req-028d4a22-19ef-4b1e-981f-47d9a1a367e1 tempest-TaggedBootDevicesTest_v242-1640697921 tempest-TaggedBootDevicesTest_v242-1640697921-project-member] new path /v2/images/be595d2a-fff3-44e4-a42a-16d299b68823 {{(pid=103328) process_request /opt/stack/glance/glance/api/middleware/version_negotiation.py:70}}
Jul 27 10:21:52.203251 np0000005894 devstack@g-api.service[103328]: [pid: 103328|app: 0|req: 14/49] 127.0.0.1 () {44 vars in 1115 bytes} [Mon Jul 27 10:21:52 2026] GET /v2/images/be595d2a-fff3-44e4-a42a-16d299b68823 => generated 1044 bytes in 17 msecs (HTTP/1.1 200) 4 headers in 158 bytes (1 switches on core 0)
Jul 27 10:21:52.215267 np0000005894 devstack@g-api.service[103330]: DEBUG glance.api.middleware.version_negotiation [None req-2af03a98-f38c-4758-b731-2e206355eacf tempest-AttachSCSIVolumeTestJSON-976978855 tempest-AttachSCSIVolumeTestJSON-976978855-project-admin] Determining version of request: GET /v2/schemas/image Accept: */* {{(pid=103330) process_request /opt/stack/glance/glance/api/middleware/version_negotiation.py:44}}
Jul 27 10:21:52.215267 np0000005894 devstack@g-api.service[103330]: DEBUG glance.api.middleware.version_negotiation [None req-2af03a98-f38c-4758-b731-2e206355eacf tempest-AttachSCSIVolumeTestJSON-976978855 tempest-AttachSCSIVolumeTestJSON-976978855-project-admin] Using url versioning {{(pid=103330) process_request /opt/stack/glance/glance/api/middleware/version_negotiation.py:57}}
Jul 27 10:21:52.215267 np0000005894 devstack@g-api.service[103330]: DEBUG glance.api.middleware.version_negotiation [None req-2af03a98-f38c-4758-b731-2e206355eacf tempest-AttachSCSIVolumeTestJSON-976978855 tempest-AttachSCSIVolumeTestJSON-976978855-project-admin] Matched version: v2 {{(pid=103330) process_request /opt/stack/glance/glance/api/middleware/version_negotiation.py:69}}
Jul 27 10:21:52.215267 np0000005894 devstack@g-api.service[103330]: DEBUG glance.api.middleware.version_negotiation [None req-2af03a98-f38c-4758-b731-2e206355eacf tempest-AttachSCSIVolumeTestJSON-976978855 tempest-AttachSCSIVolumeTestJSON-976978855-project-admin] new path /v2/schemas/image {{(pid=103330) process_request /opt/stack/glance/glance/api/middleware/version_negotiation.py:70}}
Jul 27 10:21:52.216253 np0000005894 devstack@g-api.service[103330]: [pid: 103330|app: 0|req: 8/50] 127.0.0.1 () {44 vars in 1055 bytes} [Mon Jul 27 10:21:52 2026] GET /v2/schemas/image => generated 6083 bytes in 3 msecs (HTTP/1.1 200) 4 headers in 158 bytes (1 switches on core 0)
Jul 27 10:21:53.067707 np0000005894 devstack@g-api.service[103327]: DEBUG glance.api.middleware.version_negotiation [None req-028d4a22-19ef-4b1e-981f-47d9a1a367e1 tempest-TaggedBootDevicesTest_v242-1640697921 tempest-TaggedBootDevicesTest_v242-1640697921-project-member] Determining version of request: GET /v2/images/be595d2a-fff3-44e4-a42a-16d299b68823 Accept: */* {{(pid=103327) process_request /opt/stack/glance/glance/api/middleware/version_negotiation.py:44}}
Jul 27 10:21:53.067707 np0000005894 devstack@g-api.service[103327]: DEBUG glance.api.middleware.version_negotiation [None req-028d4a22-19ef-4b1e-981f-47d9a1a367e1 tempest-TaggedBootDevicesTest_v242-1640697921 tempest-TaggedBootDevicesTest_v242-1640697921-project-member] Using url versioning {{(pid=103327) process_request /opt/stack/glance/glance/api/middleware/version_negotiation.py:57}}
Jul 27 10:21:53.067707 np0000005894 devstack@g-api.service[103327]: DEBUG glance.api.middleware.version_negotiation [None req-028d4a22-19ef-4b1e-981f-47d9a1a367e1 tempest-TaggedBootDevicesTest_v242-1640697921 tempest-TaggedBootDevicesTest_v242-1640697921-project-member] Matched version: v2 {{(pid=103327) process_request /opt/stack/glance/glance/api/middleware/version_negotiation.py:69}}
Jul 27 10:21:53.067707 np0000005894 devstack@g-api.service[103327]: DEBUG glance.api.middleware.version_negotiation [None req-028d4a22-19ef-4b1e-981f-47d9a1a367e1 tempest-TaggedBootDevicesTest_v242-1640697921 tempest-TaggedBootDevicesTest_v242-1640697921-project-member] new path /v2/images/be595d2a-fff3-44e4-a42a-16d299b68823 {{(pid=103327) process_request /opt/stack/glance/glance/api/middleware/version_negotiation.py:70}}
Jul 27 10:21:53.067707 np0000005894 devstack@g-api.service[103327]: [pid: 103327|app: 0|req: 14/51] 127.0.0.1 () {44 vars in 1115 bytes} [Mon Jul 27 10:21:53 2026] GET /v2/images/be595d2a-fff3-44e4-a42a-16d299b68823 => generated 1044 bytes in 12 msecs (HTTP/1.1 200) 4 headers in 158 bytes (1 switches on core 0)
Jul 27 10:21:53.086442 np0000005894 devstack@g-api.service[103329]: DEBUG glance.api.middleware.version_negotiation [None req-028d4a22-19ef-4b1e-981f-47d9a1a367e1 tempest-TaggedBootDevicesTest_v242-1640697921 tempest-TaggedBootDevicesTest_v242-1640697921-project-member] Determining version of request: GET /v2/schemas/image Accept: */* {{(pid=103329) process_request /opt/stack/glance/glance/api/middleware/version_negotiation.py:44}}
Jul 27 10:21:53.086442 np0000005894 devstack@g-api.service[103329]: DEBUG glance.api.middleware.version_negotiation [None req-028d4a22-19ef-4b1e-981f-47d9a1a367e1 tempest-TaggedBootDevicesTest_v242-1640697921 tempest-TaggedBootDevicesTest_v242-1640697921-project-member] Using url versioning {{(pid=103329) process_request /opt/stack/glance/glance/api/middleware/version_negotiation.py:57}}
Jul 27 10:21:53.086442 np0000005894 devstack@g-api.service[103329]: DEBUG glance.api.middleware.version_negotiation [None req-028d4a22-19ef-4b1e-981f-47d9a1a367e1 tempest-TaggedBootDevicesTest_v242-1640697921 tempest-TaggedBootDevicesTest_v242-1640697921-project-member] Matched version: v2 {{(pid=103329) process_request /opt/stack/glance/glance/api/middleware/version_negotiation.py:69}}
Jul 27 10:21:53.086442 np0000005894 devstack@g-api.service[103329]: DEBUG glance.api.middleware.version_negotiation [None req-028d4a22-19ef-4b1e-981f-47d9a1a367e1 tempest-TaggedBootDevicesTest_v242-1640697921 tempest-TaggedBootDevicesTest_v242-1640697921-project-member] new path /v2/schemas/image {{(pid=103329) process_request /opt/stack/glance/glance/api/middleware/version_negotiation.py:70}}
Jul 27 10:21:53.086442 np0000005894 devstack@g-api.service[103329]: [pid: 103329|app: 0|req: 16/52] 127.0.0.1 () {44 vars in 1055 bytes} [Mon Jul 27 10:21:53 2026] GET /v2/schemas/image => generated 6083 bytes in 2 msecs (HTTP/1.1 200) 4 headers in 158 bytes (1 switches on core 0)
Jul 27 10:21:55.183832 np0000005894 devstack@g-api.service[103328]: DEBUG glance.api.middleware.version_negotiation [None req-028d4a22-19ef-4b1e-981f-47d9a1a367e1 tempest-TaggedBootDevicesTest_v242-1640697921 tempest-TaggedBootDevicesTest_v242-1640697921-project-member] Determining version of request: GET /v2/images/d7814041-118c-4421-a760-ea4b820a2f9e Accept: */* {{(pid=103328) process_request /opt/stack/glance/glance/api/middleware/version_negotiation.py:44}}
Jul 27 10:21:55.183832 np0000005894 devstack@g-api.service[103328]: DEBUG glance.api.middleware.version_negotiation [None req-028d4a22-19ef-4b1e-981f-47d9a1a367e1 tempest-TaggedBootDevicesTest_v242-1640697921 tempest-TaggedBootDevicesTest_v242-1640697921-project-member] Using url versioning {{(pid=103328) process_request /opt/stack/glance/glance/api/middleware/version_negotiation.py:57}}
Jul 27 10:21:55.183832 np0000005894 devstack@g-api.service[103328]: DEBUG glance.api.middleware.version_negotiation [None req-028d4a22-19ef-4b1e-981f-47d9a1a367e1 tempest-TaggedBootDevicesTest_v242-1640697921 tempest-TaggedBootDevicesTest_v242-1640697921-project-member] Matched version: v2 {{(pid=103328) process_request /opt/stack/glance/glance/api/middleware/version_negotiation.py:69}}
Jul 27 10:21:55.183832 np0000005894 devstack@g-api.service[103328]: DEBUG glance.api.middleware.version_negotiation [None req-028d4a22-19ef-4b1e-981f-47d9a1a367e1 tempest-TaggedBootDevicesTest_v242-1640697921 tempest-TaggedBootDevicesTest_v242-1640697921-project-member] new path /v2/images/d7814041-118c-4421-a760-ea4b820a2f9e {{(pid=103328) process_request /opt/stack/glance/glance/api/middleware/version_negotiation.py:70}}
Jul 27 10:21:55.215687 np0000005894 devstack@g-api.service[103328]: [pid: 103328|app: 0|req: 15/53] 127.0.0.1 () {44 vars in 1115 bytes} [Mon Jul 27 10:21:55 2026] GET /v2/images/d7814041-118c-4421-a760-ea4b820a2f9e => generated 859 bytes in 32 msecs (HTTP/1.1 200) 4 headers in 157 bytes (1 switches on core 0)
