Jul 27 10:19:28.318671 np0000005894 nova-scheduler[96947]: DEBUG cotyledon.oslo_config_glue [-] workarounds.handle_virt_lifecycle_events = True {{(pid=96947) log_opt_values /opt/stack/data/venv/lib/python3.12/site-packages/oslo_config/cfg.py:3253}}
Jul 27 10:19:28.318671 np0000005894 nova-scheduler[96947]: DEBUG cotyledon.oslo_config_glue [-] workarounds.libvirt_disable_apic = False {{(pid=96947) log_opt_values /opt/stack/data/venv/lib/python3.12/site-packages/oslo_config/cfg.py:3253}}
Jul 27 10:19:28.318671 np0000005894 nova-scheduler[96947]: DEBUG cotyledon.oslo_config_glue [-] workarounds.never_download_image_if_on_rbd = False {{(pid=96947) log_opt_values /opt/stack/data/venv/lib/python3.12/site-packages/oslo_config/cfg.py:3253}}
Jul 27 10:19:28.318671 np0000005894 nova-scheduler[96947]: DEBUG cotyledon.oslo_config_glue [-] workarounds.qemu_monitor_announce_self_count = 3 {{(pid=96947) log_opt_values /opt/stack/data/venv/lib/python3.12/site-packages/oslo_config/cfg.py:3253}}
Jul 27 10:19:28.318671 np0000005894 nova-scheduler[96947]: DEBUG cotyledon.oslo_config_glue [-] workarounds.qemu_monitor_announce_self_interval = 1 {{(pid=96947) log_opt_values /opt/stack/data/venv/lib/python3.12/site-packages/oslo_config/cfg.py:3253}}
Jul 27 10:19:28.318671 np0000005894 nova-scheduler[96947]: DEBUG cotyledon.oslo_config_glue [-] workarounds.reserve_disk_resource_for_image_cache = False {{(pid=96947) log_opt_values /opt/stack/data/venv/lib/python3.12/site-packages/oslo_config/cfg.py:3253}}
Jul 27 10:19:28.318671 np0000005894 nova-scheduler[96947]: DEBUG cotyledon.oslo_config_glue [-] workarounds.skip_cpu_compare_at_startup = False {{(pid=96947) log_opt_values /opt/stack/data/venv/lib/python3.12/site-packages/oslo_config/cfg.py:3253}}
Jul 27 10:19:28.318909 np0000005894 nova-scheduler[96947]: DEBUG cotyledon.oslo_config_glue [-] workarounds.skip_cpu_compare_on_dest = False {{(pid=96947) log_opt_values /opt/stack/data/venv/lib/python3.12/site-packages/oslo_config/cfg.py:3253}}
Jul 27 10:19:28.318909 np0000005894 nova-scheduler[96947]: DEBUG cotyledon.oslo_config_glue [-] workarounds.skip_hypervisor_version_check_on_lm = False {{(pid=96947) log_opt_values /opt/stack/data/venv/lib/python3.12/site-packages/oslo_config/cfg.py:3253}}
Jul 27 10:19:28.318909 np0000005894 nova-scheduler[96947]: DEBUG cotyledon.oslo_config_glue [-] workarounds.skip_reserve_in_use_ironic_nodes = False {{(pid=96947) log_opt_values /opt/stack/data/venv/lib/python3.12/site-packages/oslo_config/cfg.py:3253}}
Jul 27 10:19:28.318909 np0000005894 nova-scheduler[96947]: DEBUG cotyledon.oslo_config_glue [-] workarounds.unified_limits_count_pcpu_as_vcpu = False {{(pid=96947) log_opt_values /opt/stack/data/venv/lib/python3.12/site-packages/oslo_config/cfg.py:3253}}
Jul 27 10:19:28.318909 np0000005894 nova-scheduler[96947]: DEBUG cotyledon.oslo_config_glue [-] workarounds.wait_for_vif_plugged_event_during_hard_reboot = [] {{(pid=96947) log_opt_values /opt/stack/data/venv/lib/python3.12/site-packages/oslo_config/cfg.py:3253}}
Jul 27 10:19:28.318909 np0000005894 nova-scheduler[96947]: DEBUG cotyledon.oslo_config_glue [-] wsgi.api_paste_config = /etc/nova/api-paste.ini {{(pid=96947) log_opt_values /opt/stack/data/venv/lib/python3.12/site-packages/oslo_config/cfg.py:3253}}
Jul 27 10:19:28.318909 np0000005894 nova-scheduler[96947]: DEBUG cotyledon.oslo_config_glue [-] wsgi.secure_proxy_ssl_header = None {{(pid=96947) log_opt_values /opt/stack/data/venv/lib/python3.12/site-packages/oslo_config/cfg.py:3253}}
Jul 27 10:19:28.318909 np0000005894 nova-scheduler[96947]: DEBUG cotyledon.oslo_config_glue [-] zvm.ca_file = None {{(pid=96947) log_opt_values /opt/stack/data/venv/lib/python3.12/site-packages/oslo_config/cfg.py:3253}}
Jul 27 10:19:28.318909 np0000005894 nova-scheduler[96947]: DEBUG cotyledon.oslo_config_glue [-] zvm.cloud_connector_url = None {{(pid=96947) log_opt_values /opt/stack/data/venv/lib/python3.12/site-packages/oslo_config/cfg.py:3253}}
Jul 27 10:19:28.319156 np0000005894 nova-scheduler[96947]: DEBUG cotyledon.oslo_config_glue [-] zvm.image_tmp_path = /opt/stack/data/nova/images {{(pid=96947) log_opt_values /opt/stack/data/venv/lib/python3.12/site-packages/oslo_config/cfg.py:3253}}
Jul 27 10:19:28.319156 np0000005894 nova-scheduler[96947]: DEBUG cotyledon.oslo_config_glue [-] zvm.reachable_timeout = 300 {{(pid=96947) log_opt_values /opt/stack/data/venv/lib/python3.12/site-packages/oslo_config/cfg.py:3253}}
Jul 27 10:19:28.319156 np0000005894 nova-scheduler[96947]: DEBUG cotyledon.oslo_config_glue [-] oslo_versionedobjects.fatal_exception_format_errors = False {{(pid=96947) log_opt_values /opt/stack/data/venv/lib/python3.12/site-packages/oslo_config/cfg.py:3253}}
Jul 27 10:19:28.319156 np0000005894 nova-scheduler[96947]: DEBUG cotyledon.oslo_config_glue [-] oslo_middleware.http_basic_auth_user_file = /etc/htpasswd {{(pid=96947) log_opt_values /opt/stack/data/venv/lib/python3.12/site-packages/oslo_config/cfg.py:3253}}
Jul 27 10:19:28.319156 np0000005894 nova-scheduler[96947]: DEBUG cotyledon.oslo_config_glue [-] oslo_messaging_metrics.metrics_buffer_size = 1000 {{(pid=96947) log_opt_values /opt/stack/data/venv/lib/python3.12/site-packages/oslo_config/cfg.py:3253}}
Jul 27 10:19:28.319156 np0000005894 nova-scheduler[96947]: DEBUG cotyledon.oslo_config_glue [-] oslo_messaging_metrics.metrics_enabled = False {{(pid=96947) log_opt_values /opt/stack/data/venv/lib/python3.12/site-packages/oslo_config/cfg.py:3253}}
Jul 27 10:19:28.319156 np0000005894 nova-scheduler[96947]: DEBUG cotyledon.oslo_config_glue [-] oslo_messaging_metrics.metrics_process_name = {{(pid=96947) log_opt_values /opt/stack/data/venv/lib/python3.12/site-packages/oslo_config/cfg.py:3253}}
Jul 27 10:19:28.319156 np0000005894 nova-scheduler[96947]: DEBUG cotyledon.oslo_config_glue [-] oslo_messaging_metrics.metrics_socket_file = /var/tmp/metrics_collector.sock {{(pid=96947) log_opt_values /opt/stack/data/venv/lib/python3.12/site-packages/oslo_config/cfg.py:3253}}
Jul 27 10:19:28.319340 np0000005894 nova-scheduler[96947]: DEBUG cotyledon.oslo_config_glue [-] oslo_messaging_metrics.metrics_thread_stop_timeout = 10 {{(pid=96947) log_opt_values /opt/stack/data/venv/lib/python3.12/site-packages/oslo_config/cfg.py:3253}}
Jul 27 10:19:28.319340 np0000005894 nova-scheduler[96947]: DEBUG cotyledon.oslo_config_glue [-] profiler.connection_string = messaging:// {{(pid=96947) log_opt_values /opt/stack/data/venv/lib/python3.12/site-packages/oslo_config/cfg.py:3253}}
Jul 27 10:19:28.319340 np0000005894 nova-scheduler[96947]: DEBUG cotyledon.oslo_config_glue [-] profiler.enabled = False {{(pid=96947) log_opt_values /opt/stack/data/venv/lib/python3.12/site-packages/oslo_config/cfg.py:3253}}
Jul 27 10:19:28.319340 np0000005894 nova-scheduler[96947]: DEBUG cotyledon.oslo_config_glue [-] profiler.es_doc_type = notification {{(pid=96947) log_opt_values /opt/stack/data/venv/lib/python3.12/site-packages/oslo_config/cfg.py:3253}}
Jul 27 10:19:28.319340 np0000005894 nova-scheduler[96947]: DEBUG cotyledon.oslo_config_glue [-] profiler.es_scroll_size = 10000 {{(pid=96947) log_opt_values /opt/stack/data/venv/lib/python3.12/site-packages/oslo_config/cfg.py:3253}}
Jul 27 10:19:28.319340 np0000005894 nova-scheduler[96947]: DEBUG cotyledon.oslo_config_glue [-] profiler.es_scroll_time = 2m {{(pid=96947) log_opt_values /opt/stack/data/venv/lib/python3.12/site-packages/oslo_config/cfg.py:3253}}
Jul 27 10:19:28.319340 np0000005894 nova-scheduler[96947]: DEBUG cotyledon.oslo_config_glue [-] profiler.filter_error_trace = False {{(pid=96947) log_opt_values /opt/stack/data/venv/lib/python3.12/site-packages/oslo_config/cfg.py:3253}}
Jul 27 10:19:28.319340 np0000005894 nova-scheduler[96947]: DEBUG cotyledon.oslo_config_glue [-] profiler.hmac_keys = **** {{(pid=96947) log_opt_values /opt/stack/data/venv/lib/python3.12/site-packages/oslo_config/cfg.py:3253}}
Jul 27 10:19:28.319340 np0000005894 nova-scheduler[96947]: DEBUG cotyledon.oslo_config_glue [-] profiler.sentinel_service_name = mymaster {{(pid=96947) log_opt_values /opt/stack/data/venv/lib/python3.12/site-packages/oslo_config/cfg.py:3253}}
Jul 27 10:19:28.319545 np0000005894 nova-scheduler[96947]: DEBUG cotyledon.oslo_config_glue [-] profiler.socket_timeout = 0.1 {{(pid=96947) log_opt_values /opt/stack/data/venv/lib/python3.12/site-packages/oslo_config/cfg.py:3253}}
Jul 27 10:19:28.319545 np0000005894 nova-scheduler[96947]: DEBUG cotyledon.oslo_config_glue [-] profiler.trace_requests = False {{(pid=96947) log_opt_values /opt/stack/data/venv/lib/python3.12/site-packages/oslo_config/cfg.py:3253}}
Jul 27 10:19:28.319545 np0000005894 nova-scheduler[96947]: DEBUG cotyledon.oslo_config_glue [-] profiler.trace_sqlalchemy = False {{(pid=96947) log_opt_values /opt/stack/data/venv/lib/python3.12/site-packages/oslo_config/cfg.py:3253}}
Jul 27 10:19:28.319545 np0000005894 nova-scheduler[96947]: DEBUG cotyledon.oslo_config_glue [-] profiler_jaeger.process_tags = {} {{(pid=96947) log_opt_values /opt/stack/data/venv/lib/python3.12/site-packages/oslo_config/cfg.py:3253}}
Jul 27 10:19:28.319545 np0000005894 nova-scheduler[96947]: DEBUG cotyledon.oslo_config_glue [-] profiler_jaeger.service_name_prefix = None {{(pid=96947) log_opt_values /opt/stack/data/venv/lib/python3.12/site-packages/oslo_config/cfg.py:3253}}
Jul 27 10:19:28.319545 np0000005894 nova-scheduler[96947]: DEBUG cotyledon.oslo_config_glue [-] profiler_otlp.service_name_prefix = None {{(pid=96947) log_opt_values /opt/stack/data/venv/lib/python3.12/site-packages/oslo_config/cfg.py:3253}}
Jul 27 10:19:28.319545 np0000005894 nova-scheduler[96947]: DEBUG cotyledon.oslo_config_glue [-] oslo_messaging_rabbit.amqp_auto_delete = False {{(pid=96947) log_opt_values /opt/stack/data/venv/lib/python3.12/site-packages/oslo_config/cfg.py:3253}}
Jul 27 10:19:28.319545 np0000005894 nova-scheduler[96947]: DEBUG cotyledon.oslo_config_glue [-] oslo_messaging_rabbit.amqp_durable_queues = False {{(pid=96947) log_opt_values /opt/stack/data/venv/lib/python3.12/site-packages/oslo_config/cfg.py:3253}}
Jul 27 10:19:28.319545 np0000005894 nova-scheduler[96947]: DEBUG cotyledon.oslo_config_glue [-] oslo_messaging_rabbit.conn_pool_min_size = 2 {{(pid=96947) log_opt_values /opt/stack/data/venv/lib/python3.12/site-packages/oslo_config/cfg.py:3253}}
Jul 27 10:19:28.319751 np0000005894 nova-scheduler[96947]: DEBUG cotyledon.oslo_config_glue [-] oslo_messaging_rabbit.conn_pool_ttl = 1200 {{(pid=96947) log_opt_values /opt/stack/data/venv/lib/python3.12/site-packages/oslo_config/cfg.py:3253}}
Jul 27 10:19:28.319751 np0000005894 nova-scheduler[96947]: DEBUG cotyledon.oslo_config_glue [-] oslo_messaging_rabbit.direct_mandatory_flag = True {{(pid=96947) log_opt_values /opt/stack/data/venv/lib/python3.12/site-packages/oslo_config/cfg.py:3253}}
Jul 27 10:19:28.319751 np0000005894 nova-scheduler[96947]: DEBUG cotyledon.oslo_config_glue [-] oslo_messaging_rabbit.enable_cancel_on_failover = False {{(pid=96947) log_opt_values /opt/stack/data/venv/lib/python3.12/site-packages/oslo_config/cfg.py:3253}}
Jul 27 10:19:28.319751 np0000005894 nova-scheduler[96947]: DEBUG cotyledon.oslo_config_glue [-] oslo_messaging_rabbit.heartbeat_rate = 3 {{(pid=96947) log_opt_values /opt/stack/data/venv/lib/python3.12/site-packages/oslo_config/cfg.py:3253}}
Jul 27 10:19:28.319751 np0000005894 nova-scheduler[96947]: DEBUG cotyledon.oslo_config_glue [-] oslo_messaging_rabbit.heartbeat_timeout_threshold = 60 {{(pid=96947) log_opt_values /opt/stack/data/venv/lib/python3.12/site-packages/oslo_config/cfg.py:3253}}
Jul 27 10:19:28.319751 np0000005894 nova-scheduler[96947]: DEBUG cotyledon.oslo_config_glue [-] oslo_messaging_rabbit.hostname = np0000005894 {{(pid=96947) log_opt_values /opt/stack/data/venv/lib/python3.12/site-packages/oslo_config/cfg.py:3253}}
Jul 27 10:19:28.319751 np0000005894 nova-scheduler[96947]: DEBUG cotyledon.oslo_config_glue [-] oslo_messaging_rabbit.kombu_compression = None {{(pid=96947) log_opt_values /opt/stack/data/venv/lib/python3.12/site-packages/oslo_config/cfg.py:3253}}
Jul 27 10:19:28.319751 np0000005894 nova-scheduler[96947]: DEBUG cotyledon.oslo_config_glue [-] oslo_messaging_rabbit.kombu_failover_strategy = round-robin {{(pid=96947) log_opt_values /opt/stack/data/venv/lib/python3.12/site-packages/oslo_config/cfg.py:3253}}
Jul 27 10:19:28.319751 np0000005894 nova-scheduler[96947]: DEBUG cotyledon.oslo_config_glue [-] oslo_messaging_rabbit.kombu_missing_consumer_retry_timeout = 60 {{(pid=96947) log_opt_values /opt/stack/data/venv/lib/python3.12/site-packages/oslo_config/cfg.py:3253}}
Jul 27 10:19:28.319960 np0000005894 nova-scheduler[96947]: DEBUG cotyledon.oslo_config_glue [-] oslo_messaging_rabbit.kombu_reconnect_delay = 1.0 {{(pid=96947) log_opt_values /opt/stack/data/venv/lib/python3.12/site-packages/oslo_config/cfg.py:3253}}
Jul 27 10:19:28.319960 np0000005894 nova-scheduler[96947]: DEBUG cotyledon.oslo_config_glue [-] oslo_messaging_rabbit.kombu_reconnect_splay = 0.0 {{(pid=96947) log_opt_values /opt/stack/data/venv/lib/python3.12/site-packages/oslo_config/cfg.py:3253}}
Jul 27 10:19:28.319960 np0000005894 nova-scheduler[96947]: DEBUG cotyledon.oslo_config_glue [-] oslo_messaging_rabbit.processname = nova-scheduler {{(pid=96947) log_opt_values /opt/stack/data/venv/lib/python3.12/site-packages/oslo_config/cfg.py:3253}}
Jul 27 10:19:28.319960 np0000005894 nova-scheduler[96947]: DEBUG cotyledon.oslo_config_glue [-] oslo_messaging_rabbit.rabbit_ha_queues = False {{(pid=96947) log_opt_values /opt/stack/data/venv/lib/python3.12/site-packages/oslo_config/cfg.py:3253}}
Jul 27 10:19:28.319960 np0000005894 nova-scheduler[96947]: DEBUG cotyledon.oslo_config_glue [-] oslo_messaging_rabbit.rabbit_interval_max = 30 {{(pid=96947) log_opt_values /opt/stack/data/venv/lib/python3.12/site-packages/oslo_config/cfg.py:3253}}
Jul 27 10:19:28.319960 np0000005894 nova-scheduler[96947]: DEBUG cotyledon.oslo_config_glue [-] oslo_messaging_rabbit.rabbit_login_method = AMQPLAIN {{(pid=96947) log_opt_values /opt/stack/data/venv/lib/python3.12/site-packages/oslo_config/cfg.py:3253}}
Jul 27 10:19:28.319960 np0000005894 nova-scheduler[96947]: DEBUG cotyledon.oslo_config_glue [-] oslo_messaging_rabbit.rabbit_qos_prefetch_count = 0 {{(pid=96947) log_opt_values /opt/stack/data/venv/lib/python3.12/site-packages/oslo_config/cfg.py:3253}}
Jul 27 10:19:28.319960 np0000005894 nova-scheduler[96947]: DEBUG cotyledon.oslo_config_glue [-] oslo_messaging_rabbit.rabbit_quorum_delivery_limit = 0 {{(pid=96947) log_opt_values /opt/stack/data/venv/lib/python3.12/site-packages/oslo_config/cfg.py:3253}}
Jul 27 10:19:28.319960 np0000005894 nova-scheduler[96947]: DEBUG cotyledon.oslo_config_glue [-] oslo_messaging_rabbit.rabbit_quorum_max_memory_bytes = 0 {{(pid=96947) log_opt_values /opt/stack/data/venv/lib/python3.12/site-packages/oslo_config/cfg.py:3253}}
Jul 27 10:19:28.320231 np0000005894 nova-scheduler[96947]: DEBUG cotyledon.oslo_config_glue [-] oslo_messaging_rabbit.rabbit_quorum_max_memory_length = 0 {{(pid=96947) log_opt_values /opt/stack/data/venv/lib/python3.12/site-packages/oslo_config/cfg.py:3253}}
Jul 27 10:19:28.320231 np0000005894 nova-scheduler[96947]: DEBUG cotyledon.oslo_config_glue [-] oslo_messaging_rabbit.rabbit_quorum_queue = False {{(pid=96947) log_opt_values /opt/stack/data/venv/lib/python3.12/site-packages/oslo_config/cfg.py:3253}}
Jul 27 10:19:28.320231 np0000005894 nova-scheduler[96947]: DEBUG cotyledon.oslo_config_glue [-] oslo_messaging_rabbit.rabbit_retry_backoff = 2 {{(pid=96947) log_opt_values /opt/stack/data/venv/lib/python3.12/site-packages/oslo_config/cfg.py:3253}}
Jul 27 10:19:28.320231 np0000005894 nova-scheduler[96947]: DEBUG cotyledon.oslo_config_glue [-] oslo_messaging_rabbit.rabbit_retry_interval = 1 {{(pid=96947) log_opt_values /opt/stack/data/venv/lib/python3.12/site-packages/oslo_config/cfg.py:3253}}
Jul 27 10:19:28.320231 np0000005894 nova-scheduler[96947]: DEBUG cotyledon.oslo_config_glue [-] oslo_messaging_rabbit.rabbit_stream_fanout = False {{(pid=96947) log_opt_values /opt/stack/data/venv/lib/python3.12/site-packages/oslo_config/cfg.py:3253}}
Jul 27 10:19:28.320231 np0000005894 nova-scheduler[96947]: DEBUG cotyledon.oslo_config_glue [-] oslo_messaging_rabbit.rabbit_transient_queues_ttl = 1800 {{(pid=96947) log_opt_values /opt/stack/data/venv/lib/python3.12/site-packages/oslo_config/cfg.py:3253}}
Jul 27 10:19:28.320231 np0000005894 nova-scheduler[96947]: DEBUG cotyledon.oslo_config_glue [-] oslo_messaging_rabbit.rabbit_transient_quorum_queue = False {{(pid=96947) log_opt_values /opt/stack/data/venv/lib/python3.12/site-packages/oslo_config/cfg.py:3253}}
Jul 27 10:19:28.320231 np0000005894 nova-scheduler[96947]: DEBUG cotyledon.oslo_config_glue [-] oslo_messaging_rabbit.rpc_conn_pool_size = 30 {{(pid=96947) log_opt_values /opt/stack/data/venv/lib/python3.12/site-packages/oslo_config/cfg.py:3253}}
Jul 27 10:19:28.320231 np0000005894 nova-scheduler[96947]: DEBUG cotyledon.oslo_config_glue [-] oslo_messaging_rabbit.ssl = False {{(pid=96947) log_opt_values /opt/stack/data/venv/lib/python3.12/site-packages/oslo_config/cfg.py:3253}}
Jul 27 10:19:28.320465 np0000005894 nova-scheduler[96947]: DEBUG cotyledon.oslo_config_glue [-] oslo_messaging_rabbit.ssl_ca_file = {{(pid=96947) log_opt_values /opt/stack/data/venv/lib/python3.12/site-packages/oslo_config/cfg.py:3253}}
Jul 27 10:19:28.320465 np0000005894 nova-scheduler[96947]: DEBUG cotyledon.oslo_config_glue [-] oslo_messaging_rabbit.ssl_cert_file = {{(pid=96947) log_opt_values /opt/stack/data/venv/lib/python3.12/site-packages/oslo_config/cfg.py:3253}}
Jul 27 10:19:28.320465 np0000005894 nova-scheduler[96947]: DEBUG cotyledon.oslo_config_glue [-] oslo_messaging_rabbit.ssl_enforce_fips_mode = False {{(pid=96947) log_opt_values /opt/stack/data/venv/lib/python3.12/site-packages/oslo_config/cfg.py:3253}}
Jul 27 10:19:28.320465 np0000005894 nova-scheduler[96947]: DEBUG cotyledon.oslo_config_glue [-] oslo_messaging_rabbit.ssl_enforce_hostname_verification = True {{(pid=96947) log_opt_values /opt/stack/data/venv/lib/python3.12/site-packages/oslo_config/cfg.py:3253}}
Jul 27 10:19:28.320465 np0000005894 nova-scheduler[96947]: DEBUG cotyledon.oslo_config_glue [-] oslo_messaging_rabbit.ssl_key_file = {{(pid=96947) log_opt_values /opt/stack/data/venv/lib/python3.12/site-packages/oslo_config/cfg.py:3253}}
Jul 27 10:19:28.320465 np0000005894 nova-scheduler[96947]: DEBUG cotyledon.oslo_config_glue [-] oslo_messaging_rabbit.ssl_version = {{(pid=96947) log_opt_values /opt/stack/data/venv/lib/python3.12/site-packages/oslo_config/cfg.py:3253}}
Jul 27 10:19:28.320465 np0000005894 nova-scheduler[96947]: DEBUG cotyledon.oslo_config_glue [-] oslo_messaging_rabbit.use_queue_manager = False {{(pid=96947) log_opt_values /opt/stack/data/venv/lib/python3.12/site-packages/oslo_config/cfg.py:3253}}
Jul 27 10:19:28.320465 np0000005894 nova-scheduler[96947]: DEBUG cotyledon.oslo_config_glue [-] oslo_messaging_notifications.driver = ['messagingv2'] {{(pid=96947) log_opt_values /opt/stack/data/venv/lib/python3.12/site-packages/oslo_config/cfg.py:3253}}
Jul 27 10:19:28.320465 np0000005894 nova-scheduler[96947]: DEBUG cotyledon.oslo_config_glue [-] oslo_messaging_notifications.retry = -1 {{(pid=96947) log_opt_values /opt/stack/data/venv/lib/python3.12/site-packages/oslo_config/cfg.py:3253}}
Jul 27 10:19:28.320717 np0000005894 nova-scheduler[96947]: DEBUG cotyledon.oslo_config_glue [-] oslo_messaging_notifications.topics = ['notifications'] {{(pid=96947) log_opt_values /opt/stack/data/venv/lib/python3.12/site-packages/oslo_config/cfg.py:3253}}
Jul 27 10:19:28.320717 np0000005894 nova-scheduler[96947]: DEBUG cotyledon.oslo_config_glue [-] oslo_messaging_notifications.transport_url = **** {{(pid=96947) log_opt_values /opt/stack/data/venv/lib/python3.12/site-packages/oslo_config/cfg.py:3253}}
Jul 27 10:19:28.320717 np0000005894 nova-scheduler[96947]: DEBUG cotyledon.oslo_config_glue [-] oslo_limit.auth_section = None {{(pid=96947) log_opt_values /opt/stack/data/venv/lib/python3.12/site-packages/oslo_config/cfg.py:3253}}
Jul 27 10:19:28.320717 np0000005894 nova-scheduler[96947]: DEBUG cotyledon.oslo_config_glue [-] oslo_limit.auth_type = None {{(pid=96947) log_opt_values /opt/stack/data/venv/lib/python3.12/site-packages/oslo_config/cfg.py:3253}}
Jul 27 10:19:28.320717 np0000005894 nova-scheduler[96947]: DEBUG cotyledon.oslo_config_glue [-] oslo_limit.cafile = None {{(pid=96947) log_opt_values /opt/stack/data/venv/lib/python3.12/site-packages/oslo_config/cfg.py:3253}}
Jul 27 10:19:28.320717 np0000005894 nova-scheduler[96947]: DEBUG cotyledon.oslo_config_glue [-] oslo_limit.certfile = None {{(pid=96947) log_opt_values /opt/stack/data/venv/lib/python3.12/site-packages/oslo_config/cfg.py:3253}}
Jul 27 10:19:28.320717 np0000005894 nova-scheduler[96947]: DEBUG cotyledon.oslo_config_glue [-] oslo_limit.collect_timing = False {{(pid=96947) log_opt_values /opt/stack/data/venv/lib/python3.12/site-packages/oslo_config/cfg.py:3253}}
Jul 27 10:19:28.320717 np0000005894 nova-scheduler[96947]: DEBUG cotyledon.oslo_config_glue [-] oslo_limit.connect_retries = None {{(pid=96947) log_opt_values /opt/stack/data/venv/lib/python3.12/site-packages/oslo_config/cfg.py:3253}}
Jul 27 10:19:28.320717 np0000005894 nova-scheduler[96947]: DEBUG cotyledon.oslo_config_glue [-] oslo_limit.connect_retry_delay = None {{(pid=96947) log_opt_values /opt/stack/data/venv/lib/python3.12/site-packages/oslo_config/cfg.py:3253}}
Jul 27 10:19:28.320960 np0000005894 nova-scheduler[96947]: DEBUG cotyledon.oslo_config_glue [-] oslo_limit.endpoint_id = None {{(pid=96947) log_opt_values /opt/stack/data/venv/lib/python3.12/site-packages/oslo_config/cfg.py:3253}}
Jul 27 10:19:28.320960 np0000005894 nova-scheduler[96947]: DEBUG cotyledon.oslo_config_glue [-] oslo_limit.endpoint_interface = public {{(pid=96947) log_opt_values /opt/stack/data/venv/lib/python3.12/site-packages/oslo_config/cfg.py:3253}}
Jul 27 10:19:28.320960 np0000005894 nova-scheduler[96947]: DEBUG cotyledon.oslo_config_glue [-] oslo_limit.endpoint_override = None {{(pid=96947) log_opt_values /opt/stack/data/venv/lib/python3.12/site-packages/oslo_config/cfg.py:3253}}
Jul 27 10:19:28.320960 np0000005894 nova-scheduler[96947]: DEBUG cotyledon.oslo_config_glue [-] oslo_limit.endpoint_region_name = None {{(pid=96947) log_opt_values /opt/stack/data/venv/lib/python3.12/site-packages/oslo_config/cfg.py:3253}}
Jul 27 10:19:28.320960 np0000005894 nova-scheduler[96947]: DEBUG cotyledon.oslo_config_glue [-] oslo_limit.endpoint_service_name = None {{(pid=96947) log_opt_values /opt/stack/data/venv/lib/python3.12/site-packages/oslo_config/cfg.py:3253}}
Jul 27 10:19:28.320960 np0000005894 nova-scheduler[96947]: DEBUG cotyledon.oslo_config_glue [-] oslo_limit.endpoint_service_type = None {{(pid=96947) log_opt_values /opt/stack/data/venv/lib/python3.12/site-packages/oslo_config/cfg.py:3253}}
Jul 27 10:19:28.320960 np0000005894 nova-scheduler[96947]: DEBUG cotyledon.oslo_config_glue [-] oslo_limit.insecure = False {{(pid=96947) log_opt_values /opt/stack/data/venv/lib/python3.12/site-packages/oslo_config/cfg.py:3253}}
Jul 27 10:19:28.320960 np0000005894 nova-scheduler[96947]: DEBUG cotyledon.oslo_config_glue [-] oslo_limit.keyfile = None {{(pid=96947) log_opt_values /opt/stack/data/venv/lib/python3.12/site-packages/oslo_config/cfg.py:3253}}
Jul 27 10:19:28.320960 np0000005894 nova-scheduler[96947]: DEBUG cotyledon.oslo_config_glue [-] oslo_limit.max_version = None {{(pid=96947) log_opt_values /opt/stack/data/venv/lib/python3.12/site-packages/oslo_config/cfg.py:3253}}
Jul 27 10:19:28.325783 np0000005894 nova-scheduler[96947]: DEBUG cotyledon.oslo_config_glue [-] oslo_limit.min_version = None {{(pid=96947) log_opt_values /opt/stack/data/venv/lib/python3.12/site-packages/oslo_config/cfg.py:3253}}
Jul 27 10:19:28.325783 np0000005894 nova-scheduler[96947]: DEBUG cotyledon.oslo_config_glue [-] oslo_limit.region_name = None {{(pid=96947) log_opt_values /opt/stack/data/venv/lib/python3.12/site-packages/oslo_config/cfg.py:3253}}
Jul 27 10:19:28.325783 np0000005894 nova-scheduler[96947]: DEBUG cotyledon.oslo_config_glue [-] oslo_limit.retriable_status_codes = None {{(pid=96947) log_opt_values /opt/stack/data/venv/lib/python3.12/site-packages/oslo_config/cfg.py:3253}}
Jul 27 10:19:28.325783 np0000005894 nova-scheduler[96947]: DEBUG cotyledon.oslo_config_glue [-] oslo_limit.service_name = None {{(pid=96947) log_opt_values /opt/stack/data/venv/lib/python3.12/site-packages/oslo_config/cfg.py:3253}}
Jul 27 10:19:28.325783 np0000005894 nova-scheduler[96947]: DEBUG cotyledon.oslo_config_glue [-] oslo_limit.service_type = None {{(pid=96947) log_opt_values /opt/stack/data/venv/lib/python3.12/site-packages/oslo_config/cfg.py:3253}}
Jul 27 10:19:28.325783 np0000005894 nova-scheduler[96947]: DEBUG cotyledon.oslo_config_glue [-] oslo_limit.split_loggers = False {{(pid=96947) log_opt_values /opt/stack/data/venv/lib/python3.12/site-packages/oslo_config/cfg.py:3253}}
Jul 27 10:19:28.325783 np0000005894 nova-scheduler[96947]: DEBUG cotyledon.oslo_config_glue [-] oslo_limit.status_code_retries = None {{(pid=96947) log_opt_values /opt/stack/data/venv/lib/python3.12/site-packages/oslo_config/cfg.py:3253}}
Jul 27 10:19:28.325783 np0000005894 nova-scheduler[96947]: DEBUG cotyledon.oslo_config_glue [-] oslo_limit.status_code_retry_delay = None {{(pid=96947) log_opt_values /opt/stack/data/venv/lib/python3.12/site-packages/oslo_config/cfg.py:3253}}
Jul 27 10:19:28.325783 np0000005894 nova-scheduler[96947]: DEBUG cotyledon.oslo_config_glue [-] oslo_limit.timeout = None {{(pid=96947) log_opt_values /opt/stack/data/venv/lib/python3.12/site-packages/oslo_config/cfg.py:3253}}
Jul 27 10:19:28.326027 np0000005894 nova-scheduler[96947]: DEBUG cotyledon.oslo_config_glue [-] oslo_limit.valid_interfaces = None {{(pid=96947) log_opt_values /opt/stack/data/venv/lib/python3.12/site-packages/oslo_config/cfg.py:3253}}
Jul 27 10:19:28.326027 np0000005894 nova-scheduler[96947]: DEBUG cotyledon.oslo_config_glue [-] oslo_limit.version = None {{(pid=96947) log_opt_values /opt/stack/data/venv/lib/python3.12/site-packages/oslo_config/cfg.py:3253}}
Jul 27 10:19:28.326027 np0000005894 nova-scheduler[96947]: DEBUG cotyledon.oslo_config_glue [-] oslo_reports.file_event_handler = None {{(pid=96947) log_opt_values /opt/stack/data/venv/lib/python3.12/site-packages/oslo_config/cfg.py:3253}}
Jul 27 10:19:28.326027 np0000005894 nova-scheduler[96947]: DEBUG cotyledon.oslo_config_glue [-] oslo_reports.file_event_handler_interval = 1 {{(pid=96947) log_opt_values /opt/stack/data/venv/lib/python3.12/site-packages/oslo_config/cfg.py:3253}}
Jul 27 10:19:28.326027 np0000005894 nova-scheduler[96947]: DEBUG cotyledon.oslo_config_glue [-] oslo_reports.log_dir = None {{(pid=96947) log_opt_values /opt/stack/data/venv/lib/python3.12/site-packages/oslo_config/cfg.py:3253}}
Jul 27 10:19:28.326027 np0000005894 nova-scheduler[96947]: DEBUG cotyledon.oslo_config_glue [-] ******************************************************************************** {{(pid=96947) log_opt_values /opt/stack/data/venv/lib/python3.12/site-packages/oslo_config/cfg.py:3260}}
Jul 27 10:19:28.326027 np0000005894 nova-scheduler[96947]: DEBUG cotyledon._service_worker [-] Run service ServiceWrapper(3) [96947] {{(pid=96947) wait_forever /opt/stack/data/venv/lib/python3.12/site-packages/cotyledon/_service_worker.py:218}}
Jul 27 10:19:28.326027 np0000005894 nova-scheduler[96947]: INFO nova.service [-] Starting scheduler node (version 33.1.0)
Jul 27 10:19:28.326027 np0000005894 nova-scheduler[96947]: INFO dbcounter [None req-c8308b2e-386b-42fe-8ea7-4bf6a85da281 None None] Registered counter for database nova_cell0
Jul 27 10:19:28.326358 np0000005894 nova-scheduler[96900]: DEBUG oslo_db.sqlalchemy.engines [None req-e7792cf1-5680-4491-91a5-9b80101394db None None] MySQL server mode set to STRICT_TRANS_TABLES,STRICT_ALL_TABLES,NO_ZERO_IN_DATE,NO_ZERO_DATE,ERROR_FOR_DIVISION_BY_ZERO,TRADITIONAL,NO_ENGINE_SUBSTITUTION {{(pid=96900) _check_effective_sql_mode /opt/stack/data/venv/lib/python3.12/site-packages/oslo_db/sqlalchemy/engines.py:325}}
Jul 27 10:19:28.326358 np0000005894 nova-scheduler[96900]: DEBUG dbcounter [-] [96900] Writer thread running {{(pid=96900) stat_writer /opt/stack/data/venv/lib/python3.12/site-packages/dbcounter.py:102}}
Jul 27 10:19:28.326432 np0000005894 nova-scheduler[96902]: DEBUG oslo_db.sqlalchemy.engines [None req-5a48ae94-f256-4e1a-bf3c-9fb6ebadb295 None None] MySQL server mode set to STRICT_TRANS_TABLES,STRICT_ALL_TABLES,NO_ZERO_IN_DATE,NO_ZERO_DATE,ERROR_FOR_DIVISION_BY_ZERO,TRADITIONAL,NO_ENGINE_SUBSTITUTION {{(pid=96902) _check_effective_sql_mode /opt/stack/data/venv/lib/python3.12/site-packages/oslo_db/sqlalchemy/engines.py:325}}
Jul 27 10:19:28.326468 np0000005894 nova-scheduler[96925]: DEBUG oslo_db.sqlalchemy.engines [None req-83bfc993-8f68-4208-8a06-d75cb7d1b7a3 None None] MySQL server mode set to STRICT_TRANS_TABLES,STRICT_ALL_TABLES,NO_ZERO_IN_DATE,NO_ZERO_DATE,ERROR_FOR_DIVISION_BY_ZERO,TRADITIONAL,NO_ENGINE_SUBSTITUTION {{(pid=96925) _check_effective_sql_mode /opt/stack/data/venv/lib/python3.12/site-packages/oslo_db/sqlalchemy/engines.py:325}}
Jul 27 10:19:28.326501 np0000005894 nova-scheduler[96902]: DEBUG dbcounter [-] [96902] Writer thread running {{(pid=96902) stat_writer /opt/stack/data/venv/lib/python3.12/site-packages/dbcounter.py:102}}
Jul 27 10:19:28.326533 np0000005894 nova-scheduler[96900]: DEBUG nova.service [None req-e7792cf1-5680-4491-91a5-9b80101394db None None] Creating RPC server for service: nova-scheduler on topic: scheduler {{(pid=96900) start /opt/stack/nova/nova/service.py:196}}
Jul 27 10:19:28.326563 np0000005894 nova-scheduler[96902]: DEBUG nova.service [None req-5a48ae94-f256-4e1a-bf3c-9fb6ebadb295 None None] Creating RPC server for service: nova-scheduler on topic: scheduler {{(pid=96902) start /opt/stack/nova/nova/service.py:196}}
Jul 27 10:19:28.326594 np0000005894 nova-scheduler[96947]: DEBUG oslo_db.sqlalchemy.engines [None req-c8308b2e-386b-42fe-8ea7-4bf6a85da281 None None] MySQL server mode set to STRICT_TRANS_TABLES,STRICT_ALL_TABLES,NO_ZERO_IN_DATE,NO_ZERO_DATE,ERROR_FOR_DIVISION_BY_ZERO,TRADITIONAL,NO_ENGINE_SUBSTITUTION {{(pid=96947) _check_effective_sql_mode /opt/stack/data/venv/lib/python3.12/site-packages/oslo_db/sqlalchemy/engines.py:325}}
Jul 27 10:19:28.326632 np0000005894 nova-scheduler[96925]: DEBUG dbcounter [-] [96925] Writer thread running {{(pid=96925) stat_writer /opt/stack/data/venv/lib/python3.12/site-packages/dbcounter.py:102}}
Jul 27 10:19:28.326632 np0000005894 nova-scheduler[96925]: DEBUG nova.service [None req-83bfc993-8f68-4208-8a06-d75cb7d1b7a3 None None] Creating RPC server for service: nova-scheduler on topic: scheduler {{(pid=96925) start /opt/stack/nova/nova/service.py:196}}
Jul 27 10:19:28.332290 np0000005894 nova-scheduler[96947]: DEBUG dbcounter [-] [96947] Writer thread running {{(pid=96947) stat_writer /opt/stack/data/venv/lib/python3.12/site-packages/dbcounter.py:102}}
Jul 27 10:19:28.336107 np0000005894 nova-scheduler[96947]: DEBUG nova.service [None req-c8308b2e-386b-42fe-8ea7-4bf6a85da281 None None] Creating RPC server for service: nova-scheduler on topic: scheduler {{(pid=96947) start /opt/stack/nova/nova/service.py:196}}
Jul 27 10:19:28.336847 np0000005894 nova-scheduler[96902]: DEBUG nova.service [None req-5a48ae94-f256-4e1a-bf3c-9fb6ebadb295 None None] Join ServiceGroup membership for this service scheduler {{(pid=96902) start /opt/stack/nova/nova/service.py:222}}
Jul 27 10:19:28.337184 np0000005894 nova-scheduler[96902]: DEBUG nova.servicegroup.drivers.db [None req-5a48ae94-f256-4e1a-bf3c-9fb6ebadb295 None None] DB_Driver: join new ServiceGroup member np0000005894 to the scheduler group, service = {{(pid=96902) join /opt/stack/nova/nova/servicegroup/drivers/db.py:44}}
Jul 27 10:19:28.342884 np0000005894 nova-scheduler[96925]: DEBUG nova.service [None req-83bfc993-8f68-4208-8a06-d75cb7d1b7a3 None None] Join ServiceGroup membership for this service scheduler {{(pid=96925) start /opt/stack/nova/nova/service.py:222}}
Jul 27 10:19:28.343084 np0000005894 nova-scheduler[96925]: DEBUG nova.servicegroup.drivers.db [None req-83bfc993-8f68-4208-8a06-d75cb7d1b7a3 None None] DB_Driver: join new ServiceGroup member np0000005894 to the scheduler group, service = {{(pid=96925) join /opt/stack/nova/nova/servicegroup/drivers/db.py:44}}
Jul 27 10:19:28.344190 np0000005894 nova-scheduler[96900]: DEBUG nova.service [None req-e7792cf1-5680-4491-91a5-9b80101394db None None] Join ServiceGroup membership for this service scheduler {{(pid=96900) start /opt/stack/nova/nova/service.py:222}}
Jul 27 10:19:28.344646 np0000005894 nova-scheduler[96900]: DEBUG nova.servicegroup.drivers.db [None req-e7792cf1-5680-4491-91a5-9b80101394db None None] DB_Driver: join new ServiceGroup member np0000005894 to the scheduler group, service = {{(pid=96900) join /opt/stack/nova/nova/servicegroup/drivers/db.py:44}}
Jul 27 10:19:28.355957 np0000005894 nova-scheduler[96947]: DEBUG nova.service [None req-c8308b2e-386b-42fe-8ea7-4bf6a85da281 None None] Join ServiceGroup membership for this service scheduler {{(pid=96947) start /opt/stack/nova/nova/service.py:222}}
Jul 27 10:19:28.356116 np0000005894 nova-scheduler[96947]: DEBUG nova.servicegroup.drivers.db [None req-c8308b2e-386b-42fe-8ea7-4bf6a85da281 None None] DB_Driver: join new ServiceGroup member np0000005894 to the scheduler group, service = {{(pid=96947) join /opt/stack/nova/nova/servicegroup/drivers/db.py:44}}
Jul 27 10:19:33.375240 np0000005894 nova-scheduler[96902]: DEBUG oslo.service.backend._threading.loopingcall [-] Fixed interval looping call 'nova.servicegroup.drivers.db.DbDriver._report_state' sleeping for 119.96 seconds {{(pid=96902) _run_loop /opt/stack/data/venv/lib/python3.12/site-packages/oslo_service/backend/_threading/loopingcall.py:125}}
Jul 27 10:19:33.376069 np0000005894 nova-scheduler[96900]: DEBUG oslo.service.backend._threading.loopingcall [-] Fixed interval looping call 'nova.servicegroup.drivers.db.DbDriver._report_state' sleeping for 119.97 seconds {{(pid=96900) _run_loop /opt/stack/data/venv/lib/python3.12/site-packages/oslo_service/backend/_threading/loopingcall.py:125}}
Jul 27 10:19:33.380506 np0000005894 nova-scheduler[96925]: DEBUG oslo.service.backend._threading.loopingcall [-] Fixed interval looping call 'nova.servicegroup.drivers.db.DbDriver._report_state' sleeping for 119.97 seconds {{(pid=96925) _run_loop /opt/stack/data/venv/lib/python3.12/site-packages/oslo_service/backend/_threading/loopingcall.py:125}}
Jul 27 10:19:33.380967 np0000005894 nova-scheduler[96947]: DEBUG oslo.service.backend._threading.loopingcall [-] Fixed interval looping call 'nova.servicegroup.drivers.db.DbDriver._report_state' sleeping for 119.98 seconds {{(pid=96947) _run_loop /opt/stack/data/venv/lib/python3.12/site-packages/oslo_service/backend/_threading/loopingcall.py:125}}
Jul 27 10:19:36.856244 np0000005894 nova-scheduler[95706]: DEBUG dbcounter [-] [95706] Writing DB stats nova_api:SELECT=3 {{(pid=95706) stat_writer /opt/stack/data/venv/lib/python3.12/site-packages/dbcounter.py:115}}
Jul 27 10:19:36.976083 np0000005894 nova-scheduler[95706]: DEBUG dbcounter [-] [95706] Writing DB stats nova_cell0:SELECT=1 {{(pid=95706) stat_writer /opt/stack/data/venv/lib/python3.12/site-packages/dbcounter.py:115}}
Jul 27 10:19:36.979920 np0000005894 nova-scheduler[95706]: DEBUG dbcounter [-] [95706] Writing DB stats nova_cell1:SELECT=1 {{(pid=95706) stat_writer /opt/stack/data/venv/lib/python3.12/site-packages/dbcounter.py:115}}
Jul 27 10:19:41.358477 np0000005894 nova-scheduler[96947]: DEBUG oslo.service.backend._threading.loopingcall [None req-84d06ecb-8e08-4da3-a7a6-91f5aff3f9df None None] Dynamic interval looping call 'nova.service.Service.periodic_tasks' sleeping for 60.00 seconds {{(pid=96947) _run_loop /opt/stack/data/venv/lib/python3.12/site-packages/oslo_service/backend/_threading/loopingcall.py:125}}
Jul 27 10:19:43.354283 np0000005894 nova-scheduler[96902]: DEBUG dbcounter [-] [96902] Writing DB stats nova_cell0:SELECT=3,nova_cell0:UPDATE=1 {{(pid=96902) stat_writer /opt/stack/data/venv/lib/python3.12/site-packages/dbcounter.py:115}}
Jul 27 10:19:43.357487 np0000005894 nova-scheduler[96900]: DEBUG dbcounter [-] [96900] Writing DB stats nova_cell0:SELECT=4,nova_cell0:INSERT=1,nova_cell0:UPDATE=1 {{(pid=96900) stat_writer /opt/stack/data/venv/lib/python3.12/site-packages/dbcounter.py:115}}
Jul 27 10:19:43.361120 np0000005894 nova-scheduler[96925]: DEBUG dbcounter [-] [96925] Writing DB stats nova_cell0:SELECT=3,nova_cell0:UPDATE=1 {{(pid=96925) stat_writer /opt/stack/data/venv/lib/python3.12/site-packages/dbcounter.py:115}}
Jul 27 10:19:43.371711 np0000005894 nova-scheduler[96947]: DEBUG dbcounter [-] [96947] Writing DB stats nova_cell0:SELECT=3,nova_cell0:UPDATE=1 {{(pid=96947) stat_writer /opt/stack/data/venv/lib/python3.12/site-packages/dbcounter.py:115}}
Jul 27 10:19:57.346718 np0000005894 nova-scheduler[96900]: DEBUG oslo.service.backend._threading.loopingcall [None req-e8c4f883-28c0-45b2-8919-bd43e2c46650 None None] Dynamic interval looping call 'nova.service.Service.periodic_tasks' sleeping for 60.00 seconds {{(pid=96900) _run_loop /opt/stack/data/venv/lib/python3.12/site-packages/oslo_service/backend/_threading/loopingcall.py:125}}
Jul 27 10:20:10.339983 np0000005894 nova-scheduler[96902]: DEBUG oslo.service.backend._threading.loopingcall [None req-16033377-0987-42d0-892c-7af345297da2 None None] Dynamic interval looping call 'nova.service.Service.periodic_tasks' sleeping for 60.00 seconds {{(pid=96902) _run_loop /opt/stack/data/venv/lib/python3.12/site-packages/oslo_service/backend/_threading/loopingcall.py:125}}
Jul 27 10:20:15.345714 np0000005894 nova-scheduler[96925]: DEBUG oslo.service.backend._threading.loopingcall [None req-3a8e8263-9dea-4e42-a0ac-ebd168333ed1 None None] Dynamic interval looping call 'nova.service.Service.periodic_tasks' sleeping for 60.00 seconds {{(pid=96925) _run_loop /opt/stack/data/venv/lib/python3.12/site-packages/oslo_service/backend/_threading/loopingcall.py:125}}
Jul 27 10:20:41.359033 np0000005894 nova-scheduler[96947]: DEBUG oslo.service.backend._threading.loopingcall [None req-84d06ecb-8e08-4da3-a7a6-91f5aff3f9df None None] Dynamic interval looping call 'nova.service.Service.periodic_tasks' sleeping for 60.00 seconds {{(pid=96947) _run_loop /opt/stack/data/venv/lib/python3.12/site-packages/oslo_service/backend/_threading/loopingcall.py:125}}
Jul 27 10:20:57.347198 np0000005894 nova-scheduler[96900]: DEBUG oslo.service.backend._threading.loopingcall [None req-e8c4f883-28c0-45b2-8919-bd43e2c46650 None None] Dynamic interval looping call 'nova.service.Service.periodic_tasks' sleeping for 60.00 seconds {{(pid=96900) _run_loop /opt/stack/data/venv/lib/python3.12/site-packages/oslo_service/backend/_threading/loopingcall.py:125}}
Jul 27 10:21:10.340491 np0000005894 nova-scheduler[96902]: DEBUG oslo.service.backend._threading.loopingcall [None req-16033377-0987-42d0-892c-7af345297da2 None None] Dynamic interval looping call 'nova.service.Service.periodic_tasks' sleeping for 60.00 seconds {{(pid=96902) _run_loop /opt/stack/data/venv/lib/python3.12/site-packages/oslo_service/backend/_threading/loopingcall.py:125}}
Jul 27 10:21:15.346229 np0000005894 nova-scheduler[96925]: DEBUG oslo.service.backend._threading.loopingcall [None req-3a8e8263-9dea-4e42-a0ac-ebd168333ed1 None None] Dynamic interval looping call 'nova.service.Service.periodic_tasks' sleeping for 60.00 seconds {{(pid=96925) _run_loop /opt/stack/data/venv/lib/python3.12/site-packages/oslo_service/backend/_threading/loopingcall.py:125}}
Jul 27 10:21:33.351118 np0000005894 nova-scheduler[96902]: DEBUG oslo.service.backend._threading.loopingcall [-] Fixed interval looping call 'nova.servicegroup.drivers.db.DbDriver._report_state' sleeping for 119.98 seconds {{(pid=96902) _run_loop /opt/stack/data/venv/lib/python3.12/site-packages/oslo_service/backend/_threading/loopingcall.py:125}}
Jul 27 10:21:33.353444 np0000005894 nova-scheduler[96900]: DEBUG oslo.service.backend._threading.loopingcall [-] Fixed interval looping call 'nova.servicegroup.drivers.db.DbDriver._report_state' sleeping for 119.99 seconds {{(pid=96900) _run_loop /opt/stack/data/venv/lib/python3.12/site-packages/oslo_service/backend/_threading/loopingcall.py:125}}
Jul 27 10:21:33.353758 np0000005894 nova-scheduler[96925]: DEBUG oslo.service.backend._threading.loopingcall [-] Fixed interval looping call 'nova.servicegroup.drivers.db.DbDriver._report_state' sleeping for 120.00 seconds {{(pid=96925) _run_loop /opt/stack/data/venv/lib/python3.12/site-packages/oslo_service/backend/_threading/loopingcall.py:125}}
Jul 27 10:21:33.370562 np0000005894 nova-scheduler[96947]: DEBUG oslo.service.backend._threading.loopingcall [-] Fixed interval looping call 'nova.servicegroup.drivers.db.DbDriver._report_state' sleeping for 119.99 seconds {{(pid=96947) _run_loop /opt/stack/data/venv/lib/python3.12/site-packages/oslo_service/backend/_threading/loopingcall.py:125}}
Jul 27 10:21:41.359533 np0000005894 nova-scheduler[96947]: DEBUG oslo.service.backend._threading.loopingcall [None req-84d06ecb-8e08-4da3-a7a6-91f5aff3f9df None None] Dynamic interval looping call 'nova.service.Service.periodic_tasks' sleeping for 60.00 seconds {{(pid=96947) _run_loop /opt/stack/data/venv/lib/python3.12/site-packages/oslo_service/backend/_threading/loopingcall.py:125}}
Jul 27 10:21:43.339314 np0000005894 nova-scheduler[96902]: DEBUG dbcounter [-] [96902] Writing DB stats nova_cell0:SELECT=1,nova_cell0:UPDATE=1 {{(pid=96902) stat_writer /opt/stack/data/venv/lib/python3.12/site-packages/dbcounter.py:115}}
Jul 27 10:21:43.350961 np0000005894 nova-scheduler[96925]: DEBUG dbcounter [-] [96925] Writing DB stats nova_cell0:SELECT=1 {{(pid=96925) stat_writer /opt/stack/data/venv/lib/python3.12/site-packages/dbcounter.py:115}}
Jul 27 10:21:43.354028 np0000005894 nova-scheduler[96900]: DEBUG dbcounter [-] [96900] Writing DB stats nova_cell0:SELECT=1,nova_cell0:UPDATE=1 {{(pid=96900) stat_writer /opt/stack/data/venv/lib/python3.12/site-packages/dbcounter.py:115}}
Jul 27 10:21:43.363998 np0000005894 nova-scheduler[96947]: DEBUG dbcounter [-] [96947] Writing DB stats nova_cell0:SELECT=1 {{(pid=96947) stat_writer /opt/stack/data/venv/lib/python3.12/site-packages/dbcounter.py:115}}
Jul 27 10:21:48.234816 np0000005894 nova-scheduler[96902]: DEBUG nova.scheduler.manager [None req-a518c6ef-eeee-48e8-ad28-e787a6755e24 tempest-DeleteServersTestJSON-102963438 tempest-DeleteServersTestJSON-102963438-project-member] Starting to schedule for instances: ['c49aa616-c977-40e6-a79c-adca3bb1e53a'] {{(pid=96902) select_destinations /opt/stack/nova/nova/scheduler/manager.py:209}}
Jul 27 10:21:48.235308 np0000005894 nova-scheduler[96902]: DEBUG nova.scheduler.request_filter [None req-a518c6ef-eeee-48e8-ad28-e787a6755e24 tempest-DeleteServersTestJSON-102963438 tempest-DeleteServersTestJSON-102963438-project-member] compute_status_filter request filter added forbidden trait COMPUTE_STATUS_DISABLED {{(pid=96902) compute_status_filter /opt/stack/nova/nova/scheduler/request_filter.py:253}}
Jul 27 10:21:48.238231 np0000005894 nova-scheduler[96902]: DEBUG nova.scheduler.request_filter [None req-a518c6ef-eeee-48e8-ad28-e787a6755e24 tempest-DeleteServersTestJSON-102963438 tempest-DeleteServersTestJSON-102963438-project-member] Request filter 'compute_status_filter' took 0.0 seconds {{(pid=96902) wrapper /opt/stack/nova/nova/scheduler/request_filter.py:46}}
Jul 27 10:21:48.238231 np0000005894 nova-scheduler[96902]: DEBUG nova.scheduler.request_filter [None req-a518c6ef-eeee-48e8-ad28-e787a6755e24 tempest-DeleteServersTestJSON-102963438 tempest-DeleteServersTestJSON-102963438-project-member] Request filter 'accelerators_filter' took 0.0 seconds {{(pid=96902) wrapper /opt/stack/nova/nova/scheduler/request_filter.py:46}}
Jul 27 10:21:48.238231 np0000005894 nova-scheduler[96902]: DEBUG nova.scheduler.request_filter [None req-a518c6ef-eeee-48e8-ad28-e787a6755e24 tempest-DeleteServersTestJSON-102963438 tempest-DeleteServersTestJSON-102963438-project-member] Request filter 'packed_virtqueue_filter' took 0.0 seconds {{(pid=96902) wrapper /opt/stack/nova/nova/scheduler/request_filter.py:46}}
Jul 27 10:21:48.238231 np0000005894 nova-scheduler[96902]: DEBUG nova.scheduler.request_filter [None req-a518c6ef-eeee-48e8-ad28-e787a6755e24 tempest-DeleteServersTestJSON-102963438 tempest-DeleteServersTestJSON-102963438-project-member] Request filter 'remote_managed_ports_filter' took 0.0 seconds {{(pid=96902) wrapper /opt/stack/nova/nova/scheduler/request_filter.py:46}}
Jul 27 10:21:48.238231 np0000005894 nova-scheduler[96902]: DEBUG nova.scheduler.request_filter [None req-a518c6ef-eeee-48e8-ad28-e787a6755e24 tempest-DeleteServersTestJSON-102963438 tempest-DeleteServersTestJSON-102963438-project-member] ephemeral_encryption_filter skipped {{(pid=96902) ephemeral_encryption_filter /opt/stack/nova/nova/scheduler/request_filter.py:426}}
Jul 27 10:21:48.238425 np0000005894 nova-scheduler[96902]: DEBUG nova.scheduler.request_filter [None req-a518c6ef-eeee-48e8-ad28-e787a6755e24 tempest-DeleteServersTestJSON-102963438 tempest-DeleteServersTestJSON-102963438-project-member] virtio_sound_filter skipped {{(pid=96902) virtio_sound_filter /opt/stack/nova/nova/scheduler/request_filter.py:460}}
Jul 27 10:21:48.238425 np0000005894 nova-scheduler[96902]: DEBUG nova.scheduler.request_filter [None req-a518c6ef-eeee-48e8-ad28-e787a6755e24 tempest-DeleteServersTestJSON-102963438 tempest-DeleteServersTestJSON-102963438-project-member] tpm_secret_security_filter skipped {{(pid=96902) tpm_secret_security_filter /opt/stack/nova/nova/scheduler/request_filter.py:477}}
Jul 27 10:21:48.658797 np0000005894 nova-scheduler[96925]: DEBUG nova.scheduler.manager [None req-2d94440e-c052-4830-947c-f6fa8ca1c06f tempest-ServerActionsTestOtherB-1988365240 tempest-ServerActionsTestOtherB-1988365240-project-member] Starting to schedule for instances: ['3e6fb997-b98d-4a06-b210-62873585f89e'] {{(pid=96925) select_destinations /opt/stack/nova/nova/scheduler/manager.py:209}}
Jul 27 10:21:48.659573 np0000005894 nova-scheduler[96925]: DEBUG nova.scheduler.request_filter [None req-2d94440e-c052-4830-947c-f6fa8ca1c06f tempest-ServerActionsTestOtherB-1988365240 tempest-ServerActionsTestOtherB-1988365240-project-member] compute_status_filter request filter added forbidden trait COMPUTE_STATUS_DISABLED {{(pid=96925) compute_status_filter /opt/stack/nova/nova/scheduler/request_filter.py:253}}
Jul 27 10:21:48.659708 np0000005894 nova-scheduler[96925]: DEBUG nova.scheduler.request_filter [None req-2d94440e-c052-4830-947c-f6fa8ca1c06f tempest-ServerActionsTestOtherB-1988365240 tempest-ServerActionsTestOtherB-1988365240-project-member] Request filter 'compute_status_filter' took 0.0 seconds {{(pid=96925) wrapper /opt/stack/nova/nova/scheduler/request_filter.py:46}}
Jul 27 10:21:48.659902 np0000005894 nova-scheduler[96925]: DEBUG nova.scheduler.request_filter [None req-2d94440e-c052-4830-947c-f6fa8ca1c06f tempest-ServerActionsTestOtherB-1988365240 tempest-ServerActionsTestOtherB-1988365240-project-member] Request filter 'accelerators_filter' took 0.0 seconds {{(pid=96925) wrapper /opt/stack/nova/nova/scheduler/request_filter.py:46}}
Jul 27 10:21:48.660122 np0000005894 nova-scheduler[96925]: DEBUG nova.scheduler.request_filter [None req-2d94440e-c052-4830-947c-f6fa8ca1c06f tempest-ServerActionsTestOtherB-1988365240 tempest-ServerActionsTestOtherB-1988365240-project-member] Request filter 'packed_virtqueue_filter' took 0.0 seconds {{(pid=96925) wrapper /opt/stack/nova/nova/scheduler/request_filter.py:46}}
Jul 27 10:21:48.660490 np0000005894 nova-scheduler[96925]: DEBUG nova.scheduler.request_filter [None req-2d94440e-c052-4830-947c-f6fa8ca1c06f tempest-ServerActionsTestOtherB-1988365240 tempest-ServerActionsTestOtherB-1988365240-project-member] Request filter 'remote_managed_ports_filter' took 0.0 seconds {{(pid=96925) wrapper /opt/stack/nova/nova/scheduler/request_filter.py:46}}
Jul 27 10:21:48.660754 np0000005894 nova-scheduler[96925]: DEBUG nova.scheduler.request_filter [None req-2d94440e-c052-4830-947c-f6fa8ca1c06f tempest-ServerActionsTestOtherB-1988365240 tempest-ServerActionsTestOtherB-1988365240-project-member] ephemeral_encryption_filter skipped {{(pid=96925) ephemeral_encryption_filter /opt/stack/nova/nova/scheduler/request_filter.py:426}}
Jul 27 10:21:48.660815 np0000005894 nova-scheduler[96925]: DEBUG nova.scheduler.request_filter [None req-2d94440e-c052-4830-947c-f6fa8ca1c06f tempest-ServerActionsTestOtherB-1988365240 tempest-ServerActionsTestOtherB-1988365240-project-member] virtio_sound_filter skipped {{(pid=96925) virtio_sound_filter /opt/stack/nova/nova/scheduler/request_filter.py:460}}
Jul 27 10:21:48.661231 np0000005894 nova-scheduler[96925]: DEBUG nova.scheduler.request_filter [None req-2d94440e-c052-4830-947c-f6fa8ca1c06f tempest-ServerActionsTestOtherB-1988365240 tempest-ServerActionsTestOtherB-1988365240-project-member] tpm_secret_security_filter skipped {{(pid=96925) tpm_secret_security_filter /opt/stack/nova/nova/scheduler/request_filter.py:477}}
Jul 27 10:21:48.824414 np0000005894 nova-scheduler[96902]: INFO nova.utils [None req-a518c6ef-eeee-48e8-ad28-e787a6755e24 tempest-DeleteServersTestJSON-102963438 tempest-DeleteServersTestJSON-102963438-project-member] The cell worker thread pool ForkProcess-2.cell_worker is initialized
Jul 27 10:21:48.824883 np0000005894 nova-scheduler[96902]: DEBUG oslo_concurrency.lockutils [None req-a518c6ef-eeee-48e8-ad28-e787a6755e24 tempest-DeleteServersTestJSON-102963438 tempest-DeleteServersTestJSON-102963438-project-member] Acquiring lock "01dc914c-afeb-43cd-acbe-a54cfc0851ce" by "nova.context.set_target_cell..get_or_set_cached_cell_and_set_connections" {{(pid=96902) inner /opt/stack/data/venv/lib/python3.12/site-packages/oslo_concurrency/lockutils.py:512}}
