Aug 12 16:29:22.920355 np0000007070 nova-scheduler[93435]: DEBUG cotyledon.oslo_config_glue [-] oslo_messaging_rabbit.rabbit_quorum_delivery_limit = 0 {{(pid=93435) log_opt_values /opt/stack/data/venv/lib/python3.12/site-packages/oslo_config/cfg.py:3545}}
Aug 12 16:29:22.920417 np0000007070 nova-scheduler[93435]: DEBUG cotyledon.oslo_config_glue [-] oslo_messaging_rabbit.rabbit_quorum_max_memory_bytes = 0 {{(pid=93435) log_opt_values /opt/stack/data/venv/lib/python3.12/site-packages/oslo_config/cfg.py:3545}}
Aug 12 16:29:22.920471 np0000007070 nova-scheduler[93435]: DEBUG cotyledon.oslo_config_glue [-] oslo_messaging_rabbit.rabbit_quorum_max_memory_length = 0 {{(pid=93435) log_opt_values /opt/stack/data/venv/lib/python3.12/site-packages/oslo_config/cfg.py:3545}}
Aug 12 16:29:22.920512 np0000007070 nova-scheduler[93435]: DEBUG cotyledon.oslo_config_glue [-] oslo_messaging_rabbit.rabbit_quorum_queue = False {{(pid=93435) log_opt_values /opt/stack/data/venv/lib/python3.12/site-packages/oslo_config/cfg.py:3545}}
Aug 12 16:29:22.920565 np0000007070 nova-scheduler[93435]: DEBUG cotyledon.oslo_config_glue [-] oslo_messaging_rabbit.rabbit_retry_backoff = 2 {{(pid=93435) log_opt_values /opt/stack/data/venv/lib/python3.12/site-packages/oslo_config/cfg.py:3545}}
Aug 12 16:29:22.920638 np0000007070 nova-scheduler[93435]: DEBUG cotyledon.oslo_config_glue [-] oslo_messaging_rabbit.rabbit_retry_interval = 1 {{(pid=93435) log_opt_values /opt/stack/data/venv/lib/python3.12/site-packages/oslo_config/cfg.py:3545}}
Aug 12 16:29:22.920681 np0000007070 nova-scheduler[93435]: DEBUG cotyledon.oslo_config_glue [-] oslo_messaging_rabbit.rabbit_stream_fanout = False {{(pid=93435) log_opt_values /opt/stack/data/venv/lib/python3.12/site-packages/oslo_config/cfg.py:3545}}
Aug 12 16:29:22.920733 np0000007070 nova-scheduler[93435]: DEBUG cotyledon.oslo_config_glue [-] oslo_messaging_rabbit.rabbit_transient_queues_ttl = 1800 {{(pid=93435) log_opt_values /opt/stack/data/venv/lib/python3.12/site-packages/oslo_config/cfg.py:3545}}
Aug 12 16:29:22.920770 np0000007070 nova-scheduler[93435]: DEBUG cotyledon.oslo_config_glue [-] oslo_messaging_rabbit.rabbit_transient_quorum_queue = False {{(pid=93435) log_opt_values /opt/stack/data/venv/lib/python3.12/site-packages/oslo_config/cfg.py:3545}}
Aug 12 16:29:22.920822 np0000007070 nova-scheduler[93435]: DEBUG cotyledon.oslo_config_glue [-] oslo_messaging_rabbit.rpc_conn_pool_size = 30 {{(pid=93435) log_opt_values /opt/stack/data/venv/lib/python3.12/site-packages/oslo_config/cfg.py:3545}}
Aug 12 16:29:22.920873 np0000007070 nova-scheduler[93435]: DEBUG cotyledon.oslo_config_glue [-] oslo_messaging_rabbit.ssl = False {{(pid=93435) log_opt_values /opt/stack/data/venv/lib/python3.12/site-packages/oslo_config/cfg.py:3545}}
Aug 12 16:29:22.920912 np0000007070 nova-scheduler[93435]: DEBUG cotyledon.oslo_config_glue [-] oslo_messaging_rabbit.ssl_ca_file = {{(pid=93435) log_opt_values /opt/stack/data/venv/lib/python3.12/site-packages/oslo_config/cfg.py:3545}}
Aug 12 16:29:22.920977 np0000007070 nova-scheduler[93435]: DEBUG cotyledon.oslo_config_glue [-] oslo_messaging_rabbit.ssl_cert_file = {{(pid=93435) log_opt_values /opt/stack/data/venv/lib/python3.12/site-packages/oslo_config/cfg.py:3545}}
Aug 12 16:29:22.921021 np0000007070 nova-scheduler[93435]: DEBUG cotyledon.oslo_config_glue [-] oslo_messaging_rabbit.ssl_enforce_fips_mode = False {{(pid=93435) log_opt_values /opt/stack/data/venv/lib/python3.12/site-packages/oslo_config/cfg.py:3545}}
Aug 12 16:29:22.921075 np0000007070 nova-scheduler[93435]: DEBUG cotyledon.oslo_config_glue [-] oslo_messaging_rabbit.ssl_enforce_hostname_verification = True {{(pid=93435) log_opt_values /opt/stack/data/venv/lib/python3.12/site-packages/oslo_config/cfg.py:3545}}
Aug 12 16:29:22.921140 np0000007070 nova-scheduler[93435]: DEBUG cotyledon.oslo_config_glue [-] oslo_messaging_rabbit.ssl_key_file = {{(pid=93435) log_opt_values /opt/stack/data/venv/lib/python3.12/site-packages/oslo_config/cfg.py:3545}}
Aug 12 16:29:22.921189 np0000007070 nova-scheduler[93435]: DEBUG cotyledon.oslo_config_glue [-] oslo_messaging_rabbit.ssl_version = {{(pid=93435) log_opt_values /opt/stack/data/venv/lib/python3.12/site-packages/oslo_config/cfg.py:3545}}
Aug 12 16:29:22.921241 np0000007070 nova-scheduler[93435]: DEBUG cotyledon.oslo_config_glue [-] oslo_messaging_rabbit.use_queue_manager = False {{(pid=93435) log_opt_values /opt/stack/data/venv/lib/python3.12/site-packages/oslo_config/cfg.py:3545}}
Aug 12 16:29:22.921370 np0000007070 nova-scheduler[93435]: DEBUG cotyledon.oslo_config_glue [-] oslo_messaging_notifications.driver = ['messagingv2'] {{(pid=93435) log_opt_values /opt/stack/data/venv/lib/python3.12/site-packages/oslo_config/cfg.py:3545}}
Aug 12 16:29:22.921370 np0000007070 nova-scheduler[93435]: DEBUG cotyledon.oslo_config_glue [-] oslo_messaging_notifications.retry = -1 {{(pid=93435) log_opt_values /opt/stack/data/venv/lib/python3.12/site-packages/oslo_config/cfg.py:3545}}
Aug 12 16:29:22.921451 np0000007070 nova-scheduler[93435]: DEBUG cotyledon.oslo_config_glue [-] oslo_messaging_notifications.topics = ['notifications'] {{(pid=93435) log_opt_values /opt/stack/data/venv/lib/python3.12/site-packages/oslo_config/cfg.py:3545}}
Aug 12 16:29:22.921487 np0000007070 nova-scheduler[93435]: DEBUG cotyledon.oslo_config_glue [-] oslo_messaging_notifications.transport_url = **** {{(pid=93435) log_opt_values /opt/stack/data/venv/lib/python3.12/site-packages/oslo_config/cfg.py:3545}}
Aug 12 16:29:22.921555 np0000007070 nova-scheduler[93435]: DEBUG cotyledon.oslo_config_glue [-] oslo_limit.auth_section = None {{(pid=93435) log_opt_values /opt/stack/data/venv/lib/python3.12/site-packages/oslo_config/cfg.py:3545}}
Aug 12 16:29:22.921626 np0000007070 nova-scheduler[93435]: DEBUG cotyledon.oslo_config_glue [-] oslo_limit.auth_type = None {{(pid=93435) log_opt_values /opt/stack/data/venv/lib/python3.12/site-packages/oslo_config/cfg.py:3545}}
Aug 12 16:29:22.921687 np0000007070 nova-scheduler[93435]: DEBUG cotyledon.oslo_config_glue [-] oslo_limit.cafile = None {{(pid=93435) log_opt_values /opt/stack/data/venv/lib/python3.12/site-packages/oslo_config/cfg.py:3545}}
Aug 12 16:29:22.921742 np0000007070 nova-scheduler[93435]: DEBUG cotyledon.oslo_config_glue [-] oslo_limit.certfile = None {{(pid=93435) log_opt_values /opt/stack/data/venv/lib/python3.12/site-packages/oslo_config/cfg.py:3545}}
Aug 12 16:29:22.921788 np0000007070 nova-scheduler[93435]: DEBUG cotyledon.oslo_config_glue [-] oslo_limit.collect_timing = False {{(pid=93435) log_opt_values /opt/stack/data/venv/lib/python3.12/site-packages/oslo_config/cfg.py:3545}}
Aug 12 16:29:22.921830 np0000007070 nova-scheduler[93435]: DEBUG cotyledon.oslo_config_glue [-] oslo_limit.connect_retries = None {{(pid=93435) log_opt_values /opt/stack/data/venv/lib/python3.12/site-packages/oslo_config/cfg.py:3545}}
Aug 12 16:29:22.921887 np0000007070 nova-scheduler[93435]: DEBUG cotyledon.oslo_config_glue [-] oslo_limit.connect_retry_delay = None {{(pid=93435) log_opt_values /opt/stack/data/venv/lib/python3.12/site-packages/oslo_config/cfg.py:3545}}
Aug 12 16:29:22.921943 np0000007070 nova-scheduler[93435]: DEBUG cotyledon.oslo_config_glue [-] oslo_limit.endpoint_id = None {{(pid=93435) log_opt_values /opt/stack/data/venv/lib/python3.12/site-packages/oslo_config/cfg.py:3545}}
Aug 12 16:29:22.921995 np0000007070 nova-scheduler[93435]: DEBUG cotyledon.oslo_config_glue [-] oslo_limit.endpoint_interface = public {{(pid=93435) log_opt_values /opt/stack/data/venv/lib/python3.12/site-packages/oslo_config/cfg.py:3545}}
Aug 12 16:29:22.922047 np0000007070 nova-scheduler[93435]: DEBUG cotyledon.oslo_config_glue [-] oslo_limit.endpoint_override = None {{(pid=93435) log_opt_values /opt/stack/data/venv/lib/python3.12/site-packages/oslo_config/cfg.py:3545}}
Aug 12 16:29:22.922102 np0000007070 nova-scheduler[93435]: DEBUG cotyledon.oslo_config_glue [-] oslo_limit.endpoint_region_name = None {{(pid=93435) log_opt_values /opt/stack/data/venv/lib/python3.12/site-packages/oslo_config/cfg.py:3545}}
Aug 12 16:29:22.922161 np0000007070 nova-scheduler[93435]: DEBUG cotyledon.oslo_config_glue [-] oslo_limit.endpoint_service_name = None {{(pid=93435) log_opt_values /opt/stack/data/venv/lib/python3.12/site-packages/oslo_config/cfg.py:3545}}
Aug 12 16:29:22.922222 np0000007070 nova-scheduler[93435]: DEBUG cotyledon.oslo_config_glue [-] oslo_limit.endpoint_service_type = None {{(pid=93435) log_opt_values /opt/stack/data/venv/lib/python3.12/site-packages/oslo_config/cfg.py:3545}}
Aug 12 16:29:22.922267 np0000007070 nova-scheduler[93435]: DEBUG cotyledon.oslo_config_glue [-] oslo_limit.insecure = False {{(pid=93435) log_opt_values /opt/stack/data/venv/lib/python3.12/site-packages/oslo_config/cfg.py:3545}}
Aug 12 16:29:22.922313 np0000007070 nova-scheduler[93435]: DEBUG cotyledon.oslo_config_glue [-] oslo_limit.keyfile = None {{(pid=93435) log_opt_values /opt/stack/data/venv/lib/python3.12/site-packages/oslo_config/cfg.py:3545}}
Aug 12 16:29:22.922365 np0000007070 nova-scheduler[93435]: DEBUG cotyledon.oslo_config_glue [-] oslo_limit.max_version = None {{(pid=93435) log_opt_values /opt/stack/data/venv/lib/python3.12/site-packages/oslo_config/cfg.py:3545}}
Aug 12 16:29:22.922428 np0000007070 nova-scheduler[93435]: DEBUG cotyledon.oslo_config_glue [-] oslo_limit.min_version = None {{(pid=93435) log_opt_values /opt/stack/data/venv/lib/python3.12/site-packages/oslo_config/cfg.py:3545}}
Aug 12 16:29:22.922474 np0000007070 nova-scheduler[93435]: DEBUG cotyledon.oslo_config_glue [-] oslo_limit.region_name = None {{(pid=93435) log_opt_values /opt/stack/data/venv/lib/python3.12/site-packages/oslo_config/cfg.py:3545}}
Aug 12 16:29:22.922542 np0000007070 nova-scheduler[93435]: DEBUG cotyledon.oslo_config_glue [-] oslo_limit.retriable_status_codes = None {{(pid=93435) log_opt_values /opt/stack/data/venv/lib/python3.12/site-packages/oslo_config/cfg.py:3545}}
Aug 12 16:29:22.922740 np0000007070 nova-scheduler[93435]: DEBUG cotyledon.oslo_config_glue [-] oslo_limit.service_name = None {{(pid=93435) log_opt_values /opt/stack/data/venv/lib/python3.12/site-packages/oslo_config/cfg.py:3545}}
Aug 12 16:29:22.922785 np0000007070 nova-scheduler[93435]: DEBUG cotyledon.oslo_config_glue [-] oslo_limit.service_type = None {{(pid=93435) log_opt_values /opt/stack/data/venv/lib/python3.12/site-packages/oslo_config/cfg.py:3545}}
Aug 12 16:29:22.922835 np0000007070 nova-scheduler[93435]: DEBUG cotyledon.oslo_config_glue [-] oslo_limit.split_loggers = False {{(pid=93435) log_opt_values /opt/stack/data/venv/lib/python3.12/site-packages/oslo_config/cfg.py:3545}}
Aug 12 16:29:22.922889 np0000007070 nova-scheduler[93435]: DEBUG cotyledon.oslo_config_glue [-] oslo_limit.status_code_retries = None {{(pid=93435) log_opt_values /opt/stack/data/venv/lib/python3.12/site-packages/oslo_config/cfg.py:3545}}
Aug 12 16:29:22.922927 np0000007070 nova-scheduler[93435]: DEBUG cotyledon.oslo_config_glue [-] oslo_limit.status_code_retry_delay = None {{(pid=93435) log_opt_values /opt/stack/data/venv/lib/python3.12/site-packages/oslo_config/cfg.py:3545}}
Aug 12 16:29:22.922983 np0000007070 nova-scheduler[93435]: DEBUG cotyledon.oslo_config_glue [-] oslo_limit.timeout = None {{(pid=93435) log_opt_values /opt/stack/data/venv/lib/python3.12/site-packages/oslo_config/cfg.py:3545}}
Aug 12 16:29:22.923033 np0000007070 nova-scheduler[93435]: DEBUG cotyledon.oslo_config_glue [-] oslo_limit.valid_interfaces = None {{(pid=93435) log_opt_values /opt/stack/data/venv/lib/python3.12/site-packages/oslo_config/cfg.py:3545}}
Aug 12 16:29:22.923087 np0000007070 nova-scheduler[93435]: DEBUG cotyledon.oslo_config_glue [-] oslo_limit.version = None {{(pid=93435) log_opt_values /opt/stack/data/venv/lib/python3.12/site-packages/oslo_config/cfg.py:3545}}
Aug 12 16:29:22.923157 np0000007070 nova-scheduler[93435]: DEBUG cotyledon.oslo_config_glue [-] oslo_reports.file_event_handler = None {{(pid=93435) log_opt_values /opt/stack/data/venv/lib/python3.12/site-packages/oslo_config/cfg.py:3545}}
Aug 12 16:29:22.923218 np0000007070 nova-scheduler[93435]: DEBUG cotyledon.oslo_config_glue [-] oslo_reports.file_event_handler_interval = 1 {{(pid=93435) log_opt_values /opt/stack/data/venv/lib/python3.12/site-packages/oslo_config/cfg.py:3545}}
Aug 12 16:29:22.923271 np0000007070 nova-scheduler[93435]: DEBUG cotyledon.oslo_config_glue [-] oslo_reports.log_dir = None {{(pid=93435) log_opt_values /opt/stack/data/venv/lib/python3.12/site-packages/oslo_config/cfg.py:3545}}
Aug 12 16:29:22.923316 np0000007070 nova-scheduler[93435]: DEBUG cotyledon.oslo_config_glue [-] ******************************************************************************** {{(pid=93435) log_opt_values /opt/stack/data/venv/lib/python3.12/site-packages/oslo_config/cfg.py:3552}}
Aug 12 16:29:22.923486 np0000007070 nova-scheduler[93435]: DEBUG cotyledon._service_worker [-] Run service ServiceWrapper(2) [93435] {{(pid=93435) wait_forever /opt/stack/data/venv/lib/python3.12/site-packages/cotyledon/_service_worker.py:218}}
Aug 12 16:29:22.924903 np0000007070 nova-scheduler[93435]: INFO nova.service [-] Starting scheduler node (version 33.1.0)
Aug 12 16:29:22.925653 np0000007070 nova-scheduler[93431]: DEBUG dbcounter [-] [93431] Writer thread running {{(pid=93431) stat_writer /opt/stack/data/venv/lib/python3.12/site-packages/dbcounter.py:102}}
Aug 12 16:29:22.929303 np0000007070 nova-scheduler[93433]: DEBUG oslo_db.sqlalchemy.engines [None req-da2a6b1c-82a6-417a-8b01-86977b945937 None None] MySQL server mode set to STRICT_TRANS_TABLES,STRICT_ALL_TABLES,NO_ZERO_IN_DATE,NO_ZERO_DATE,ERROR_FOR_DIVISION_BY_ZERO,TRADITIONAL,NO_ENGINE_SUBSTITUTION {{(pid=93433) _check_effective_sql_mode /opt/stack/data/venv/lib/python3.12/site-packages/oslo_db/sqlalchemy/engines.py:325}}
Aug 12 16:29:22.929743 np0000007070 nova-scheduler[93435]: INFO dbcounter [None req-aeda19d4-7a2b-4f17-b0ec-f330d178e5cb None None] Registered counter for database nova_cell0
Aug 12 16:29:22.940277 np0000007070 nova-scheduler[93433]: DEBUG dbcounter [-] [93433] Writer thread running {{(pid=93433) stat_writer /opt/stack/data/venv/lib/python3.12/site-packages/dbcounter.py:102}}
Aug 12 16:29:22.943958 np0000007070 nova-scheduler[93431]: DEBUG nova.service [None req-3a77d738-e03f-429a-a5c5-d1fec682bc3c None None] Creating RPC server for service: nova-scheduler on topic: scheduler {{(pid=93431) start /opt/stack/nova/nova/service.py:196}}
Aug 12 16:29:22.955188 np0000007070 nova-scheduler[93433]: DEBUG nova.service [None req-da2a6b1c-82a6-417a-8b01-86977b945937 None None] Creating RPC server for service: nova-scheduler on topic: scheduler {{(pid=93433) start /opt/stack/nova/nova/service.py:196}}
Aug 12 16:29:22.984221 np0000007070 nova-scheduler[93433]: DEBUG nova.service [None req-da2a6b1c-82a6-417a-8b01-86977b945937 None None] Join ServiceGroup membership for this service scheduler {{(pid=93433) start /opt/stack/nova/nova/service.py:222}}
Aug 12 16:29:22.984343 np0000007070 nova-scheduler[93435]: DEBUG oslo_db.sqlalchemy.engines [None req-aeda19d4-7a2b-4f17-b0ec-f330d178e5cb None None] MySQL server mode set to STRICT_TRANS_TABLES,STRICT_ALL_TABLES,NO_ZERO_IN_DATE,NO_ZERO_DATE,ERROR_FOR_DIVISION_BY_ZERO,TRADITIONAL,NO_ENGINE_SUBSTITUTION {{(pid=93435) _check_effective_sql_mode /opt/stack/data/venv/lib/python3.12/site-packages/oslo_db/sqlalchemy/engines.py:325}}
Aug 12 16:29:22.984678 np0000007070 nova-scheduler[93433]: DEBUG nova.servicegroup.drivers.db [None req-da2a6b1c-82a6-417a-8b01-86977b945937 None None] DB_Driver: join new ServiceGroup member np0000007070 to the scheduler group, service = {{(pid=93433) join /opt/stack/nova/nova/servicegroup/drivers/db.py:44}}
Aug 12 16:29:22.986420 np0000007070 nova-scheduler[93431]: DEBUG nova.service [None req-3a77d738-e03f-429a-a5c5-d1fec682bc3c None None] Join ServiceGroup membership for this service scheduler {{(pid=93431) start /opt/stack/nova/nova/service.py:222}}
Aug 12 16:29:22.986672 np0000007070 nova-scheduler[93431]: DEBUG nova.servicegroup.drivers.db [None req-3a77d738-e03f-429a-a5c5-d1fec682bc3c None None] DB_Driver: join new ServiceGroup member np0000007070 to the scheduler group, service = {{(pid=93431) join /opt/stack/nova/nova/servicegroup/drivers/db.py:44}}
Aug 12 16:29:22.994954 np0000007070 nova-scheduler[93435]: DEBUG dbcounter [-] [93435] Writer thread running {{(pid=93435) stat_writer /opt/stack/data/venv/lib/python3.12/site-packages/dbcounter.py:102}}
Aug 12 16:29:22.997716 np0000007070 nova-scheduler[93435]: DEBUG nova.service [None req-aeda19d4-7a2b-4f17-b0ec-f330d178e5cb None None] Creating RPC server for service: nova-scheduler on topic: scheduler {{(pid=93435) start /opt/stack/nova/nova/service.py:196}}
Aug 12 16:29:23.018033 np0000007070 nova-scheduler[93435]: DEBUG nova.service [None req-aeda19d4-7a2b-4f17-b0ec-f330d178e5cb None None] Join ServiceGroup membership for this service scheduler {{(pid=93435) start /opt/stack/nova/nova/service.py:222}}
Aug 12 16:29:23.018366 np0000007070 nova-scheduler[93435]: DEBUG nova.servicegroup.drivers.db [None req-aeda19d4-7a2b-4f17-b0ec-f330d178e5cb None None] DB_Driver: join new ServiceGroup member np0000007070 to the scheduler group, service = {{(pid=93435) join /opt/stack/nova/nova/servicegroup/drivers/db.py:44}}
Aug 12 16:29:28.000725 np0000007070 nova-scheduler[93433]: DEBUG oslo.service.backend._threading.loopingcall [-] Fixed interval looping call 'nova.servicegroup.drivers.db.DbDriver._report_state' sleeping for 119.99 seconds {{(pid=93433) _run_loop /opt/stack/data/venv/lib/python3.12/site-packages/oslo_service/backend/_threading/loopingcall.py:125}}
Aug 12 16:29:28.002914 np0000007070 nova-scheduler[93431]: DEBUG oslo.service.backend._threading.loopingcall [-] Fixed interval looping call 'nova.servicegroup.drivers.db.DbDriver._report_state' sleeping for 119.99 seconds {{(pid=93431) _run_loop /opt/stack/data/venv/lib/python3.12/site-packages/oslo_service/backend/_threading/loopingcall.py:125}}
Aug 12 16:29:28.033500 np0000007070 nova-scheduler[93435]: DEBUG oslo.service.backend._threading.loopingcall [-] Fixed interval looping call 'nova.servicegroup.drivers.db.DbDriver._report_state' sleeping for 119.99 seconds {{(pid=93435) _run_loop /opt/stack/data/venv/lib/python3.12/site-packages/oslo_service/backend/_threading/loopingcall.py:125}}
Aug 12 16:29:31.576127 np0000007070 nova-scheduler[92224]: DEBUG dbcounter [-] [92224] Writing DB stats nova_api:SELECT=3 {{(pid=92224) stat_writer /opt/stack/data/venv/lib/python3.12/site-packages/dbcounter.py:115}}
Aug 12 16:29:31.689463 np0000007070 nova-scheduler[92224]: DEBUG dbcounter [-] [92224] Writing DB stats nova_cell0:SELECT=1 {{(pid=92224) stat_writer /opt/stack/data/venv/lib/python3.12/site-packages/dbcounter.py:115}}
Aug 12 16:29:31.698399 np0000007070 nova-scheduler[92224]: DEBUG dbcounter [-] [92224] Writing DB stats nova_cell1:SELECT=1 {{(pid=92224) stat_writer /opt/stack/data/venv/lib/python3.12/site-packages/dbcounter.py:115}}
Aug 12 16:29:37.997136 np0000007070 nova-scheduler[93433]: DEBUG dbcounter [-] [93433] Writing DB stats nova_cell0:SELECT=4,nova_cell0:INSERT=1,nova_cell0:UPDATE=1 {{(pid=93433) stat_writer /opt/stack/data/venv/lib/python3.12/site-packages/dbcounter.py:115}}
Aug 12 16:29:38.001800 np0000007070 nova-scheduler[93431]: DEBUG dbcounter [-] [93431] Writing DB stats nova_cell0:SELECT=4,nova_cell0:INSERT=1,nova_cell0:UPDATE=1 {{(pid=93431) stat_writer /opt/stack/data/venv/lib/python3.12/site-packages/dbcounter.py:115}}
Aug 12 16:29:38.030353 np0000007070 nova-scheduler[93435]: DEBUG dbcounter [-] [93435] Writing DB stats nova_cell0:SELECT=3 {{(pid=93435) stat_writer /opt/stack/data/venv/lib/python3.12/site-packages/dbcounter.py:115}}
Aug 12 16:29:44.989941 np0000007070 nova-scheduler[93431]: DEBUG oslo.service.backend._threading.loopingcall [None req-5051efab-c723-4d98-8529-a4ccb95a8d7d None None] Dynamic interval looping call 'nova.service.Service.periodic_tasks' sleeping for 60.00 seconds {{(pid=93431) _run_loop /opt/stack/data/venv/lib/python3.12/site-packages/oslo_service/backend/_threading/loopingcall.py:125}}
Aug 12 16:30:08.020734 np0000007070 nova-scheduler[93435]: DEBUG oslo.service.backend._threading.loopingcall [None req-023423f4-a61e-432e-8b9d-c70ec7ab7127 None None] Dynamic interval looping call 'nova.service.Service.periodic_tasks' sleeping for 60.00 seconds {{(pid=93435) _run_loop /opt/stack/data/venv/lib/python3.12/site-packages/oslo_service/backend/_threading/loopingcall.py:125}}
Aug 12 16:30:16.986995 np0000007070 nova-scheduler[93433]: DEBUG oslo.service.backend._threading.loopingcall [None req-1a2e915d-b254-47ae-990b-b28fba505a29 None None] Dynamic interval looping call 'nova.service.Service.periodic_tasks' sleeping for 60.00 seconds {{(pid=93433) _run_loop /opt/stack/data/venv/lib/python3.12/site-packages/oslo_service/backend/_threading/loopingcall.py:125}}
Aug 12 16:30:44.990418 np0000007070 nova-scheduler[93431]: DEBUG oslo.service.backend._threading.loopingcall [None req-5051efab-c723-4d98-8529-a4ccb95a8d7d None None] Dynamic interval looping call 'nova.service.Service.periodic_tasks' sleeping for 60.00 seconds {{(pid=93431) _run_loop /opt/stack/data/venv/lib/python3.12/site-packages/oslo_service/backend/_threading/loopingcall.py:125}}
Aug 12 16:31:08.021214 np0000007070 nova-scheduler[93435]: DEBUG oslo.service.backend._threading.loopingcall [None req-023423f4-a61e-432e-8b9d-c70ec7ab7127 None None] Dynamic interval looping call 'nova.service.Service.periodic_tasks' sleeping for 60.00 seconds {{(pid=93435) _run_loop /opt/stack/data/venv/lib/python3.12/site-packages/oslo_service/backend/_threading/loopingcall.py:125}}
Aug 12 16:31:16.987547 np0000007070 nova-scheduler[93433]: DEBUG oslo.service.backend._threading.loopingcall [None req-1a2e915d-b254-47ae-990b-b28fba505a29 None None] Dynamic interval looping call 'nova.service.Service.periodic_tasks' sleeping for 60.00 seconds {{(pid=93433) _run_loop /opt/stack/data/venv/lib/python3.12/site-packages/oslo_service/backend/_threading/loopingcall.py:125}}
Aug 12 16:31:27.999626 np0000007070 nova-scheduler[93433]: DEBUG oslo.service.backend._threading.loopingcall [-] Fixed interval looping call 'nova.servicegroup.drivers.db.DbDriver._report_state' sleeping for 119.99 seconds {{(pid=93433) _run_loop /opt/stack/data/venv/lib/python3.12/site-packages/oslo_service/backend/_threading/loopingcall.py:125}}
Aug 12 16:31:28.000184 np0000007070 nova-scheduler[93431]: DEBUG oslo.service.backend._threading.loopingcall [-] Fixed interval looping call 'nova.servicegroup.drivers.db.DbDriver._report_state' sleeping for 119.99 seconds {{(pid=93431) _run_loop /opt/stack/data/venv/lib/python3.12/site-packages/oslo_service/backend/_threading/loopingcall.py:125}}
Aug 12 16:31:28.027233 np0000007070 nova-scheduler[93435]: DEBUG oslo.service.backend._threading.loopingcall [-] Fixed interval looping call 'nova.servicegroup.drivers.db.DbDriver._report_state' sleeping for 120.00 seconds {{(pid=93435) _run_loop /opt/stack/data/venv/lib/python3.12/site-packages/oslo_service/backend/_threading/loopingcall.py:125}}
Aug 12 16:31:37.994111 np0000007070 nova-scheduler[93433]: DEBUG dbcounter [-] [93433] Writing DB stats nova_cell0:SELECT=1,nova_cell0:UPDATE=1 {{(pid=93433) stat_writer /opt/stack/data/venv/lib/python3.12/site-packages/dbcounter.py:115}}
Aug 12 16:31:37.996470 np0000007070 nova-scheduler[93431]: DEBUG dbcounter [-] [93431] Writing DB stats nova_cell0:SELECT=1,nova_cell0:UPDATE=1 {{(pid=93431) stat_writer /opt/stack/data/venv/lib/python3.12/site-packages/dbcounter.py:115}}
Aug 12 16:31:38.025863 np0000007070 nova-scheduler[93435]: DEBUG dbcounter [-] [93435] Writing DB stats nova_cell0:SELECT=1 {{(pid=93435) stat_writer /opt/stack/data/venv/lib/python3.12/site-packages/dbcounter.py:115}}
Aug 12 16:31:44.991398 np0000007070 nova-scheduler[93431]: DEBUG oslo.service.backend._threading.loopingcall [None req-5051efab-c723-4d98-8529-a4ccb95a8d7d None None] Dynamic interval looping call 'nova.service.Service.periodic_tasks' sleeping for 60.00 seconds {{(pid=93431) _run_loop /opt/stack/data/venv/lib/python3.12/site-packages/oslo_service/backend/_threading/loopingcall.py:125}}
Aug 12 16:31:52.720294 np0000007070 nova-scheduler[93433]: DEBUG nova.scheduler.manager [None req-c4d1004d-417c-407c-9d11-d9f493e01e09 tempest-ServerBootFromVolumeStableRescueTest-1059239726 tempest-ServerBootFromVolumeStableRescueTest-1059239726-project-member] Starting to schedule for instances: ['195b26da-0e88-461a-8e9c-8430a0769a15'] {{(pid=93433) select_destinations /opt/stack/nova/nova/scheduler/manager.py:209}}
Aug 12 16:31:52.720927 np0000007070 nova-scheduler[93433]: DEBUG nova.scheduler.request_filter [None req-c4d1004d-417c-407c-9d11-d9f493e01e09 tempest-ServerBootFromVolumeStableRescueTest-1059239726 tempest-ServerBootFromVolumeStableRescueTest-1059239726-project-member] compute_status_filter request filter added forbidden trait COMPUTE_STATUS_DISABLED {{(pid=93433) compute_status_filter /opt/stack/nova/nova/scheduler/request_filter.py:253}}
Aug 12 16:31:52.721066 np0000007070 nova-scheduler[93433]: DEBUG nova.scheduler.request_filter [None req-c4d1004d-417c-407c-9d11-d9f493e01e09 tempest-ServerBootFromVolumeStableRescueTest-1059239726 tempest-ServerBootFromVolumeStableRescueTest-1059239726-project-member] Request filter 'compute_status_filter' took 0.0 seconds {{(pid=93433) wrapper /opt/stack/nova/nova/scheduler/request_filter.py:46}}
Aug 12 16:31:52.721364 np0000007070 nova-scheduler[93433]: DEBUG nova.scheduler.request_filter [None req-c4d1004d-417c-407c-9d11-d9f493e01e09 tempest-ServerBootFromVolumeStableRescueTest-1059239726 tempest-ServerBootFromVolumeStableRescueTest-1059239726-project-member] Request filter 'accelerators_filter' took 0.0 seconds {{(pid=93433) wrapper /opt/stack/nova/nova/scheduler/request_filter.py:46}}
Aug 12 16:31:52.722489 np0000007070 nova-scheduler[93433]: DEBUG nova.scheduler.request_filter [None req-c4d1004d-417c-407c-9d11-d9f493e01e09 tempest-ServerBootFromVolumeStableRescueTest-1059239726 tempest-ServerBootFromVolumeStableRescueTest-1059239726-project-member] Request filter 'packed_virtqueue_filter' took 0.0 seconds {{(pid=93433) wrapper /opt/stack/nova/nova/scheduler/request_filter.py:46}}
Aug 12 16:31:52.722489 np0000007070 nova-scheduler[93433]: DEBUG nova.scheduler.request_filter [None req-c4d1004d-417c-407c-9d11-d9f493e01e09 tempest-ServerBootFromVolumeStableRescueTest-1059239726 tempest-ServerBootFromVolumeStableRescueTest-1059239726-project-member] Request filter 'remote_managed_ports_filter' took 0.0 seconds {{(pid=93433) wrapper /opt/stack/nova/nova/scheduler/request_filter.py:46}}
Aug 12 16:31:52.722489 np0000007070 nova-scheduler[93433]: DEBUG nova.scheduler.request_filter [None req-c4d1004d-417c-407c-9d11-d9f493e01e09 tempest-ServerBootFromVolumeStableRescueTest-1059239726 tempest-ServerBootFromVolumeStableRescueTest-1059239726-project-member] ephemeral_encryption_filter skipped {{(pid=93433) ephemeral_encryption_filter /opt/stack/nova/nova/scheduler/request_filter.py:426}}
Aug 12 16:31:52.722489 np0000007070 nova-scheduler[93433]: DEBUG nova.scheduler.request_filter [None req-c4d1004d-417c-407c-9d11-d9f493e01e09 tempest-ServerBootFromVolumeStableRescueTest-1059239726 tempest-ServerBootFromVolumeStableRescueTest-1059239726-project-member] virtio_sound_filter skipped {{(pid=93433) virtio_sound_filter /opt/stack/nova/nova/scheduler/request_filter.py:460}}
Aug 12 16:31:52.722489 np0000007070 nova-scheduler[93433]: DEBUG nova.scheduler.request_filter [None req-c4d1004d-417c-407c-9d11-d9f493e01e09 tempest-ServerBootFromVolumeStableRescueTest-1059239726 tempest-ServerBootFromVolumeStableRescueTest-1059239726-project-member] tpm_secret_security_filter skipped {{(pid=93433) tpm_secret_security_filter /opt/stack/nova/nova/scheduler/request_filter.py:477}}
Aug 12 16:31:53.001950 np0000007070 nova-scheduler[93431]: DEBUG nova.scheduler.manager [None req-6ad0877f-9795-4293-a177-c4585c53d9f1 tempest-DeleteServersTestJSON-1285585537 tempest-DeleteServersTestJSON-1285585537-project-member] Starting to schedule for instances: ['abb8bb29-6d6b-4bc8-9d3d-b9da44588b24'] {{(pid=93431) select_destinations /opt/stack/nova/nova/scheduler/manager.py:209}}
Aug 12 16:31:53.002503 np0000007070 nova-scheduler[93431]: DEBUG nova.scheduler.request_filter [None req-6ad0877f-9795-4293-a177-c4585c53d9f1 tempest-DeleteServersTestJSON-1285585537 tempest-DeleteServersTestJSON-1285585537-project-member] compute_status_filter request filter added forbidden trait COMPUTE_STATUS_DISABLED {{(pid=93431) compute_status_filter /opt/stack/nova/nova/scheduler/request_filter.py:253}}
Aug 12 16:31:53.002611 np0000007070 nova-scheduler[93431]: DEBUG nova.scheduler.request_filter [None req-6ad0877f-9795-4293-a177-c4585c53d9f1 tempest-DeleteServersTestJSON-1285585537 tempest-DeleteServersTestJSON-1285585537-project-member] Request filter 'compute_status_filter' took 0.0 seconds {{(pid=93431) wrapper /opt/stack/nova/nova/scheduler/request_filter.py:46}}
Aug 12 16:31:53.002823 np0000007070 nova-scheduler[93431]: DEBUG nova.scheduler.request_filter [None req-6ad0877f-9795-4293-a177-c4585c53d9f1 tempest-DeleteServersTestJSON-1285585537 tempest-DeleteServersTestJSON-1285585537-project-member] Request filter 'accelerators_filter' took 0.0 seconds {{(pid=93431) wrapper /opt/stack/nova/nova/scheduler/request_filter.py:46}}
Aug 12 16:31:53.003569 np0000007070 nova-scheduler[93431]: DEBUG nova.scheduler.request_filter [None req-6ad0877f-9795-4293-a177-c4585c53d9f1 tempest-DeleteServersTestJSON-1285585537 tempest-DeleteServersTestJSON-1285585537-project-member] Request filter 'packed_virtqueue_filter' took 0.0 seconds {{(pid=93431) wrapper /opt/stack/nova/nova/scheduler/request_filter.py:46}}
Aug 12 16:31:53.003873 np0000007070 nova-scheduler[93431]: DEBUG nova.scheduler.request_filter [None req-6ad0877f-9795-4293-a177-c4585c53d9f1 tempest-DeleteServersTestJSON-1285585537 tempest-DeleteServersTestJSON-1285585537-project-member] Request filter 'remote_managed_ports_filter' took 0.0 seconds {{(pid=93431) wrapper /opt/stack/nova/nova/scheduler/request_filter.py:46}}
Aug 12 16:31:53.004002 np0000007070 nova-scheduler[93431]: DEBUG nova.scheduler.request_filter [None req-6ad0877f-9795-4293-a177-c4585c53d9f1 tempest-DeleteServersTestJSON-1285585537 tempest-DeleteServersTestJSON-1285585537-project-member] ephemeral_encryption_filter skipped {{(pid=93431) ephemeral_encryption_filter /opt/stack/nova/nova/scheduler/request_filter.py:426}}
Aug 12 16:31:53.004138 np0000007070 nova-scheduler[93431]: DEBUG nova.scheduler.request_filter [None req-6ad0877f-9795-4293-a177-c4585c53d9f1 tempest-DeleteServersTestJSON-1285585537 tempest-DeleteServersTestJSON-1285585537-project-member] virtio_sound_filter skipped {{(pid=93431) virtio_sound_filter /opt/stack/nova/nova/scheduler/request_filter.py:460}}
Aug 12 16:31:53.004270 np0000007070 nova-scheduler[93431]: DEBUG nova.scheduler.request_filter [None req-6ad0877f-9795-4293-a177-c4585c53d9f1 tempest-DeleteServersTestJSON-1285585537 tempest-DeleteServersTestJSON-1285585537-project-member] tpm_secret_security_filter skipped {{(pid=93431) tpm_secret_security_filter /opt/stack/nova/nova/scheduler/request_filter.py:477}}
Aug 12 16:31:53.321346 np0000007070 nova-scheduler[93433]: INFO nova.utils [None req-c4d1004d-417c-407c-9d11-d9f493e01e09 tempest-ServerBootFromVolumeStableRescueTest-1059239726 tempest-ServerBootFromVolumeStableRescueTest-1059239726-project-member] The cell worker thread pool ForkProcess-2.cell_worker is initialized
Aug 12 16:31:53.321887 np0000007070 nova-scheduler[93433]: DEBUG oslo_concurrency.lockutils [None req-c4d1004d-417c-407c-9d11-d9f493e01e09 tempest-ServerBootFromVolumeStableRescueTest-1059239726 tempest-ServerBootFromVolumeStableRescueTest-1059239726-project-member] Acquiring lock "5aee0295-ea8b-4b63-b8c6-17fb78b574e0" by "nova.context.set_target_cell..get_or_set_cached_cell_and_set_connections" {{(pid=93433) inner /opt/stack/data/venv/lib/python3.12/site-packages/oslo_concurrency/lockutils.py:512}}
Aug 12 16:31:53.322135 np0000007070 nova-scheduler[93433]: DEBUG oslo_concurrency.lockutils [None req-c4d1004d-417c-407c-9d11-d9f493e01e09 tempest-ServerBootFromVolumeStableRescueTest-1059239726 tempest-ServerBootFromVolumeStableRescueTest-1059239726-project-member] Lock "5aee0295-ea8b-4b63-b8c6-17fb78b574e0" acquired by "nova.context.set_target_cell..get_or_set_cached_cell_and_set_connections" :: waited 0.000s {{(pid=93433) inner /opt/stack/data/venv/lib/python3.12/site-packages/oslo_concurrency/lockutils.py:525}}
Aug 12 16:31:53.324427 np0000007070 nova-scheduler[93433]: DEBUG oslo_concurrency.lockutils [None req-c4d1004d-417c-407c-9d11-d9f493e01e09 tempest-ServerBootFromVolumeStableRescueTest-1059239726 tempest-ServerBootFromVolumeStableRescueTest-1059239726-project-member] Lock "5aee0295-ea8b-4b63-b8c6-17fb78b574e0" "released" by "nova.context.set_target_cell..get_or_set_cached_cell_and_set_connections" :: held 0.002s {{(pid=93433) inner /opt/stack/data/venv/lib/python3.12/site-packages/oslo_concurrency/lockutils.py:544}}
Aug 12 16:31:53.326424 np0000007070 nova-scheduler[93433]: INFO dbcounter [None req-c4d1004d-417c-407c-9d11-d9f493e01e09 tempest-ServerBootFromVolumeStableRescueTest-1059239726 tempest-ServerBootFromVolumeStableRescueTest-1059239726-project-member] Registered counter for database nova_cell1
Aug 12 16:31:53.369833 np0000007070 nova-scheduler[93433]: DEBUG oslo_db.sqlalchemy.engines [None req-c4d1004d-417c-407c-9d11-d9f493e01e09 tempest-ServerBootFromVolumeStableRescueTest-1059239726 tempest-ServerBootFromVolumeStableRescueTest-1059239726-project-member] MySQL server mode set to STRICT_TRANS_TABLES,STRICT_ALL_TABLES,NO_ZERO_IN_DATE,NO_ZERO_DATE,ERROR_FOR_DIVISION_BY_ZERO,TRADITIONAL,NO_ENGINE_SUBSTITUTION {{(pid=93433) _check_effective_sql_mode /opt/stack/data/venv/lib/python3.12/site-packages/oslo_db/sqlalchemy/engines.py:325}}
Aug 12 16:31:53.378463 np0000007070 nova-scheduler[93433]: DEBUG dbcounter [-] [93433] Writer thread running {{(pid=93433) stat_writer /opt/stack/data/venv/lib/python3.12/site-packages/dbcounter.py:102}}
Aug 12 16:31:53.397465 np0000007070 nova-scheduler[93433]: DEBUG oslo_db.sqlalchemy.engines [None req-c4d1004d-417c-407c-9d11-d9f493e01e09 tempest-ServerBootFromVolumeStableRescueTest-1059239726 tempest-ServerBootFromVolumeStableRescueTest-1059239726-project-member] Parent process 92224 forked (93433) with an open database connection, which is being discarded and recreated. {{(pid=93433) checkout /opt/stack/data/venv/lib/python3.12/site-packages/oslo_db/sqlalchemy/engines.py:402}}
Aug 12 16:31:53.441030 np0000007070 nova-scheduler[93433]: DEBUG dbcounter [-] [93433] Writer thread running {{(pid=93433) stat_writer /opt/stack/data/venv/lib/python3.12/site-packages/dbcounter.py:102}}
Aug 12 16:31:53.444275 np0000007070 nova-scheduler[93433]: DEBUG oslo_concurrency.lockutils [None req-c4d1004d-417c-407c-9d11-d9f493e01e09 tempest-ServerBootFromVolumeStableRescueTest-1059239726 tempest-ServerBootFromVolumeStableRescueTest-1059239726-project-member] Acquiring lock "5aee0295-ea8b-4b63-b8c6-17fb78b574e0" by "nova.context.set_target_cell..get_or_set_cached_cell_and_set_connections" {{(pid=93433) inner /opt/stack/data/venv/lib/python3.12/site-packages/oslo_concurrency/lockutils.py:512}}
Aug 12 16:31:53.444362 np0000007070 nova-scheduler[93433]: DEBUG oslo_concurrency.lockutils [None req-c4d1004d-417c-407c-9d11-d9f493e01e09 tempest-ServerBootFromVolumeStableRescueTest-1059239726 tempest-ServerBootFromVolumeStableRescueTest-1059239726-project-member] Lock "5aee0295-ea8b-4b63-b8c6-17fb78b574e0" acquired by "nova.context.set_target_cell..get_or_set_cached_cell_and_set_connections" :: waited 0.000s {{(pid=93433) inner /opt/stack/data/venv/lib/python3.12/site-packages/oslo_concurrency/lockutils.py:525}}
Aug 12 16:31:53.444459 np0000007070 nova-scheduler[93433]: DEBUG oslo_concurrency.lockutils [None req-c4d1004d-417c-407c-9d11-d9f493e01e09 tempest-ServerBootFromVolumeStableRescueTest-1059239726 tempest-ServerBootFromVolumeStableRescueTest-1059239726-project-member] Lock "5aee0295-ea8b-4b63-b8c6-17fb78b574e0" "released" by "nova.context.set_target_cell..get_or_set_cached_cell_and_set_connections" :: held 0.000s {{(pid=93433) inner /opt/stack/data/venv/lib/python3.12/site-packages/oslo_concurrency/lockutils.py:544}}
Aug 12 16:31:53.448538 np0000007070 nova-scheduler[93433]: DEBUG oslo_concurrency.lockutils [None req-c4d1004d-417c-407c-9d11-d9f493e01e09 tempest-ServerBootFromVolumeStableRescueTest-1059239726 tempest-ServerBootFromVolumeStableRescueTest-1059239726-project-member] Acquiring lock "np0000007070-np0000007070" by "nova.scheduler.host_manager.HostState.update.._locked_update" {{(pid=93433) inner /opt/stack/data/venv/lib/python3.12/site-packages/oslo_concurrency/lockutils.py:512}}
Aug 12 16:31:53.448832 np0000007070 nova-scheduler[93433]: DEBUG oslo_concurrency.lockutils [None req-c4d1004d-417c-407c-9d11-d9f493e01e09 tempest-ServerBootFromVolumeStableRescueTest-1059239726 tempest-ServerBootFromVolumeStableRescueTest-1059239726-project-member] Lock "np0000007070-np0000007070" acquired by "nova.scheduler.host_manager.HostState.update.._locked_update" :: waited 0.000s {{(pid=93433) inner /opt/stack/data/venv/lib/python3.12/site-packages/oslo_concurrency/lockutils.py:525}}
Aug 12 16:31:53.449978 np0000007070 nova-scheduler[93433]: DEBUG nova.scheduler.host_manager [None req-c4d1004d-417c-407c-9d11-d9f493e01e09 tempest-ServerBootFromVolumeStableRescueTest-1059239726 tempest-ServerBootFromVolumeStableRescueTest-1059239726-project-member] Update host state from compute node: ComputeNode(cpu_allocation_ratio=4.0,cpu_info='{"arch": "x86_64", "model": "EPYC-Milan", "vendor": "AMD", "topology": {"cells": 1, "sockets": 16, "cores": 1, "threads": 1}, "maxphysaddr": {"mode": "emulate", "bits": 40}, "features": ["invpcid", "aes", "apic", "pause-filter", "hypervisor", "sha-ni", "lahf_lm", "osvw", "pschange-mc-no", "mce", "fxsr", "sep", "pku", "smap", "rdseed", "xsaves", "spec-ctrl", "abm", "wbnoinvd", "de", "nrip-save", "smep", "vgif", "cx16", "tsc-deadline", "perfctr_core", "tsc_adjust", "xsave", "sse4.1", "ssse3", "xgetbv1", "pse", "cr8legacy", "fsgsbase", "adx", "fpu", "3dnowprefetch", "mca", "pge", "arat", "tsc", "sse4a", "topoext", "null-sel-clr-base", "skip-l1dfl-vmentry", "amd-psfd", "v-vmsave-vmload", "cmov", "sse", "f16c", "popcnt", "x2apic", "pat", "ssbd", "pclmuldq", "gds-no", "pae", "mtrr", "syscall", "fxsr_opt", "pse36", "umip", "xsavec", "clflushopt", "flushbyasid", "fsrm", "lfence-always-serializing", "pdpe1gb", "mds-no", "cmp_legacy", "rdrand", "amd-ssbd", "vme", "avx2", "clwb", "svm", "no-nested-data-bp", "arch-capabilities", "nx", "stibp", "erms", "cx8", "xsaveerptr", "pni", "svme-addr-chk", "sse4.2", "vpclmulqdq", "amd-stibp", "mmx", "virt-ssbd", "pcid", "xsaveopt", "sse2", "fma", "clflush", "clzero", "rdpid", "mmxext", "stibp-always-on", "pfthreshold", "rdtscp", "movbe", "misalignsse", "bmi2", "msr", "rdctl-no", "lbrv", "bmi1", "tsc-scale", "vaes", "avx", "npt", "ibrs", "ibpb", "vmcb-clean", "lm"]}',created_at=2026-08-12T16:29:45Z,current_workload=0,deleted=False,deleted_at=None,disk_allocation_ratio=1.0,disk_available_least=73,free_disk_gb=95,free_ram_mb=62765,host='np0000007070',host_ip=10.4.3.90,hypervisor_hostname='np0000007070',hypervisor_type='QEMU',hypervisor_version=8002002,id=1,local_gb=95,local_gb_used=0,mapped=1,memory_mb=63277,memory_mb_used=512,metrics='[]',numa_topology='{"nova_object.name": "NUMATopology", "nova_object.namespace": "nova", "nova_object.version": "1.2", "nova_object.data": {"cells": [{"nova_object.name": "NUMACell", "nova_object.namespace": "nova", "nova_object.version": "1.5", "nova_object.data": {"id": 0, "cpuset": [0, 1, 2, 3, 4, 5, 6, 7, 8, 9, 10, 11, 12, 13, 14, 15], "pcpuset": [0, 1, 2, 3, 4, 5, 6, 7, 8, 9, 10, 11, 12, 13, 14, 15], "memory": 63277, "cpu_usage": 0, "memory_usage": 0, "pinned_cpus": [], "siblings": [[6], [12], [2], [15], [5], [11], [8], [14], [4], [1], [7], [10], [0], [13], [3], [9]], "mempages": [{"nova_object.name": "NUMAPagesTopology", "nova_object.namespace": "nova", "nova_object.version": "1.1", "nova_object.data": {"size_kb": 4, "total": 16177929, "used": 0, "reserved": 0}, "nova_object.changes": ["size_kb", "used", "total", "reserved"]}, {"nova_object.name": "NUMAPagesTopology", "nova_object.namespace": "nova", "nova_object.version": "1.1", "nova_object.data": {"size_kb": 2048, "total": 41, "used": 0, "reserved": 0}, "nova_object.changes": ["size_kb", "used", "total", "reserved"]}, {"nova_object.name": "NUMAPagesTopology", "nova_object.namespace": "nova", "nova_object.version": "1.1", "nova_object.data": {"size_kb": 1048576, "total": 0, "used": 0, "reserved": 0}, "nova_object.changes": ["size_kb", "used", "total", "reserved"]}], "network_metadata": {"nova_object.name": "NetworkMetadata", "nova_object.namespace": "nova", "nova_object.version": "1.0", "nova_object.data": {"physnets": [], "tunneled": false}, "nova_object.changes": ["tunneled", "physnets"]}, "socket": null}, "nova_object.changes": ["pinned_cpus", "siblings", "pcpuset", "cpu_usage", "memory", "cpuset", "memory_usage", "network_metadata", "socket", "id", "mempages"]}]}, "nova_object.changes": ["cells"]}',pci_device_pools=PciDevicePoolList,ram_allocation_ratio=1.0,running_vms=0,service_id=3,stats={failed_builds='0',uptime=' 16:31:31 up 14 min, 2 users, load average: 1.58, 1.50, 0.86
Aug 12 16:31:53.449978 np0000007070 nova-scheduler[93433]: '},supported_hv_specs=[HVSpec,HVSpec,HVSpec,HVSpec,HVSpec,HVSpec,HVSpec,HVSpec,HVSpec,HVSpec,HVSpec,HVSpec,HVSpec,HVSpec,HVSpec,HVSpec,HVSpec,HVSpec,HVSpec,HVSpec,HVSpec,HVSpec,HVSpec,HVSpec,HVSpec],updated_at=2026-08-12T16:31:32Z,uuid=cfec9f61-5ab0-4149-b0b7-b495ef646d20,vcpus=16,vcpus_used=0) {{(pid=93433) _locked_update /opt/stack/nova/nova/scheduler/host_manager.py:168}}
Aug 12 16:31:53.451038 np0000007070 nova-scheduler[93433]: DEBUG nova.scheduler.host_manager [None req-c4d1004d-417c-407c-9d11-d9f493e01e09 tempest-ServerBootFromVolumeStableRescueTest-1059239726 tempest-ServerBootFromVolumeStableRescueTest-1059239726-project-member] Update host state with aggregates: [] {{(pid=93433) _locked_update /opt/stack/nova/nova/scheduler/host_manager.py:171}}
Aug 12 16:31:53.451236 np0000007070 nova-scheduler[93433]: DEBUG nova.scheduler.host_manager [None req-c4d1004d-417c-407c-9d11-d9f493e01e09 tempest-ServerBootFromVolumeStableRescueTest-1059239726 tempest-ServerBootFromVolumeStableRescueTest-1059239726-project-member] Update host state with service dict: {'id': 3, 'uuid': 'd4b7f6b5-6564-40c6-9119-a66834e7cfc4', 'host': 'np0000007070', 'binary': 'nova-compute', 'topic': 'compute', 'report_count': 2, 'disabled': False, 'disabled_reason': None, 'last_seen_up': datetime.datetime(2026, 8, 12, 16, 31, 51, tzinfo=datetime.timezone.utc), 'forced_down': False, 'version': 72, 'created_at': datetime.datetime(2026, 8, 12, 16, 29, 44, tzinfo=datetime.timezone.utc), 'updated_at': datetime.datetime(2026, 8, 12, 16, 31, 51, tzinfo=datetime.timezone.utc), 'deleted_at': None, 'deleted': False} {{(pid=93433) _locked_update /opt/stack/nova/nova/scheduler/host_manager.py:174}}
Aug 12 16:31:53.451362 np0000007070 nova-scheduler[93433]: DEBUG nova.scheduler.host_manager [None req-c4d1004d-417c-407c-9d11-d9f493e01e09 tempest-ServerBootFromVolumeStableRescueTest-1059239726 tempest-ServerBootFromVolumeStableRescueTest-1059239726-project-member] Update host state with instances: [] {{(pid=93433) _locked_update /opt/stack/nova/nova/scheduler/host_manager.py:177}}
Aug 12 16:31:53.451463 np0000007070 nova-scheduler[93433]: DEBUG oslo_concurrency.lockutils [None req-c4d1004d-417c-407c-9d11-d9f493e01e09 tempest-ServerBootFromVolumeStableRescueTest-1059239726 tempest-ServerBootFromVolumeStableRescueTest-1059239726-project-member] Lock "np0000007070-np0000007070" "released" by "nova.scheduler.host_manager.HostState.update.._locked_update" :: held 0.003s {{(pid=93433) inner /opt/stack/data/venv/lib/python3.12/site-packages/oslo_concurrency/lockutils.py:544}}
Aug 12 16:31:53.452230 np0000007070 nova-scheduler[93433]: DEBUG nova.filters [None req-c4d1004d-417c-407c-9d11-d9f493e01e09 tempest-ServerBootFromVolumeStableRescueTest-1059239726 tempest-ServerBootFromVolumeStableRescueTest-1059239726-project-member] Starting with 1 host(s) {{(pid=93433) get_filtered_objects /opt/stack/nova/nova/filters.py:70}}
Aug 12 16:31:53.452557 np0000007070 nova-scheduler[93433]: DEBUG nova.filters [None req-c4d1004d-417c-407c-9d11-d9f493e01e09 tempest-ServerBootFromVolumeStableRescueTest-1059239726 tempest-ServerBootFromVolumeStableRescueTest-1059239726-project-member] Filter ComputeFilter returned 1 host(s) {{(pid=93433) get_filtered_objects /opt/stack/nova/nova/filters.py:102}}
Aug 12 16:31:53.453194 np0000007070 nova-scheduler[93433]: DEBUG nova.filters [None req-c4d1004d-417c-407c-9d11-d9f493e01e09 tempest-ServerBootFromVolumeStableRescueTest-1059239726 tempest-ServerBootFromVolumeStableRescueTest-1059239726-project-member] Filter ComputeCapabilitiesFilter returned 1 host(s) {{(pid=93433) get_filtered_objects /opt/stack/nova/nova/filters.py:102}}
Aug 12 16:31:53.453194 np0000007070 nova-scheduler[93433]: DEBUG nova.filters [None req-c4d1004d-417c-407c-9d11-d9f493e01e09 tempest-ServerBootFromVolumeStableRescueTest-1059239726 tempest-ServerBootFromVolumeStableRescueTest-1059239726-project-member] Filter ImagePropertiesFilter returned 1 host(s) {{(pid=93433) get_filtered_objects /opt/stack/nova/nova/filters.py:102}}
Aug 12 16:31:53.453194 np0000007070 nova-scheduler[93433]: DEBUG nova.filters [None req-c4d1004d-417c-407c-9d11-d9f493e01e09 tempest-ServerBootFromVolumeStableRescueTest-1059239726 tempest-ServerBootFromVolumeStableRescueTest-1059239726-project-member] Filter ServerGroupAntiAffinityFilter returned 1 host(s) {{(pid=93433) get_filtered_objects /opt/stack/nova/nova/filters.py:102}}
Aug 12 16:31:53.453329 np0000007070 nova-scheduler[93433]: DEBUG nova.filters [None req-c4d1004d-417c-407c-9d11-d9f493e01e09 tempest-ServerBootFromVolumeStableRescueTest-1059239726 tempest-ServerBootFromVolumeStableRescueTest-1059239726-project-member] Filter ServerGroupAffinityFilter returned 1 host(s) {{(pid=93433) get_filtered_objects /opt/stack/nova/nova/filters.py:102}}
Aug 12 16:31:53.454216 np0000007070 nova-scheduler[93433]: DEBUG nova.filters [None req-c4d1004d-417c-407c-9d11-d9f493e01e09 tempest-ServerBootFromVolumeStableRescueTest-1059239726 tempest-ServerBootFromVolumeStableRescueTest-1059239726-project-member] Filter SameHostFilter returned 1 host(s) {{(pid=93433) get_filtered_objects /opt/stack/nova/nova/filters.py:102}}
Aug 12 16:31:53.454216 np0000007070 nova-scheduler[93433]: DEBUG nova.filters [None req-c4d1004d-417c-407c-9d11-d9f493e01e09 tempest-ServerBootFromVolumeStableRescueTest-1059239726 tempest-ServerBootFromVolumeStableRescueTest-1059239726-project-member] Filter DifferentHostFilter returned 1 host(s) {{(pid=93433) get_filtered_objects /opt/stack/nova/nova/filters.py:102}}
Aug 12 16:31:53.454216 np0000007070 nova-scheduler[93433]: DEBUG nova.scheduler.manager [None req-c4d1004d-417c-407c-9d11-d9f493e01e09 tempest-ServerBootFromVolumeStableRescueTest-1059239726 tempest-ServerBootFromVolumeStableRescueTest-1059239726-project-member] Filtered [(np0000007070, np0000007070) ram: 62765MB disk: 74752MB io_ops: 0 instances: 0, allocation_candidates: 1] {{(pid=93433) _get_sorted_hosts /opt/stack/nova/nova/scheduler/manager.py:742}}
Aug 12 16:31:53.454216 np0000007070 nova-scheduler[93433]: DEBUG nova.scheduler.manager [None req-c4d1004d-417c-407c-9d11-d9f493e01e09 tempest-ServerBootFromVolumeStableRescueTest-1059239726 tempest-ServerBootFromVolumeStableRescueTest-1059239726-project-member] Weighed [WeighedHost [host: (np0000007070, np0000007070) ram: 62765MB disk: 74752MB io_ops: 0 instances: 0, allocation_candidates: 1, weight: 0.0]] {{(pid=93433) _get_sorted_hosts /opt/stack/nova/nova/scheduler/manager.py:764}}
Aug 12 16:31:53.454893 np0000007070 nova-scheduler[93433]: DEBUG nova.scheduler.utils [None req-c4d1004d-417c-407c-9d11-d9f493e01e09 tempest-ServerBootFromVolumeStableRescueTest-1059239726 tempest-ServerBootFromVolumeStableRescueTest-1059239726-project-member] Attempting to claim resources in the placement API for instance 195b26da-0e88-461a-8e9c-8430a0769a15 {{(pid=93433) claim_resources /opt/stack/nova/nova/scheduler/utils.py:1345}}
Aug 12 16:31:53.499129 np0000007070 nova-scheduler[93431]: INFO nova.utils [None req-6ad0877f-9795-4293-a177-c4585c53d9f1 tempest-DeleteServersTestJSON-1285585537 tempest-DeleteServersTestJSON-1285585537-project-member] The cell worker thread pool ForkProcess-1.cell_worker is initialized
Aug 12 16:31:53.500212 np0000007070 nova-scheduler[93431]: DEBUG oslo_concurrency.lockutils [None req-6ad0877f-9795-4293-a177-c4585c53d9f1 tempest-DeleteServersTestJSON-1285585537 tempest-DeleteServersTestJSON-1285585537-project-member] Acquiring lock "5aee0295-ea8b-4b63-b8c6-17fb78b574e0" by "nova.context.set_target_cell..get_or_set_cached_cell_and_set_connections" {{(pid=93431) inner /opt/stack/data/venv/lib/python3.12/site-packages/oslo_concurrency/lockutils.py:512}}
Aug 12 16:31:53.500212 np0000007070 nova-scheduler[93431]: DEBUG oslo_concurrency.lockutils [None req-6ad0877f-9795-4293-a177-c4585c53d9f1 tempest-DeleteServersTestJSON-1285585537 tempest-DeleteServersTestJSON-1285585537-project-member] Lock "5aee0295-ea8b-4b63-b8c6-17fb78b574e0" acquired by "nova.context.set_target_cell..get_or_set_cached_cell_and_set_connections" :: waited 0.000s {{(pid=93431) inner /opt/stack/data/venv/lib/python3.12/site-packages/oslo_concurrency/lockutils.py:525}}
