Jul 04 00:24:42.060081 np0000004493 nova-scheduler[93186]: DEBUG cotyledon.oslo_config_glue [-] oslo_limit.certfile = None {{(pid=93186) log_opt_values /opt/stack/data/venv/lib/python3.12/site-packages/oslo_config/cfg.py:3253}}
Jul 04 00:24:42.060081 np0000004493 nova-scheduler[93186]: DEBUG cotyledon.oslo_config_glue [-] oslo_limit.collect_timing = False {{(pid=93186) log_opt_values /opt/stack/data/venv/lib/python3.12/site-packages/oslo_config/cfg.py:3253}}
Jul 04 00:24:42.060081 np0000004493 nova-scheduler[93186]: DEBUG cotyledon.oslo_config_glue [-] oslo_limit.connect_retries = None {{(pid=93186) log_opt_values /opt/stack/data/venv/lib/python3.12/site-packages/oslo_config/cfg.py:3253}}
Jul 04 00:24:42.060081 np0000004493 nova-scheduler[93186]: DEBUG cotyledon.oslo_config_glue [-] oslo_limit.connect_retry_delay = None {{(pid=93186) log_opt_values /opt/stack/data/venv/lib/python3.12/site-packages/oslo_config/cfg.py:3253}}
Jul 04 00:24:42.060081 np0000004493 nova-scheduler[93186]: DEBUG cotyledon.oslo_config_glue [-] oslo_limit.endpoint_id = None {{(pid=93186) log_opt_values /opt/stack/data/venv/lib/python3.12/site-packages/oslo_config/cfg.py:3253}}
Jul 04 00:24:42.060081 np0000004493 nova-scheduler[93186]: DEBUG cotyledon.oslo_config_glue [-] oslo_limit.endpoint_interface = public {{(pid=93186) log_opt_values /opt/stack/data/venv/lib/python3.12/site-packages/oslo_config/cfg.py:3253}}
Jul 04 00:24:42.060081 np0000004493 nova-scheduler[93186]: DEBUG cotyledon.oslo_config_glue [-] oslo_limit.endpoint_override = None {{(pid=93186) log_opt_values /opt/stack/data/venv/lib/python3.12/site-packages/oslo_config/cfg.py:3253}}
Jul 04 00:24:42.060081 np0000004493 nova-scheduler[93186]: DEBUG cotyledon.oslo_config_glue [-] oslo_limit.endpoint_region_name = None {{(pid=93186) log_opt_values /opt/stack/data/venv/lib/python3.12/site-packages/oslo_config/cfg.py:3253}}
Jul 04 00:24:42.060264 np0000004493 nova-scheduler[93186]: DEBUG cotyledon.oslo_config_glue [-] oslo_limit.endpoint_service_name = None {{(pid=93186) log_opt_values /opt/stack/data/venv/lib/python3.12/site-packages/oslo_config/cfg.py:3253}}
Jul 04 00:24:42.060264 np0000004493 nova-scheduler[93186]: DEBUG cotyledon.oslo_config_glue [-] oslo_limit.endpoint_service_type = None {{(pid=93186) log_opt_values /opt/stack/data/venv/lib/python3.12/site-packages/oslo_config/cfg.py:3253}}
Jul 04 00:24:42.060264 np0000004493 nova-scheduler[93186]: DEBUG cotyledon.oslo_config_glue [-] oslo_limit.insecure = False {{(pid=93186) log_opt_values /opt/stack/data/venv/lib/python3.12/site-packages/oslo_config/cfg.py:3253}}
Jul 04 00:24:42.060264 np0000004493 nova-scheduler[93186]: DEBUG cotyledon.oslo_config_glue [-] oslo_limit.keyfile = None {{(pid=93186) log_opt_values /opt/stack/data/venv/lib/python3.12/site-packages/oslo_config/cfg.py:3253}}
Jul 04 00:24:42.060264 np0000004493 nova-scheduler[93186]: DEBUG cotyledon.oslo_config_glue [-] oslo_limit.max_version = None {{(pid=93186) log_opt_values /opt/stack/data/venv/lib/python3.12/site-packages/oslo_config/cfg.py:3253}}
Jul 04 00:24:42.060264 np0000004493 nova-scheduler[93186]: DEBUG cotyledon.oslo_config_glue [-] oslo_limit.min_version = None {{(pid=93186) log_opt_values /opt/stack/data/venv/lib/python3.12/site-packages/oslo_config/cfg.py:3253}}
Jul 04 00:24:42.060264 np0000004493 nova-scheduler[93186]: DEBUG cotyledon.oslo_config_glue [-] oslo_limit.region_name = None {{(pid=93186) log_opt_values /opt/stack/data/venv/lib/python3.12/site-packages/oslo_config/cfg.py:3253}}
Jul 04 00:24:42.060264 np0000004493 nova-scheduler[93186]: DEBUG cotyledon.oslo_config_glue [-] oslo_limit.retriable_status_codes = None {{(pid=93186) log_opt_values /opt/stack/data/venv/lib/python3.12/site-packages/oslo_config/cfg.py:3253}}
Jul 04 00:24:42.060264 np0000004493 nova-scheduler[93186]: DEBUG cotyledon.oslo_config_glue [-] oslo_limit.service_name = None {{(pid=93186) log_opt_values /opt/stack/data/venv/lib/python3.12/site-packages/oslo_config/cfg.py:3253}}
Jul 04 00:24:42.060418 np0000004493 nova-scheduler[93186]: DEBUG cotyledon.oslo_config_glue [-] oslo_limit.service_type = None {{(pid=93186) log_opt_values /opt/stack/data/venv/lib/python3.12/site-packages/oslo_config/cfg.py:3253}}
Jul 04 00:24:42.060418 np0000004493 nova-scheduler[93186]: DEBUG cotyledon.oslo_config_glue [-] oslo_limit.split_loggers = False {{(pid=93186) log_opt_values /opt/stack/data/venv/lib/python3.12/site-packages/oslo_config/cfg.py:3253}}
Jul 04 00:24:42.060418 np0000004493 nova-scheduler[93186]: DEBUG cotyledon.oslo_config_glue [-] oslo_limit.status_code_retries = None {{(pid=93186) log_opt_values /opt/stack/data/venv/lib/python3.12/site-packages/oslo_config/cfg.py:3253}}
Jul 04 00:24:42.060418 np0000004493 nova-scheduler[93186]: DEBUG cotyledon.oslo_config_glue [-] oslo_limit.status_code_retry_delay = None {{(pid=93186) log_opt_values /opt/stack/data/venv/lib/python3.12/site-packages/oslo_config/cfg.py:3253}}
Jul 04 00:24:42.060418 np0000004493 nova-scheduler[93186]: DEBUG cotyledon.oslo_config_glue [-] oslo_limit.timeout = None {{(pid=93186) log_opt_values /opt/stack/data/venv/lib/python3.12/site-packages/oslo_config/cfg.py:3253}}
Jul 04 00:24:42.060418 np0000004493 nova-scheduler[93186]: DEBUG cotyledon.oslo_config_glue [-] oslo_limit.valid_interfaces = None {{(pid=93186) log_opt_values /opt/stack/data/venv/lib/python3.12/site-packages/oslo_config/cfg.py:3253}}
Jul 04 00:24:42.060418 np0000004493 nova-scheduler[93186]: DEBUG cotyledon.oslo_config_glue [-] oslo_limit.version = None {{(pid=93186) log_opt_values /opt/stack/data/venv/lib/python3.12/site-packages/oslo_config/cfg.py:3253}}
Jul 04 00:24:42.060418 np0000004493 nova-scheduler[93186]: DEBUG cotyledon.oslo_config_glue [-] oslo_reports.file_event_handler = None {{(pid=93186) log_opt_values /opt/stack/data/venv/lib/python3.12/site-packages/oslo_config/cfg.py:3253}}
Jul 04 00:24:42.060418 np0000004493 nova-scheduler[93186]: DEBUG cotyledon.oslo_config_glue [-] oslo_reports.file_event_handler_interval = 1 {{(pid=93186) log_opt_values /opt/stack/data/venv/lib/python3.12/site-packages/oslo_config/cfg.py:3253}}
Jul 04 00:24:42.060571 np0000004493 nova-scheduler[93186]: DEBUG cotyledon.oslo_config_glue [-] oslo_reports.log_dir = None {{(pid=93186) log_opt_values /opt/stack/data/venv/lib/python3.12/site-packages/oslo_config/cfg.py:3253}}
Jul 04 00:24:42.060571 np0000004493 nova-scheduler[93186]: DEBUG cotyledon.oslo_config_glue [-] ******************************************************************************** {{(pid=93186) log_opt_values /opt/stack/data/venv/lib/python3.12/site-packages/oslo_config/cfg.py:3260}}
Jul 04 00:24:42.060571 np0000004493 nova-scheduler[93186]: DEBUG cotyledon._service_worker [-] Run service ServiceWrapper(2) [93186] {{(pid=93186) wait_forever /opt/stack/data/venv/lib/python3.12/site-packages/cotyledon/_service_worker.py:218}}
Jul 04 00:24:42.060571 np0000004493 nova-scheduler[93186]: INFO nova.service [-] Starting scheduler node (version 33.1.0)
Jul 04 00:24:42.060571 np0000004493 nova-scheduler[93186]: INFO dbcounter [None req-af909481-3642-4225-ace6-0d753e09c649 None None] Registered counter for database nova_cell0
Jul 04 00:24:42.080891 np0000004493 nova-scheduler[93182]: DEBUG oslo_db.sqlalchemy.engines [None req-84c45d19-f7e1-4661-94be-995d026ab675 None None] MySQL server mode set to STRICT_TRANS_TABLES,STRICT_ALL_TABLES,NO_ZERO_IN_DATE,NO_ZERO_DATE,ERROR_FOR_DIVISION_BY_ZERO,TRADITIONAL,NO_ENGINE_SUBSTITUTION {{(pid=93182) _check_effective_sql_mode /opt/stack/data/venv/lib/python3.12/site-packages/oslo_db/sqlalchemy/engines.py:325}}
Jul 04 00:24:42.091082 np0000004493 nova-scheduler[93182]: DEBUG dbcounter [-] [93182] Writer thread running {{(pid=93182) stat_writer /opt/stack/data/venv/lib/python3.12/site-packages/dbcounter.py:102}}
Jul 04 00:24:42.097249 np0000004493 nova-scheduler[93180]: DEBUG oslo_db.sqlalchemy.engines [None req-c07c0bb3-ecc1-440d-a3ea-e98878cd5433 None None] MySQL server mode set to STRICT_TRANS_TABLES,STRICT_ALL_TABLES,NO_ZERO_IN_DATE,NO_ZERO_DATE,ERROR_FOR_DIVISION_BY_ZERO,TRADITIONAL,NO_ENGINE_SUBSTITUTION {{(pid=93180) _check_effective_sql_mode /opt/stack/data/venv/lib/python3.12/site-packages/oslo_db/sqlalchemy/engines.py:325}}
Jul 04 00:24:42.102094 np0000004493 nova-scheduler[93186]: DEBUG oslo_db.sqlalchemy.engines [None req-af909481-3642-4225-ace6-0d753e09c649 None None] MySQL server mode set to STRICT_TRANS_TABLES,STRICT_ALL_TABLES,NO_ZERO_IN_DATE,NO_ZERO_DATE,ERROR_FOR_DIVISION_BY_ZERO,TRADITIONAL,NO_ENGINE_SUBSTITUTION {{(pid=93186) _check_effective_sql_mode /opt/stack/data/venv/lib/python3.12/site-packages/oslo_db/sqlalchemy/engines.py:325}}
Jul 04 00:24:42.111345 np0000004493 nova-scheduler[93186]: DEBUG dbcounter [-] [93186] Writer thread running {{(pid=93186) stat_writer /opt/stack/data/venv/lib/python3.12/site-packages/dbcounter.py:102}}
Jul 04 00:24:42.112646 np0000004493 nova-scheduler[93180]: DEBUG dbcounter [-] [93180] Writer thread running {{(pid=93180) stat_writer /opt/stack/data/venv/lib/python3.12/site-packages/dbcounter.py:102}}
Jul 04 00:24:42.118069 np0000004493 nova-scheduler[93182]: DEBUG nova.service [None req-84c45d19-f7e1-4661-94be-995d026ab675 None None] Creating RPC server for service: nova-scheduler on topic: scheduler {{(pid=93182) start /opt/stack/nova/nova/service.py:196}}
Jul 04 00:24:42.125183 np0000004493 nova-scheduler[93186]: DEBUG nova.service [None req-af909481-3642-4225-ace6-0d753e09c649 None None] Creating RPC server for service: nova-scheduler on topic: scheduler {{(pid=93186) start /opt/stack/nova/nova/service.py:196}}
Jul 04 00:24:42.131481 np0000004493 nova-scheduler[93180]: DEBUG nova.service [None req-c07c0bb3-ecc1-440d-a3ea-e98878cd5433 None None] Creating RPC server for service: nova-scheduler on topic: scheduler {{(pid=93180) start /opt/stack/nova/nova/service.py:196}}
Jul 04 00:24:42.143902 np0000004493 nova-scheduler[93182]: DEBUG nova.service [None req-84c45d19-f7e1-4661-94be-995d026ab675 None None] Join ServiceGroup membership for this service scheduler {{(pid=93182) start /opt/stack/nova/nova/service.py:222}}
Jul 04 00:24:42.144025 np0000004493 nova-scheduler[93186]: DEBUG nova.service [None req-af909481-3642-4225-ace6-0d753e09c649 None None] Join ServiceGroup membership for this service scheduler {{(pid=93186) start /opt/stack/nova/nova/service.py:222}}
Jul 04 00:24:42.144081 np0000004493 nova-scheduler[93182]: DEBUG nova.servicegroup.drivers.db [None req-84c45d19-f7e1-4661-94be-995d026ab675 None None] DB_Driver: join new ServiceGroup member np0000004493 to the scheduler group, service = {{(pid=93182) join /opt/stack/nova/nova/servicegroup/drivers/db.py:44}}
Jul 04 00:24:42.144271 np0000004493 nova-scheduler[93186]: DEBUG nova.servicegroup.drivers.db [None req-af909481-3642-4225-ace6-0d753e09c649 None None] DB_Driver: join new ServiceGroup member np0000004493 to the scheduler group, service = {{(pid=93186) join /opt/stack/nova/nova/servicegroup/drivers/db.py:44}}
Jul 04 00:24:42.152645 np0000004493 nova-scheduler[93180]: DEBUG nova.service [None req-c07c0bb3-ecc1-440d-a3ea-e98878cd5433 None None] Join ServiceGroup membership for this service scheduler {{(pid=93180) start /opt/stack/nova/nova/service.py:222}}
Jul 04 00:24:42.152792 np0000004493 nova-scheduler[93180]: DEBUG nova.servicegroup.drivers.db [None req-c07c0bb3-ecc1-440d-a3ea-e98878cd5433 None None] DB_Driver: join new ServiceGroup member np0000004493 to the scheduler group, service = {{(pid=93180) join /opt/stack/nova/nova/servicegroup/drivers/db.py:44}}
Jul 04 00:24:47.163962 np0000004493 nova-scheduler[93182]: DEBUG oslo.service.backend._threading.loopingcall [-] Fixed interval looping call 'nova.servicegroup.drivers.db.DbDriver._report_state' sleeping for 119.98 seconds {{(pid=93182) _run_loop /opt/stack/data/venv/lib/python3.12/site-packages/oslo_service/backend/_threading/loopingcall.py:125}}
Jul 04 00:24:47.165198 np0000004493 nova-scheduler[93186]: DEBUG oslo.service.backend._threading.loopingcall [-] Fixed interval looping call 'nova.servicegroup.drivers.db.DbDriver._report_state' sleeping for 119.98 seconds {{(pid=93186) _run_loop /opt/stack/data/venv/lib/python3.12/site-packages/oslo_service/backend/_threading/loopingcall.py:125}}
Jul 04 00:24:47.169973 np0000004493 nova-scheduler[93180]: DEBUG oslo.service.backend._threading.loopingcall [-] Fixed interval looping call 'nova.servicegroup.drivers.db.DbDriver._report_state' sleeping for 119.99 seconds {{(pid=93180) _run_loop /opt/stack/data/venv/lib/python3.12/site-packages/oslo_service/backend/_threading/loopingcall.py:125}}
Jul 04 00:24:50.722692 np0000004493 nova-scheduler[91975]: DEBUG dbcounter [-] [91975] Writing DB stats nova_api:SELECT=3 {{(pid=91975) stat_writer /opt/stack/data/venv/lib/python3.12/site-packages/dbcounter.py:115}}
Jul 04 00:24:50.841793 np0000004493 nova-scheduler[91975]: DEBUG dbcounter [-] [91975] Writing DB stats nova_cell1:SELECT=1 {{(pid=91975) stat_writer /opt/stack/data/venv/lib/python3.12/site-packages/dbcounter.py:115}}
Jul 04 00:24:50.847576 np0000004493 nova-scheduler[91975]: DEBUG dbcounter [-] [91975] Writing DB stats nova_cell0:SELECT=1 {{(pid=91975) stat_writer /opt/stack/data/venv/lib/python3.12/site-packages/dbcounter.py:115}}
Jul 04 00:24:51.157705 np0000004493 nova-scheduler[93180]: DEBUG oslo.service.backend._threading.loopingcall [None req-55c15f4d-44d7-471f-a3dd-567baa5370e3 None None] Dynamic interval looping call 'nova.service.Service.periodic_tasks' sleeping for 60.00 seconds {{(pid=93180) _run_loop /opt/stack/data/venv/lib/python3.12/site-packages/oslo_service/backend/_threading/loopingcall.py:125}}
Jul 04 00:24:57.154985 np0000004493 nova-scheduler[93182]: DEBUG dbcounter [-] [93182] Writing DB stats nova_cell0:SELECT=4,nova_cell0:INSERT=1,nova_cell0:UPDATE=1 {{(pid=93182) stat_writer /opt/stack/data/venv/lib/python3.12/site-packages/dbcounter.py:115}}
Jul 04 00:24:57.158336 np0000004493 nova-scheduler[93186]: DEBUG dbcounter [-] [93186] Writing DB stats nova_cell0:SELECT=5,nova_cell0:INSERT=1,nova_cell0:UPDATE=1 {{(pid=93186) stat_writer /opt/stack/data/venv/lib/python3.12/site-packages/dbcounter.py:115}}
Jul 04 00:24:57.165248 np0000004493 nova-scheduler[93180]: DEBUG dbcounter [-] [93180] Writing DB stats nova_cell0:SELECT=4,nova_cell0:INSERT=1,nova_cell0:UPDATE=1 {{(pid=93180) stat_writer /opt/stack/data/venv/lib/python3.12/site-packages/dbcounter.py:115}}
Jul 04 00:25:05.146196 np0000004493 nova-scheduler[93182]: DEBUG oslo.service.backend._threading.loopingcall [None req-408884e5-26ab-415a-b22c-52512bb029a9 None None] Dynamic interval looping call 'nova.service.Service.periodic_tasks' sleeping for 60.00 seconds {{(pid=93182) _run_loop /opt/stack/data/venv/lib/python3.12/site-packages/oslo_service/backend/_threading/loopingcall.py:125}}
Jul 04 00:25:29.146627 np0000004493 nova-scheduler[93186]: DEBUG oslo.service.backend._threading.loopingcall [None req-7352fc25-8fe7-4ba0-9a7e-4300f91c870b None None] Dynamic interval looping call 'nova.service.Service.periodic_tasks' sleeping for 60.00 seconds {{(pid=93186) _run_loop /opt/stack/data/venv/lib/python3.12/site-packages/oslo_service/backend/_threading/loopingcall.py:125}}
Jul 04 00:25:51.158212 np0000004493 nova-scheduler[93180]: DEBUG oslo.service.backend._threading.loopingcall [None req-55c15f4d-44d7-471f-a3dd-567baa5370e3 None None] Dynamic interval looping call 'nova.service.Service.periodic_tasks' sleeping for 60.00 seconds {{(pid=93180) _run_loop /opt/stack/data/venv/lib/python3.12/site-packages/oslo_service/backend/_threading/loopingcall.py:125}}
Jul 04 00:26:05.147682 np0000004493 nova-scheduler[93182]: DEBUG oslo.service.backend._threading.loopingcall [None req-408884e5-26ab-415a-b22c-52512bb029a9 None None] Dynamic interval looping call 'nova.service.Service.periodic_tasks' sleeping for 60.00 seconds {{(pid=93182) _run_loop /opt/stack/data/venv/lib/python3.12/site-packages/oslo_service/backend/_threading/loopingcall.py:125}}
Jul 04 00:26:29.147108 np0000004493 nova-scheduler[93186]: DEBUG oslo.service.backend._threading.loopingcall [None req-7352fc25-8fe7-4ba0-9a7e-4300f91c870b None None] Dynamic interval looping call 'nova.service.Service.periodic_tasks' sleeping for 60.00 seconds {{(pid=93186) _run_loop /opt/stack/data/venv/lib/python3.12/site-packages/oslo_service/backend/_threading/loopingcall.py:125}}
Jul 04 00:26:47.154996 np0000004493 nova-scheduler[93182]: DEBUG oslo.service.backend._threading.loopingcall [-] Fixed interval looping call 'nova.servicegroup.drivers.db.DbDriver._report_state' sleeping for 119.99 seconds {{(pid=93182) _run_loop /opt/stack/data/venv/lib/python3.12/site-packages/oslo_service/backend/_threading/loopingcall.py:125}}
Jul 04 00:26:47.157974 np0000004493 nova-scheduler[93186]: DEBUG oslo.service.backend._threading.loopingcall [-] Fixed interval looping call 'nova.servicegroup.drivers.db.DbDriver._report_state' sleeping for 119.99 seconds {{(pid=93186) _run_loop /opt/stack/data/venv/lib/python3.12/site-packages/oslo_service/backend/_threading/loopingcall.py:125}}
Jul 04 00:26:47.163566 np0000004493 nova-scheduler[93180]: DEBUG oslo.service.backend._threading.loopingcall [-] Fixed interval looping call 'nova.servicegroup.drivers.db.DbDriver._report_state' sleeping for 120.00 seconds {{(pid=93180) _run_loop /opt/stack/data/venv/lib/python3.12/site-packages/oslo_service/backend/_threading/loopingcall.py:125}}
Jul 04 00:26:51.158637 np0000004493 nova-scheduler[93180]: DEBUG oslo.service.backend._threading.loopingcall [None req-55c15f4d-44d7-471f-a3dd-567baa5370e3 None None] Dynamic interval looping call 'nova.service.Service.periodic_tasks' sleeping for 60.00 seconds {{(pid=93180) _run_loop /opt/stack/data/venv/lib/python3.12/site-packages/oslo_service/backend/_threading/loopingcall.py:125}}
Jul 04 00:26:51.414953 np0000004493 nova-scheduler[93186]: DEBUG nova.scheduler.manager [None req-7fb14118-d9b7-4c27-b051-fc9acc1f0978 tempest-DeleteServersTestJSON-584621188 tempest-DeleteServersTestJSON-584621188-project-member] Starting to schedule for instances: ['d04cd1d5-81fc-426b-bde7-3cf6a1152b00'] {{(pid=93186) select_destinations /opt/stack/nova/nova/scheduler/manager.py:209}}
Jul 04 00:26:51.415631 np0000004493 nova-scheduler[93186]: DEBUG nova.scheduler.request_filter [None req-7fb14118-d9b7-4c27-b051-fc9acc1f0978 tempest-DeleteServersTestJSON-584621188 tempest-DeleteServersTestJSON-584621188-project-member] compute_status_filter request filter added forbidden trait COMPUTE_STATUS_DISABLED {{(pid=93186) compute_status_filter /opt/stack/nova/nova/scheduler/request_filter.py:253}}
Jul 04 00:26:51.415708 np0000004493 nova-scheduler[93186]: DEBUG nova.scheduler.request_filter [None req-7fb14118-d9b7-4c27-b051-fc9acc1f0978 tempest-DeleteServersTestJSON-584621188 tempest-DeleteServersTestJSON-584621188-project-member] Request filter 'compute_status_filter' took 0.0 seconds {{(pid=93186) wrapper /opt/stack/nova/nova/scheduler/request_filter.py:46}}
Jul 04 00:26:51.415919 np0000004493 nova-scheduler[93186]: DEBUG nova.scheduler.request_filter [None req-7fb14118-d9b7-4c27-b051-fc9acc1f0978 tempest-DeleteServersTestJSON-584621188 tempest-DeleteServersTestJSON-584621188-project-member] Request filter 'accelerators_filter' took 0.0 seconds {{(pid=93186) wrapper /opt/stack/nova/nova/scheduler/request_filter.py:46}}
Jul 04 00:26:51.416154 np0000004493 nova-scheduler[93186]: DEBUG nova.scheduler.request_filter [None req-7fb14118-d9b7-4c27-b051-fc9acc1f0978 tempest-DeleteServersTestJSON-584621188 tempest-DeleteServersTestJSON-584621188-project-member] Request filter 'packed_virtqueue_filter' took 0.0 seconds {{(pid=93186) wrapper /opt/stack/nova/nova/scheduler/request_filter.py:46}}
Jul 04 00:26:51.416394 np0000004493 nova-scheduler[93186]: DEBUG nova.scheduler.request_filter [None req-7fb14118-d9b7-4c27-b051-fc9acc1f0978 tempest-DeleteServersTestJSON-584621188 tempest-DeleteServersTestJSON-584621188-project-member] Request filter 'remote_managed_ports_filter' took 0.0 seconds {{(pid=93186) wrapper /opt/stack/nova/nova/scheduler/request_filter.py:46}}
Jul 04 00:26:51.416528 np0000004493 nova-scheduler[93186]: DEBUG nova.scheduler.request_filter [None req-7fb14118-d9b7-4c27-b051-fc9acc1f0978 tempest-DeleteServersTestJSON-584621188 tempest-DeleteServersTestJSON-584621188-project-member] ephemeral_encryption_filter skipped {{(pid=93186) ephemeral_encryption_filter /opt/stack/nova/nova/scheduler/request_filter.py:426}}
Jul 04 00:26:51.416644 np0000004493 nova-scheduler[93186]: DEBUG nova.scheduler.request_filter [None req-7fb14118-d9b7-4c27-b051-fc9acc1f0978 tempest-DeleteServersTestJSON-584621188 tempest-DeleteServersTestJSON-584621188-project-member] virtio_sound_filter skipped {{(pid=93186) virtio_sound_filter /opt/stack/nova/nova/scheduler/request_filter.py:460}}
Jul 04 00:26:51.416773 np0000004493 nova-scheduler[93186]: DEBUG nova.scheduler.request_filter [None req-7fb14118-d9b7-4c27-b051-fc9acc1f0978 tempest-DeleteServersTestJSON-584621188 tempest-DeleteServersTestJSON-584621188-project-member] tpm_secret_security_filter skipped {{(pid=93186) tpm_secret_security_filter /opt/stack/nova/nova/scheduler/request_filter.py:477}}
Jul 04 00:26:51.722941 np0000004493 nova-scheduler[93186]: INFO nova.utils [None req-7fb14118-d9b7-4c27-b051-fc9acc1f0978 tempest-DeleteServersTestJSON-584621188 tempest-DeleteServersTestJSON-584621188-project-member] The cell worker thread pool ForkProcess-3.cell_worker is initialized
Jul 04 00:26:51.722941 np0000004493 nova-scheduler[93186]: DEBUG oslo_concurrency.lockutils [None req-7fb14118-d9b7-4c27-b051-fc9acc1f0978 tempest-DeleteServersTestJSON-584621188 tempest-DeleteServersTestJSON-584621188-project-member] Acquiring lock "4f835cb8-95c1-4f8c-9ead-98f8832eb64b" by "nova.context.set_target_cell..get_or_set_cached_cell_and_set_connections" {{(pid=93186) inner /opt/stack/data/venv/lib/python3.12/site-packages/oslo_concurrency/lockutils.py:511}}
Jul 04 00:26:51.723415 np0000004493 nova-scheduler[93186]: DEBUG oslo_concurrency.lockutils [None req-7fb14118-d9b7-4c27-b051-fc9acc1f0978 tempest-DeleteServersTestJSON-584621188 tempest-DeleteServersTestJSON-584621188-project-member] Lock "4f835cb8-95c1-4f8c-9ead-98f8832eb64b" acquired by "nova.context.set_target_cell..get_or_set_cached_cell_and_set_connections" :: waited 0.000s {{(pid=93186) inner /opt/stack/data/venv/lib/python3.12/site-packages/oslo_concurrency/lockutils.py:524}}
Jul 04 00:26:51.726130 np0000004493 nova-scheduler[93186]: DEBUG oslo_concurrency.lockutils [None req-7fb14118-d9b7-4c27-b051-fc9acc1f0978 tempest-DeleteServersTestJSON-584621188 tempest-DeleteServersTestJSON-584621188-project-member] Lock "4f835cb8-95c1-4f8c-9ead-98f8832eb64b" "released" by "nova.context.set_target_cell..get_or_set_cached_cell_and_set_connections" :: held 0.002s {{(pid=93186) inner /opt/stack/data/venv/lib/python3.12/site-packages/oslo_concurrency/lockutils.py:543}}
Jul 04 00:26:51.727483 np0000004493 nova-scheduler[93186]: INFO dbcounter [None req-7fb14118-d9b7-4c27-b051-fc9acc1f0978 tempest-DeleteServersTestJSON-584621188 tempest-DeleteServersTestJSON-584621188-project-member] Registered counter for database nova_cell1
Jul 04 00:26:51.756976 np0000004493 nova-scheduler[93186]: DEBUG oslo_db.sqlalchemy.engines [None req-7fb14118-d9b7-4c27-b051-fc9acc1f0978 tempest-DeleteServersTestJSON-584621188 tempest-DeleteServersTestJSON-584621188-project-member] MySQL server mode set to STRICT_TRANS_TABLES,STRICT_ALL_TABLES,NO_ZERO_IN_DATE,NO_ZERO_DATE,ERROR_FOR_DIVISION_BY_ZERO,TRADITIONAL,NO_ENGINE_SUBSTITUTION {{(pid=93186) _check_effective_sql_mode /opt/stack/data/venv/lib/python3.12/site-packages/oslo_db/sqlalchemy/engines.py:325}}
Jul 04 00:26:51.766269 np0000004493 nova-scheduler[93186]: DEBUG dbcounter [-] [93186] Writer thread running {{(pid=93186) stat_writer /opt/stack/data/venv/lib/python3.12/site-packages/dbcounter.py:102}}
Jul 04 00:26:51.778790 np0000004493 nova-scheduler[93186]: DEBUG oslo_db.sqlalchemy.engines [None req-7fb14118-d9b7-4c27-b051-fc9acc1f0978 tempest-DeleteServersTestJSON-584621188 tempest-DeleteServersTestJSON-584621188-project-member] Parent process 91975 forked (93186) with an open database connection, which is being discarded and recreated. {{(pid=93186) checkout /opt/stack/data/venv/lib/python3.12/site-packages/oslo_db/sqlalchemy/engines.py:402}}
Jul 04 00:26:51.821919 np0000004493 nova-scheduler[93186]: DEBUG dbcounter [-] [93186] Writer thread running {{(pid=93186) stat_writer /opt/stack/data/venv/lib/python3.12/site-packages/dbcounter.py:102}}
Jul 04 00:26:51.824651 np0000004493 nova-scheduler[93186]: DEBUG oslo_concurrency.lockutils [None req-7fb14118-d9b7-4c27-b051-fc9acc1f0978 tempest-DeleteServersTestJSON-584621188 tempest-DeleteServersTestJSON-584621188-project-member] Acquiring lock "4f835cb8-95c1-4f8c-9ead-98f8832eb64b" by "nova.context.set_target_cell..get_or_set_cached_cell_and_set_connections" {{(pid=93186) inner /opt/stack/data/venv/lib/python3.12/site-packages/oslo_concurrency/lockutils.py:511}}
Jul 04 00:26:51.824848 np0000004493 nova-scheduler[93186]: DEBUG oslo_concurrency.lockutils [None req-7fb14118-d9b7-4c27-b051-fc9acc1f0978 tempest-DeleteServersTestJSON-584621188 tempest-DeleteServersTestJSON-584621188-project-member] Lock "4f835cb8-95c1-4f8c-9ead-98f8832eb64b" acquired by "nova.context.set_target_cell..get_or_set_cached_cell_and_set_connections" :: waited 0.000s {{(pid=93186) inner /opt/stack/data/venv/lib/python3.12/site-packages/oslo_concurrency/lockutils.py:524}}
Jul 04 00:26:51.825007 np0000004493 nova-scheduler[93186]: DEBUG oslo_concurrency.lockutils [None req-7fb14118-d9b7-4c27-b051-fc9acc1f0978 tempest-DeleteServersTestJSON-584621188 tempest-DeleteServersTestJSON-584621188-project-member] Lock "4f835cb8-95c1-4f8c-9ead-98f8832eb64b" "released" by "nova.context.set_target_cell..get_or_set_cached_cell_and_set_connections" :: held 0.000s {{(pid=93186) inner /opt/stack/data/venv/lib/python3.12/site-packages/oslo_concurrency/lockutils.py:543}}
Jul 04 00:26:51.827653 np0000004493 nova-scheduler[93186]: DEBUG oslo_concurrency.lockutils [None req-7fb14118-d9b7-4c27-b051-fc9acc1f0978 tempest-DeleteServersTestJSON-584621188 tempest-DeleteServersTestJSON-584621188-project-member] Acquiring lock "np0000004493-np0000004493" by "nova.scheduler.host_manager.HostState.update.._locked_update" {{(pid=93186) inner /opt/stack/data/venv/lib/python3.12/site-packages/oslo_concurrency/lockutils.py:511}}
Jul 04 00:26:51.827768 np0000004493 nova-scheduler[93186]: DEBUG oslo_concurrency.lockutils [None req-7fb14118-d9b7-4c27-b051-fc9acc1f0978 tempest-DeleteServersTestJSON-584621188 tempest-DeleteServersTestJSON-584621188-project-member] Lock "np0000004493-np0000004493" acquired by "nova.scheduler.host_manager.HostState.update.._locked_update" :: waited 0.000s {{(pid=93186) inner /opt/stack/data/venv/lib/python3.12/site-packages/oslo_concurrency/lockutils.py:524}}
Jul 04 00:26:51.828534 np0000004493 nova-scheduler[93186]: DEBUG nova.scheduler.host_manager [None req-7fb14118-d9b7-4c27-b051-fc9acc1f0978 tempest-DeleteServersTestJSON-584621188 tempest-DeleteServersTestJSON-584621188-project-member] Update host state from compute node: ComputeNode(cpu_allocation_ratio=4.0,cpu_info='{"arch": "x86_64", "model": "EPYC-Milan", "vendor": "AMD", "topology": {"cells": 1, "sockets": 16, "cores": 1, "threads": 1}, "maxphysaddr": {"mode": "emulate", "bits": 40}, "features": ["sse4a", "pku", "clwb", "sha-ni", "abm", "lahf_lm", "pfthreshold", "pause-filter", "lm", "sse4.1", "lbrv", "apic", "vmcb-clean", "rdpid", "misalignsse", "fma", "popcnt", "amd-psfd", "perfctr_core", "lfence-always-serializing", "rdseed", "vaes", "virt-ssbd", "nx", "x2apic", "fpu", "syscall", "no-nested-data-bp", "ibrs", "rdrand", "sse2", "arat", "erms", "amd-ssbd", "hypervisor", "smep", "fsgsbase", "svme-addr-chk", "vpclmulqdq", "sse4.2", "avx", "3dnowprefetch", "pclmuldq", "ibpb", "mmxext", "pse36", "svm", "tsc_adjust", "null-sel-clr-base", "cx8", "smap", "mce", "movbe", "pse", "cr8legacy", "bmi2", "spec-ctrl", "wbnoinvd", "tsc-scale", "mca", "pge", "umip", "mmx", "stibp", "pschange-mc-no", "amd-stibp", "rdctl-no", "osvw", "avx2", "fxsr_opt", "clzero", "vme", "pni", "vgif", "nrip-save", "gds-no", "v-vmsave-vmload", "pcid", "tsc-deadline", "adx", "fsrm", "clflushopt", "xsaveopt", "ssbd", "msr", "mds-no", "cmp_legacy", "pae", "aes", "rdtscp", "pdpe1gb", "f16c", "invpcid", "sep", "stibp-always-on", "xsaveerptr", "flushbyasid", "skip-l1dfl-vmentry", "pat", "de", "fxsr", "npt", "ssse3", "tsc", "clflush", "topoext", "xsave", "xsavec", "cx16", "xsaves", "sse", "mtrr", "cmov", "arch-capabilities", "xgetbv1", "bmi1"]}',created_at=2026-07-04T00:25:08Z,current_workload=0,deleted=False,deleted_at=None,disk_allocation_ratio=1.0,disk_available_least=73,free_disk_gb=95,free_ram_mb=62765,host='np0000004493',host_ip=10.4.3.94,hypervisor_hostname='np0000004493',hypervisor_type='QEMU',hypervisor_version=8002002,id=1,local_gb=95,local_gb_used=0,mapped=1,memory_mb=63277,memory_mb_used=512,metrics='[]',numa_topology='{"nova_object.name": "NUMATopology", "nova_object.namespace": "nova", "nova_object.version": "1.2", "nova_object.data": {"cells": [{"nova_object.name": "NUMACell", "nova_object.namespace": "nova", "nova_object.version": "1.5", "nova_object.data": {"id": 0, "cpuset": [0, 1, 2, 3, 4, 5, 6, 7, 8, 9, 10, 11, 12, 13, 14, 15], "pcpuset": [0, 1, 2, 3, 4, 5, 6, 7, 8, 9, 10, 11, 12, 13, 14, 15], "memory": 63277, "cpu_usage": 0, "memory_usage": 0, "pinned_cpus": [], "siblings": [[6], [12], [2], [15], [5], [11], [8], [14], [4], [1], [7], [10], [0], [13], [3], [9]], "mempages": [{"nova_object.name": "NUMAPagesTopology", "nova_object.namespace": "nova", "nova_object.version": "1.1", "nova_object.data": {"size_kb": 4, "total": 16177928, "used": 0, "reserved": 0}, "nova_object.changes": ["used", "total", "reserved", "size_kb"]}, {"nova_object.name": "NUMAPagesTopology", "nova_object.namespace": "nova", "nova_object.version": "1.1", "nova_object.data": {"size_kb": 2048, "total": 41, "used": 0, "reserved": 0}, "nova_object.changes": ["used", "total", "reserved", "size_kb"]}, {"nova_object.name": "NUMAPagesTopology", "nova_object.namespace": "nova", "nova_object.version": "1.1", "nova_object.data": {"size_kb": 1048576, "total": 0, "used": 0, "reserved": 0}, "nova_object.changes": ["used", "total", "reserved", "size_kb"]}], "network_metadata": {"nova_object.name": "NetworkMetadata", "nova_object.namespace": "nova", "nova_object.version": "1.0", "nova_object.data": {"physnets": [], "tunneled": false}, "nova_object.changes": ["tunneled", "physnets"]}, "socket": null}, "nova_object.changes": ["cpuset", "siblings", "pcpuset", "network_metadata", "memory", "memory_usage", "mempages", "pinned_cpus", "socket", "id", "cpu_usage"]}]}, "nova_object.changes": ["cells"]}',pci_device_pools=PciDevicePoolList,ram_allocation_ratio=1.0,running_vms=0,service_id=3,stats={failed_builds='0',uptime=' 00:25:50 up 12 min, 2 users, load average: 1.83, 1.66, 0.89
Jul 04 00:26:51.828534 np0000004493 nova-scheduler[93186]: '},supported_hv_specs=[HVSpec,HVSpec,HVSpec,HVSpec,HVSpec,HVSpec,HVSpec,HVSpec,HVSpec,HVSpec,HVSpec,HVSpec,HVSpec,HVSpec,HVSpec,HVSpec,HVSpec,HVSpec,HVSpec,HVSpec,HVSpec,HVSpec,HVSpec,HVSpec,HVSpec],updated_at=2026-07-04T00:25:52Z,uuid=752d3e68-d778-43ce-abda-f5ba2a255441,vcpus=16,vcpus_used=0) {{(pid=93186) _locked_update /opt/stack/nova/nova/scheduler/host_manager.py:168}}
Jul 04 00:26:51.829124 np0000004493 nova-scheduler[93186]: DEBUG nova.scheduler.host_manager [None req-7fb14118-d9b7-4c27-b051-fc9acc1f0978 tempest-DeleteServersTestJSON-584621188 tempest-DeleteServersTestJSON-584621188-project-member] Update host state with aggregates: [] {{(pid=93186) _locked_update /opt/stack/nova/nova/scheduler/host_manager.py:171}}
Jul 04 00:26:51.829299 np0000004493 nova-scheduler[93186]: DEBUG nova.scheduler.host_manager [None req-7fb14118-d9b7-4c27-b051-fc9acc1f0978 tempest-DeleteServersTestJSON-584621188 tempest-DeleteServersTestJSON-584621188-project-member] Update host state with service dict: {'id': 3, 'uuid': 'fe51e3b1-e129-41c0-81aa-617f086f008a', 'host': 'np0000004493', 'binary': 'nova-compute', 'topic': 'compute', 'report_count': 1, 'disabled': False, 'disabled_reason': None, 'last_seen_up': datetime.datetime(2026, 7, 4, 0, 25, 17, tzinfo=datetime.timezone.utc), 'forced_down': False, 'version': 72, 'created_at': datetime.datetime(2026, 7, 4, 0, 25, 6, tzinfo=datetime.timezone.utc), 'updated_at': datetime.datetime(2026, 7, 4, 0, 25, 17, tzinfo=datetime.timezone.utc), 'deleted_at': None, 'deleted': False} {{(pid=93186) _locked_update /opt/stack/nova/nova/scheduler/host_manager.py:174}}
Jul 04 00:26:51.829348 np0000004493 nova-scheduler[93186]: DEBUG nova.scheduler.host_manager [None req-7fb14118-d9b7-4c27-b051-fc9acc1f0978 tempest-DeleteServersTestJSON-584621188 tempest-DeleteServersTestJSON-584621188-project-member] Update host state with instances: [] {{(pid=93186) _locked_update /opt/stack/nova/nova/scheduler/host_manager.py:177}}
Jul 04 00:26:51.829448 np0000004493 nova-scheduler[93186]: DEBUG oslo_concurrency.lockutils [None req-7fb14118-d9b7-4c27-b051-fc9acc1f0978 tempest-DeleteServersTestJSON-584621188 tempest-DeleteServersTestJSON-584621188-project-member] Lock "np0000004493-np0000004493" "released" by "nova.scheduler.host_manager.HostState.update.._locked_update" :: held 0.002s {{(pid=93186) inner /opt/stack/data/venv/lib/python3.12/site-packages/oslo_concurrency/lockutils.py:543}}
Jul 04 00:26:51.829773 np0000004493 nova-scheduler[93186]: DEBUG nova.filters [None req-7fb14118-d9b7-4c27-b051-fc9acc1f0978 tempest-DeleteServersTestJSON-584621188 tempest-DeleteServersTestJSON-584621188-project-member] Starting with 1 host(s) {{(pid=93186) get_filtered_objects /opt/stack/nova/nova/filters.py:70}}
Jul 04 00:26:51.829941 np0000004493 nova-scheduler[93186]: DEBUG nova.filters [None req-7fb14118-d9b7-4c27-b051-fc9acc1f0978 tempest-DeleteServersTestJSON-584621188 tempest-DeleteServersTestJSON-584621188-project-member] Filter ComputeFilter returned 1 host(s) {{(pid=93186) get_filtered_objects /opt/stack/nova/nova/filters.py:102}}
Jul 04 00:26:51.830535 np0000004493 nova-scheduler[93186]: DEBUG nova.filters [None req-7fb14118-d9b7-4c27-b051-fc9acc1f0978 tempest-DeleteServersTestJSON-584621188 tempest-DeleteServersTestJSON-584621188-project-member] Filter ComputeCapabilitiesFilter returned 1 host(s) {{(pid=93186) get_filtered_objects /opt/stack/nova/nova/filters.py:102}}
Jul 04 00:26:51.830535 np0000004493 nova-scheduler[93186]: DEBUG nova.filters [None req-7fb14118-d9b7-4c27-b051-fc9acc1f0978 tempest-DeleteServersTestJSON-584621188 tempest-DeleteServersTestJSON-584621188-project-member] Filter ImagePropertiesFilter returned 1 host(s) {{(pid=93186) get_filtered_objects /opt/stack/nova/nova/filters.py:102}}
Jul 04 00:26:51.830535 np0000004493 nova-scheduler[93186]: DEBUG nova.filters [None req-7fb14118-d9b7-4c27-b051-fc9acc1f0978 tempest-DeleteServersTestJSON-584621188 tempest-DeleteServersTestJSON-584621188-project-member] Filter ServerGroupAntiAffinityFilter returned 1 host(s) {{(pid=93186) get_filtered_objects /opt/stack/nova/nova/filters.py:102}}
Jul 04 00:26:51.830535 np0000004493 nova-scheduler[93186]: DEBUG nova.filters [None req-7fb14118-d9b7-4c27-b051-fc9acc1f0978 tempest-DeleteServersTestJSON-584621188 tempest-DeleteServersTestJSON-584621188-project-member] Filter ServerGroupAffinityFilter returned 1 host(s) {{(pid=93186) get_filtered_objects /opt/stack/nova/nova/filters.py:102}}
Jul 04 00:26:51.830535 np0000004493 nova-scheduler[93186]: DEBUG nova.filters [None req-7fb14118-d9b7-4c27-b051-fc9acc1f0978 tempest-DeleteServersTestJSON-584621188 tempest-DeleteServersTestJSON-584621188-project-member] Filter SameHostFilter returned 1 host(s) {{(pid=93186) get_filtered_objects /opt/stack/nova/nova/filters.py:102}}
Jul 04 00:26:51.830726 np0000004493 nova-scheduler[93186]: DEBUG nova.filters [None req-7fb14118-d9b7-4c27-b051-fc9acc1f0978 tempest-DeleteServersTestJSON-584621188 tempest-DeleteServersTestJSON-584621188-project-member] Filter DifferentHostFilter returned 1 host(s) {{(pid=93186) get_filtered_objects /opt/stack/nova/nova/filters.py:102}}
Jul 04 00:26:51.830726 np0000004493 nova-scheduler[93186]: DEBUG nova.scheduler.manager [None req-7fb14118-d9b7-4c27-b051-fc9acc1f0978 tempest-DeleteServersTestJSON-584621188 tempest-DeleteServersTestJSON-584621188-project-member] Filtered [(np0000004493, np0000004493) ram: 62765MB disk: 74752MB io_ops: 0 instances: 0, allocation_candidates: 1] {{(pid=93186) _get_sorted_hosts /opt/stack/nova/nova/scheduler/manager.py:742}}
Jul 04 00:26:51.830931 np0000004493 nova-scheduler[93186]: DEBUG nova.scheduler.manager [None req-7fb14118-d9b7-4c27-b051-fc9acc1f0978 tempest-DeleteServersTestJSON-584621188 tempest-DeleteServersTestJSON-584621188-project-member] Weighed [WeighedHost [host: (np0000004493, np0000004493) ram: 62765MB disk: 74752MB io_ops: 0 instances: 0, allocation_candidates: 1, weight: 0.0]] {{(pid=93186) _get_sorted_hosts /opt/stack/nova/nova/scheduler/manager.py:764}}
Jul 04 00:26:51.831108 np0000004493 nova-scheduler[93186]: DEBUG nova.scheduler.utils [None req-7fb14118-d9b7-4c27-b051-fc9acc1f0978 tempest-DeleteServersTestJSON-584621188 tempest-DeleteServersTestJSON-584621188-project-member] Attempting to claim resources in the placement API for instance d04cd1d5-81fc-426b-bde7-3cf6a1152b00 {{(pid=93186) claim_resources /opt/stack/nova/nova/scheduler/utils.py:1345}}
Jul 04 00:26:51.950237 np0000004493 nova-scheduler[93186]: DEBUG nova.scheduler.manager [None req-7fb14118-d9b7-4c27-b051-fc9acc1f0978 tempest-DeleteServersTestJSON-584621188 tempest-DeleteServersTestJSON-584621188-project-member] [instance: d04cd1d5-81fc-426b-bde7-3cf6a1152b00] Selected host: (np0000004493, np0000004493) ram: 62765MB disk: 74752MB io_ops: 0 instances: 0, allocation_candidates: 1 {{(pid=93186) _consume_selected_host /opt/stack/nova/nova/scheduler/manager.py:624}}
Jul 04 00:26:51.950469 np0000004493 nova-scheduler[93186]: DEBUG oslo_concurrency.lockutils [None req-7fb14118-d9b7-4c27-b051-fc9acc1f0978 tempest-DeleteServersTestJSON-584621188 tempest-DeleteServersTestJSON-584621188-project-member] Acquiring lock "np0000004493-np0000004493" by "nova.scheduler.host_manager.HostState.consume_from_request.._locked" {{(pid=93186) inner /opt/stack/data/venv/lib/python3.12/site-packages/oslo_concurrency/lockutils.py:511}}
Jul 04 00:26:51.950628 np0000004493 nova-scheduler[93186]: DEBUG oslo_concurrency.lockutils [None req-7fb14118-d9b7-4c27-b051-fc9acc1f0978 tempest-DeleteServersTestJSON-584621188 tempest-DeleteServersTestJSON-584621188-project-member] Lock "np0000004493-np0000004493" acquired by "nova.scheduler.host_manager.HostState.consume_from_request.._locked" :: waited 0.000s {{(pid=93186) inner /opt/stack/data/venv/lib/python3.12/site-packages/oslo_concurrency/lockutils.py:524}}
Jul 04 00:26:51.950836 np0000004493 nova-scheduler[93186]: DEBUG oslo_concurrency.lockutils [None req-7fb14118-d9b7-4c27-b051-fc9acc1f0978 tempest-DeleteServersTestJSON-584621188 tempest-DeleteServersTestJSON-584621188-project-member] Lock "np0000004493-np0000004493" "released" by "nova.scheduler.host_manager.HostState.consume_from_request.._locked" :: held 0.000s {{(pid=93186) inner /opt/stack/data/venv/lib/python3.12/site-packages/oslo_concurrency/lockutils.py:543}}
Jul 04 00:26:56.664098 np0000004493 nova-scheduler[93182]: DEBUG nova.scheduler.manager [None req-93290d4c-c2c5-47cf-8083-b2531c810873 tempest-AttachVolumeNegativeTest-1633100273 tempest-AttachVolumeNegativeTest-1633100273-project-member] Starting to schedule for instances: ['2a6d4a08-3d21-401b-b3e7-a456198973d6'] {{(pid=93182) select_destinations /opt/stack/nova/nova/scheduler/manager.py:209}}
Jul 04 00:26:56.665563 np0000004493 nova-scheduler[93182]: DEBUG nova.scheduler.request_filter [None req-93290d4c-c2c5-47cf-8083-b2531c810873 tempest-AttachVolumeNegativeTest-1633100273 tempest-AttachVolumeNegativeTest-1633100273-project-member] compute_status_filter request filter added forbidden trait COMPUTE_STATUS_DISABLED {{(pid=93182) compute_status_filter /opt/stack/nova/nova/scheduler/request_filter.py:253}}
Jul 04 00:26:56.665563 np0000004493 nova-scheduler[93182]: DEBUG nova.scheduler.request_filter [None req-93290d4c-c2c5-47cf-8083-b2531c810873 tempest-AttachVolumeNegativeTest-1633100273 tempest-AttachVolumeNegativeTest-1633100273-project-member] Request filter 'compute_status_filter' took 0.0 seconds {{(pid=93182) wrapper /opt/stack/nova/nova/scheduler/request_filter.py:46}}
Jul 04 00:26:56.665563 np0000004493 nova-scheduler[93182]: DEBUG nova.scheduler.request_filter [None req-93290d4c-c2c5-47cf-8083-b2531c810873 tempest-AttachVolumeNegativeTest-1633100273 tempest-AttachVolumeNegativeTest-1633100273-project-member] Request filter 'accelerators_filter' took 0.0 seconds {{(pid=93182) wrapper /opt/stack/nova/nova/scheduler/request_filter.py:46}}
Jul 04 00:26:56.665714 np0000004493 nova-scheduler[93182]: DEBUG nova.scheduler.request_filter [None req-93290d4c-c2c5-47cf-8083-b2531c810873 tempest-AttachVolumeNegativeTest-1633100273 tempest-AttachVolumeNegativeTest-1633100273-project-member] Request filter 'packed_virtqueue_filter' took 0.0 seconds {{(pid=93182) wrapper /opt/stack/nova/nova/scheduler/request_filter.py:46}}
Jul 04 00:26:56.665906 np0000004493 nova-scheduler[93182]: DEBUG nova.scheduler.request_filter [None req-93290d4c-c2c5-47cf-8083-b2531c810873 tempest-AttachVolumeNegativeTest-1633100273 tempest-AttachVolumeNegativeTest-1633100273-project-member] Request filter 'remote_managed_ports_filter' took 0.0 seconds {{(pid=93182) wrapper /opt/stack/nova/nova/scheduler/request_filter.py:46}}
Jul 04 00:26:56.666075 np0000004493 nova-scheduler[93182]: DEBUG nova.scheduler.request_filter [None req-93290d4c-c2c5-47cf-8083-b2531c810873 tempest-AttachVolumeNegativeTest-1633100273 tempest-AttachVolumeNegativeTest-1633100273-project-member] ephemeral_encryption_filter skipped {{(pid=93182) ephemeral_encryption_filter /opt/stack/nova/nova/scheduler/request_filter.py:426}}
Jul 04 00:26:56.666257 np0000004493 nova-scheduler[93182]: DEBUG nova.scheduler.request_filter [None req-93290d4c-c2c5-47cf-8083-b2531c810873 tempest-AttachVolumeNegativeTest-1633100273 tempest-AttachVolumeNegativeTest-1633100273-project-member] virtio_sound_filter skipped {{(pid=93182) virtio_sound_filter /opt/stack/nova/nova/scheduler/request_filter.py:460}}
Jul 04 00:26:56.666430 np0000004493 nova-scheduler[93182]: DEBUG nova.scheduler.request_filter [None req-93290d4c-c2c5-47cf-8083-b2531c810873 tempest-AttachVolumeNegativeTest-1633100273 tempest-AttachVolumeNegativeTest-1633100273-project-member] tpm_secret_security_filter skipped {{(pid=93182) tpm_secret_security_filter /opt/stack/nova/nova/scheduler/request_filter.py:477}}
Jul 04 00:26:56.765199 np0000004493 nova-scheduler[93180]: DEBUG nova.scheduler.manager [None req-63a279a5-af43-4f39-a55d-bce79df90870 tempest-ServerActionsTestOtherB-507564981 tempest-ServerActionsTestOtherB-507564981-project-member] Starting to schedule for instances: ['cf1d5747-061d-484d-be96-ffd029d2a504'] {{(pid=93180) select_destinations /opt/stack/nova/nova/scheduler/manager.py:209}}
Jul 04 00:26:56.766796 np0000004493 nova-scheduler[93180]: DEBUG nova.scheduler.request_filter [None req-63a279a5-af43-4f39-a55d-bce79df90870 tempest-ServerActionsTestOtherB-507564981 tempest-ServerActionsTestOtherB-507564981-project-member] compute_status_filter request filter added forbidden trait COMPUTE_STATUS_DISABLED {{(pid=93180) compute_status_filter /opt/stack/nova/nova/scheduler/request_filter.py:253}}
Jul 04 00:26:56.768775 np0000004493 nova-scheduler[93180]: DEBUG nova.scheduler.request_filter [None req-63a279a5-af43-4f39-a55d-bce79df90870 tempest-ServerActionsTestOtherB-507564981 tempest-ServerActionsTestOtherB-507564981-project-member] Request filter 'compute_status_filter' took 0.0 seconds {{(pid=93180) wrapper /opt/stack/nova/nova/scheduler/request_filter.py:46}}
Jul 04 00:26:56.768775 np0000004493 nova-scheduler[93180]: DEBUG nova.scheduler.request_filter [None req-63a279a5-af43-4f39-a55d-bce79df90870 tempest-ServerActionsTestOtherB-507564981 tempest-ServerActionsTestOtherB-507564981-project-member] Request filter 'accelerators_filter' took 0.0 seconds {{(pid=93180) wrapper /opt/stack/nova/nova/scheduler/request_filter.py:46}}
Jul 04 00:26:56.769298 np0000004493 nova-scheduler[93186]: DEBUG nova.scheduler.manager [None req-8baef559-71f9-4da0-abb8-44c59c752dc9 tempest-ServerActionsTestOtherA-1669814964 tempest-ServerActionsTestOtherA-1669814964-project-member] Starting to schedule for instances: ['c2c80b21-b2ed-4929-bd4f-6e981b694205'] {{(pid=93186) select_destinations /opt/stack/nova/nova/scheduler/manager.py:209}}
Jul 04 00:26:56.769529 np0000004493 nova-scheduler[93180]: DEBUG nova.scheduler.request_filter [None req-63a279a5-af43-4f39-a55d-bce79df90870 tempest-ServerActionsTestOtherB-507564981 tempest-ServerActionsTestOtherB-507564981-project-member] Request filter 'packed_virtqueue_filter' took 0.0 seconds {{(pid=93180) wrapper /opt/stack/nova/nova/scheduler/request_filter.py:46}}
Jul 04 00:26:56.769577 np0000004493 nova-scheduler[93186]: DEBUG nova.scheduler.request_filter [None req-8baef559-71f9-4da0-abb8-44c59c752dc9 tempest-ServerActionsTestOtherA-1669814964 tempest-ServerActionsTestOtherA-1669814964-project-member] compute_status_filter request filter added forbidden trait COMPUTE_STATUS_DISABLED {{(pid=93186) compute_status_filter /opt/stack/nova/nova/scheduler/request_filter.py:253}}
Jul 04 00:26:56.769577 np0000004493 nova-scheduler[93186]: DEBUG nova.scheduler.request_filter [None req-8baef559-71f9-4da0-abb8-44c59c752dc9 tempest-ServerActionsTestOtherA-1669814964 tempest-ServerActionsTestOtherA-1669814964-project-member] Request filter 'compute_status_filter' took 0.0 seconds {{(pid=93186) wrapper /opt/stack/nova/nova/scheduler/request_filter.py:46}}
Jul 04 00:26:56.769577 np0000004493 nova-scheduler[93186]: DEBUG nova.scheduler.request_filter [None req-8baef559-71f9-4da0-abb8-44c59c752dc9 tempest-ServerActionsTestOtherA-1669814964 tempest-ServerActionsTestOtherA-1669814964-project-member] Request filter 'accelerators_filter' took 0.0 seconds {{(pid=93186) wrapper /opt/stack/nova/nova/scheduler/request_filter.py:46}}
Jul 04 00:26:56.769577 np0000004493 nova-scheduler[93186]: DEBUG nova.scheduler.request_filter [None req-8baef559-71f9-4da0-abb8-44c59c752dc9 tempest-ServerActionsTestOtherA-1669814964 tempest-ServerActionsTestOtherA-1669814964-project-member] Request filter 'packed_virtqueue_filter' took 0.0 seconds {{(pid=93186) wrapper /opt/stack/nova/nova/scheduler/request_filter.py:46}}
Jul 04 00:26:56.769577 np0000004493 nova-scheduler[93186]: DEBUG nova.scheduler.request_filter [None req-8baef559-71f9-4da0-abb8-44c59c752dc9 tempest-ServerActionsTestOtherA-1669814964 tempest-ServerActionsTestOtherA-1669814964-project-member] Request filter 'remote_managed_ports_filter' took 0.0 seconds {{(pid=93186) wrapper /opt/stack/nova/nova/scheduler/request_filter.py:46}}
Jul 04 00:26:56.769577 np0000004493 nova-scheduler[93186]: DEBUG nova.scheduler.request_filter [None req-8baef559-71f9-4da0-abb8-44c59c752dc9 tempest-ServerActionsTestOtherA-1669814964 tempest-ServerActionsTestOtherA-1669814964-project-member] ephemeral_encryption_filter skipped {{(pid=93186) ephemeral_encryption_filter /opt/stack/nova/nova/scheduler/request_filter.py:426}}
Jul 04 00:26:56.769734 np0000004493 nova-scheduler[93180]: DEBUG nova.scheduler.request_filter [None req-63a279a5-af43-4f39-a55d-bce79df90870 tempest-ServerActionsTestOtherB-507564981 tempest-ServerActionsTestOtherB-507564981-project-member] Request filter 'remote_managed_ports_filter' took 0.0 seconds {{(pid=93180) wrapper /opt/stack/nova/nova/scheduler/request_filter.py:46}}
Jul 04 00:26:56.769765 np0000004493 nova-scheduler[93186]: DEBUG nova.scheduler.request_filter [None req-8baef559-71f9-4da0-abb8-44c59c752dc9 tempest-ServerActionsTestOtherA-1669814964 tempest-ServerActionsTestOtherA-1669814964-project-member] virtio_sound_filter skipped {{(pid=93186) virtio_sound_filter /opt/stack/nova/nova/scheduler/request_filter.py:460}}
Jul 04 00:26:56.769765 np0000004493 nova-scheduler[93186]: DEBUG nova.scheduler.request_filter [None req-8baef559-71f9-4da0-abb8-44c59c752dc9 tempest-ServerActionsTestOtherA-1669814964 tempest-ServerActionsTestOtherA-1669814964-project-member] tpm_secret_security_filter skipped {{(pid=93186) tpm_secret_security_filter /opt/stack/nova/nova/scheduler/request_filter.py:477}}
Jul 04 00:26:56.769811 np0000004493 nova-scheduler[93180]: DEBUG nova.scheduler.request_filter [None req-63a279a5-af43-4f39-a55d-bce79df90870 tempest-ServerActionsTestOtherB-507564981 tempest-ServerActionsTestOtherB-507564981-project-member] ephemeral_encryption_filter skipped {{(pid=93180) ephemeral_encryption_filter /opt/stack/nova/nova/scheduler/request_filter.py:426}}
Jul 04 00:26:56.769811 np0000004493 nova-scheduler[93180]: DEBUG nova.scheduler.request_filter [None req-63a279a5-af43-4f39-a55d-bce79df90870 tempest-ServerActionsTestOtherB-507564981 tempest-ServerActionsTestOtherB-507564981-project-member] virtio_sound_filter skipped {{(pid=93180) virtio_sound_filter /opt/stack/nova/nova/scheduler/request_filter.py:460}}
Jul 04 00:26:56.769811 np0000004493 nova-scheduler[93180]: DEBUG nova.scheduler.request_filter [None req-63a279a5-af43-4f39-a55d-bce79df90870 tempest-ServerActionsTestOtherB-507564981 tempest-ServerActionsTestOtherB-507564981-project-member] tpm_secret_security_filter skipped {{(pid=93180) tpm_secret_security_filter /opt/stack/nova/nova/scheduler/request_filter.py:477}}
Jul 04 00:26:56.827959 np0000004493 nova-scheduler[93182]: INFO nova.utils [None req-93290d4c-c2c5-47cf-8083-b2531c810873 tempest-AttachVolumeNegativeTest-1633100273 tempest-AttachVolumeNegativeTest-1633100273-project-member] The cell worker thread pool ForkProcess-2.cell_worker is initialized
