Jul 04 00:24:47.316331 np0000004493 nova-conductor[95598]: DEBUG cotyledon.oslo_config_glue [-] oslo_limit.auth_section = None {{(pid=95598) log_opt_values /opt/stack/data/venv/lib/python3.12/site-packages/oslo_config/cfg.py:3253}}
Jul 04 00:24:47.316331 np0000004493 nova-conductor[95598]: DEBUG cotyledon.oslo_config_glue [-] oslo_limit.auth_type = None {{(pid=95598) log_opt_values /opt/stack/data/venv/lib/python3.12/site-packages/oslo_config/cfg.py:3253}}
Jul 04 00:24:47.316331 np0000004493 nova-conductor[95598]: DEBUG cotyledon.oslo_config_glue [-] oslo_limit.cafile = None {{(pid=95598) log_opt_values /opt/stack/data/venv/lib/python3.12/site-packages/oslo_config/cfg.py:3253}}
Jul 04 00:24:47.316811 np0000004493 nova-conductor[95598]: DEBUG cotyledon.oslo_config_glue [-] oslo_limit.certfile = None {{(pid=95598) log_opt_values /opt/stack/data/venv/lib/python3.12/site-packages/oslo_config/cfg.py:3253}}
Jul 04 00:24:47.316811 np0000004493 nova-conductor[95598]: DEBUG cotyledon.oslo_config_glue [-] oslo_limit.collect_timing = False {{(pid=95598) log_opt_values /opt/stack/data/venv/lib/python3.12/site-packages/oslo_config/cfg.py:3253}}
Jul 04 00:24:47.316811 np0000004493 nova-conductor[95598]: DEBUG cotyledon.oslo_config_glue [-] oslo_limit.connect_retries = None {{(pid=95598) log_opt_values /opt/stack/data/venv/lib/python3.12/site-packages/oslo_config/cfg.py:3253}}
Jul 04 00:24:47.316811 np0000004493 nova-conductor[95598]: DEBUG cotyledon.oslo_config_glue [-] oslo_limit.connect_retry_delay = None {{(pid=95598) log_opt_values /opt/stack/data/venv/lib/python3.12/site-packages/oslo_config/cfg.py:3253}}
Jul 04 00:24:47.316811 np0000004493 nova-conductor[95598]: DEBUG cotyledon.oslo_config_glue [-] oslo_limit.endpoint_id = None {{(pid=95598) log_opt_values /opt/stack/data/venv/lib/python3.12/site-packages/oslo_config/cfg.py:3253}}
Jul 04 00:24:47.316811 np0000004493 nova-conductor[95598]: DEBUG cotyledon.oslo_config_glue [-] oslo_limit.endpoint_interface = public {{(pid=95598) log_opt_values /opt/stack/data/venv/lib/python3.12/site-packages/oslo_config/cfg.py:3253}}
Jul 04 00:24:47.316811 np0000004493 nova-conductor[95598]: DEBUG cotyledon.oslo_config_glue [-] oslo_limit.endpoint_override = None {{(pid=95598) log_opt_values /opt/stack/data/venv/lib/python3.12/site-packages/oslo_config/cfg.py:3253}}
Jul 04 00:24:47.316811 np0000004493 nova-conductor[95598]: DEBUG cotyledon.oslo_config_glue [-] oslo_limit.endpoint_region_name = None {{(pid=95598) log_opt_values /opt/stack/data/venv/lib/python3.12/site-packages/oslo_config/cfg.py:3253}}
Jul 04 00:24:47.316811 np0000004493 nova-conductor[95598]: DEBUG cotyledon.oslo_config_glue [-] oslo_limit.endpoint_service_name = None {{(pid=95598) log_opt_values /opt/stack/data/venv/lib/python3.12/site-packages/oslo_config/cfg.py:3253}}
Jul 04 00:24:47.317281 np0000004493 nova-conductor[95598]: DEBUG cotyledon.oslo_config_glue [-] oslo_limit.endpoint_service_type = None {{(pid=95598) log_opt_values /opt/stack/data/venv/lib/python3.12/site-packages/oslo_config/cfg.py:3253}}
Jul 04 00:24:47.317281 np0000004493 nova-conductor[95598]: DEBUG cotyledon.oslo_config_glue [-] oslo_limit.insecure = False {{(pid=95598) log_opt_values /opt/stack/data/venv/lib/python3.12/site-packages/oslo_config/cfg.py:3253}}
Jul 04 00:24:47.317281 np0000004493 nova-conductor[95598]: DEBUG cotyledon.oslo_config_glue [-] oslo_limit.keyfile = None {{(pid=95598) log_opt_values /opt/stack/data/venv/lib/python3.12/site-packages/oslo_config/cfg.py:3253}}
Jul 04 00:24:47.317281 np0000004493 nova-conductor[95598]: DEBUG cotyledon.oslo_config_glue [-] oslo_limit.max_version = None {{(pid=95598) log_opt_values /opt/stack/data/venv/lib/python3.12/site-packages/oslo_config/cfg.py:3253}}
Jul 04 00:24:47.317281 np0000004493 nova-conductor[95598]: DEBUG cotyledon.oslo_config_glue [-] oslo_limit.min_version = None {{(pid=95598) log_opt_values /opt/stack/data/venv/lib/python3.12/site-packages/oslo_config/cfg.py:3253}}
Jul 04 00:24:47.317473 np0000004493 nova-conductor[95585]: DEBUG dbcounter [-] [95585] Writer thread running {{(pid=95585) stat_writer /opt/stack/data/venv/lib/python3.12/site-packages/dbcounter.py:102}}
Jul 04 00:24:47.317521 np0000004493 nova-conductor[95598]: DEBUG cotyledon.oslo_config_glue [-] oslo_limit.region_name = None {{(pid=95598) log_opt_values /opt/stack/data/venv/lib/python3.12/site-packages/oslo_config/cfg.py:3253}}
Jul 04 00:24:47.317521 np0000004493 nova-conductor[95598]: DEBUG cotyledon.oslo_config_glue [-] oslo_limit.retriable_status_codes = None {{(pid=95598) log_opt_values /opt/stack/data/venv/lib/python3.12/site-packages/oslo_config/cfg.py:3253}}
Jul 04 00:24:47.317521 np0000004493 nova-conductor[95598]: DEBUG cotyledon.oslo_config_glue [-] oslo_limit.service_name = None {{(pid=95598) log_opt_values /opt/stack/data/venv/lib/python3.12/site-packages/oslo_config/cfg.py:3253}}
Jul 04 00:24:47.317521 np0000004493 nova-conductor[95598]: DEBUG cotyledon.oslo_config_glue [-] oslo_limit.service_type = None {{(pid=95598) log_opt_values /opt/stack/data/venv/lib/python3.12/site-packages/oslo_config/cfg.py:3253}}
Jul 04 00:24:47.317521 np0000004493 nova-conductor[95598]: DEBUG cotyledon.oslo_config_glue [-] oslo_limit.split_loggers = False {{(pid=95598) log_opt_values /opt/stack/data/venv/lib/python3.12/site-packages/oslo_config/cfg.py:3253}}
Jul 04 00:24:47.317521 np0000004493 nova-conductor[95598]: DEBUG cotyledon.oslo_config_glue [-] oslo_limit.status_code_retries = None {{(pid=95598) log_opt_values /opt/stack/data/venv/lib/python3.12/site-packages/oslo_config/cfg.py:3253}}
Jul 04 00:24:47.317521 np0000004493 nova-conductor[95598]: DEBUG cotyledon.oslo_config_glue [-] oslo_limit.status_code_retry_delay = None {{(pid=95598) log_opt_values /opt/stack/data/venv/lib/python3.12/site-packages/oslo_config/cfg.py:3253}}
Jul 04 00:24:47.317521 np0000004493 nova-conductor[95598]: DEBUG cotyledon.oslo_config_glue [-] oslo_limit.timeout = None {{(pid=95598) log_opt_values /opt/stack/data/venv/lib/python3.12/site-packages/oslo_config/cfg.py:3253}}
Jul 04 00:24:47.317521 np0000004493 nova-conductor[95598]: DEBUG cotyledon.oslo_config_glue [-] oslo_limit.valid_interfaces = None {{(pid=95598) log_opt_values /opt/stack/data/venv/lib/python3.12/site-packages/oslo_config/cfg.py:3253}}
Jul 04 00:24:47.317879 np0000004493 nova-conductor[95598]: DEBUG cotyledon.oslo_config_glue [-] oslo_limit.version = None {{(pid=95598) log_opt_values /opt/stack/data/venv/lib/python3.12/site-packages/oslo_config/cfg.py:3253}}
Jul 04 00:24:47.317879 np0000004493 nova-conductor[95598]: DEBUG cotyledon.oslo_config_glue [-] oslo_reports.file_event_handler = None {{(pid=95598) log_opt_values /opt/stack/data/venv/lib/python3.12/site-packages/oslo_config/cfg.py:3253}}
Jul 04 00:24:47.317879 np0000004493 nova-conductor[95598]: DEBUG cotyledon.oslo_config_glue [-] oslo_reports.file_event_handler_interval = 1 {{(pid=95598) log_opt_values /opt/stack/data/venv/lib/python3.12/site-packages/oslo_config/cfg.py:3253}}
Jul 04 00:24:47.317879 np0000004493 nova-conductor[95598]: DEBUG cotyledon.oslo_config_glue [-] oslo_reports.log_dir = None {{(pid=95598) log_opt_values /opt/stack/data/venv/lib/python3.12/site-packages/oslo_config/cfg.py:3253}}
Jul 04 00:24:47.317879 np0000004493 nova-conductor[95598]: DEBUG cotyledon.oslo_config_glue [-] ******************************************************************************** {{(pid=95598) log_opt_values /opt/stack/data/venv/lib/python3.12/site-packages/oslo_config/cfg.py:3260}}
Jul 04 00:24:47.317879 np0000004493 nova-conductor[95598]: DEBUG cotyledon._service_worker [-] Run service ServiceWrapper(2) [95598] {{(pid=95598) wait_forever /opt/stack/data/venv/lib/python3.12/site-packages/cotyledon/_service_worker.py:218}}
Jul 04 00:24:47.317879 np0000004493 nova-conductor[95598]: INFO nova.service [-] Starting conductor node (version 33.1.0)
Jul 04 00:24:47.317879 np0000004493 nova-conductor[95598]: INFO dbcounter [None req-6fb96e53-249e-42ee-b73c-2360c30c1947 None None] Registered counter for database nova_cell0
Jul 04 00:24:47.318195 np0000004493 nova-conductor[95592]: DEBUG oslo_db.sqlalchemy.engines [None req-982574e1-02c4-4535-95f7-bf7085ae317f None None] MySQL server mode set to STRICT_TRANS_TABLES,STRICT_ALL_TABLES,NO_ZERO_IN_DATE,NO_ZERO_DATE,ERROR_FOR_DIVISION_BY_ZERO,TRADITIONAL,NO_ENGINE_SUBSTITUTION {{(pid=95592) _check_effective_sql_mode /opt/stack/data/venv/lib/python3.12/site-packages/oslo_db/sqlalchemy/engines.py:325}}
Jul 04 00:24:47.318258 np0000004493 nova-conductor[95585]: DEBUG nova.service [None req-e26fb2f0-1d67-4cdc-932b-cba629007414 None None] Creating RPC server for service: nova-conductor on topic: conductor {{(pid=95585) start /opt/stack/nova/nova/service.py:196}}
Jul 04 00:24:47.319302 np0000004493 nova-conductor[95592]: DEBUG dbcounter [-] [95592] Writer thread running {{(pid=95592) stat_writer /opt/stack/data/venv/lib/python3.12/site-packages/dbcounter.py:102}}
Jul 04 00:24:47.322633 np0000004493 nova-conductor[95592]: DEBUG nova.service [None req-982574e1-02c4-4535-95f7-bf7085ae317f None None] Creating RPC server for service: nova-conductor on topic: conductor {{(pid=95592) start /opt/stack/nova/nova/service.py:196}}
Jul 04 00:24:47.346402 np0000004493 nova-conductor[95585]: DEBUG nova.service [None req-e26fb2f0-1d67-4cdc-932b-cba629007414 None None] Join ServiceGroup membership for this service conductor {{(pid=95585) start /opt/stack/nova/nova/service.py:222}}
Jul 04 00:24:47.346626 np0000004493 nova-conductor[95585]: DEBUG nova.servicegroup.drivers.db [None req-e26fb2f0-1d67-4cdc-932b-cba629007414 None None] DB_Driver: join new ServiceGroup member np0000004493 to the conductor group, service = {{(pid=95585) join /opt/stack/nova/nova/servicegroup/drivers/db.py:44}}
Jul 04 00:24:47.346839 np0000004493 nova-conductor[95592]: DEBUG nova.service [None req-982574e1-02c4-4535-95f7-bf7085ae317f None None] Join ServiceGroup membership for this service conductor {{(pid=95592) start /opt/stack/nova/nova/service.py:222}}
Jul 04 00:24:47.347518 np0000004493 nova-conductor[95598]: DEBUG oslo_db.sqlalchemy.engines [None req-6fb96e53-249e-42ee-b73c-2360c30c1947 None None] MySQL server mode set to STRICT_TRANS_TABLES,STRICT_ALL_TABLES,NO_ZERO_IN_DATE,NO_ZERO_DATE,ERROR_FOR_DIVISION_BY_ZERO,TRADITIONAL,NO_ENGINE_SUBSTITUTION {{(pid=95598) _check_effective_sql_mode /opt/stack/data/venv/lib/python3.12/site-packages/oslo_db/sqlalchemy/engines.py:325}}
Jul 04 00:24:47.347647 np0000004493 nova-conductor[95592]: DEBUG nova.servicegroup.drivers.db [None req-982574e1-02c4-4535-95f7-bf7085ae317f None None] DB_Driver: join new ServiceGroup member np0000004493 to the conductor group, service = {{(pid=95592) join /opt/stack/nova/nova/servicegroup/drivers/db.py:44}}
Jul 04 00:24:47.349430 np0000004493 nova-conductor[95585]: DEBUG oslo.service.backend._threading.loopingcall [None req-9aa61499-506b-4f25-86e2-ec695f359ec7 None None] Dynamic interval looping call 'nova.service.Service.periodic_tasks' sleeping for 60.00 seconds {{(pid=95585) _run_loop /opt/stack/data/venv/lib/python3.12/site-packages/oslo_service/backend/_threading/loopingcall.py:125}}
Jul 04 00:24:47.357449 np0000004493 nova-conductor[95598]: DEBUG dbcounter [-] [95598] Writer thread running {{(pid=95598) stat_writer /opt/stack/data/venv/lib/python3.12/site-packages/dbcounter.py:102}}
Jul 04 00:24:47.360400 np0000004493 nova-conductor[95598]: DEBUG nova.service [None req-6fb96e53-249e-42ee-b73c-2360c30c1947 None None] Creating RPC server for service: nova-conductor on topic: conductor {{(pid=95598) start /opt/stack/nova/nova/service.py:196}}
Jul 04 00:24:47.377328 np0000004493 nova-conductor[95598]: DEBUG nova.service [None req-6fb96e53-249e-42ee-b73c-2360c30c1947 None None] Join ServiceGroup membership for this service conductor {{(pid=95598) start /opt/stack/nova/nova/service.py:222}}
Jul 04 00:24:47.377571 np0000004493 nova-conductor[95598]: DEBUG nova.servicegroup.drivers.db [None req-6fb96e53-249e-42ee-b73c-2360c30c1947 None None] DB_Driver: join new ServiceGroup member np0000004493 to the conductor group, service = {{(pid=95598) join /opt/stack/nova/nova/servicegroup/drivers/db.py:44}}
Jul 04 00:24:52.360840 np0000004493 nova-conductor[95585]: DEBUG oslo.service.backend._threading.loopingcall [-] Fixed interval looping call 'nova.servicegroup.drivers.db.DbDriver._report_state' sleeping for 119.99 seconds {{(pid=95585) _run_loop /opt/stack/data/venv/lib/python3.12/site-packages/oslo_service/backend/_threading/loopingcall.py:125}}
Jul 04 00:24:52.361911 np0000004493 nova-conductor[95592]: DEBUG oslo.service.backend._threading.loopingcall [-] Fixed interval looping call 'nova.servicegroup.drivers.db.DbDriver._report_state' sleeping for 119.99 seconds {{(pid=95592) _run_loop /opt/stack/data/venv/lib/python3.12/site-packages/oslo_service/backend/_threading/loopingcall.py:125}}
Jul 04 00:24:52.391548 np0000004493 nova-conductor[95598]: DEBUG oslo.service.backend._threading.loopingcall [-] Fixed interval looping call 'nova.servicegroup.drivers.db.DbDriver._report_state' sleeping for 119.99 seconds {{(pid=95598) _run_loop /opt/stack/data/venv/lib/python3.12/site-packages/oslo_service/backend/_threading/loopingcall.py:125}}
Jul 04 00:24:55.946679 np0000004493 nova-conductor[94115]: DEBUG dbcounter [-] [94115] Writing DB stats nova_api:SELECT=1 {{(pid=94115) stat_writer /opt/stack/data/venv/lib/python3.12/site-packages/dbcounter.py:115}}
Jul 04 00:24:56.062817 np0000004493 nova-conductor[94115]: DEBUG dbcounter [-] [94115] Writing DB stats nova_cell0:SELECT=1 {{(pid=94115) stat_writer /opt/stack/data/venv/lib/python3.12/site-packages/dbcounter.py:115}}
Jul 04 00:24:56.067786 np0000004493 nova-conductor[94115]: DEBUG dbcounter [-] [94115] Writing DB stats nova_cell1:SELECT=1 {{(pid=94115) stat_writer /opt/stack/data/venv/lib/python3.12/site-packages/dbcounter.py:115}}
Jul 04 00:25:02.356625 np0000004493 nova-conductor[95585]: DEBUG dbcounter [-] [95585] Writing DB stats nova_cell0:SELECT=4,nova_cell0:INSERT=1,nova_cell0:UPDATE=1 {{(pid=95585) stat_writer /opt/stack/data/venv/lib/python3.12/site-packages/dbcounter.py:115}}
Jul 04 00:25:02.358986 np0000004493 nova-conductor[95592]: DEBUG dbcounter [-] [95592] Writing DB stats nova_cell0:SELECT=3,nova_cell0:UPDATE=1 {{(pid=95592) stat_writer /opt/stack/data/venv/lib/python3.12/site-packages/dbcounter.py:115}}
Jul 04 00:25:02.389285 np0000004493 nova-conductor[95598]: DEBUG dbcounter [-] [95598] Writing DB stats nova_cell0:SELECT=3 {{(pid=95598) stat_writer /opt/stack/data/venv/lib/python3.12/site-packages/dbcounter.py:115}}
Jul 04 00:25:09.380066 np0000004493 nova-conductor[95598]: DEBUG oslo.service.backend._threading.loopingcall [None req-3a43d889-2931-4ca2-a333-9fa85a33e5c2 None None] Dynamic interval looping call 'nova.service.Service.periodic_tasks' sleeping for 60.00 seconds {{(pid=95598) _run_loop /opt/stack/data/venv/lib/python3.12/site-packages/oslo_service/backend/_threading/loopingcall.py:125}}
Jul 04 00:25:33.349994 np0000004493 nova-conductor[95592]: DEBUG oslo.service.backend._threading.loopingcall [None req-5d42d576-a59a-4c49-960f-72359d052671 None None] Dynamic interval looping call 'nova.service.Service.periodic_tasks' sleeping for 60.00 seconds {{(pid=95592) _run_loop /opt/stack/data/venv/lib/python3.12/site-packages/oslo_service/backend/_threading/loopingcall.py:125}}
Jul 04 00:25:47.349928 np0000004493 nova-conductor[95585]: DEBUG oslo.service.backend._threading.loopingcall [None req-9aa61499-506b-4f25-86e2-ec695f359ec7 None None] Dynamic interval looping call 'nova.service.Service.periodic_tasks' sleeping for 60.00 seconds {{(pid=95585) _run_loop /opt/stack/data/venv/lib/python3.12/site-packages/oslo_service/backend/_threading/loopingcall.py:125}}
Jul 04 00:26:09.380609 np0000004493 nova-conductor[95598]: DEBUG oslo.service.backend._threading.loopingcall [None req-3a43d889-2931-4ca2-a333-9fa85a33e5c2 None None] Dynamic interval looping call 'nova.service.Service.periodic_tasks' sleeping for 60.00 seconds {{(pid=95598) _run_loop /opt/stack/data/venv/lib/python3.12/site-packages/oslo_service/backend/_threading/loopingcall.py:125}}
Jul 04 00:26:33.351635 np0000004493 nova-conductor[95592]: DEBUG oslo.service.backend._threading.loopingcall [None req-5d42d576-a59a-4c49-960f-72359d052671 None None] Dynamic interval looping call 'nova.service.Service.periodic_tasks' sleeping for 60.00 seconds {{(pid=95592) _run_loop /opt/stack/data/venv/lib/python3.12/site-packages/oslo_service/backend/_threading/loopingcall.py:125}}
Jul 04 00:26:47.350543 np0000004493 nova-conductor[95585]: DEBUG oslo.service.backend._threading.loopingcall [None req-9aa61499-506b-4f25-86e2-ec695f359ec7 None None] Dynamic interval looping call 'nova.service.Service.periodic_tasks' sleeping for 60.00 seconds {{(pid=95585) _run_loop /opt/stack/data/venv/lib/python3.12/site-packages/oslo_service/backend/_threading/loopingcall.py:125}}
Jul 04 00:26:51.342102 np0000004493 nova-conductor[95585]: DEBUG oslo_db.sqlalchemy.engines [None req-7fb14118-d9b7-4c27-b051-fc9acc1f0978 tempest-DeleteServersTestJSON-584621188 tempest-DeleteServersTestJSON-584621188-project-member] Parent process 94115 forked (95585) with an open database connection, which is being discarded and recreated. {{(pid=95585) checkout /opt/stack/data/venv/lib/python3.12/site-packages/oslo_db/sqlalchemy/engines.py:402}}
Jul 04 00:26:51.387886 np0000004493 nova-conductor[95585]: DEBUG dbcounter [-] [95585] Writer thread running {{(pid=95585) stat_writer /opt/stack/data/venv/lib/python3.12/site-packages/dbcounter.py:102}}
Jul 04 00:26:52.366923 np0000004493 nova-conductor[95585]: DEBUG oslo.service.backend._threading.loopingcall [-] Fixed interval looping call 'nova.servicegroup.drivers.db.DbDriver._report_state' sleeping for 119.98 seconds {{(pid=95585) _run_loop /opt/stack/data/venv/lib/python3.12/site-packages/oslo_service/backend/_threading/loopingcall.py:125}}
Jul 04 00:26:52.368621 np0000004493 nova-conductor[95592]: DEBUG oslo.service.backend._threading.loopingcall [-] Fixed interval looping call 'nova.servicegroup.drivers.db.DbDriver._report_state' sleeping for 119.98 seconds {{(pid=95592) _run_loop /opt/stack/data/venv/lib/python3.12/site-packages/oslo_service/backend/_threading/loopingcall.py:125}}
Jul 04 00:26:52.385154 np0000004493 nova-conductor[95598]: DEBUG oslo.service.backend._threading.loopingcall [-] Fixed interval looping call 'nova.servicegroup.drivers.db.DbDriver._report_state' sleeping for 120.00 seconds {{(pid=95598) _run_loop /opt/stack/data/venv/lib/python3.12/site-packages/oslo_service/backend/_threading/loopingcall.py:125}}
Jul 04 00:26:52.412410 np0000004493 nova-conductor[95585]: DEBUG nova.conductor.manager [None req-7fb14118-d9b7-4c27-b051-fc9acc1f0978 tempest-DeleteServersTestJSON-584621188 tempest-DeleteServersTestJSON-584621188-project-member] Took 1.02 seconds to select destinations for 1 instance(s). {{(pid=95585) _schedule_instances /opt/stack/nova/nova/conductor/manager.py:968}}
Jul 04 00:26:52.438864 np0000004493 nova-conductor[95585]: DEBUG oslo_concurrency.lockutils [None req-7fb14118-d9b7-4c27-b051-fc9acc1f0978 tempest-DeleteServersTestJSON-584621188 tempest-DeleteServersTestJSON-584621188-project-member] Acquiring lock "4f835cb8-95c1-4f8c-9ead-98f8832eb64b" by "nova.context.set_target_cell..get_or_set_cached_cell_and_set_connections" {{(pid=95585) inner /opt/stack/data/venv/lib/python3.12/site-packages/oslo_concurrency/lockutils.py:511}}
Jul 04 00:26:52.439057 np0000004493 nova-conductor[95585]: DEBUG oslo_concurrency.lockutils [None req-7fb14118-d9b7-4c27-b051-fc9acc1f0978 tempest-DeleteServersTestJSON-584621188 tempest-DeleteServersTestJSON-584621188-project-member] Lock "4f835cb8-95c1-4f8c-9ead-98f8832eb64b" acquired by "nova.context.set_target_cell..get_or_set_cached_cell_and_set_connections" :: waited 0.000s {{(pid=95585) inner /opt/stack/data/venv/lib/python3.12/site-packages/oslo_concurrency/lockutils.py:524}}
Jul 04 00:26:52.440267 np0000004493 nova-conductor[95585]: DEBUG oslo_concurrency.lockutils [None req-7fb14118-d9b7-4c27-b051-fc9acc1f0978 tempest-DeleteServersTestJSON-584621188 tempest-DeleteServersTestJSON-584621188-project-member] Lock "4f835cb8-95c1-4f8c-9ead-98f8832eb64b" "released" by "nova.context.set_target_cell..get_or_set_cached_cell_and_set_connections" :: held 0.001s {{(pid=95585) inner /opt/stack/data/venv/lib/python3.12/site-packages/oslo_concurrency/lockutils.py:543}}
Jul 04 00:26:52.441829 np0000004493 nova-conductor[95585]: INFO dbcounter [None req-7fb14118-d9b7-4c27-b051-fc9acc1f0978 tempest-DeleteServersTestJSON-584621188 tempest-DeleteServersTestJSON-584621188-project-member] Registered counter for database nova_cell1
Jul 04 00:26:52.473318 np0000004493 nova-conductor[95585]: DEBUG oslo_db.sqlalchemy.engines [None req-7fb14118-d9b7-4c27-b051-fc9acc1f0978 tempest-DeleteServersTestJSON-584621188 tempest-DeleteServersTestJSON-584621188-project-member] MySQL server mode set to STRICT_TRANS_TABLES,STRICT_ALL_TABLES,NO_ZERO_IN_DATE,NO_ZERO_DATE,ERROR_FOR_DIVISION_BY_ZERO,TRADITIONAL,NO_ENGINE_SUBSTITUTION {{(pid=95585) _check_effective_sql_mode /opt/stack/data/venv/lib/python3.12/site-packages/oslo_db/sqlalchemy/engines.py:325}}
Jul 04 00:26:52.479093 np0000004493 nova-conductor[95585]: DEBUG dbcounter [-] [95585] Writer thread running {{(pid=95585) stat_writer /opt/stack/data/venv/lib/python3.12/site-packages/dbcounter.py:102}}
Jul 04 00:26:52.540366 np0000004493 nova-conductor[95585]: INFO nova.utils [None req-7fb14118-d9b7-4c27-b051-fc9acc1f0978 tempest-DeleteServersTestJSON-584621188 tempest-DeleteServersTestJSON-584621188-project-member] The cell worker thread pool ForkProcess-1.cell_worker is initialized
Jul 04 00:26:52.540626 np0000004493 nova-conductor[95585]: DEBUG oslo_concurrency.lockutils [None req-7fb14118-d9b7-4c27-b051-fc9acc1f0978 tempest-DeleteServersTestJSON-584621188 tempest-DeleteServersTestJSON-584621188-project-member] Acquiring lock "00000000-0000-0000-0000-000000000000" by "nova.context.set_target_cell..get_or_set_cached_cell_and_set_connections" {{(pid=95585) inner /opt/stack/data/venv/lib/python3.12/site-packages/oslo_concurrency/lockutils.py:511}}
Jul 04 00:26:52.540755 np0000004493 nova-conductor[95585]: DEBUG oslo_concurrency.lockutils [None req-7fb14118-d9b7-4c27-b051-fc9acc1f0978 tempest-DeleteServersTestJSON-584621188 tempest-DeleteServersTestJSON-584621188-project-member] Lock "00000000-0000-0000-0000-000000000000" acquired by "nova.context.set_target_cell..get_or_set_cached_cell_and_set_connections" :: waited 0.000s {{(pid=95585) inner /opt/stack/data/venv/lib/python3.12/site-packages/oslo_concurrency/lockutils.py:524}}
Jul 04 00:26:52.541087 np0000004493 nova-conductor[95585]: DEBUG oslo_concurrency.lockutils [None req-7fb14118-d9b7-4c27-b051-fc9acc1f0978 tempest-DeleteServersTestJSON-584621188 tempest-DeleteServersTestJSON-584621188-project-member] Lock "00000000-0000-0000-0000-000000000000" "released" by "nova.context.set_target_cell..get_or_set_cached_cell_and_set_connections" :: held 0.000s {{(pid=95585) inner /opt/stack/data/venv/lib/python3.12/site-packages/oslo_concurrency/lockutils.py:543}}
Jul 04 00:26:52.541697 np0000004493 nova-conductor[95585]: DEBUG oslo_concurrency.lockutils [None req-7fb14118-d9b7-4c27-b051-fc9acc1f0978 tempest-DeleteServersTestJSON-584621188 tempest-DeleteServersTestJSON-584621188-project-member] Acquiring lock "4f835cb8-95c1-4f8c-9ead-98f8832eb64b" by "nova.context.set_target_cell..get_or_set_cached_cell_and_set_connections" {{(pid=95585) inner /opt/stack/data/venv/lib/python3.12/site-packages/oslo_concurrency/lockutils.py:511}}
Jul 04 00:26:52.541830 np0000004493 nova-conductor[95585]: DEBUG oslo_concurrency.lockutils [None req-7fb14118-d9b7-4c27-b051-fc9acc1f0978 tempest-DeleteServersTestJSON-584621188 tempest-DeleteServersTestJSON-584621188-project-member] Lock "4f835cb8-95c1-4f8c-9ead-98f8832eb64b" acquired by "nova.context.set_target_cell..get_or_set_cached_cell_and_set_connections" :: waited 0.000s {{(pid=95585) inner /opt/stack/data/venv/lib/python3.12/site-packages/oslo_concurrency/lockutils.py:524}}
Jul 04 00:26:52.541932 np0000004493 nova-conductor[95585]: DEBUG oslo_concurrency.lockutils [None req-7fb14118-d9b7-4c27-b051-fc9acc1f0978 tempest-DeleteServersTestJSON-584621188 tempest-DeleteServersTestJSON-584621188-project-member] Lock "4f835cb8-95c1-4f8c-9ead-98f8832eb64b" "released" by "nova.context.set_target_cell..get_or_set_cached_cell_and_set_connections" :: held 0.000s {{(pid=95585) inner /opt/stack/data/venv/lib/python3.12/site-packages/oslo_concurrency/lockutils.py:543}}
Jul 04 00:26:52.543504 np0000004493 nova-conductor[95585]: INFO dbcounter [None req-7fb14118-d9b7-4c27-b051-fc9acc1f0978 tempest-DeleteServersTestJSON-584621188 tempest-DeleteServersTestJSON-584621188-project-member] Registered counter for database nova_cell0
Jul 04 00:26:52.577354 np0000004493 nova-conductor[95585]: DEBUG oslo_db.sqlalchemy.engines [None req-7fb14118-d9b7-4c27-b051-fc9acc1f0978 tempest-DeleteServersTestJSON-584621188 tempest-DeleteServersTestJSON-584621188-project-member] MySQL server mode set to STRICT_TRANS_TABLES,STRICT_ALL_TABLES,NO_ZERO_IN_DATE,NO_ZERO_DATE,ERROR_FOR_DIVISION_BY_ZERO,TRADITIONAL,NO_ENGINE_SUBSTITUTION {{(pid=95585) _check_effective_sql_mode /opt/stack/data/venv/lib/python3.12/site-packages/oslo_db/sqlalchemy/engines.py:325}}
Jul 04 00:26:52.582830 np0000004493 nova-conductor[95585]: DEBUG dbcounter [-] [95585] Writer thread running {{(pid=95585) stat_writer /opt/stack/data/venv/lib/python3.12/site-packages/dbcounter.py:102}}
Jul 04 00:26:52.591739 np0000004493 nova-conductor[95585]: DEBUG nova.quota [None req-7fb14118-d9b7-4c27-b051-fc9acc1f0978 tempest-DeleteServersTestJSON-584621188 tempest-DeleteServersTestJSON-584621188-project-member] Getting quotas for project eabfef8bfe8747019a08fb771b25a39f. Resources: {'cores', 'instances', 'ram'} {{(pid=95585) _get_quotas /opt/stack/nova/nova/quota.py:389}}
Jul 04 00:26:52.594516 np0000004493 nova-conductor[95585]: DEBUG nova.quota [None req-7fb14118-d9b7-4c27-b051-fc9acc1f0978 tempest-DeleteServersTestJSON-584621188 tempest-DeleteServersTestJSON-584621188-project-member] Getting quotas for user 6a1b9f66e01143499880ee2f7d5f06c9 and project eabfef8bfe8747019a08fb771b25a39f. Resources: {'cores', 'instances', 'ram'} {{(pid=95585) _get_quotas /opt/stack/nova/nova/quota.py:379}}
Jul 04 00:26:52.601527 np0000004493 nova-conductor[95585]: DEBUG nova.conductor.manager [None req-7fb14118-d9b7-4c27-b051-fc9acc1f0978 tempest-DeleteServersTestJSON-584621188 tempest-DeleteServersTestJSON-584621188-project-member] [instance: d04cd1d5-81fc-426b-bde7-3cf6a1152b00] Selected host: np0000004493; Selected node: np0000004493; Alternates: [] {{(pid=95585) schedule_and_build_instances /opt/stack/nova/nova/conductor/manager.py:1784}}
Jul 04 00:26:52.601889 np0000004493 nova-conductor[95585]: DEBUG oslo_concurrency.lockutils [None req-7fb14118-d9b7-4c27-b051-fc9acc1f0978 tempest-DeleteServersTestJSON-584621188 tempest-DeleteServersTestJSON-584621188-project-member] Acquiring lock "4f835cb8-95c1-4f8c-9ead-98f8832eb64b" by "nova.context.set_target_cell..get_or_set_cached_cell_and_set_connections" {{(pid=95585) inner /opt/stack/data/venv/lib/python3.12/site-packages/oslo_concurrency/lockutils.py:511}}
Jul 04 00:26:52.602065 np0000004493 nova-conductor[95585]: DEBUG oslo_concurrency.lockutils [None req-7fb14118-d9b7-4c27-b051-fc9acc1f0978 tempest-DeleteServersTestJSON-584621188 tempest-DeleteServersTestJSON-584621188-project-member] Lock "4f835cb8-95c1-4f8c-9ead-98f8832eb64b" acquired by "nova.context.set_target_cell..get_or_set_cached_cell_and_set_connections" :: waited 0.000s {{(pid=95585) inner /opt/stack/data/venv/lib/python3.12/site-packages/oslo_concurrency/lockutils.py:524}}
Jul 04 00:26:52.602214 np0000004493 nova-conductor[95585]: DEBUG oslo_concurrency.lockutils [None req-7fb14118-d9b7-4c27-b051-fc9acc1f0978 tempest-DeleteServersTestJSON-584621188 tempest-DeleteServersTestJSON-584621188-project-member] Lock "4f835cb8-95c1-4f8c-9ead-98f8832eb64b" "released" by "nova.context.set_target_cell..get_or_set_cached_cell_and_set_connections" :: held 0.000s {{(pid=95585) inner /opt/stack/data/venv/lib/python3.12/site-packages/oslo_concurrency/lockutils.py:543}}
Jul 04 00:26:52.610474 np0000004493 nova-conductor[95585]: DEBUG nova.conductor.manager [None req-7fb14118-d9b7-4c27-b051-fc9acc1f0978 tempest-DeleteServersTestJSON-584621188 tempest-DeleteServersTestJSON-584621188-project-member] [instance: d04cd1d5-81fc-426b-bde7-3cf6a1152b00] block_device_mapping [BlockDeviceMapping(attachment_id=,boot_index=0,connection_info=None,created_at=,delete_on_termination=True,deleted=,deleted_at=,destination_type='local',device_name=None,device_type='disk',disk_bus=None,encrypted=False,encryption_format=None,encryption_options=None,encryption_secret_uuid=None,guest_format=None,id=,image_id='5f69bb4c-9e75-40f6-99fa-b9c2b0c67575',instance=,instance_uuid=,no_device=False,snapshot_id=None,source_type='image',tag=None,updated_at=,uuid=,volume_id=None,volume_size=None,volume_type=None)] {{(pid=95585) _create_block_device_mapping /opt/stack/nova/nova/conductor/manager.py:1529}}
Jul 04 00:26:52.612260 np0000004493 nova-conductor[95585]: DEBUG oslo_concurrency.lockutils [None req-7fb14118-d9b7-4c27-b051-fc9acc1f0978 tempest-DeleteServersTestJSON-584621188 tempest-DeleteServersTestJSON-584621188-project-member] Acquiring lock "4f835cb8-95c1-4f8c-9ead-98f8832eb64b" by "nova.context.set_target_cell..get_or_set_cached_cell_and_set_connections" {{(pid=95585) inner /opt/stack/data/venv/lib/python3.12/site-packages/oslo_concurrency/lockutils.py:511}}
Jul 04 00:26:52.612462 np0000004493 nova-conductor[95585]: DEBUG oslo_concurrency.lockutils [None req-7fb14118-d9b7-4c27-b051-fc9acc1f0978 tempest-DeleteServersTestJSON-584621188 tempest-DeleteServersTestJSON-584621188-project-member] Lock "4f835cb8-95c1-4f8c-9ead-98f8832eb64b" acquired by "nova.context.set_target_cell..get_or_set_cached_cell_and_set_connections" :: waited 0.000s {{(pid=95585) inner /opt/stack/data/venv/lib/python3.12/site-packages/oslo_concurrency/lockutils.py:524}}
Jul 04 00:26:52.612586 np0000004493 nova-conductor[95585]: DEBUG oslo_concurrency.lockutils [None req-7fb14118-d9b7-4c27-b051-fc9acc1f0978 tempest-DeleteServersTestJSON-584621188 tempest-DeleteServersTestJSON-584621188-project-member] Lock "4f835cb8-95c1-4f8c-9ead-98f8832eb64b" "released" by "nova.context.set_target_cell..get_or_set_cached_cell_and_set_connections" :: held 0.000s {{(pid=95585) inner /opt/stack/data/venv/lib/python3.12/site-packages/oslo_concurrency/lockutils.py:543}}
Jul 04 00:26:52.650289 np0000004493 nova-conductor[95585]: DEBUG oslo_concurrency.lockutils [None req-7fb14118-d9b7-4c27-b051-fc9acc1f0978 tempest-DeleteServersTestJSON-584621188 tempest-DeleteServersTestJSON-584621188-project-member] Acquiring lock "4f835cb8-95c1-4f8c-9ead-98f8832eb64b" by "nova.context.set_target_cell..get_or_set_cached_cell_and_set_connections" {{(pid=95585) inner /opt/stack/data/venv/lib/python3.12/site-packages/oslo_concurrency/lockutils.py:511}}
Jul 04 00:26:52.650489 np0000004493 nova-conductor[95585]: DEBUG oslo_concurrency.lockutils [None req-7fb14118-d9b7-4c27-b051-fc9acc1f0978 tempest-DeleteServersTestJSON-584621188 tempest-DeleteServersTestJSON-584621188-project-member] Lock "4f835cb8-95c1-4f8c-9ead-98f8832eb64b" acquired by "nova.context.set_target_cell..get_or_set_cached_cell_and_set_connections" :: waited 0.000s {{(pid=95585) inner /opt/stack/data/venv/lib/python3.12/site-packages/oslo_concurrency/lockutils.py:524}}
Jul 04 00:26:52.650647 np0000004493 nova-conductor[95585]: DEBUG oslo_concurrency.lockutils [None req-7fb14118-d9b7-4c27-b051-fc9acc1f0978 tempest-DeleteServersTestJSON-584621188 tempest-DeleteServersTestJSON-584621188-project-member] Lock "4f835cb8-95c1-4f8c-9ead-98f8832eb64b" "released" by "nova.context.set_target_cell..get_or_set_cached_cell_and_set_connections" :: held 0.000s {{(pid=95585) inner /opt/stack/data/venv/lib/python3.12/site-packages/oslo_concurrency/lockutils.py:543}}
Jul 04 00:26:52.650910 np0000004493 nova-conductor[95585]: DEBUG oslo_concurrency.lockutils [None req-7fb14118-d9b7-4c27-b051-fc9acc1f0978 tempest-DeleteServersTestJSON-584621188 tempest-DeleteServersTestJSON-584621188-project-member] Acquiring lock "compute-rpcapi-router" {{(pid=95585) lock /opt/stack/data/venv/lib/python3.12/site-packages/oslo_concurrency/lockutils.py:395}}
Jul 04 00:26:52.651044 np0000004493 nova-conductor[95585]: DEBUG oslo_concurrency.lockutils [None req-7fb14118-d9b7-4c27-b051-fc9acc1f0978 tempest-DeleteServersTestJSON-584621188 tempest-DeleteServersTestJSON-584621188-project-member] Acquired lock "compute-rpcapi-router" {{(pid=95585) lock /opt/stack/data/venv/lib/python3.12/site-packages/oslo_concurrency/lockutils.py:398}}
Jul 04 00:26:52.651541 np0000004493 nova-conductor[95585]: DEBUG oslo_concurrency.lockutils [None req-6450fdf5-7b61-48e4-90af-b8d827876c8f None None] Acquiring lock "00000000-0000-0000-0000-000000000000" by "nova.context.set_target_cell..get_or_set_cached_cell_and_set_connections" {{(pid=95585) inner /opt/stack/data/venv/lib/python3.12/site-packages/oslo_concurrency/lockutils.py:511}}
Jul 04 00:26:52.651706 np0000004493 nova-conductor[95585]: DEBUG oslo_concurrency.lockutils [None req-6450fdf5-7b61-48e4-90af-b8d827876c8f None None] Lock "00000000-0000-0000-0000-000000000000" acquired by "nova.context.set_target_cell..get_or_set_cached_cell_and_set_connections" :: waited 0.000s {{(pid=95585) inner /opt/stack/data/venv/lib/python3.12/site-packages/oslo_concurrency/lockutils.py:524}}
Jul 04 00:26:52.651863 np0000004493 nova-conductor[95585]: DEBUG oslo_concurrency.lockutils [None req-6450fdf5-7b61-48e4-90af-b8d827876c8f None None] Lock "00000000-0000-0000-0000-000000000000" "released" by "nova.context.set_target_cell..get_or_set_cached_cell_and_set_connections" :: held 0.000s {{(pid=95585) inner /opt/stack/data/venv/lib/python3.12/site-packages/oslo_concurrency/lockutils.py:543}}
Jul 04 00:26:52.653106 np0000004493 nova-conductor[95585]: DEBUG oslo_concurrency.lockutils [None req-6450fdf5-7b61-48e4-90af-b8d827876c8f None None] Acquiring lock "4f835cb8-95c1-4f8c-9ead-98f8832eb64b" by "nova.context.set_target_cell..get_or_set_cached_cell_and_set_connections" {{(pid=95585) inner /opt/stack/data/venv/lib/python3.12/site-packages/oslo_concurrency/lockutils.py:511}}
Jul 04 00:26:52.653304 np0000004493 nova-conductor[95585]: DEBUG oslo_concurrency.lockutils [None req-6450fdf5-7b61-48e4-90af-b8d827876c8f None None] Lock "4f835cb8-95c1-4f8c-9ead-98f8832eb64b" acquired by "nova.context.set_target_cell..get_or_set_cached_cell_and_set_connections" :: waited 0.000s {{(pid=95585) inner /opt/stack/data/venv/lib/python3.12/site-packages/oslo_concurrency/lockutils.py:524}}
Jul 04 00:26:52.653452 np0000004493 nova-conductor[95585]: DEBUG oslo_concurrency.lockutils [None req-6450fdf5-7b61-48e4-90af-b8d827876c8f None None] Lock "4f835cb8-95c1-4f8c-9ead-98f8832eb64b" "released" by "nova.context.set_target_cell..get_or_set_cached_cell_and_set_connections" :: held 0.000s {{(pid=95585) inner /opt/stack/data/venv/lib/python3.12/site-packages/oslo_concurrency/lockutils.py:543}}
Jul 04 00:26:52.668444 np0000004493 nova-conductor[95585]: INFO nova.compute.rpcapi [None req-6450fdf5-7b61-48e4-90af-b8d827876c8f None None] Automatically selected compute RPC version 6.5 from minimum service version 72
Jul 04 00:26:52.668950 np0000004493 nova-conductor[95585]: DEBUG oslo_concurrency.lockutils [None req-6450fdf5-7b61-48e4-90af-b8d827876c8f None None] Releasing lock "compute-rpcapi-router" {{(pid=95585) lock /opt/stack/data/venv/lib/python3.12/site-packages/oslo_concurrency/lockutils.py:418}}
Jul 04 00:26:56.642454 np0000004493 nova-conductor[95592]: DEBUG dbcounter [-] [95592] Writer thread running {{(pid=95592) stat_writer /opt/stack/data/venv/lib/python3.12/site-packages/dbcounter.py:102}}
Jul 04 00:26:56.730969 np0000004493 nova-conductor[95598]: DEBUG dbcounter [-] [95598] Writer thread running {{(pid=95598) stat_writer /opt/stack/data/venv/lib/python3.12/site-packages/dbcounter.py:102}}
Jul 04 00:26:57.161137 np0000004493 nova-conductor[95592]: DEBUG nova.conductor.manager [None req-93290d4c-c2c5-47cf-8083-b2531c810873 tempest-AttachVolumeNegativeTest-1633100273 tempest-AttachVolumeNegativeTest-1633100273-project-member] Took 0.52 seconds to select destinations for 1 instance(s). {{(pid=95592) _schedule_instances /opt/stack/nova/nova/conductor/manager.py:968}}
Jul 04 00:26:57.186630 np0000004493 nova-conductor[95592]: DEBUG oslo_concurrency.lockutils [None req-93290d4c-c2c5-47cf-8083-b2531c810873 tempest-AttachVolumeNegativeTest-1633100273 tempest-AttachVolumeNegativeTest-1633100273-project-member] Acquiring lock "4f835cb8-95c1-4f8c-9ead-98f8832eb64b" by "nova.context.set_target_cell..get_or_set_cached_cell_and_set_connections" {{(pid=95592) inner /opt/stack/data/venv/lib/python3.12/site-packages/oslo_concurrency/lockutils.py:511}}
Jul 04 00:26:57.186851 np0000004493 nova-conductor[95592]: DEBUG oslo_concurrency.lockutils [None req-93290d4c-c2c5-47cf-8083-b2531c810873 tempest-AttachVolumeNegativeTest-1633100273 tempest-AttachVolumeNegativeTest-1633100273-project-member] Lock "4f835cb8-95c1-4f8c-9ead-98f8832eb64b" acquired by "nova.context.set_target_cell..get_or_set_cached_cell_and_set_connections" :: waited 0.000s {{(pid=95592) inner /opt/stack/data/venv/lib/python3.12/site-packages/oslo_concurrency/lockutils.py:524}}
Jul 04 00:26:57.188005 np0000004493 nova-conductor[95592]: DEBUG oslo_concurrency.lockutils [None req-93290d4c-c2c5-47cf-8083-b2531c810873 tempest-AttachVolumeNegativeTest-1633100273 tempest-AttachVolumeNegativeTest-1633100273-project-member] Lock "4f835cb8-95c1-4f8c-9ead-98f8832eb64b" "released" by "nova.context.set_target_cell..get_or_set_cached_cell_and_set_connections" :: held 0.001s {{(pid=95592) inner /opt/stack/data/venv/lib/python3.12/site-packages/oslo_concurrency/lockutils.py:543}}
Jul 04 00:26:57.189729 np0000004493 nova-conductor[95592]: INFO dbcounter [None req-93290d4c-c2c5-47cf-8083-b2531c810873 tempest-AttachVolumeNegativeTest-1633100273 tempest-AttachVolumeNegativeTest-1633100273-project-member] Registered counter for database nova_cell1
Jul 04 00:26:57.218491 np0000004493 nova-conductor[95592]: DEBUG oslo_db.sqlalchemy.engines [None req-93290d4c-c2c5-47cf-8083-b2531c810873 tempest-AttachVolumeNegativeTest-1633100273 tempest-AttachVolumeNegativeTest-1633100273-project-member] MySQL server mode set to STRICT_TRANS_TABLES,STRICT_ALL_TABLES,NO_ZERO_IN_DATE,NO_ZERO_DATE,ERROR_FOR_DIVISION_BY_ZERO,TRADITIONAL,NO_ENGINE_SUBSTITUTION {{(pid=95592) _check_effective_sql_mode /opt/stack/data/venv/lib/python3.12/site-packages/oslo_db/sqlalchemy/engines.py:325}}
Jul 04 00:26:57.224830 np0000004493 nova-conductor[95592]: DEBUG dbcounter [-] [95592] Writer thread running {{(pid=95592) stat_writer /opt/stack/data/venv/lib/python3.12/site-packages/dbcounter.py:102}}
Jul 04 00:26:57.259667 np0000004493 nova-conductor[95585]: DEBUG nova.conductor.manager [None req-63a279a5-af43-4f39-a55d-bce79df90870 tempest-ServerActionsTestOtherB-507564981 tempest-ServerActionsTestOtherB-507564981-project-member] Took 0.50 seconds to select destinations for 1 instance(s). {{(pid=95585) _schedule_instances /opt/stack/nova/nova/conductor/manager.py:968}}
Jul 04 00:26:57.262291 np0000004493 nova-conductor[95598]: DEBUG nova.conductor.manager [None req-8baef559-71f9-4da0-abb8-44c59c752dc9 tempest-ServerActionsTestOtherA-1669814964 tempest-ServerActionsTestOtherA-1669814964-project-member] Took 0.53 seconds to select destinations for 1 instance(s). {{(pid=95598) _schedule_instances /opt/stack/nova/nova/conductor/manager.py:968}}
Jul 04 00:26:57.276218 np0000004493 nova-conductor[95592]: INFO nova.utils [None req-93290d4c-c2c5-47cf-8083-b2531c810873 tempest-AttachVolumeNegativeTest-1633100273 tempest-AttachVolumeNegativeTest-1633100273-project-member] The cell worker thread pool ForkProcess-2.cell_worker is initialized
Jul 04 00:26:57.276601 np0000004493 nova-conductor[95592]: DEBUG oslo_concurrency.lockutils [None req-93290d4c-c2c5-47cf-8083-b2531c810873 tempest-AttachVolumeNegativeTest-1633100273 tempest-AttachVolumeNegativeTest-1633100273-project-member] Acquiring lock "00000000-0000-0000-0000-000000000000" by "nova.context.set_target_cell..get_or_set_cached_cell_and_set_connections" {{(pid=95592) inner /opt/stack/data/venv/lib/python3.12/site-packages/oslo_concurrency/lockutils.py:511}}
Jul 04 00:26:57.276768 np0000004493 nova-conductor[95592]: DEBUG oslo_concurrency.lockutils [None req-93290d4c-c2c5-47cf-8083-b2531c810873 tempest-AttachVolumeNegativeTest-1633100273 tempest-AttachVolumeNegativeTest-1633100273-project-member] Lock "00000000-0000-0000-0000-000000000000" acquired by "nova.context.set_target_cell..get_or_set_cached_cell_and_set_connections" :: waited 0.000s {{(pid=95592) inner /opt/stack/data/venv/lib/python3.12/site-packages/oslo_concurrency/lockutils.py:524}}
Jul 04 00:26:57.277188 np0000004493 nova-conductor[95592]: DEBUG oslo_concurrency.lockutils [None req-93290d4c-c2c5-47cf-8083-b2531c810873 tempest-AttachVolumeNegativeTest-1633100273 tempest-AttachVolumeNegativeTest-1633100273-project-member] Lock "00000000-0000-0000-0000-000000000000" "released" by "nova.context.set_target_cell..get_or_set_cached_cell_and_set_connections" :: held 0.000s {{(pid=95592) inner /opt/stack/data/venv/lib/python3.12/site-packages/oslo_concurrency/lockutils.py:543}}
Jul 04 00:26:57.277787 np0000004493 nova-conductor[95592]: DEBUG oslo_concurrency.lockutils [None req-93290d4c-c2c5-47cf-8083-b2531c810873 tempest-AttachVolumeNegativeTest-1633100273 tempest-AttachVolumeNegativeTest-1633100273-project-member] Acquiring lock "4f835cb8-95c1-4f8c-9ead-98f8832eb64b" by "nova.context.set_target_cell..get_or_set_cached_cell_and_set_connections" {{(pid=95592) inner /opt/stack/data/venv/lib/python3.12/site-packages/oslo_concurrency/lockutils.py:511}}
Jul 04 00:26:57.277980 np0000004493 nova-conductor[95592]: DEBUG oslo_concurrency.lockutils [None req-93290d4c-c2c5-47cf-8083-b2531c810873 tempest-AttachVolumeNegativeTest-1633100273 tempest-AttachVolumeNegativeTest-1633100273-project-member] Lock "4f835cb8-95c1-4f8c-9ead-98f8832eb64b" acquired by "nova.context.set_target_cell..get_or_set_cached_cell_and_set_connections" :: waited 0.000s {{(pid=95592) inner /opt/stack/data/venv/lib/python3.12/site-packages/oslo_concurrency/lockutils.py:524}}
Jul 04 00:26:57.281197 np0000004493 nova-conductor[95592]: INFO dbcounter [None req-93290d4c-c2c5-47cf-8083-b2531c810873 tempest-AttachVolumeNegativeTest-1633100273 tempest-AttachVolumeNegativeTest-1633100273-project-member] Registered counter for database nova_cell0
Jul 04 00:26:57.281273 np0000004493 nova-conductor[95585]: DEBUG oslo_concurrency.lockutils [None req-63a279a5-af43-4f39-a55d-bce79df90870 tempest-ServerActionsTestOtherB-507564981 tempest-ServerActionsTestOtherB-507564981-project-member] Acquiring lock "4f835cb8-95c1-4f8c-9ead-98f8832eb64b" by "nova.context.set_target_cell..get_or_set_cached_cell_and_set_connections" {{(pid=95585) inner /opt/stack/data/venv/lib/python3.12/site-packages/oslo_concurrency/lockutils.py:511}}
Jul 04 00:26:57.281273 np0000004493 nova-conductor[95585]: DEBUG oslo_concurrency.lockutils [None req-63a279a5-af43-4f39-a55d-bce79df90870 tempest-ServerActionsTestOtherB-507564981 tempest-ServerActionsTestOtherB-507564981-project-member] Lock "4f835cb8-95c1-4f8c-9ead-98f8832eb64b" acquired by "nova.context.set_target_cell..get_or_set_cached_cell_and_set_connections" :: waited 0.000s {{(pid=95585) inner /opt/stack/data/venv/lib/python3.12/site-packages/oslo_concurrency/lockutils.py:524}}
Jul 04 00:26:57.281273 np0000004493 nova-conductor[95585]: DEBUG oslo_concurrency.lockutils [None req-63a279a5-af43-4f39-a55d-bce79df90870 tempest-ServerActionsTestOtherB-507564981 tempest-ServerActionsTestOtherB-507564981-project-member] Lock "4f835cb8-95c1-4f8c-9ead-98f8832eb64b" "released" by "nova.context.set_target_cell..get_or_set_cached_cell_and_set_connections" :: held 0.000s {{(pid=95585) inner /opt/stack/data/venv/lib/python3.12/site-packages/oslo_concurrency/lockutils.py:543}}
Jul 04 00:26:57.281383 np0000004493 nova-conductor[95592]: DEBUG oslo_concurrency.lockutils [None req-93290d4c-c2c5-47cf-8083-b2531c810873 tempest-AttachVolumeNegativeTest-1633100273 tempest-AttachVolumeNegativeTest-1633100273-project-member] Lock "4f835cb8-95c1-4f8c-9ead-98f8832eb64b" "released" by "nova.context.set_target_cell..get_or_set_cached_cell_and_set_connections" :: held 0.001s {{(pid=95592) inner /opt/stack/data/venv/lib/python3.12/site-packages/oslo_concurrency/lockutils.py:543}}
Jul 04 00:26:57.308360 np0000004493 nova-conductor[95598]: DEBUG oslo_concurrency.lockutils [None req-8baef559-71f9-4da0-abb8-44c59c752dc9 tempest-ServerActionsTestOtherA-1669814964 tempest-ServerActionsTestOtherA-1669814964-project-member] Acquiring lock "4f835cb8-95c1-4f8c-9ead-98f8832eb64b" by "nova.context.set_target_cell..get_or_set_cached_cell_and_set_connections" {{(pid=95598) inner /opt/stack/data/venv/lib/python3.12/site-packages/oslo_concurrency/lockutils.py:511}}
Jul 04 00:26:57.308924 np0000004493 nova-conductor[95598]: DEBUG oslo_concurrency.lockutils [None req-8baef559-71f9-4da0-abb8-44c59c752dc9 tempest-ServerActionsTestOtherA-1669814964 tempest-ServerActionsTestOtherA-1669814964-project-member] Lock "4f835cb8-95c1-4f8c-9ead-98f8832eb64b" acquired by "nova.context.set_target_cell..get_or_set_cached_cell_and_set_connections" :: waited 0.001s {{(pid=95598) inner /opt/stack/data/venv/lib/python3.12/site-packages/oslo_concurrency/lockutils.py:524}}
Jul 04 00:26:57.311089 np0000004493 nova-conductor[95598]: DEBUG oslo_concurrency.lockutils [None req-8baef559-71f9-4da0-abb8-44c59c752dc9 tempest-ServerActionsTestOtherA-1669814964 tempest-ServerActionsTestOtherA-1669814964-project-member] Lock "4f835cb8-95c1-4f8c-9ead-98f8832eb64b" "released" by "nova.context.set_target_cell..get_or_set_cached_cell_and_set_connections" :: held 0.002s {{(pid=95598) inner /opt/stack/data/venv/lib/python3.12/site-packages/oslo_concurrency/lockutils.py:543}}
Jul 04 00:26:57.314353 np0000004493 nova-conductor[95598]: INFO dbcounter [None req-8baef559-71f9-4da0-abb8-44c59c752dc9 tempest-ServerActionsTestOtherA-1669814964 tempest-ServerActionsTestOtherA-1669814964-project-member] Registered counter for database nova_cell1
Jul 04 00:26:57.315458 np0000004493 nova-conductor[95592]: DEBUG oslo_db.sqlalchemy.engines [None req-93290d4c-c2c5-47cf-8083-b2531c810873 tempest-AttachVolumeNegativeTest-1633100273 tempest-AttachVolumeNegativeTest-1633100273-project-member] MySQL server mode set to STRICT_TRANS_TABLES,STRICT_ALL_TABLES,NO_ZERO_IN_DATE,NO_ZERO_DATE,ERROR_FOR_DIVISION_BY_ZERO,TRADITIONAL,NO_ENGINE_SUBSTITUTION {{(pid=95592) _check_effective_sql_mode /opt/stack/data/venv/lib/python3.12/site-packages/oslo_db/sqlalchemy/engines.py:325}}
Jul 04 00:26:57.319107 np0000004493 nova-conductor[95585]: DEBUG oslo_concurrency.lockutils [None req-63a279a5-af43-4f39-a55d-bce79df90870 tempest-ServerActionsTestOtherB-507564981 tempest-ServerActionsTestOtherB-507564981-project-member] Acquiring lock "00000000-0000-0000-0000-000000000000" by "nova.context.set_target_cell..get_or_set_cached_cell_and_set_connections" {{(pid=95585) inner /opt/stack/data/venv/lib/python3.12/site-packages/oslo_concurrency/lockutils.py:511}}
Jul 04 00:26:57.319372 np0000004493 nova-conductor[95585]: DEBUG oslo_concurrency.lockutils [None req-63a279a5-af43-4f39-a55d-bce79df90870 tempest-ServerActionsTestOtherB-507564981 tempest-ServerActionsTestOtherB-507564981-project-member] Lock "00000000-0000-0000-0000-000000000000" acquired by "nova.context.set_target_cell..get_or_set_cached_cell_and_set_connections" :: waited 0.000s {{(pid=95585) inner /opt/stack/data/venv/lib/python3.12/site-packages/oslo_concurrency/lockutils.py:524}}
Jul 04 00:26:57.319372 np0000004493 nova-conductor[95585]: DEBUG oslo_concurrency.lockutils [None req-63a279a5-af43-4f39-a55d-bce79df90870 tempest-ServerActionsTestOtherB-507564981 tempest-ServerActionsTestOtherB-507564981-project-member] Lock "00000000-0000-0000-0000-000000000000" "released" by "nova.context.set_target_cell..get_or_set_cached_cell_and_set_connections" :: held 0.000s {{(pid=95585) inner /opt/stack/data/venv/lib/python3.12/site-packages/oslo_concurrency/lockutils.py:543}}
Jul 04 00:26:57.320587 np0000004493 nova-conductor[95585]: DEBUG oslo_concurrency.lockutils [None req-63a279a5-af43-4f39-a55d-bce79df90870 tempest-ServerActionsTestOtherB-507564981 tempest-ServerActionsTestOtherB-507564981-project-member] Acquiring lock "4f835cb8-95c1-4f8c-9ead-98f8832eb64b" by "nova.context.set_target_cell..get_or_set_cached_cell_and_set_connections" {{(pid=95585) inner /opt/stack/data/venv/lib/python3.12/site-packages/oslo_concurrency/lockutils.py:511}}
Jul 04 00:26:57.321556 np0000004493 nova-conductor[95592]: DEBUG dbcounter [-] [95592] Writer thread running {{(pid=95592) stat_writer /opt/stack/data/venv/lib/python3.12/site-packages/dbcounter.py:102}}
Jul 04 00:26:57.322181 np0000004493 nova-conductor[95585]: DEBUG oslo_concurrency.lockutils [None req-63a279a5-af43-4f39-a55d-bce79df90870 tempest-ServerActionsTestOtherB-507564981 tempest-ServerActionsTestOtherB-507564981-project-member] Lock "4f835cb8-95c1-4f8c-9ead-98f8832eb64b" acquired by "nova.context.set_target_cell..get_or_set_cached_cell_and_set_connections" :: waited 0.002s {{(pid=95585) inner /opt/stack/data/venv/lib/python3.12/site-packages/oslo_concurrency/lockutils.py:524}}
