Jul 04 00:24:17.914121 np0000004493 devstack@neutron-api.service[87325]: DEBUG neutron.api.extensions [None req-cc5830ad-fa8d-439b-a7b6-cbccbea5ef99 None None] Loading extension file: dhcpagentscheduler.py {{(pid=87325) _load_all_extensions_from_path /opt/stack/neutron/neutron/api/extensions.py:449}}
Jul 04 00:24:17.914219 np0000004493 devstack@neutron-api.service[87327]: DEBUG neutron_lib.callbacks.manager [None req-4c17ac3a-de2a-4197-b759-480e1ce69758 None None] Subscribe: > subnet after_create 55550000, False {{(pid=87327) subscribe /opt/stack/data/venv/lib/python3.12/site-packages/neutron_lib/callbacks/manager.py:52}}
Jul 04 00:24:17.914409 np0000004493 devstack@neutron-api.service[87327]: DEBUG neutron_lib.callbacks.manager [None req-4c17ac3a-de2a-4197-b759-480e1ce69758 None None] Subscribe: > subnet after_update 55550000, False {{(pid=87327) subscribe /opt/stack/data/venv/lib/python3.12/site-packages/neutron_lib/callbacks/manager.py:52}}
Jul 04 00:24:17.914588 np0000004493 devstack@neutron-api.service[87327]: DEBUG neutron_lib.callbacks.manager [None req-4c17ac3a-de2a-4197-b759-480e1ce69758 None None] Subscribe: > subnet after_delete 55550000, False {{(pid=87327) subscribe /opt/stack/data/venv/lib/python3.12/site-packages/neutron_lib/callbacks/manager.py:52}}
Jul 04 00:24:17.914764 np0000004493 devstack@neutron-api.service[87327]: DEBUG neutron_lib.callbacks.manager [None req-4c17ac3a-de2a-4197-b759-480e1ce69758 None None] Subscribe: > network after_create 55550000, False {{(pid=87327) subscribe /opt/stack/data/venv/lib/python3.12/site-packages/neutron_lib/callbacks/manager.py:52}}
Jul 04 00:24:17.914856 np0000004493 devstack@neutron-api.service[87325]: DEBUG neutron.api.extensions [None req-cc5830ad-fa8d-439b-a7b6-cbccbea5ef99 None None] Ext name="DHCP Agent Scheduler" alias="dhcp_agent_scheduler" description="Schedule networks among dhcp agents" updated="2013-02-07T10:00:00-00:00" {{(pid=87325) _check_extension /opt/stack/neutron/neutron/api/extensions.py:415}}
Jul 04 00:24:17.914969 np0000004493 devstack@neutron-api.service[87327]: DEBUG neutron_lib.callbacks.manager [None req-4c17ac3a-de2a-4197-b759-480e1ce69758 None None] Subscribe: > network after_update 55550000, False {{(pid=87327) subscribe /opt/stack/data/venv/lib/python3.12/site-packages/neutron_lib/callbacks/manager.py:52}}
Jul 04 00:24:17.915209 np0000004493 devstack@neutron-api.service[87325]: INFO neutron.api.extensions [None req-cc5830ad-fa8d-439b-a7b6-cbccbea5ef99 None None] Loaded extension: dhcp_agent_scheduler
Jul 04 00:24:17.915337 np0000004493 devstack@neutron-api.service[87327]: DEBUG neutron_lib.callbacks.manager [None req-4c17ac3a-de2a-4197-b759-480e1ce69758 None None] Subscribe: > network after_delete 55550000, False {{(pid=87327) subscribe /opt/stack/data/venv/lib/python3.12/site-packages/neutron_lib/callbacks/manager.py:52}}
Jul 04 00:24:17.915486 np0000004493 devstack@neutron-api.service[87325]: DEBUG neutron.api.extensions [None req-cc5830ad-fa8d-439b-a7b6-cbccbea5ef99 None None] Loading extension file: dns.py {{(pid=87325) _load_all_extensions_from_path /opt/stack/neutron/neutron/api/extensions.py:449}}
Jul 04 00:24:17.915692 np0000004493 devstack@neutron-api.service[87327]: DEBUG neutron_lib.callbacks.manager [None req-4c17ac3a-de2a-4197-b759-480e1ce69758 None None] Subscribe: > security_group after_create 55550000, False {{(pid=87327) subscribe /opt/stack/data/venv/lib/python3.12/site-packages/neutron_lib/callbacks/manager.py:52}}
Jul 04 00:24:17.915692 np0000004493 devstack@neutron-api.service[87327]: DEBUG neutron_lib.callbacks.manager [None req-4c17ac3a-de2a-4197-b759-480e1ce69758 None None] Subscribe: > security_group after_update 55550000, False {{(pid=87327) subscribe /opt/stack/data/venv/lib/python3.12/site-packages/neutron_lib/callbacks/manager.py:52}}
Jul 04 00:24:17.915835 np0000004493 devstack@neutron-api.service[87325]: DEBUG neutron.api.extensions [None req-cc5830ad-fa8d-439b-a7b6-cbccbea5ef99 None None] Ext name="DNS Integration" alias="dns-integration" description="Provides integration with DNS." updated="2015-08-15T18:00:00-00:00" {{(pid=87325) _check_extension /opt/stack/neutron/neutron/api/extensions.py:415}}
Jul 04 00:24:17.915929 np0000004493 devstack@neutron-api.service[87327]: DEBUG neutron_lib.callbacks.manager [None req-4c17ac3a-de2a-4197-b759-480e1ce69758 None None] Subscribe: > security_group after_delete 55550000, False {{(pid=87327) subscribe /opt/stack/data/venv/lib/python3.12/site-packages/neutron_lib/callbacks/manager.py:52}}
Jul 04 00:24:17.915929 np0000004493 devstack@neutron-api.service[87327]: DEBUG neutron_lib.callbacks.manager [None req-4c17ac3a-de2a-4197-b759-480e1ce69758 None None] Subscribe: > security_group_rule after_create 55550000, False {{(pid=87327) subscribe /opt/stack/data/venv/lib/python3.12/site-packages/neutron_lib/callbacks/manager.py:52}}
Jul 04 00:24:17.916041 np0000004493 devstack@neutron-api.service[87325]: INFO neutron.api.extensions [None req-cc5830ad-fa8d-439b-a7b6-cbccbea5ef99 None None] Loaded extension: dns-integration
Jul 04 00:24:17.916277 np0000004493 devstack@neutron-api.service[87327]: DEBUG neutron_lib.callbacks.manager [None req-4c17ac3a-de2a-4197-b759-480e1ce69758 None None] Subscribe: > security_group_rule after_update 55550000, False {{(pid=87327) subscribe /opt/stack/data/venv/lib/python3.12/site-packages/neutron_lib/callbacks/manager.py:52}}
Jul 04 00:24:17.916470 np0000004493 devstack@neutron-api.service[87325]: DEBUG neutron.api.extensions [None req-cc5830ad-fa8d-439b-a7b6-cbccbea5ef99 None None] Loading extension file: dns_domain_ports.py {{(pid=87325) _load_all_extensions_from_path /opt/stack/neutron/neutron/api/extensions.py:449}}
Jul 04 00:24:17.916596 np0000004493 devstack@neutron-api.service[87327]: DEBUG neutron_lib.callbacks.manager [None req-4c17ac3a-de2a-4197-b759-480e1ce69758 None None] Subscribe: > security_group_rule after_delete 55550000, False {{(pid=87327) subscribe /opt/stack/data/venv/lib/python3.12/site-packages/neutron_lib/callbacks/manager.py:52}}
Jul 04 00:24:17.916596 np0000004493 devstack@neutron-api.service[87327]: DEBUG neutron_lib.callbacks.manager [None req-4c17ac3a-de2a-4197-b759-480e1ce69758 None None] Subscribe: > address_group after_create 55550000, False {{(pid=87327) subscribe /opt/stack/data/venv/lib/python3.12/site-packages/neutron_lib/callbacks/manager.py:52}}
Jul 04 00:24:17.916784 np0000004493 devstack@neutron-api.service[87325]: DEBUG neutron.api.extensions [None req-cc5830ad-fa8d-439b-a7b6-cbccbea5ef99 None None] Ext name="dns_domain for ports" alias="dns-domain-ports" description="Allows the DNS domain to be specified for a network port." updated="2017-04-24T10:00:00-00:00" {{(pid=87325) _check_extension /opt/stack/neutron/neutron/api/extensions.py:415}}
Jul 04 00:24:17.916897 np0000004493 devstack@neutron-api.service[87327]: DEBUG neutron_lib.callbacks.manager [None req-4c17ac3a-de2a-4197-b759-480e1ce69758 None None] Subscribe: > address_group after_update 55550000, False {{(pid=87327) subscribe /opt/stack/data/venv/lib/python3.12/site-packages/neutron_lib/callbacks/manager.py:52}}
Jul 04 00:24:17.916897 np0000004493 devstack@neutron-api.service[87327]: DEBUG neutron_lib.callbacks.manager [None req-4c17ac3a-de2a-4197-b759-480e1ce69758 None None] Subscribe: > address_group after_delete 55550000, False {{(pid=87327) subscribe /opt/stack/data/venv/lib/python3.12/site-packages/neutron_lib/callbacks/manager.py:52}}
Jul 04 00:24:17.917143 np0000004493 devstack@neutron-api.service[87325]: INFO neutron.api.extensions [None req-cc5830ad-fa8d-439b-a7b6-cbccbea5ef99 None None] Loaded extension: dns-domain-ports
Jul 04 00:24:17.917289 np0000004493 devstack@neutron-api.service[87327]: DEBUG neutron.plugins.ml2.ovo_rpc [None req-4c17ac3a-de2a-4197-b759-480e1ce69758 None None] ML2 OVO RPC backend initialized. {{(pid=87327) __init__ /opt/stack/neutron/neutron/plugins/ml2/ovo_rpc.py:117}}
Jul 04 00:24:17.917400 np0000004493 devstack@neutron-api.service[87325]: DEBUG neutron.api.extensions [None req-cc5830ad-fa8d-439b-a7b6-cbccbea5ef99 None None] Loading extension file: dns_integration_domain_keywords.py {{(pid=87325) _load_all_extensions_from_path /opt/stack/neutron/neutron/api/extensions.py:449}}
Jul 04 00:24:17.917400 np0000004493 devstack@neutron-api.service[87325]: DEBUG neutron.api.extensions [None req-cc5830ad-fa8d-439b-a7b6-cbccbea5ef99 None None] Ext name="DNS domain names with keywords allowed" alias="dns-integration-domain-keywords" description="Allows to use keywords like , , and as DNS domain name" updated="2020-06-15T18:00:00-00:00" {{(pid=87325) _check_extension /opt/stack/neutron/neutron/api/extensions.py:415}}
Jul 04 00:24:17.917400 np0000004493 devstack@neutron-api.service[87325]: INFO neutron.api.extensions [None req-cc5830ad-fa8d-439b-a7b6-cbccbea5ef99 None None] Loaded extension: dns-integration-domain-keywords
Jul 04 00:24:17.917608 np0000004493 devstack@neutron-api.service[87325]: DEBUG neutron.api.extensions [None req-cc5830ad-fa8d-439b-a7b6-cbccbea5ef99 None None] Loading extension file: dvr.py {{(pid=87325) _load_all_extensions_from_path /opt/stack/neutron/neutron/api/extensions.py:449}}
Jul 04 00:24:17.917999 np0000004493 devstack@neutron-api.service[87325]: DEBUG neutron.api.extensions [None req-cc5830ad-fa8d-439b-a7b6-cbccbea5ef99 None None] Ext name="Distributed Virtual Router" alias="dvr" description="Enables configuration of Distributed Virtual Routers." updated="2014-06-1T10:00:00-00:00" {{(pid=87325) _check_extension /opt/stack/neutron/neutron/api/extensions.py:415}}
Jul 04 00:24:17.918501 np0000004493 devstack@neutron-api.service[87327]: INFO neutron.quota [None req-4c17ac3a-de2a-4197-b759-480e1ce69758 None None] Loaded quota_driver: .
Jul 04 00:24:17.918501 np0000004493 devstack@neutron-api.service[87327]: INFO neutron.plugins.ml2.plugin [None req-4c17ac3a-de2a-4197-b759-480e1ce69758 None None] Modular L2 Plugin initialization complete
Jul 04 00:24:17.918749 np0000004493 devstack@neutron-api.service[87325]: INFO neutron.api.extensions [None req-cc5830ad-fa8d-439b-a7b6-cbccbea5ef99 None None] Extension dvr not supported by any of loaded plugins
Jul 04 00:24:17.918901 np0000004493 devstack@neutron-api.service[87327]: DEBUG neutron.manager [None req-4c17ac3a-de2a-4197-b759-480e1ce69758 None None] Loading services supported by the core plugin {{(pid=87327) _load_services_from_core_plugin /opt/stack/neutron/neutron/manager.py:167}}
Jul 04 00:24:17.919040 np0000004493 devstack@neutron-api.service[87325]: DEBUG neutron.api.extensions [None req-cc5830ad-fa8d-439b-a7b6-cbccbea5ef99 None None] Loading extension file: ecmp_routes.py {{(pid=87325) _load_all_extensions_from_path /opt/stack/neutron/neutron/api/extensions.py:449}}
Jul 04 00:24:17.919187 np0000004493 devstack@neutron-api.service[87327]: INFO neutron.plugins.ml2.managers [None req-4c17ac3a-de2a-4197-b759-480e1ce69758 None None] Got port-security extension from driver 'port_security'
Jul 04 00:24:17.919324 np0000004493 devstack@neutron-api.service[87325]: DEBUG neutron.api.extensions [None req-cc5830ad-fa8d-439b-a7b6-cbccbea5ef99 None None] Ext name="Equal Cost Multipath Routing" alias="ecmp_routes" description="Allows traffic to reach thesame destination via multiple different links " updated="2020-11-26T18:00:00-00:00" {{(pid=87325) _check_extension /opt/stack/neutron/neutron/api/extensions.py:415}}
Jul 04 00:24:17.919505 np0000004493 devstack@neutron-api.service[87327]: DEBUG neutron.manager [None req-4c17ac3a-de2a-4197-b759-480e1ce69758 None None] Loading service plugins: ['ovn-router', 'auto_allocate', 'tag', 'timestamp', 'network_ip_availability', 'flavors', 'revisions'] {{(pid=87327) _load_service_plugins /opt/stack/neutron/neutron/manager.py:192}}
Jul 04 00:24:17.919678 np0000004493 devstack@neutron-api.service[87325]: INFO neutron.api.extensions [None req-cc5830ad-fa8d-439b-a7b6-cbccbea5ef99 None None] Extension ecmp_routes not supported by any of loaded plugins
Jul 04 00:24:17.919845 np0000004493 devstack@neutron-api.service[87327]: INFO neutron.manager [None req-4c17ac3a-de2a-4197-b759-480e1ce69758 None None] Loading Plugin: ovn-router
Jul 04 00:24:17.920169 np0000004493 devstack@neutron-api.service[87325]: DEBUG neutron.api.extensions [None req-cc5830ad-fa8d-439b-a7b6-cbccbea5ef99 None None] Loading extension file: empty_string_filtering.py {{(pid=87325) _load_all_extensions_from_path /opt/stack/neutron/neutron/api/extensions.py:449}}
Jul 04 00:24:17.920169 np0000004493 devstack@neutron-api.service[87325]: DEBUG neutron.api.extensions [None req-cc5830ad-fa8d-439b-a7b6-cbccbea5ef99 None None] Ext name="Empty String Filtering Extension" alias="empty-string-filtering" description="Allow filtering by attributes with empty string value" updated="2018-05-01T10:00:00-00:00" {{(pid=87325) _check_extension /opt/stack/neutron/neutron/api/extensions.py:415}}
Jul 04 00:24:17.920169 np0000004493 devstack@neutron-api.service[87325]: INFO neutron.api.extensions [None req-cc5830ad-fa8d-439b-a7b6-cbccbea5ef99 None None] Loaded extension: empty-string-filtering
Jul 04 00:24:17.920169 np0000004493 devstack@neutron-api.service[87325]: DEBUG neutron.api.extensions [None req-cc5830ad-fa8d-439b-a7b6-cbccbea5ef99 None None] Loading extension file: evpn.py {{(pid=87325) _load_all_extensions_from_path /opt/stack/neutron/neutron/api/extensions.py:449}}
Jul 04 00:24:17.920169 np0000004493 devstack@neutron-api.service[87325]: DEBUG neutron.api.extensions [None req-cc5830ad-fa8d-439b-a7b6-cbccbea5ef99 None None] Ext name="EVPN" alias="evpn" description="Router extension to support EVPN Type-5 route advertisement" updated="2026-04-28T00:00:00-00:00" {{(pid=87325) _check_extension /opt/stack/neutron/neutron/api/extensions.py:415}}
Jul 04 00:24:17.920492 np0000004493 devstack@neutron-api.service[87325]: INFO neutron.api.extensions [None req-cc5830ad-fa8d-439b-a7b6-cbccbea5ef99 None None] Extension evpn not supported by any of loaded plugins
Jul 04 00:24:17.920664 np0000004493 devstack@neutron-api.service[87325]: DEBUG neutron.api.extensions [None req-cc5830ad-fa8d-439b-a7b6-cbccbea5ef99 None None] Loading extension file: expose_l3_conntrack_helper.py {{(pid=87325) _load_all_extensions_from_path /opt/stack/neutron/neutron/api/extensions.py:449}}
Jul 04 00:24:17.920925 np0000004493 devstack@neutron-api.service[87325]: DEBUG neutron.api.extensions [None req-cc5830ad-fa8d-439b-a7b6-cbccbea5ef99 None None] Ext name="Expose CT target rules for conntrack helper" alias="expose-l3-conntrack-helper" description="Expose allow adding CT target rules for conntrack helper" updated="2019-04-04T10:00:00-00:00" {{(pid=87325) _check_extension /opt/stack/neutron/neutron/api/extensions.py:415}}
Jul 04 00:24:17.921186 np0000004493 devstack@neutron-api.service[87325]: INFO neutron.api.extensions [None req-cc5830ad-fa8d-439b-a7b6-cbccbea5ef99 None None] Extension expose-l3-conntrack-helper not supported by any of loaded plugins
Jul 04 00:24:17.921402 np0000004493 devstack@neutron-api.service[87325]: DEBUG neutron.api.extensions [None req-cc5830ad-fa8d-439b-a7b6-cbccbea5ef99 None None] Loading extension file: expose_port_forwarding_in_fip.py {{(pid=87325) _load_all_extensions_from_path /opt/stack/neutron/neutron/api/extensions.py:449}}
Jul 04 00:24:17.921639 np0000004493 devstack@neutron-api.service[87325]: DEBUG neutron.api.extensions [None req-cc5830ad-fa8d-439b-a7b6-cbccbea5ef99 None None] Ext name="Expose Floating IP port forwardings" alias="expose-port-forwarding-in-fip" description="Expose port forwarding fields in floating IP response" updated="2018-06-28T16:00:00-00:00" {{(pid=87325) _check_extension /opt/stack/neutron/neutron/api/extensions.py:415}}
Jul 04 00:24:17.921880 np0000004493 devstack@neutron-api.service[87325]: INFO neutron.api.extensions [None req-cc5830ad-fa8d-439b-a7b6-cbccbea5ef99 None None] Extension expose-port-forwarding-in-fip not supported by any of loaded plugins
Jul 04 00:24:17.922067 np0000004493 devstack@neutron-api.service[87325]: DEBUG neutron.api.extensions [None req-cc5830ad-fa8d-439b-a7b6-cbccbea5ef99 None None] Loading extension file: external_net.py {{(pid=87325) _load_all_extensions_from_path /opt/stack/neutron/neutron/api/extensions.py:449}}
Jul 04 00:24:17.922445 np0000004493 devstack@neutron-api.service[87325]: DEBUG neutron.api.extensions [None req-cc5830ad-fa8d-439b-a7b6-cbccbea5ef99 None None] Ext name="Neutron external network" alias="external-net" description="Adds external network attribute to network resource." updated="2013-01-14T10:00:00-00:00" {{(pid=87325) _check_extension /opt/stack/neutron/neutron/api/extensions.py:415}}
Jul 04 00:24:17.922737 np0000004493 devstack@neutron-api.service[87325]: INFO neutron.api.extensions [None req-cc5830ad-fa8d-439b-a7b6-cbccbea5ef99 None None] Loaded extension: external-net
Jul 04 00:24:17.922737 np0000004493 devstack@neutron-api.service[87325]: DEBUG neutron.api.extensions [None req-cc5830ad-fa8d-439b-a7b6-cbccbea5ef99 None None] Loading extension file: extra_dhcp_opt.py {{(pid=87325) _load_all_extensions_from_path /opt/stack/neutron/neutron/api/extensions.py:449}}
Jul 04 00:24:17.923194 np0000004493 devstack@neutron-api.service[87325]: DEBUG neutron.api.extensions [None req-cc5830ad-fa8d-439b-a7b6-cbccbea5ef99 None None] Ext name="Neutron Extra DHCP options" alias="extra_dhcp_opt" description="Extra options configuration for DHCP. For example PXE boot options to DHCP clients can be specified (e.g. tftp-server, server-ip-address, bootfile-name)" updated="2013-03-17T12:00:00-00:00" {{(pid=87325) _check_extension /opt/stack/neutron/neutron/api/extensions.py:415}}
Jul 04 00:24:17.923422 np0000004493 devstack@neutron-api.service[87325]: INFO neutron.api.extensions [None req-cc5830ad-fa8d-439b-a7b6-cbccbea5ef99 None None] Loaded extension: extra_dhcp_opt
Jul 04 00:24:17.923539 np0000004493 devstack@neutron-api.service[87325]: DEBUG neutron.api.extensions [None req-cc5830ad-fa8d-439b-a7b6-cbccbea5ef99 None None] Loading extension file: extraroute.py {{(pid=87325) _load_all_extensions_from_path /opt/stack/neutron/neutron/api/extensions.py:449}}
Jul 04 00:24:17.924016 np0000004493 devstack@neutron-api.service[87325]: DEBUG neutron.api.extensions [None req-cc5830ad-fa8d-439b-a7b6-cbccbea5ef99 None None] Ext name="Neutron Extra Route" alias="extraroute" description="Extra routes configuration for L3 router" updated="2013-02-01T10:00:00-00:00" {{(pid=87325) _check_extension /opt/stack/neutron/neutron/api/extensions.py:415}}
Jul 04 00:24:17.924254 np0000004493 devstack@neutron-api.service[87325]: INFO neutron.api.extensions [None req-cc5830ad-fa8d-439b-a7b6-cbccbea5ef99 None None] Loaded extension: extraroute
Jul 04 00:24:17.924436 np0000004493 devstack@neutron-api.service[87325]: DEBUG neutron.api.extensions [None req-cc5830ad-fa8d-439b-a7b6-cbccbea5ef99 None None] Loading extension file: extraroute_atomic.py {{(pid=87325) _load_all_extensions_from_path /opt/stack/neutron/neutron/api/extensions.py:449}}
Jul 04 00:24:17.924785 np0000004493 devstack@neutron-api.service[87325]: DEBUG neutron.api.extensions [None req-cc5830ad-fa8d-439b-a7b6-cbccbea5ef99 None None] Ext name="Atomically add/remove extra routes" alias="extraroute-atomic" description="Edit extra routes of a router on server side by atomically adding/removing extra routes" updated="2019-07-10T00:00:00+00:00" {{(pid=87325) _check_extension /opt/stack/neutron/neutron/api/extensions.py:415}}
Jul 04 00:24:17.924975 np0000004493 devstack@neutron-api.service[87325]: INFO neutron.api.extensions [None req-cc5830ad-fa8d-439b-a7b6-cbccbea5ef99 None None] Loaded extension: extraroute-atomic
Jul 04 00:24:17.925252 np0000004493 devstack@neutron-api.service[87325]: DEBUG neutron.api.extensions [None req-cc5830ad-fa8d-439b-a7b6-cbccbea5ef99 None None] Loading extension file: filter_validation.py {{(pid=87325) _load_all_extensions_from_path /opt/stack/neutron/neutron/api/extensions.py:449}}
Jul 04 00:24:17.925466 np0000004493 devstack@neutron-api.service[87325]: DEBUG neutron.api.extensions [None req-cc5830ad-fa8d-439b-a7b6-cbccbea5ef99 None None] Ext name="Filter parameters validation" alias="filter-validation" description="Provides validation on filter parameters." updated="2018-07-04T10:00:00-00:00" {{(pid=87325) _check_extension /opt/stack/neutron/neutron/api/extensions.py:415}}
Jul 04 00:24:17.925466 np0000004493 devstack@neutron-api.service[87325]: INFO neutron.api.extensions [None req-cc5830ad-fa8d-439b-a7b6-cbccbea5ef99 None None] Loaded extension: filter-validation
Jul 04 00:24:17.925716 np0000004493 devstack@neutron-api.service[87325]: DEBUG neutron.api.extensions [None req-cc5830ad-fa8d-439b-a7b6-cbccbea5ef99 None None] Loading extension file: fip_pf_description.py {{(pid=87325) _load_all_extensions_from_path /opt/stack/neutron/neutron/api/extensions.py:449}}
Jul 04 00:24:17.926006 np0000004493 devstack@neutron-api.service[87325]: DEBUG neutron.api.extensions [None req-cc5830ad-fa8d-439b-a7b6-cbccbea5ef99 None None] Ext name="Floating IP Port Forwarding new attribute description" alias="floating-ip-port-forwarding-description" description="Add a description field to Port Forwarding rules" updated="2019-11-01T10:00:00-00:00" {{(pid=87325) _check_extension /opt/stack/neutron/neutron/api/extensions.py:415}}
Jul 04 00:24:17.926006 np0000004493 devstack@neutron-api.service[87325]: INFO neutron.api.extensions [None req-cc5830ad-fa8d-439b-a7b6-cbccbea5ef99 None None] Extension floating-ip-port-forwarding-description not supported by any of loaded plugins
Jul 04 00:24:17.926006 np0000004493 devstack@neutron-api.service[87325]: DEBUG neutron.api.extensions [None req-cc5830ad-fa8d-439b-a7b6-cbccbea5ef99 None None] Loading extension file: fip_pf_detail.py {{(pid=87325) _load_all_extensions_from_path /opt/stack/neutron/neutron/api/extensions.py:449}}
Jul 04 00:24:17.926482 np0000004493 devstack@neutron-api.service[87325]: DEBUG neutron.api.extensions [None req-cc5830ad-fa8d-439b-a7b6-cbccbea5ef99 None None] Ext name="Floating IP port forwarding detail" alias="floating-ip-port-forwarding-detail" description="Allow list floating ip return more port forwarding data, include'id' and 'internal_port_id'" updated="2022-05-06T10:00:00-00:00" {{(pid=87325) _check_extension /opt/stack/neutron/neutron/api/extensions.py:415}}
Jul 04 00:24:17.926482 np0000004493 devstack@neutron-api.service[87325]: INFO neutron.api.extensions [None req-cc5830ad-fa8d-439b-a7b6-cbccbea5ef99 None None] Loaded extension: floating-ip-port-forwarding-detail
Jul 04 00:24:17.926482 np0000004493 devstack@neutron-api.service[87325]: DEBUG neutron.api.extensions [None req-cc5830ad-fa8d-439b-a7b6-cbccbea5ef99 None None] Loading extension file: fip_pf_port_range.py {{(pid=87325) _load_all_extensions_from_path /opt/stack/neutron/neutron/api/extensions.py:449}}
Jul 04 00:24:17.926839 np0000004493 devstack@neutron-api.service[87325]: DEBUG neutron.api.extensions [None req-cc5830ad-fa8d-439b-a7b6-cbccbea5ef99 None None] Ext name="Floating IP Port Forwarding support port ranges" alias="floating-ip-port-forwarding-port-ranges" description="Add support to port ranges" updated="2020-07-01T10:00:00-00:00" {{(pid=87325) _check_extension /opt/stack/neutron/neutron/api/extensions.py:415}}
Jul 04 00:24:17.926990 np0000004493 devstack@neutron-api.service[87325]: INFO neutron.api.extensions [None req-cc5830ad-fa8d-439b-a7b6-cbccbea5ef99 None None] Extension floating-ip-port-forwarding-port-ranges not supported by any of loaded plugins
Jul 04 00:24:17.926990 np0000004493 devstack@neutron-api.service[87325]: DEBUG neutron.api.extensions [None req-cc5830ad-fa8d-439b-a7b6-cbccbea5ef99 None None] Loading extension file: fip_port_details.py {{(pid=87325) _load_all_extensions_from_path /opt/stack/neutron/neutron/api/extensions.py:449}}
Jul 04 00:24:17.927711 np0000004493 devstack@neutron-api.service[87325]: DEBUG neutron.api.extensions [None req-cc5830ad-fa8d-439b-a7b6-cbccbea5ef99 None None] Ext name="Floating IP Port Details Extension" alias="fip-port-details" description="Add port_details attribute to Floating IP resource" updated="2018-04-09T10:00:00-00:00" {{(pid=87325) _check_extension /opt/stack/neutron/neutron/api/extensions.py:415}}
Jul 04 00:24:17.927711 np0000004493 devstack@neutron-api.service[87325]: INFO neutron.api.extensions [None req-cc5830ad-fa8d-439b-a7b6-cbccbea5ef99 None None] Loaded extension: fip-port-details
Jul 04 00:24:17.927711 np0000004493 devstack@neutron-api.service[87325]: DEBUG neutron.api.extensions [None req-cc5830ad-fa8d-439b-a7b6-cbccbea5ef99 None None] Loading extension file: flavors.py {{(pid=87325) _load_all_extensions_from_path /opt/stack/neutron/neutron/api/extensions.py:449}}
Jul 04 00:24:17.927711 np0000004493 devstack@neutron-api.service[87325]: DEBUG neutron.api.extensions [None req-cc5830ad-fa8d-439b-a7b6-cbccbea5ef99 None None] Ext name="Neutron Service Flavors" alias="flavors" description="Flavor specification for Neutron advanced services." updated="2015-09-17T10:00:00-00:00" {{(pid=87325) _check_extension /opt/stack/neutron/neutron/api/extensions.py:415}}
Jul 04 00:24:17.928126 np0000004493 devstack@neutron-api.service[87325]: INFO neutron.api.extensions [None req-cc5830ad-fa8d-439b-a7b6-cbccbea5ef99 None None] Loaded extension: flavors
Jul 04 00:24:17.928126 np0000004493 devstack@neutron-api.service[87325]: DEBUG neutron.api.extensions [None req-cc5830ad-fa8d-439b-a7b6-cbccbea5ef99 None None] Loading extension file: floating_ip_port_forwarding.py {{(pid=87325) _load_all_extensions_from_path /opt/stack/neutron/neutron/api/extensions.py:449}}
Jul 04 00:24:17.928483 np0000004493 devstack@neutron-api.service[87325]: DEBUG neutron.api.extensions [None req-cc5830ad-fa8d-439b-a7b6-cbccbea5ef99 None None] Ext name="Floating IP Port Forwarding" alias="floating-ip-port-forwarding" description="Allow port forwarding from floating IP port to an internal port" updated="2018-01-19T10:00:00-00:00" {{(pid=87325) _check_extension /opt/stack/neutron/neutron/api/extensions.py:415}}
Jul 04 00:24:17.928760 np0000004493 devstack@neutron-api.service[87325]: INFO neutron.api.extensions [None req-cc5830ad-fa8d-439b-a7b6-cbccbea5ef99 None None] Extension floating-ip-port-forwarding not supported by any of loaded plugins
Jul 04 00:24:17.928760 np0000004493 devstack@neutron-api.service[87325]: DEBUG neutron.api.extensions [None req-cc5830ad-fa8d-439b-a7b6-cbccbea5ef99 None None] Loading extension file: floatingip_pools.py {{(pid=87325) _load_all_extensions_from_path /opt/stack/neutron/neutron/api/extensions.py:449}}
Jul 04 00:24:17.929295 np0000004493 devstack@neutron-api.service[87325]: DEBUG neutron.api.extensions [None req-cc5830ad-fa8d-439b-a7b6-cbccbea5ef99 None None] Ext name="Floating IP Pools Extension" alias="floatingip-pools" description="Provides a floating IP pools API." updated="2018-03-21T10:00:00-00:00" {{(pid=87325) _check_extension /opt/stack/neutron/neutron/api/extensions.py:415}}
Jul 04 00:24:17.929295 np0000004493 devstack@neutron-api.service[87325]: INFO neutron.api.extensions [None req-cc5830ad-fa8d-439b-a7b6-cbccbea5ef99 None None] Loaded extension: floatingip-pools
Jul 04 00:24:17.929295 np0000004493 devstack@neutron-api.service[87325]: DEBUG neutron.api.extensions [None req-cc5830ad-fa8d-439b-a7b6-cbccbea5ef99 None None] Loading extension file: ip_allocation.py {{(pid=87325) _load_all_extensions_from_path /opt/stack/neutron/neutron/api/extensions.py:449}}
Jul 04 00:24:17.929683 np0000004493 devstack@neutron-api.service[87325]: DEBUG neutron.api.extensions [None req-cc5830ad-fa8d-439b-a7b6-cbccbea5ef99 None None] Ext name="IP Allocation" alias="ip_allocation" description="IP allocation extension." updated="2016-06-10T23:00:00-00:00" {{(pid=87325) _check_extension /opt/stack/neutron/neutron/api/extensions.py:415}}
Jul 04 00:24:17.929683 np0000004493 devstack@neutron-api.service[87325]: INFO neutron.api.extensions [None req-cc5830ad-fa8d-439b-a7b6-cbccbea5ef99 None None] Extension ip_allocation not supported by any of loaded plugins
Jul 04 00:24:17.929683 np0000004493 devstack@neutron-api.service[87325]: DEBUG neutron.api.extensions [None req-cc5830ad-fa8d-439b-a7b6-cbccbea5ef99 None None] Loading extension file: ip_substring_port_filtering.py {{(pid=87325) _load_all_extensions_from_path /opt/stack/neutron/neutron/api/extensions.py:449}}
Jul 04 00:24:17.930083 np0000004493 devstack@neutron-api.service[87325]: DEBUG neutron.api.extensions [None req-cc5830ad-fa8d-439b-a7b6-cbccbea5ef99 None None] Ext name="IP address substring filtering" alias="ip-substring-filtering" description="Provides IP address substring filtering when listing ports" updated="2017-11-28T09:00:00-00:00" {{(pid=87325) _check_extension /opt/stack/neutron/neutron/api/extensions.py:415}}
Jul 04 00:24:17.930083 np0000004493 devstack@neutron-api.service[87325]: INFO neutron.api.extensions [None req-cc5830ad-fa8d-439b-a7b6-cbccbea5ef99 None None] Extension ip-substring-filtering not supported by any of loaded plugins
Jul 04 00:24:17.930083 np0000004493 devstack@neutron-api.service[87325]: DEBUG neutron.api.extensions [None req-cc5830ad-fa8d-439b-a7b6-cbccbea5ef99 None None] Loading extension file: l2_adjacency.py {{(pid=87325) _load_all_extensions_from_path /opt/stack/neutron/neutron/api/extensions.py:449}}
Jul 04 00:24:17.930661 np0000004493 devstack@neutron-api.service[87325]: DEBUG neutron.api.extensions [None req-cc5830ad-fa8d-439b-a7b6-cbccbea5ef99 None None] Ext name="L2 Adjacency" alias="l2_adjacency" description="Display L2 Adjacency for Neutron Networks." updated="2016-04-12T16:00:00-00:00" {{(pid=87325) _check_extension /opt/stack/neutron/neutron/api/extensions.py:415}}
Jul 04 00:24:17.930661 np0000004493 devstack@neutron-api.service[87325]: INFO neutron.api.extensions [None req-cc5830ad-fa8d-439b-a7b6-cbccbea5ef99 None None] Extension l2_adjacency not supported by any of loaded plugins
Jul 04 00:24:17.930661 np0000004493 devstack@neutron-api.service[87325]: DEBUG neutron.api.extensions [None req-cc5830ad-fa8d-439b-a7b6-cbccbea5ef99 None None] Loading extension file: l3.py {{(pid=87325) _load_all_extensions_from_path /opt/stack/neutron/neutron/api/extensions.py:449}}
Jul 04 00:24:17.931225 np0000004493 devstack@neutron-api.service[87325]: DEBUG neutron.api.extensions [None req-cc5830ad-fa8d-439b-a7b6-cbccbea5ef99 None None] Ext name="Neutron L3 Router" alias="router" description="Router abstraction for basic L3 forwarding between L2 Neutron networks and access to external networks via a NAT gateway." updated="2012-07-20T10:00:00-00:00" {{(pid=87325) _check_extension /opt/stack/neutron/neutron/api/extensions.py:415}}
Jul 04 00:24:17.931225 np0000004493 devstack@neutron-api.service[87325]: INFO neutron.api.extensions [None req-cc5830ad-fa8d-439b-a7b6-cbccbea5ef99 None None] Loaded extension: router
Jul 04 00:24:17.931705 np0000004493 devstack@neutron-api.service[87325]: DEBUG neutron.api.extensions [None req-cc5830ad-fa8d-439b-a7b6-cbccbea5ef99 None None] Loading extension file: l3_agent_scheduler_ha_chassis_priority.py {{(pid=87325) _load_all_extensions_from_path /opt/stack/neutron/neutron/api/extensions.py:449}}
Jul 04 00:24:17.931705 np0000004493 devstack@neutron-api.service[87325]: DEBUG neutron.api.extensions [None req-cc5830ad-fa8d-439b-a7b6-cbccbea5ef99 None None] Ext name="L3 Agent Scheduler HA Chassis Priority" alias="l3-agent-scheduler-ha-chassis-priority" description="Exposes the HA_Chassis priority in the L3 Agent Scheduler API responses and allows setting priority when scheduling a router to a chassis." updated="2026-03-31T00:00:00-00:00" {{(pid=87325) _check_extension /opt/stack/neutron/neutron/api/extensions.py:415}}
Jul 04 00:24:17.931705 np0000004493 devstack@neutron-api.service[87325]: INFO neutron.api.extensions [None req-cc5830ad-fa8d-439b-a7b6-cbccbea5ef99 None None] Loaded extension: l3-agent-scheduler-ha-chassis-priority
Jul 04 00:24:17.932022 np0000004493 devstack@neutron-api.service[87325]: DEBUG neutron.api.extensions [None req-cc5830ad-fa8d-439b-a7b6-cbccbea5ef99 None None] Loading extension file: l3_conntrack_helper.py {{(pid=87325) _load_all_extensions_from_path /opt/stack/neutron/neutron/api/extensions.py:449}}
Jul 04 00:24:17.932663 np0000004493 devstack@neutron-api.service[87325]: DEBUG neutron.api.extensions [None req-cc5830ad-fa8d-439b-a7b6-cbccbea5ef99 None None] Ext name="L3 Conntrack helper" alias="l3-conntrack-helper" description="Allow adding CT target rules for conntrack helper" updated="2019-04-04T10:00:00-00:00" {{(pid=87325) _check_extension /opt/stack/neutron/neutron/api/extensions.py:415}}
Jul 04 00:24:17.932838 np0000004493 devstack@neutron-api.service[87327]: DEBUG neutron_lib.callbacks.manager [None req-4c17ac3a-de2a-4197-b759-480e1ce69758 None None] Subscribe: > router before_delete 55550000, False {{(pid=87327) subscribe /opt/stack/data/venv/lib/python3.12/site-packages/neutron_lib/callbacks/manager.py:52}}
Jul 04 00:24:17.933085 np0000004493 devstack@neutron-api.service[87325]: INFO neutron.api.extensions [None req-cc5830ad-fa8d-439b-a7b6-cbccbea5ef99 None None] Extension l3-conntrack-helper not supported by any of loaded plugins
Jul 04 00:24:17.933085 np0000004493 devstack@neutron-api.service[87325]: DEBUG neutron.api.extensions [None req-cc5830ad-fa8d-439b-a7b6-cbccbea5ef99 None None] Loading extension file: l3_enable_default_route_bfd.py {{(pid=87325) _load_all_extensions_from_path /opt/stack/neutron/neutron/api/extensions.py:449}}
Jul 04 00:24:17.933278 np0000004493 devstack@neutron-api.service[87327]: DEBUG neutron_lib.callbacks.manager [None req-4c17ac3a-de2a-4197-b759-480e1ce69758 None None] Subscribe: port before_update 55550000, False {{(pid=87327) subscribe /opt/stack/data/venv/lib/python3.12/site-packages/neutron_lib/callbacks/manager.py:52}}
Jul 04 00:24:17.933278 np0000004493 devstack@neutron-api.service[87327]: DEBUG neutron_lib.callbacks.manager [None req-4c17ac3a-de2a-4197-b759-480e1ce69758 None None] Subscribe: port after_update 55550000, False {{(pid=87327) subscribe /opt/stack/data/venv/lib/python3.12/site-packages/neutron_lib/callbacks/manager.py:52}}
Jul 04 00:24:17.933278 np0000004493 devstack@neutron-api.service[87327]: DEBUG neutron_lib.callbacks.manager [None req-4c17ac3a-de2a-4197-b759-480e1ce69758 None None] Subscribe: > port precommit_delete 55550000, False {{(pid=87327) subscribe /opt/stack/data/venv/lib/python3.12/site-packages/neutron_lib/callbacks/manager.py:52}}
Jul 04 00:24:17.933520 np0000004493 devstack@neutron-api.service[87325]: DEBUG neutron.api.extensions [None req-cc5830ad-fa8d-439b-a7b6-cbccbea5ef99 None None] Ext name="Enable Default Route BFD" alias="enable-default-route-bfd" description="Enables configurable BFD behavior for default routes" updated="2023-02-27T00:00:00-00:00" {{(pid=87325) _check_extension /opt/stack/neutron/neutron/api/extensions.py:415}}
Jul 04 00:24:17.933691 np0000004493 devstack@neutron-api.service[87327]: DEBUG neutron_lib.callbacks.manager [None req-4c17ac3a-de2a-4197-b759-480e1ce69758 None None] Subscribe: port before_update 55550000, False {{(pid=87327) subscribe /opt/stack/data/venv/lib/python3.12/site-packages/neutron_lib/callbacks/manager.py:52}}
Jul 04 00:24:17.933691 np0000004493 devstack@neutron-api.service[87327]: DEBUG neutron_lib.callbacks.manager [None req-4c17ac3a-de2a-4197-b759-480e1ce69758 None None] Subscribe: port before_delete 55550000, False {{(pid=87327) subscribe /opt/stack/data/venv/lib/python3.12/site-packages/neutron_lib/callbacks/manager.py:52}}
Jul 04 00:24:17.933858 np0000004493 devstack@neutron-api.service[87325]: INFO neutron.api.extensions [None req-cc5830ad-fa8d-439b-a7b6-cbccbea5ef99 None None] Loaded extension: enable-default-route-bfd
Jul 04 00:24:17.933858 np0000004493 devstack@neutron-api.service[87325]: DEBUG neutron.api.extensions [None req-cc5830ad-fa8d-439b-a7b6-cbccbea5ef99 None None] Loading extension file: l3_enable_default_route_ecmp.py {{(pid=87325) _load_all_extensions_from_path /opt/stack/neutron/neutron/api/extensions.py:449}}
Jul 04 00:24:17.934005 np0000004493 devstack@neutron-api.service[87327]: DEBUG neutron_lib.callbacks.manager [None req-4c17ac3a-de2a-4197-b759-480e1ce69758 None None] Subscribe: > router precommit_create 55550000, False {{(pid=87327) subscribe /opt/stack/data/venv/lib/python3.12/site-packages/neutron_lib/callbacks/manager.py:52}}
Jul 04 00:24:17.934005 np0000004493 devstack@neutron-api.service[87327]: DEBUG neutron_lib.callbacks.manager [None req-4c17ac3a-de2a-4197-b759-480e1ce69758 None None] Subscribe: > router precommit_create 55550000, False {{(pid=87327) subscribe /opt/stack/data/venv/lib/python3.12/site-packages/neutron_lib/callbacks/manager.py:52}}
Jul 04 00:24:17.934005 np0000004493 devstack@neutron-api.service[87327]: DEBUG neutron_lib.callbacks.manager [None req-4c17ac3a-de2a-4197-b759-480e1ce69758 None None] Subscribe: > router precommit_update 55550000, False {{(pid=87327) subscribe /opt/stack/data/venv/lib/python3.12/site-packages/neutron_lib/callbacks/manager.py:52}}
Jul 04 00:24:17.934202 np0000004493 devstack@neutron-api.service[87325]: DEBUG neutron.api.extensions [None req-cc5830ad-fa8d-439b-a7b6-cbccbea5ef99 None None] Ext name="Enable Default Route ECMP" alias="enable-default-route-ecmp" description="Enables configurable ECMP behavior for default routes" updated="2023-02-27T00:00:00-00:00" {{(pid=87325) _check_extension /opt/stack/neutron/neutron/api/extensions.py:415}}
Jul 04 00:24:17.934378 np0000004493 devstack@neutron-api.service[87327]: DEBUG neutron_lib.callbacks.manager [None req-4c17ac3a-de2a-4197-b759-480e1ce69758 None None] Subscribe: subnet after_update 55550000, False {{(pid=87327) subscribe /opt/stack/data/venv/lib/python3.12/site-packages/neutron_lib/callbacks/manager.py:52}}
Jul 04 00:24:17.934520 np0000004493 devstack@neutron-api.service[87325]: INFO neutron.api.extensions [None req-cc5830ad-fa8d-439b-a7b6-cbccbea5ef99 None None] Loaded extension: enable-default-route-ecmp
Jul 04 00:24:17.934520 np0000004493 devstack@neutron-api.service[87325]: DEBUG neutron.api.extensions [None req-cc5830ad-fa8d-439b-a7b6-cbccbea5ef99 None None] Loading extension file: l3_ext_gw_mode.py {{(pid=87325) _load_all_extensions_from_path /opt/stack/neutron/neutron/api/extensions.py:449}}
Jul 04 00:24:17.934792 np0000004493 devstack@neutron-api.service[87327]: DEBUG neutron.quota.resource_registry [None req-4c17ac3a-de2a-4197-b759-480e1ce69758 None None] Tracking information for resource: router configured {{(pid=87327) set_tracked_resource /opt/stack/neutron/neutron/quota/resource_registry.py:203}}
Jul 04 00:24:17.934792 np0000004493 devstack@neutron-api.service[87327]: DEBUG neutron.quota.resource_registry [None req-4c17ac3a-de2a-4197-b759-480e1ce69758 None None] Tracking information for resource: floatingip configured {{(pid=87327) set_tracked_resource /opt/stack/neutron/neutron/quota/resource_registry.py:203}}
Jul 04 00:24:17.934964 np0000004493 devstack@neutron-api.service[87325]: DEBUG neutron.api.extensions [None req-cc5830ad-fa8d-439b-a7b6-cbccbea5ef99 None None] Ext name="Neutron L3 Configurable external gateway mode" alias="ext-gw-mode" description="Extension of the router abstraction for specifying whether SNAT should occur on the external gateway" updated="2013-03-28T10:00:00-00:00" {{(pid=87325) _check_extension /opt/stack/neutron/neutron/api/extensions.py:415}}
Jul 04 00:24:17.935341 np0000004493 devstack@neutron-api.service[87327]: INFO neutron.services.ovn_l3.plugin [None req-4c17ac3a-de2a-4197-b759-480e1ce69758 None None] Starting OVNL3RouterPlugin
Jul 04 00:24:17.935527 np0000004493 devstack@neutron-api.service[87325]: INFO neutron.api.extensions [None req-cc5830ad-fa8d-439b-a7b6-cbccbea5ef99 None None] Loaded extension: ext-gw-mode
Jul 04 00:24:17.935527 np0000004493 devstack@neutron-api.service[87325]: DEBUG neutron.api.extensions [None req-cc5830ad-fa8d-439b-a7b6-cbccbea5ef99 None None] Loading extension file: l3_ext_ha_mode.py {{(pid=87325) _load_all_extensions_from_path /opt/stack/neutron/neutron/api/extensions.py:449}}
Jul 04 00:24:17.935674 np0000004493 devstack@neutron-api.service[87327]: DEBUG neutron_lib.callbacks.manager [None req-4c17ac3a-de2a-4197-b759-480e1ce69758 None None] Subscribe: > port_forwarding_plugin after_init 55550000, False {{(pid=87327) subscribe /opt/stack/data/venv/lib/python3.12/site-packages/neutron_lib/callbacks/manager.py:52}}
Jul 04 00:24:17.935798 np0000004493 devstack@neutron-api.service[87325]: DEBUG neutron.api.extensions [None req-cc5830ad-fa8d-439b-a7b6-cbccbea5ef99 None None] Ext name="HA Router extension" alias="l3-ha" description="Adds HA capability to routers." updated="2014-04-26T00:00:00-00:00" {{(pid=87325) _check_extension /opt/stack/neutron/neutron/api/extensions.py:415}}
Jul 04 00:24:17.935798 np0000004493 devstack@neutron-api.service[87325]: INFO neutron.api.extensions [None req-cc5830ad-fa8d-439b-a7b6-cbccbea5ef99 None None] Loaded extension: l3-ha
Jul 04 00:24:17.935973 np0000004493 devstack@neutron-api.service[87327]: DEBUG neutron_lib.callbacks.manager [None req-4c17ac3a-de2a-4197-b759-480e1ce69758 None None] Subscribe: > router before_create 55550100, False {{(pid=87327) subscribe /opt/stack/data/venv/lib/python3.12/site-packages/neutron_lib/callbacks/manager.py:52}}
Jul 04 00:24:17.936064 np0000004493 devstack@neutron-api.service[87325]: DEBUG neutron.api.extensions [None req-cc5830ad-fa8d-439b-a7b6-cbccbea5ef99 None None] Loading extension file: l3_ext_ndp_proxy.py {{(pid=87325) _load_all_extensions_from_path /opt/stack/neutron/neutron/api/extensions.py:449}}
Jul 04 00:24:17.936214 np0000004493 devstack@neutron-api.service[87327]: DEBUG neutron_lib.callbacks.manager [None req-4c17ac3a-de2a-4197-b759-480e1ce69758 None None] Subscribe: > router precommit_delete 55550100, False {{(pid=87327) subscribe /opt/stack/data/venv/lib/python3.12/site-packages/neutron_lib/callbacks/manager.py:52}}
Jul 04 00:24:17.936423 np0000004493 devstack@neutron-api.service[87325]: DEBUG neutron.api.extensions [None req-cc5830ad-fa8d-439b-a7b6-cbccbea5ef99 None None] Ext name="Router support to enable NDP proxy" alias="l3-ext-ndp-proxy" description="Router extension to enable ndp proxy" updated="2020-08-25T00:00:00-00:00" {{(pid=87325) _check_extension /opt/stack/neutron/neutron/api/extensions.py:415}}
Jul 04 00:24:17.936530 np0000004493 devstack@neutron-api.service[87327]: DEBUG neutron_lib.callbacks.manager [None req-4c17ac3a-de2a-4197-b759-480e1ce69758 None None] Subscribe: > router precommit_create 55550100, False {{(pid=87327) subscribe /opt/stack/data/venv/lib/python3.12/site-packages/neutron_lib/callbacks/manager.py:52}}
Jul 04 00:24:17.936693 np0000004493 devstack@neutron-api.service[87325]: INFO neutron.api.extensions [None req-cc5830ad-fa8d-439b-a7b6-cbccbea5ef99 None None] Extension l3-ext-ndp-proxy not supported by any of loaded plugins
Jul 04 00:24:17.936838 np0000004493 devstack@neutron-api.service[87327]: DEBUG neutron_lib.callbacks.manager [None req-4c17ac3a-de2a-4197-b759-480e1ce69758 None None] Subscribe: > router precommit_update 55550100, False {{(pid=87327) subscribe /opt/stack/data/venv/lib/python3.12/site-packages/neutron_lib/callbacks/manager.py:52}}
Jul 04 00:24:17.936945 np0000004493 devstack@neutron-api.service[87325]: DEBUG neutron.api.extensions [None req-cc5830ad-fa8d-439b-a7b6-cbccbea5ef99 None None] Loading extension file: l3_extra_gws.py {{(pid=87325) _load_all_extensions_from_path /opt/stack/neutron/neutron/api/extensions.py:449}}
Jul 04 00:24:17.936945 np0000004493 devstack@neutron-api.service[87325]: DEBUG neutron.api.extensions [None req-cc5830ad-fa8d-439b-a7b6-cbccbea5ef99 None None] Ext name="Neutron L3 External Gateway Multihoming" alias="external-gateway-multihoming" description="Allow multiple external gateway ports per router" updated="2023-01-18T00:00:00-00:00" {{(pid=87325) _check_extension /opt/stack/neutron/neutron/api/extensions.py:415}}
Jul 04 00:24:17.936945 np0000004493 devstack@neutron-api.service[87325]: INFO neutron.api.extensions [None req-cc5830ad-fa8d-439b-a7b6-cbccbea5ef99 None None] Loaded extension: external-gateway-multihoming
Jul 04 00:24:17.936945 np0000004493 devstack@neutron-api.service[87325]: DEBUG neutron.api.extensions [None req-cc5830ad-fa8d-439b-a7b6-cbccbea5ef99 None None] Loading extension file: l3_flavors.py {{(pid=87325) _load_all_extensions_from_path /opt/stack/neutron/neutron/api/extensions.py:449}}
Jul 04 00:24:17.936945 np0000004493 devstack@neutron-api.service[87325]: DEBUG neutron.api.extensions [None req-cc5830ad-fa8d-439b-a7b6-cbccbea5ef99 None None] Ext name="Router Flavor Extension" alias="l3-flavors" description="Flavor support for routers." updated="2016-05-17T00:00:00-00:00" {{(pid=87325) _check_extension /opt/stack/neutron/neutron/api/extensions.py:415}}
Jul 04 00:24:17.936945 np0000004493 devstack@neutron-api.service[87325]: INFO neutron.api.extensions [None req-cc5830ad-fa8d-439b-a7b6-cbccbea5ef99 None None] Loaded extension: l3-flavors
Jul 04 00:24:17.936945 np0000004493 devstack@neutron-api.service[87325]: DEBUG neutron.api.extensions [None req-cc5830ad-fa8d-439b-a7b6-cbccbea5ef99 None None] Loading extension file: l3_ndp_proxy.py {{(pid=87325) _load_all_extensions_from_path /opt/stack/neutron/neutron/api/extensions.py:449}}
Jul 04 00:24:17.937174 np0000004493 devstack@neutron-api.service[87325]: DEBUG neutron.api.extensions [None req-cc5830ad-fa8d-439b-a7b6-cbccbea5ef99 None None] Ext name="name" alias="l3-ndp-proxy" description="description" updated="2021-06-29T10:00:00-00:00" {{(pid=87325) _check_extension /opt/stack/neutron/neutron/api/extensions.py:415}}
Jul 04 00:24:17.937319 np0000004493 devstack@neutron-api.service[87325]: INFO neutron.api.extensions [None req-cc5830ad-fa8d-439b-a7b6-cbccbea5ef99 None None] Extension l3-ndp-proxy not supported by any of loaded plugins
Jul 04 00:24:17.937499 np0000004493 devstack@neutron-api.service[87325]: DEBUG neutron.api.extensions [None req-cc5830ad-fa8d-439b-a7b6-cbccbea5ef99 None None] Loading extension file: l3_port_ip_change_not_allowed.py {{(pid=87325) _load_all_extensions_from_path /opt/stack/neutron/neutron/api/extensions.py:449}}
Jul 04 00:24:17.937617 np0000004493 devstack@neutron-api.service[87325]: DEBUG neutron.api.extensions [None req-cc5830ad-fa8d-439b-a7b6-cbccbea5ef99 None None] Ext name="Prevent L3 router ports IP address change extension" alias="l3-port-ip-change-not-allowed" description="Prevent change of IP address for some L3 router ports" updated="2018-10-09T10:00:00-00:00" {{(pid=87325) _check_extension /opt/stack/neutron/neutron/api/extensions.py:415}}
Jul 04 00:24:17.937750 np0000004493 devstack@neutron-api.service[87325]: INFO neutron.api.extensions [None req-cc5830ad-fa8d-439b-a7b6-cbccbea5ef99 None None] Extension l3-port-ip-change-not-allowed not supported by any of loaded plugins
Jul 04 00:24:17.937874 np0000004493 devstack@neutron-api.service[87325]: DEBUG neutron.api.extensions [None req-cc5830ad-fa8d-439b-a7b6-cbccbea5ef99 None None] Loading extension file: l3agentscheduler.py {{(pid=87325) _load_all_extensions_from_path /opt/stack/neutron/neutron/api/extensions.py:449}}
Jul 04 00:24:17.938516 np0000004493 devstack@neutron-api.service[87325]: DEBUG neutron.api.extensions [None req-cc5830ad-fa8d-439b-a7b6-cbccbea5ef99 None None] Ext name="L3 Agent Scheduler" alias="l3_agent_scheduler" description="Schedule routers among l3 agents" updated="2013-02-07T10:00:00-00:00" {{(pid=87325) _check_extension /opt/stack/neutron/neutron/api/extensions.py:415}}
Jul 04 00:24:17.938726 np0000004493 devstack@neutron-api.service[87325]: INFO neutron.api.extensions [None req-cc5830ad-fa8d-439b-a7b6-cbccbea5ef99 None None] Loaded extension: l3_agent_scheduler
Jul 04 00:24:17.938726 np0000004493 devstack@neutron-api.service[87325]: DEBUG neutron.api.extensions [None req-cc5830ad-fa8d-439b-a7b6-cbccbea5ef99 None None] Loading extension file: local_ip.py {{(pid=87325) _load_all_extensions_from_path /opt/stack/neutron/neutron/api/extensions.py:449}}
Jul 04 00:24:17.939046 np0000004493 devstack@neutron-api.service[87325]: DEBUG neutron.api.extensions [None req-cc5830ad-fa8d-439b-a7b6-cbccbea5ef99 None None] Ext name="Local IP" alias="local_ip" description="Support Node Local Virtual IP" updated="2021-07-26T10:00:00-00:00" {{(pid=87325) _check_extension /opt/stack/neutron/neutron/api/extensions.py:415}}
Jul 04 00:24:17.939185 np0000004493 devstack@neutron-api.service[87325]: INFO neutron.api.extensions [None req-cc5830ad-fa8d-439b-a7b6-cbccbea5ef99 None None] Extension local_ip not supported by any of loaded plugins
Jul 04 00:24:17.939280 np0000004493 devstack@neutron-api.service[87325]: DEBUG neutron.api.extensions [None req-cc5830ad-fa8d-439b-a7b6-cbccbea5ef99 None None] Loading extension file: logging.py {{(pid=87325) _load_all_extensions_from_path /opt/stack/neutron/neutron/api/extensions.py:449}}
Jul 04 00:24:17.939647 np0000004493 devstack@neutron-api.service[87325]: DEBUG neutron.api.extensions [None req-cc5830ad-fa8d-439b-a7b6-cbccbea5ef99 None None] Ext name="Logging API Extension" alias="logging" description="Provides a logging API for resources such as security group and firewall." updated="2017-01-01T10:00:00-00:00" {{(pid=87325) _check_extension /opt/stack/neutron/neutron/api/extensions.py:415}}
Jul 04 00:24:17.939647 np0000004493 devstack@neutron-api.service[87325]: INFO neutron.api.extensions [None req-cc5830ad-fa8d-439b-a7b6-cbccbea5ef99 None None] Extension logging not supported by any of loaded plugins
Jul 04 00:24:17.940092 np0000004493 devstack@neutron-api.service[87325]: DEBUG neutron.api.extensions [None req-cc5830ad-fa8d-439b-a7b6-cbccbea5ef99 None None] Loading extension file: metering.py {{(pid=87325) _load_all_extensions_from_path /opt/stack/neutron/neutron/api/extensions.py:449}}
