Jul 01 00:03:56.898024 np0000004055 devstack@g-api.service[99590]: DEBUG glance.api.middleware.version_negotiation [None req-a4d24c7f-ef82-4dcc-a8bd-dbb47e585a7f tempest-AttachVolumeNegativeTest-846647679 tempest-AttachVolumeNegativeTest-846647679-project-member] Determining version of request: GET /v2/images/0a7f82a9-1fc1-4c09-9197-4f370c3fc855/locations Accept: */* {{(pid=99590) process_request /opt/stack/glance/glance/api/middleware/version_negotiation.py:44}}
Jul 01 00:03:56.898245 np0000004055 devstack@g-api.service[99590]: DEBUG glance.api.middleware.version_negotiation [None req-a4d24c7f-ef82-4dcc-a8bd-dbb47e585a7f tempest-AttachVolumeNegativeTest-846647679 tempest-AttachVolumeNegativeTest-846647679-project-member] Using url versioning {{(pid=99590) process_request /opt/stack/glance/glance/api/middleware/version_negotiation.py:57}}
Jul 01 00:03:56.898415 np0000004055 devstack@g-api.service[99590]: DEBUG glance.api.middleware.version_negotiation [None req-a4d24c7f-ef82-4dcc-a8bd-dbb47e585a7f tempest-AttachVolumeNegativeTest-846647679 tempest-AttachVolumeNegativeTest-846647679-project-member] Matched version: v2 {{(pid=99590) process_request /opt/stack/glance/glance/api/middleware/version_negotiation.py:69}}
Jul 01 00:03:56.898542 np0000004055 devstack@g-api.service[99590]: DEBUG glance.api.middleware.version_negotiation [None req-a4d24c7f-ef82-4dcc-a8bd-dbb47e585a7f tempest-AttachVolumeNegativeTest-846647679 tempest-AttachVolumeNegativeTest-846647679-project-member] new path /v2/images/0a7f82a9-1fc1-4c09-9197-4f370c3fc855/locations {{(pid=99590) process_request /opt/stack/glance/glance/api/middleware/version_negotiation.py:70}}
Jul 01 00:03:57.221305 np0000004055 devstack@g-api.service[99590]: [pid: 99590|app: 0|req: 37/109] 127.0.0.1 () {44 vars in 1135 bytes} [Wed Jul 1 00:03:56 2026] GET /v2/images/0a7f82a9-1fc1-4c09-9197-4f370c3fc855/locations => generated 92 bytes in 323 msecs (HTTP/1.1 200) 4 headers in 156 bytes (1 switches on core 0)
Jul 01 00:03:57.238630 np0000004055 devstack@g-api.service[99591]: DEBUG glance.api.middleware.version_negotiation [None req-a4d24c7f-ef82-4dcc-a8bd-dbb47e585a7f tempest-AttachVolumeNegativeTest-846647679 tempest-AttachVolumeNegativeTest-846647679-project-member] Determining version of request: GET /v2/images/0a7f82a9-1fc1-4c09-9197-4f370c3fc855 Accept: */* {{(pid=99591) process_request /opt/stack/glance/glance/api/middleware/version_negotiation.py:44}}
Jul 01 00:03:57.238713 np0000004055 devstack@g-api.service[99592]: DEBUG glance.api.middleware.version_negotiation [None req-9b00954f-2460-4f15-b8fe-efee5da2bbd7 tempest-TaggedBootDevicesTest_v242-601891635 tempest-TaggedBootDevicesTest_v242-601891635-project-member] Determining version of request: GET /v2/images/61e40be1-2a98-4b5a-a4e5-28f968542e6b Accept: */* {{(pid=99592) process_request /opt/stack/glance/glance/api/middleware/version_negotiation.py:44}}
Jul 01 00:03:57.239120 np0000004055 devstack@g-api.service[99591]: DEBUG glance.api.middleware.version_negotiation [None req-a4d24c7f-ef82-4dcc-a8bd-dbb47e585a7f tempest-AttachVolumeNegativeTest-846647679 tempest-AttachVolumeNegativeTest-846647679-project-member] Using url versioning {{(pid=99591) process_request /opt/stack/glance/glance/api/middleware/version_negotiation.py:57}}
Jul 01 00:03:57.239177 np0000004055 devstack@g-api.service[99592]: DEBUG glance.api.middleware.version_negotiation [None req-9b00954f-2460-4f15-b8fe-efee5da2bbd7 tempest-TaggedBootDevicesTest_v242-601891635 tempest-TaggedBootDevicesTest_v242-601891635-project-member] Using url versioning {{(pid=99592) process_request /opt/stack/glance/glance/api/middleware/version_negotiation.py:57}}
Jul 01 00:03:57.239177 np0000004055 devstack@g-api.service[99592]: DEBUG glance.api.middleware.version_negotiation [None req-9b00954f-2460-4f15-b8fe-efee5da2bbd7 tempest-TaggedBootDevicesTest_v242-601891635 tempest-TaggedBootDevicesTest_v242-601891635-project-member] Matched version: v2 {{(pid=99592) process_request /opt/stack/glance/glance/api/middleware/version_negotiation.py:69}}
Jul 01 00:03:57.239230 np0000004055 devstack@g-api.service[99591]: DEBUG glance.api.middleware.version_negotiation [None req-a4d24c7f-ef82-4dcc-a8bd-dbb47e585a7f tempest-AttachVolumeNegativeTest-846647679 tempest-AttachVolumeNegativeTest-846647679-project-member] Matched version: v2 {{(pid=99591) process_request /opt/stack/glance/glance/api/middleware/version_negotiation.py:69}}
Jul 01 00:03:57.239269 np0000004055 devstack@g-api.service[99592]: DEBUG glance.api.middleware.version_negotiation [None req-9b00954f-2460-4f15-b8fe-efee5da2bbd7 tempest-TaggedBootDevicesTest_v242-601891635 tempest-TaggedBootDevicesTest_v242-601891635-project-member] new path /v2/images/61e40be1-2a98-4b5a-a4e5-28f968542e6b {{(pid=99592) process_request /opt/stack/glance/glance/api/middleware/version_negotiation.py:70}}
Jul 01 00:03:57.239294 np0000004055 devstack@g-api.service[99591]: DEBUG glance.api.middleware.version_negotiation [None req-a4d24c7f-ef82-4dcc-a8bd-dbb47e585a7f tempest-AttachVolumeNegativeTest-846647679 tempest-AttachVolumeNegativeTest-846647679-project-member] new path /v2/images/0a7f82a9-1fc1-4c09-9197-4f370c3fc855 {{(pid=99591) process_request /opt/stack/glance/glance/api/middleware/version_negotiation.py:70}}
Jul 01 00:03:57.251794 np0000004055 devstack@g-api.service[99592]: [pid: 99592|app: 0|req: 36/110] 127.0.0.1 () {44 vars in 1115 bytes} [Wed Jul 1 00:03:57 2026] GET /v2/images/61e40be1-2a98-4b5a-a4e5-28f968542e6b => generated 1044 bytes in 15 msecs (HTTP/1.1 200) 4 headers in 158 bytes (1 switches on core 0)
Jul 01 00:03:57.252979 np0000004055 devstack@g-api.service[99591]: [pid: 99591|app: 0|req: 38/111] 127.0.0.1 () {44 vars in 1115 bytes} [Wed Jul 1 00:03:57 2026] GET /v2/images/0a7f82a9-1fc1-4c09-9197-4f370c3fc855 => generated 1044 bytes in 16 msecs (HTTP/1.1 200) 4 headers in 158 bytes (1 switches on core 0)
Jul 01 00:03:57.263184 np0000004055 devstack@g-api.service[99590]: DEBUG glance.api.middleware.version_negotiation [None req-9b00954f-2460-4f15-b8fe-efee5da2bbd7 service glance] Determining version of request: GET /v2/images/61e40be1-2a98-4b5a-a4e5-28f968542e6b/file Accept: */* {{(pid=99590) process_request /opt/stack/glance/glance/api/middleware/version_negotiation.py:44}}
Jul 01 00:03:57.263578 np0000004055 devstack@g-api.service[99590]: DEBUG glance.api.middleware.version_negotiation [None req-9b00954f-2460-4f15-b8fe-efee5da2bbd7 service glance] Using url versioning {{(pid=99590) process_request /opt/stack/glance/glance/api/middleware/version_negotiation.py:57}}
Jul 01 00:03:57.263578 np0000004055 devstack@g-api.service[99590]: DEBUG glance.api.middleware.version_negotiation [None req-9b00954f-2460-4f15-b8fe-efee5da2bbd7 service glance] Matched version: v2 {{(pid=99590) process_request /opt/stack/glance/glance/api/middleware/version_negotiation.py:69}}
Jul 01 00:03:57.263758 np0000004055 devstack@g-api.service[99590]: DEBUG glance.api.middleware.version_negotiation [None req-9b00954f-2460-4f15-b8fe-efee5da2bbd7 service glance] new path /v2/images/61e40be1-2a98-4b5a-a4e5-28f968542e6b/file {{(pid=99590) process_request /opt/stack/glance/glance/api/middleware/version_negotiation.py:70}}
Jul 01 00:03:57.265833 np0000004055 devstack@g-api.service[99592]: DEBUG glance.api.middleware.version_negotiation [None req-0fb191c1-d08c-4b04-80b2-c93d584164fe tempest-ServerActionsV293TestJSON-1441540273 tempest-ServerActionsV293TestJSON-1441540273-project-member] Determining version of request: GET /v2/schemas/image Accept: */* {{(pid=99592) process_request /opt/stack/glance/glance/api/middleware/version_negotiation.py:44}}
Jul 01 00:03:57.266080 np0000004055 devstack@g-api.service[99592]: DEBUG glance.api.middleware.version_negotiation [None req-0fb191c1-d08c-4b04-80b2-c93d584164fe tempest-ServerActionsV293TestJSON-1441540273 tempest-ServerActionsV293TestJSON-1441540273-project-member] Using url versioning {{(pid=99592) process_request /opt/stack/glance/glance/api/middleware/version_negotiation.py:57}}
Jul 01 00:03:57.266269 np0000004055 devstack@g-api.service[99592]: DEBUG glance.api.middleware.version_negotiation [None req-0fb191c1-d08c-4b04-80b2-c93d584164fe tempest-ServerActionsV293TestJSON-1441540273 tempest-ServerActionsV293TestJSON-1441540273-project-member] Matched version: v2 {{(pid=99592) process_request /opt/stack/glance/glance/api/middleware/version_negotiation.py:69}}
Jul 01 00:03:57.266415 np0000004055 devstack@g-api.service[99592]: DEBUG glance.api.middleware.version_negotiation [None req-0fb191c1-d08c-4b04-80b2-c93d584164fe tempest-ServerActionsV293TestJSON-1441540273 tempest-ServerActionsV293TestJSON-1441540273-project-member] new path /v2/schemas/image {{(pid=99592) process_request /opt/stack/glance/glance/api/middleware/version_negotiation.py:70}}
Jul 01 00:03:57.269982 np0000004055 devstack@g-api.service[99592]: [pid: 99592|app: 0|req: 37/112] 127.0.0.1 () {44 vars in 1055 bytes} [Wed Jul 1 00:03:57 2026] GET /v2/schemas/image => generated 6083 bytes in 4 msecs (HTTP/1.1 200) 4 headers in 158 bytes (1 switches on core 0)
Jul 01 00:03:57.281562 np0000004055 devstack@g-api.service[99590]: DEBUG glance_store.backend [None req-0fb191c1-d08c-4b04-80b2-c93d584164fe tempest-ServerActionsV293TestJSON-1441540273 tempest-ServerActionsV293TestJSON-1441540273-project-member] Attempting to import store swift {{(pid=99590) _load_store /opt/stack/data/venv/lib/python3.12/site-packages/glance_store/backend.py:215}}
Jul 01 00:03:57.281794 np0000004055 devstack@g-api.service[99591]: DEBUG glance.api.middleware.version_negotiation [None req-9b00954f-2460-4f15-b8fe-efee5da2bbd7 tempest-TaggedBootDevicesTest_v242-601891635 tempest-TaggedBootDevicesTest_v242-601891635-project-member] Determining version of request: GET /v2/schemas/image Accept: */* {{(pid=99591) process_request /opt/stack/glance/glance/api/middleware/version_negotiation.py:44}}
Jul 01 00:03:57.282219 np0000004055 devstack@g-api.service[99591]: DEBUG glance.api.middleware.version_negotiation [None req-9b00954f-2460-4f15-b8fe-efee5da2bbd7 tempest-TaggedBootDevicesTest_v242-601891635 tempest-TaggedBootDevicesTest_v242-601891635-project-member] Using url versioning {{(pid=99591) process_request /opt/stack/glance/glance/api/middleware/version_negotiation.py:57}}
Jul 01 00:03:57.282219 np0000004055 devstack@g-api.service[99591]: DEBUG glance.api.middleware.version_negotiation [None req-9b00954f-2460-4f15-b8fe-efee5da2bbd7 tempest-TaggedBootDevicesTest_v242-601891635 tempest-TaggedBootDevicesTest_v242-601891635-project-member] Matched version: v2 {{(pid=99591) process_request /opt/stack/glance/glance/api/middleware/version_negotiation.py:69}}
Jul 01 00:03:57.282321 np0000004055 devstack@g-api.service[99591]: DEBUG glance.api.middleware.version_negotiation [None req-9b00954f-2460-4f15-b8fe-efee5da2bbd7 tempest-TaggedBootDevicesTest_v242-601891635 tempest-TaggedBootDevicesTest_v242-601891635-project-member] new path /v2/schemas/image {{(pid=99591) process_request /opt/stack/glance/glance/api/middleware/version_negotiation.py:70}}
Jul 01 00:03:57.283431 np0000004055 devstack@g-api.service[99590]: DEBUG glance_store.capabilities [None req-0fb191c1-d08c-4b04-80b2-c93d584164fe tempest-ServerActionsV293TestJSON-1441540273 tempest-ServerActionsV293TestJSON-1441540273-project-member] Store glance_store._drivers.swift.store.SingleTenantStore doesn't support updating dynamic storage capabilities. Please overwrite 'update_capabilities' method of the store to implement updating logics if needed. {{(pid=99590) update_capabilities /opt/stack/data/venv/lib/python3.12/site-packages/glance_store/capabilities.py:91}}
Jul 01 00:03:57.283431 np0000004055 devstack@g-api.service[99590]: DEBUG glance_store.driver [None req-0fb191c1-d08c-4b04-80b2-c93d584164fe tempest-ServerActionsV293TestJSON-1441540273 tempest-ServerActionsV293TestJSON-1441540273-project-member] Late loading location class glance_store._drivers.swift.store.StoreLocation {{(pid=99590) get_store_location_class /opt/stack/data/venv/lib/python3.12/site-packages/glance_store/driver.py:134}}
Jul 01 00:03:57.283596 np0000004055 devstack@g-api.service[99590]: DEBUG glance_store.location [None req-0fb191c1-d08c-4b04-80b2-c93d584164fe tempest-ServerActionsV293TestJSON-1441540273 tempest-ServerActionsV293TestJSON-1441540273-project-member] Registering scheme swift+https with {'store': , 'location_class': , 'store_entry': 'swift'} {{(pid=99590) register_scheme_map /opt/stack/data/venv/lib/python3.12/site-packages/glance_store/location.py:146}}
Jul 01 00:03:57.283596 np0000004055 devstack@g-api.service[99590]: DEBUG glance_store.location [None req-0fb191c1-d08c-4b04-80b2-c93d584164fe tempest-ServerActionsV293TestJSON-1441540273 tempest-ServerActionsV293TestJSON-1441540273-project-member] Registering scheme swift+https with {'store': , 'location_class': , 'store_entry': 'swift'} {{(pid=99590) register_scheme_map /opt/stack/data/venv/lib/python3.12/site-packages/glance_store/location.py:146}}
Jul 01 00:03:57.283713 np0000004055 devstack@g-api.service[99590]: DEBUG glance_store.location [None req-0fb191c1-d08c-4b04-80b2-c93d584164fe tempest-ServerActionsV293TestJSON-1441540273 tempest-ServerActionsV293TestJSON-1441540273-project-member] Registering scheme swift with {'store': , 'location_class': , 'store_entry': 'swift'} {{(pid=99590) register_scheme_map /opt/stack/data/venv/lib/python3.12/site-packages/glance_store/location.py:146}}
Jul 01 00:03:57.283779 np0000004055 devstack@g-api.service[99590]: DEBUG glance_store.location [None req-0fb191c1-d08c-4b04-80b2-c93d584164fe tempest-ServerActionsV293TestJSON-1441540273 tempest-ServerActionsV293TestJSON-1441540273-project-member] Registering scheme swift+https with {'store': , 'location_class': , 'store_entry': 'swift'} {{(pid=99590) register_scheme_map /opt/stack/data/venv/lib/python3.12/site-packages/glance_store/location.py:146}}
Jul 01 00:03:57.283872 np0000004055 devstack@g-api.service[99590]: DEBUG glance_store.location [None req-0fb191c1-d08c-4b04-80b2-c93d584164fe tempest-ServerActionsV293TestJSON-1441540273 tempest-ServerActionsV293TestJSON-1441540273-project-member] Registering scheme swift with {'store': , 'location_class': , 'store_entry': 'swift'} {{(pid=99590) register_scheme_map /opt/stack/data/venv/lib/python3.12/site-packages/glance_store/location.py:146}}
Jul 01 00:03:57.283953 np0000004055 devstack@g-api.service[99590]: DEBUG glance_store.location [None req-0fb191c1-d08c-4b04-80b2-c93d584164fe tempest-ServerActionsV293TestJSON-1441540273 tempest-ServerActionsV293TestJSON-1441540273-project-member] Registering scheme swift+http with {'store': , 'location_class': , 'store_entry': 'swift'} {{(pid=99590) register_scheme_map /opt/stack/data/venv/lib/python3.12/site-packages/glance_store/location.py:146}}
Jul 01 00:03:57.284046 np0000004055 devstack@g-api.service[99590]: DEBUG glance_store.location [None req-0fb191c1-d08c-4b04-80b2-c93d584164fe tempest-ServerActionsV293TestJSON-1441540273 tempest-ServerActionsV293TestJSON-1441540273-project-member] Registering scheme swift+https with {'store': , 'location_class': , 'store_entry': 'swift'} {{(pid=99590) register_scheme_map /opt/stack/data/venv/lib/python3.12/site-packages/glance_store/location.py:146}}
Jul 01 00:03:57.284117 np0000004055 devstack@g-api.service[99590]: DEBUG glance_store.location [None req-0fb191c1-d08c-4b04-80b2-c93d584164fe tempest-ServerActionsV293TestJSON-1441540273 tempest-ServerActionsV293TestJSON-1441540273-project-member] Registering scheme swift with {'store': , 'location_class': , 'store_entry': 'swift'} {{(pid=99590) register_scheme_map /opt/stack/data/venv/lib/python3.12/site-packages/glance_store/location.py:146}}
Jul 01 00:03:57.284193 np0000004055 devstack@g-api.service[99590]: DEBUG glance_store.location [None req-0fb191c1-d08c-4b04-80b2-c93d584164fe tempest-ServerActionsV293TestJSON-1441540273 tempest-ServerActionsV293TestJSON-1441540273-project-member] Registering scheme swift+http with {'store': , 'location_class': , 'store_entry': 'swift'} {{(pid=99590) register_scheme_map /opt/stack/data/venv/lib/python3.12/site-packages/glance_store/location.py:146}}
Jul 01 00:03:57.284266 np0000004055 devstack@g-api.service[99590]: DEBUG glance_store.location [None req-0fb191c1-d08c-4b04-80b2-c93d584164fe tempest-ServerActionsV293TestJSON-1441540273 tempest-ServerActionsV293TestJSON-1441540273-project-member] Registering scheme swift+config with {'store': , 'location_class': , 'store_entry': 'swift'} {{(pid=99590) register_scheme_map /opt/stack/data/venv/lib/python3.12/site-packages/glance_store/location.py:146}}
Jul 01 00:03:57.285175 np0000004055 devstack@g-api.service[99591]: [pid: 99591|app: 0|req: 39/113] 127.0.0.1 () {44 vars in 1055 bytes} [Wed Jul 1 00:03:57 2026] GET /v2/schemas/image => generated 6083 bytes in 3 msecs (HTTP/1.1 200) 4 headers in 158 bytes (1 switches on core 0)
Jul 01 00:03:57.769714 np0000004055 devstack@g-api.service[99590]: DEBUG swiftclient [None req-0fb191c1-d08c-4b04-80b2-c93d584164fe tempest-ServerActionsV293TestJSON-1441540273 tempest-ServerActionsV293TestJSON-1441540273-project-member] REQ: curl -i https://10.4.3.211:8080/v1/AUTH_8dd531c8b16e4fb2a7c6f40eb464c2bf/glance/61e40be1-2a98-4b5a-a4e5-28f968542e6b -X GET -H "X-Auth-Token: gAAAAABqRFltIe4x..." {{(pid=99590) http_log /opt/stack/data/venv/lib/python3.12/site-packages/swiftclient/client.py:160}}
Jul 01 00:03:57.769714 np0000004055 devstack@g-api.service[99590]: DEBUG swiftclient [None req-0fb191c1-d08c-4b04-80b2-c93d584164fe tempest-ServerActionsV293TestJSON-1441540273 tempest-ServerActionsV293TestJSON-1441540273-project-member] RESP STATUS: 200 OK {{(pid=99590) http_log /opt/stack/data/venv/lib/python3.12/site-packages/swiftclient/client.py:161}}
Jul 01 00:03:57.769714 np0000004055 devstack@g-api.service[99590]: DEBUG swiftclient [None req-0fb191c1-d08c-4b04-80b2-c93d584164fe tempest-ServerActionsV293TestJSON-1441540273 tempest-ServerActionsV293TestJSON-1441540273-project-member] RESP HEADERS: {'Date': 'Wed, 01 Jul 2026 00:03:57 GMT', 'Server': 'Apache/2.4.58 (Ubuntu)', 'Content-Type': 'application/octet-stream', 'Etag': '0c839612eb3f2469420f2ccae990827f', 'Last-Modified': 'Wed, 01 Jul 2026 00:00:27 GMT', 'X-Timestamp': '1782864026.15348', 'Accept-Ranges': 'bytes', 'Content-Length': '21233664', 'X-Trans-Id': 'tx16edf8d33bdf4657872e6-006a44596d', 'X-Openstack-Request-Id': 'tx16edf8d33bdf4657872e6-006a44596d', 'Connection': 'close'} {{(pid=99590) http_log /opt/stack/data/venv/lib/python3.12/site-packages/swiftclient/client.py:162}}
Jul 01 00:03:57.779334 np0000004055 devstack@g-api.service[99590]: DEBUG glance.image_cache [None req-0fb191c1-d08c-4b04-80b2-c93d584164fe tempest-ServerActionsV293TestJSON-1441540273 tempest-ServerActionsV293TestJSON-1441540273-project-member] Tee'ing image '61e40be1-2a98-4b5a-a4e5-28f968542e6b' into cache {{(pid=99590) get_caching_iter /opt/stack/glance/glance/image_cache/__init__.py:356}}
Jul 01 00:03:57.985938 np0000004055 devstack@g-api.service[99590]: DEBUG glance.image_cache.drivers.centralized_db [None req-0fb191c1-d08c-4b04-80b2-c93d584164fe tempest-ServerActionsV293TestJSON-1441540273 tempest-ServerActionsV293TestJSON-1441540273-project-member] Fetch finished, moving '/opt/stack/data/glance/cache/incomplete/61e40be1-2a98-4b5a-a4e5-28f968542e6b' to '/opt/stack/data/glance/cache/61e40be1-2a98-4b5a-a4e5-28f968542e6b' {{(pid=99590) commit /opt/stack/glance/glance/image_cache/drivers/centralized_db.py:243}}
Jul 01 00:03:57.997513 np0000004055 devstack@g-api.service[99590]: DEBUG glance.image_cache.drivers.centralized_db [None req-0fb191c1-d08c-4b04-80b2-c93d584164fe tempest-ServerActionsV293TestJSON-1441540273 tempest-ServerActionsV293TestJSON-1441540273-project-member] Image cached successfully. {{(pid=99590) commit /opt/stack/glance/glance/image_cache/drivers/centralized_db.py:258}}
Jul 01 00:03:57.997680 np0000004055 devstack@g-api.service[99590]: [pid: 99590|app: 0|req: 38/114] 127.0.0.1 () {44 vars in 1125 bytes} [Wed Jul 1 00:03:57 2026] GET /v2/images/61e40be1-2a98-4b5a-a4e5-28f968542e6b/file => generated 21233664 bytes in 735 msecs (HTTP/1.1 200) 4 headers in 191 bytes (327 switches on core 0)
Jul 01 00:04:05.736045 np0000004055 devstack@g-api.service[99592]: DEBUG glance.api.middleware.version_negotiation [None req-9b00954f-2460-4f15-b8fe-efee5da2bbd7 tempest-TaggedBootDevicesTest_v242-601891635 tempest-TaggedBootDevicesTest_v242-601891635-project-member] Determining version of request: GET /v2/images/0a7f82a9-1fc1-4c09-9197-4f370c3fc855 Accept: */* {{(pid=99592) process_request /opt/stack/glance/glance/api/middleware/version_negotiation.py:44}}
Jul 01 00:04:05.736571 np0000004055 devstack@g-api.service[99592]: DEBUG glance.api.middleware.version_negotiation [None req-9b00954f-2460-4f15-b8fe-efee5da2bbd7 tempest-TaggedBootDevicesTest_v242-601891635 tempest-TaggedBootDevicesTest_v242-601891635-project-member] Using url versioning {{(pid=99592) process_request /opt/stack/glance/glance/api/middleware/version_negotiation.py:57}}
Jul 01 00:04:05.736571 np0000004055 devstack@g-api.service[99592]: DEBUG glance.api.middleware.version_negotiation [None req-9b00954f-2460-4f15-b8fe-efee5da2bbd7 tempest-TaggedBootDevicesTest_v242-601891635 tempest-TaggedBootDevicesTest_v242-601891635-project-member] Matched version: v2 {{(pid=99592) process_request /opt/stack/glance/glance/api/middleware/version_negotiation.py:69}}
Jul 01 00:04:05.736697 np0000004055 devstack@g-api.service[99592]: DEBUG glance.api.middleware.version_negotiation [None req-9b00954f-2460-4f15-b8fe-efee5da2bbd7 tempest-TaggedBootDevicesTest_v242-601891635 tempest-TaggedBootDevicesTest_v242-601891635-project-member] new path /v2/images/0a7f82a9-1fc1-4c09-9197-4f370c3fc855 {{(pid=99592) process_request /opt/stack/glance/glance/api/middleware/version_negotiation.py:70}}
Jul 01 00:04:05.750002 np0000004055 devstack@g-api.service[99592]: [pid: 99592|app: 0|req: 38/115] 127.0.0.1 () {44 vars in 1115 bytes} [Wed Jul 1 00:04:05 2026] GET /v2/images/0a7f82a9-1fc1-4c09-9197-4f370c3fc855 => generated 1044 bytes in 14 msecs (HTTP/1.1 200) 4 headers in 158 bytes (1 switches on core 0)
Jul 01 00:04:05.782301 np0000004055 devstack@g-api.service[99591]: DEBUG glance.api.middleware.version_negotiation [None req-9b00954f-2460-4f15-b8fe-efee5da2bbd7 tempest-TaggedBootDevicesTest_v242-601891635 tempest-TaggedBootDevicesTest_v242-601891635-project-member] Determining version of request: GET /v2/schemas/image Accept: */* {{(pid=99591) process_request /opt/stack/glance/glance/api/middleware/version_negotiation.py:44}}
Jul 01 00:04:05.782301 np0000004055 devstack@g-api.service[99591]: DEBUG glance.api.middleware.version_negotiation [None req-9b00954f-2460-4f15-b8fe-efee5da2bbd7 tempest-TaggedBootDevicesTest_v242-601891635 tempest-TaggedBootDevicesTest_v242-601891635-project-member] Using url versioning {{(pid=99591) process_request /opt/stack/glance/glance/api/middleware/version_negotiation.py:57}}
Jul 01 00:04:05.782301 np0000004055 devstack@g-api.service[99591]: DEBUG glance.api.middleware.version_negotiation [None req-9b00954f-2460-4f15-b8fe-efee5da2bbd7 tempest-TaggedBootDevicesTest_v242-601891635 tempest-TaggedBootDevicesTest_v242-601891635-project-member] Matched version: v2 {{(pid=99591) process_request /opt/stack/glance/glance/api/middleware/version_negotiation.py:69}}
Jul 01 00:04:05.782301 np0000004055 devstack@g-api.service[99591]: DEBUG glance.api.middleware.version_negotiation [None req-9b00954f-2460-4f15-b8fe-efee5da2bbd7 tempest-TaggedBootDevicesTest_v242-601891635 tempest-TaggedBootDevicesTest_v242-601891635-project-member] new path /v2/schemas/image {{(pid=99591) process_request /opt/stack/glance/glance/api/middleware/version_negotiation.py:70}}
Jul 01 00:04:05.784462 np0000004055 devstack@g-api.service[99591]: [pid: 99591|app: 0|req: 40/116] 127.0.0.1 () {44 vars in 1055 bytes} [Wed Jul 1 00:04:05 2026] GET /v2/schemas/image => generated 6083 bytes in 3 msecs (HTTP/1.1 200) 4 headers in 158 bytes (1 switches on core 0)
Jul 01 00:04:07.249508 np0000004055 devstack@g-api.service[99591]: DEBUG dbcounter [-] [99591] Writing DB stats glance:SELECT=10 {{(pid=99591) stat_writer /opt/stack/data/venv/lib/python3.12/site-packages/dbcounter.py:115}}
Jul 01 00:04:07.993056 np0000004055 devstack@g-api.service[99590]: DEBUG dbcounter [-] [99590] Writing DB stats glance:SELECT=19,glance:INSERT=1 {{(pid=99590) stat_writer /opt/stack/data/venv/lib/python3.12/site-packages/dbcounter.py:115}}
Jul 01 00:04:10.165246 np0000004055 devstack@g-api.service[99590]: DEBUG glance.api.middleware.version_negotiation [None req-0fb191c1-d08c-4b04-80b2-c93d584164fe tempest-ServerActionsV293TestJSON-1441540273 tempest-ServerActionsV293TestJSON-1441540273-project-member] Determining version of request: DELETE /v2/images/80af78bf-083b-4535-b658-6f80b9119ba1 Accept: application/json {{(pid=99590) process_request /opt/stack/glance/glance/api/middleware/version_negotiation.py:44}}
Jul 01 00:04:10.165664 np0000004055 devstack@g-api.service[99590]: DEBUG glance.api.middleware.version_negotiation [None req-0fb191c1-d08c-4b04-80b2-c93d584164fe tempest-ServerActionsV293TestJSON-1441540273 tempest-ServerActionsV293TestJSON-1441540273-project-member] Using url versioning {{(pid=99590) process_request /opt/stack/glance/glance/api/middleware/version_negotiation.py:57}}
Jul 01 00:04:10.165664 np0000004055 devstack@g-api.service[99590]: DEBUG glance.api.middleware.version_negotiation [None req-0fb191c1-d08c-4b04-80b2-c93d584164fe tempest-ServerActionsV293TestJSON-1441540273 tempest-ServerActionsV293TestJSON-1441540273-project-member] Matched version: v2 {{(pid=99590) process_request /opt/stack/glance/glance/api/middleware/version_negotiation.py:69}}
Jul 01 00:04:10.165837 np0000004055 devstack@g-api.service[99590]: DEBUG glance.api.middleware.version_negotiation [None req-0fb191c1-d08c-4b04-80b2-c93d584164fe tempest-ServerActionsV293TestJSON-1441540273 tempest-ServerActionsV293TestJSON-1441540273-project-member] new path /v2/images/80af78bf-083b-4535-b658-6f80b9119ba1 {{(pid=99590) process_request /opt/stack/glance/glance/api/middleware/version_negotiation.py:70}}
Jul 01 00:04:10.184600 np0000004055 devstack@g-api.service[99590]: WARNING glance.api.v2.images [None req-096a7688-4d27-43ac-9dd0-44333a12530c tempest-AttachSCSIVolumeTestJSON-1667904482 tempest-AttachSCSIVolumeTestJSON-1667904482-project-admin] After upload to backend, deletion of staged image data has failed because it cannot be found at /tmp/staging//80af78bf-083b-4535-b658-6f80b9119ba1
Jul 01 00:04:10.185575 np0000004055 devstack@g-api.service[99590]: DEBUG glance_store.backend [None req-096a7688-4d27-43ac-9dd0-44333a12530c tempest-AttachSCSIVolumeTestJSON-1667904482 tempest-AttachSCSIVolumeTestJSON-1667904482-project-admin] Attempting to import store swift {{(pid=99590) _load_store /opt/stack/data/venv/lib/python3.12/site-packages/glance_store/backend.py:215}}
Jul 01 00:04:10.187924 np0000004055 devstack@g-api.service[99590]: DEBUG glance_store.capabilities [None req-096a7688-4d27-43ac-9dd0-44333a12530c tempest-AttachSCSIVolumeTestJSON-1667904482 tempest-AttachSCSIVolumeTestJSON-1667904482-project-admin] Store glance_store._drivers.swift.store.SingleTenantStore doesn't support updating dynamic storage capabilities. Please overwrite 'update_capabilities' method of the store to implement updating logics if needed. {{(pid=99590) update_capabilities /opt/stack/data/venv/lib/python3.12/site-packages/glance_store/capabilities.py:91}}
Jul 01 00:04:10.188196 np0000004055 devstack@g-api.service[99590]: DEBUG glance_store.driver [None req-096a7688-4d27-43ac-9dd0-44333a12530c tempest-AttachSCSIVolumeTestJSON-1667904482 tempest-AttachSCSIVolumeTestJSON-1667904482-project-admin] Late loading location class glance_store._drivers.swift.store.StoreLocation {{(pid=99590) get_store_location_class /opt/stack/data/venv/lib/python3.12/site-packages/glance_store/driver.py:134}}
Jul 01 00:04:10.188389 np0000004055 devstack@g-api.service[99590]: DEBUG glance_store.location [None req-096a7688-4d27-43ac-9dd0-44333a12530c tempest-AttachSCSIVolumeTestJSON-1667904482 tempest-AttachSCSIVolumeTestJSON-1667904482-project-admin] Registering scheme swift+https with {'store': , 'location_class': , 'store_entry': 'swift'} {{(pid=99590) register_scheme_map /opt/stack/data/venv/lib/python3.12/site-packages/glance_store/location.py:146}}
Jul 01 00:04:10.188562 np0000004055 devstack@g-api.service[99590]: DEBUG glance_store.location [None req-096a7688-4d27-43ac-9dd0-44333a12530c tempest-AttachSCSIVolumeTestJSON-1667904482 tempest-AttachSCSIVolumeTestJSON-1667904482-project-admin] Registering scheme swift+https with {'store': , 'location_class': , 'store_entry': 'swift'} {{(pid=99590) register_scheme_map /opt/stack/data/venv/lib/python3.12/site-packages/glance_store/location.py:146}}
Jul 01 00:04:10.188667 np0000004055 devstack@g-api.service[99590]: DEBUG glance_store.location [None req-096a7688-4d27-43ac-9dd0-44333a12530c tempest-AttachSCSIVolumeTestJSON-1667904482 tempest-AttachSCSIVolumeTestJSON-1667904482-project-admin] Registering scheme swift with {'store': , 'location_class': , 'store_entry': 'swift'} {{(pid=99590) register_scheme_map /opt/stack/data/venv/lib/python3.12/site-packages/glance_store/location.py:146}}
Jul 01 00:04:10.188801 np0000004055 devstack@g-api.service[99590]: DEBUG glance_store.location [None req-096a7688-4d27-43ac-9dd0-44333a12530c tempest-AttachSCSIVolumeTestJSON-1667904482 tempest-AttachSCSIVolumeTestJSON-1667904482-project-admin] Registering scheme swift+https with {'store': , 'location_class': , 'store_entry': 'swift'} {{(pid=99590) register_scheme_map /opt/stack/data/venv/lib/python3.12/site-packages/glance_store/location.py:146}}
Jul 01 00:04:10.189002 np0000004055 devstack@g-api.service[99590]: DEBUG glance_store.location [None req-096a7688-4d27-43ac-9dd0-44333a12530c tempest-AttachSCSIVolumeTestJSON-1667904482 tempest-AttachSCSIVolumeTestJSON-1667904482-project-admin] Registering scheme swift with {'store': , 'location_class': , 'store_entry': 'swift'} {{(pid=99590) register_scheme_map /opt/stack/data/venv/lib/python3.12/site-packages/glance_store/location.py:146}}
Jul 01 00:04:10.189067 np0000004055 devstack@g-api.service[99590]: DEBUG glance_store.location [None req-096a7688-4d27-43ac-9dd0-44333a12530c tempest-AttachSCSIVolumeTestJSON-1667904482 tempest-AttachSCSIVolumeTestJSON-1667904482-project-admin] Registering scheme swift+http with {'store': , 'location_class': , 'store_entry': 'swift'} {{(pid=99590) register_scheme_map /opt/stack/data/venv/lib/python3.12/site-packages/glance_store/location.py:146}}
Jul 01 00:04:10.189163 np0000004055 devstack@g-api.service[99590]: DEBUG glance_store.location [None req-096a7688-4d27-43ac-9dd0-44333a12530c tempest-AttachSCSIVolumeTestJSON-1667904482 tempest-AttachSCSIVolumeTestJSON-1667904482-project-admin] Registering scheme swift+https with {'store': , 'location_class': , 'store_entry': 'swift'} {{(pid=99590) register_scheme_map /opt/stack/data/venv/lib/python3.12/site-packages/glance_store/location.py:146}}
Jul 01 00:04:10.189500 np0000004055 devstack@g-api.service[99590]: DEBUG glance_store.location [None req-096a7688-4d27-43ac-9dd0-44333a12530c tempest-AttachSCSIVolumeTestJSON-1667904482 tempest-AttachSCSIVolumeTestJSON-1667904482-project-admin] Registering scheme swift with {'store': , 'location_class': , 'store_entry': 'swift'} {{(pid=99590) register_scheme_map /opt/stack/data/venv/lib/python3.12/site-packages/glance_store/location.py:146}}
Jul 01 00:04:10.189656 np0000004055 devstack@g-api.service[99590]: DEBUG glance_store.location [None req-096a7688-4d27-43ac-9dd0-44333a12530c tempest-AttachSCSIVolumeTestJSON-1667904482 tempest-AttachSCSIVolumeTestJSON-1667904482-project-admin] Registering scheme swift+http with {'store': , 'location_class': , 'store_entry': 'swift'} {{(pid=99590) register_scheme_map /opt/stack/data/venv/lib/python3.12/site-packages/glance_store/location.py:146}}
Jul 01 00:04:10.189751 np0000004055 devstack@g-api.service[99590]: DEBUG glance_store.location [None req-096a7688-4d27-43ac-9dd0-44333a12530c tempest-AttachSCSIVolumeTestJSON-1667904482 tempest-AttachSCSIVolumeTestJSON-1667904482-project-admin] Registering scheme swift+config with {'store': , 'location_class': , 'store_entry': 'swift'} {{(pid=99590) register_scheme_map /opt/stack/data/venv/lib/python3.12/site-packages/glance_store/location.py:146}}
Jul 01 00:04:10.190508 np0000004055 devstack@g-api.service[99590]: DEBUG keystoneclient.auth.identity.v3.base [None req-096a7688-4d27-43ac-9dd0-44333a12530c tempest-AttachSCSIVolumeTestJSON-1667904482 tempest-AttachSCSIVolumeTestJSON-1667904482-project-admin] Making authentication request to https://10.4.3.211/identity/v3/auth/tokens {{(pid=99590) get_auth_ref /opt/stack/data/venv/lib/python3.12/site-packages/keystoneclient/auth/identity/v3/base.py:185}}
Jul 01 00:04:10.363228 np0000004055 devstack@g-api.service[99590]: DEBUG keystoneclient.auth.identity.v3.base [None req-096a7688-4d27-43ac-9dd0-44333a12530c tempest-AttachSCSIVolumeTestJSON-1667904482 tempest-AttachSCSIVolumeTestJSON-1667904482-project-admin] {"token": {"methods": ["password"], "user": {"domain": {"id": "default", "name": "Default"}, "id": "dc2d28fc22e24ffbb8da52983a9fc5a7", "name": "glance-swift", "password_expires_at": null}, "audit_ids": ["E5UVihZySVyg69zHrxTssw"], "expires_at": "2026-07-01T01:04:10.000000Z", "issued_at": "2026-07-01T00:04:10.000000Z", "project": {"domain": {"id": "default", "name": "Default"}, "id": "8dd531c8b16e4fb2a7c6f40eb464c2bf", "name": "service"}, "is_domain": false, "roles": [{"id": "edd29180a1dc40908b7b642ee213d8b5", "name": "ResellerAdmin"}, {"id": "57a3b4915cfb467aaaddddc36f2d1b0e", "name": "service"}], "catalog": [{"endpoints": [{"id": "d85d05c079f74adab416d67aad948249", "interface": "public", "region_id": "RegionOne", "url": "https://10.4.3.211/volume/v3", "region": "RegionOne"}], "id": "1ab8e553270341159916b1a0cbd2fee4", "type": "block-storage", "name": "cinder"}, {"endpoints": [{"id": "15a1537ec57a494cbb4110481685a61f", "interface": "public", "region_id": "RegionOne", "url": "https://10.4.3.211/placement", "region": "RegionOne"}], "id": "245a85ae482e4df581bcf36b9b26a029", "type": "placement", "name": "placement"}, {"endpoints": [{"id": "29c5bc7eabab44adbb52d9fd621e59a0", "interface": "public", "region_id": "RegionOne", "url": "https://10.4.3.211/identity", "region": "RegionOne"}], "id": "50d6c888f3be4ebe8d4cfeb909d2407a", "type": "identity", "name": "keystone"}, {"endpoints": [{"id": "6f1b4f66fea0473db17cf2249716554f", "interface": "public", "region_id": "RegionOne", "url": "https://10.4.3.211/image", "region": "RegionOne"}], "id": "5c96abd98f964df78110067e572b31c8", "type": "image", "name": "glance"}, {"endpoints": [{"id": "3f3416c6bc6a4f49a0f7a4b42bcfcec5", "interface": "admin", "region_id": "RegionOne", "url": "https://10.4.3.211:8080", "region": "RegionOne"}, {"id": "c3902d37dbf2402c8a2b4e8db94e890b", "interface": "public", "region_id": "RegionOne", "url": "https://10.4.3.211:8080/v1/AUTH_8dd531c8b16e4fb2a7c6f40eb464c2bf", "region": "RegionOne"}], "id": "8c4e1b86674a4207b2a56d402b05fea0", "type": "object-store", "name": "swift"}, {"endpoints": [{"id": "dc158104e0c348759f0a85f29236d35f", "interface": "public", "region_id": "RegionOne", "url": "https://10.4.3.211/networking", "region": "RegionOne"}], "id": "ab7648b56ca942779362c0bbf41b71ad", "type": "network", "name": "neutron"}, {"endpoints": [{"id": "af5b9a71180d4c659ade89e3119d6105", "interface": "public", "region_id": "RegionOne", "url": "https://10.4.3.211/compute/v2.1", "region": "RegionOne"}], "id": "f8e95c2e392d4e9998e5d88a8fb3ab95", "type": "compute", "name": "nova"}, {"endpoints": [{"id": "e6eec5309f7e4ce0ab1169b48da78e2d", "interface": "public", "region_id": "RegionOne", "url": "https://10.4.3.211/compute/v2/8dd531c8b16e4fb2a7c6f40eb464c2bf", "region": "RegionOne"}], "id": "fd17e13e06f3498c9ca825631a776cb0", "type": "compute_legacy", "name": "nova_legacy"}]}} {{(pid=99590) get_auth_ref /opt/stack/data/venv/lib/python3.12/site-packages/keystoneclient/auth/identity/v3/base.py:190}}
Jul 01 00:04:10.364054 np0000004055 devstack@g-api.service[99590]: DEBUG keystoneclient.httpclient [None req-096a7688-4d27-43ac-9dd0-44333a12530c tempest-AttachSCSIVolumeTestJSON-1667904482 tempest-AttachSCSIVolumeTestJSON-1667904482-project-admin] Failed to find endpoint for management url admin endpoint for identity service not found {{(pid=99590) _process_management_url /opt/stack/data/venv/lib/python3.12/site-packages/keystoneclient/httpclient.py:670}}
Jul 01 00:04:10.698472 np0000004055 devstack@g-api.service[99590]: DEBUG swiftclient [None req-096a7688-4d27-43ac-9dd0-44333a12530c tempest-AttachSCSIVolumeTestJSON-1667904482 tempest-AttachSCSIVolumeTestJSON-1667904482-project-admin] REQ: curl -i https://10.4.3.211:8080/v1/AUTH_8dd531c8b16e4fb2a7c6f40eb464c2bf/glance/80af78bf-083b-4535-b658-6f80b9119ba1 -I -H "X-Auth-Token: gAAAAABqRFl6Nk5k..." {{(pid=99590) http_log /opt/stack/data/venv/lib/python3.12/site-packages/swiftclient/client.py:160}}
Jul 01 00:04:10.698622 np0000004055 devstack@g-api.service[99590]: DEBUG swiftclient [None req-096a7688-4d27-43ac-9dd0-44333a12530c tempest-AttachSCSIVolumeTestJSON-1667904482 tempest-AttachSCSIVolumeTestJSON-1667904482-project-admin] RESP STATUS: 200 OK {{(pid=99590) http_log /opt/stack/data/venv/lib/python3.12/site-packages/swiftclient/client.py:161}}
Jul 01 00:04:10.698782 np0000004055 devstack@g-api.service[99590]: DEBUG swiftclient [None req-096a7688-4d27-43ac-9dd0-44333a12530c tempest-AttachSCSIVolumeTestJSON-1667904482 tempest-AttachSCSIVolumeTestJSON-1667904482-project-admin] RESP HEADERS: {'Date': 'Wed, 01 Jul 2026 00:04:10 GMT', 'Server': 'Apache/2.4.58 (Ubuntu)', 'Content-Type': 'application/octet-stream', 'Content-Length': '21692416', 'X-Object-Manifest': 'glance/80af78bf-083b-4535-b658-6f80b9119ba1-', 'Last-Modified': 'Wed, 01 Jul 2026 00:02:39 GMT', 'X-Timestamp': '1782864158.64619', 'Accept-Ranges': 'bytes', 'Etag': '"737c2a37dd3f91e374c48cad70137398"', 'X-Trans-Id': 'txbc1dee6334a54617b0309-006a44597a', 'X-Openstack-Request-Id': 'txbc1dee6334a54617b0309-006a44597a', 'Connection': 'close'} {{(pid=99590) http_log /opt/stack/data/venv/lib/python3.12/site-packages/swiftclient/client.py:162}}
Jul 01 00:04:10.725626 np0000004055 devstack@g-api.service[99590]: DEBUG swiftclient [None req-096a7688-4d27-43ac-9dd0-44333a12530c tempest-AttachSCSIVolumeTestJSON-1667904482 tempest-AttachSCSIVolumeTestJSON-1667904482-project-admin] REQ: curl -i https://10.4.3.211:8080/v1/AUTH_8dd531c8b16e4fb2a7c6f40eb464c2bf/glance?format=json&prefix=80af78bf-083b-4535-b658-6f80b9119ba1- -X GET -H "X-Auth-Token: gAAAAABqRFl6Nk5k..." -H "Accept-Encoding: gzip" {{(pid=99590) http_log /opt/stack/data/venv/lib/python3.12/site-packages/swiftclient/client.py:160}}
Jul 01 00:04:10.725777 np0000004055 devstack@g-api.service[99590]: DEBUG swiftclient [None req-096a7688-4d27-43ac-9dd0-44333a12530c tempest-AttachSCSIVolumeTestJSON-1667904482 tempest-AttachSCSIVolumeTestJSON-1667904482-project-admin] RESP STATUS: 200 OK {{(pid=99590) http_log /opt/stack/data/venv/lib/python3.12/site-packages/swiftclient/client.py:161}}
Jul 01 00:04:10.725932 np0000004055 devstack@g-api.service[99590]: DEBUG swiftclient [None req-096a7688-4d27-43ac-9dd0-44333a12530c tempest-AttachSCSIVolumeTestJSON-1667904482 tempest-AttachSCSIVolumeTestJSON-1667904482-project-admin] RESP HEADERS: {'Date': 'Wed, 01 Jul 2026 00:04:10 GMT', 'Server': 'Apache/2.4.58 (Ubuntu)', 'Content-Type': 'application/json; charset=utf-8', 'Content-Length': '210', 'X-Container-Object-Count': '5', 'X-Container-Bytes-Used': '86048768', 'X-Timestamp': '1782864022.47594', 'Last-Modified': 'Wed, 01 Jul 2026 00:00:23 GMT', 'Accept-Ranges': 'bytes', 'X-Storage-Policy': 'Policy-0', 'X-Container-Sharding': 'False', 'X-Trans-Id': 'txe5e11e28114d4f3a8d9a0-006a44597a', 'X-Openstack-Request-Id': 'txe5e11e28114d4f3a8d9a0-006a44597a', 'Connection': 'close'} {{(pid=99590) http_log /opt/stack/data/venv/lib/python3.12/site-packages/swiftclient/client.py:162}}
Jul 01 00:04:10.726892 np0000004055 devstack@g-api.service[99590]: DEBUG swiftclient [None req-096a7688-4d27-43ac-9dd0-44333a12530c tempest-AttachSCSIVolumeTestJSON-1667904482 tempest-AttachSCSIVolumeTestJSON-1667904482-project-admin] RESP BODY: b'[{"bytes": 21692416, "hash": "87617e24a5e30cb3b87fda8c0764838f", "name": "80af78bf-083b-4535-b658-6f80b9119ba1-00001", "content_type": "application/octet-stream", "last_modified": "2026-07-01T00:02:36.974840"}]' {{(pid=99590) http_log /opt/stack/data/venv/lib/python3.12/site-packages/swiftclient/client.py:166}}
Jul 01 00:04:10.762624 np0000004055 devstack@g-api.service[99590]: DEBUG swiftclient [None req-096a7688-4d27-43ac-9dd0-44333a12530c tempest-AttachSCSIVolumeTestJSON-1667904482 tempest-AttachSCSIVolumeTestJSON-1667904482-project-admin] REQ: curl -i https://10.4.3.211:8080/v1/AUTH_8dd531c8b16e4fb2a7c6f40eb464c2bf/glance/80af78bf-083b-4535-b658-6f80b9119ba1-00001 DELETE -H "X-Auth-Token: gAAAAABqRFl6Nk5k..." {{(pid=99590) http_log /opt/stack/data/venv/lib/python3.12/site-packages/swiftclient/client.py:160}}
Jul 01 00:04:10.762624 np0000004055 devstack@g-api.service[99590]: DEBUG swiftclient [None req-096a7688-4d27-43ac-9dd0-44333a12530c tempest-AttachSCSIVolumeTestJSON-1667904482 tempest-AttachSCSIVolumeTestJSON-1667904482-project-admin] RESP STATUS: 204 No Content {{(pid=99590) http_log /opt/stack/data/venv/lib/python3.12/site-packages/swiftclient/client.py:161}}
Jul 01 00:04:10.762624 np0000004055 devstack@g-api.service[99590]: DEBUG swiftclient [None req-096a7688-4d27-43ac-9dd0-44333a12530c tempest-AttachSCSIVolumeTestJSON-1667904482 tempest-AttachSCSIVolumeTestJSON-1667904482-project-admin] RESP HEADERS: {'Date': 'Wed, 01 Jul 2026 00:04:10 GMT', 'Server': 'Apache/2.4.58 (Ubuntu)', 'Content-Type': 'text/html; charset=UTF-8', 'X-Trans-Id': 'tx657338752912442cb6a7e-006a44597a', 'X-Openstack-Request-Id': 'tx657338752912442cb6a7e-006a44597a', 'Connection': 'close'} {{(pid=99590) http_log /opt/stack/data/venv/lib/python3.12/site-packages/swiftclient/client.py:162}}
Jul 01 00:04:10.791122 np0000004055 devstack@g-api.service[99590]: DEBUG swiftclient [None req-096a7688-4d27-43ac-9dd0-44333a12530c tempest-AttachSCSIVolumeTestJSON-1667904482 tempest-AttachSCSIVolumeTestJSON-1667904482-project-admin] REQ: curl -i https://10.4.3.211:8080/v1/AUTH_8dd531c8b16e4fb2a7c6f40eb464c2bf/glance/80af78bf-083b-4535-b658-6f80b9119ba1 DELETE -H "X-Auth-Token: gAAAAABqRFl6Nk5k..." {{(pid=99590) http_log /opt/stack/data/venv/lib/python3.12/site-packages/swiftclient/client.py:160}}
Jul 01 00:04:10.791122 np0000004055 devstack@g-api.service[99590]: DEBUG swiftclient [None req-096a7688-4d27-43ac-9dd0-44333a12530c tempest-AttachSCSIVolumeTestJSON-1667904482 tempest-AttachSCSIVolumeTestJSON-1667904482-project-admin] RESP STATUS: 204 No Content {{(pid=99590) http_log /opt/stack/data/venv/lib/python3.12/site-packages/swiftclient/client.py:161}}
Jul 01 00:04:10.791122 np0000004055 devstack@g-api.service[99590]: DEBUG swiftclient [None req-096a7688-4d27-43ac-9dd0-44333a12530c tempest-AttachSCSIVolumeTestJSON-1667904482 tempest-AttachSCSIVolumeTestJSON-1667904482-project-admin] RESP HEADERS: {'Date': 'Wed, 01 Jul 2026 00:04:10 GMT', 'Server': 'Apache/2.4.58 (Ubuntu)', 'Content-Type': 'text/html; charset=UTF-8', 'X-Trans-Id': 'txd424020262e34ca19315f-006a44597a', 'X-Openstack-Request-Id': 'txd424020262e34ca19315f-006a44597a', 'Connection': 'close'} {{(pid=99590) http_log /opt/stack/data/venv/lib/python3.12/site-packages/swiftclient/client.py:162}}
Jul 01 00:04:10.865706 np0000004055 devstack@g-api.service[99590]: DEBUG glance.api.middleware.cache [None req-096a7688-4d27-43ac-9dd0-44333a12530c tempest-AttachSCSIVolumeTestJSON-1667904482 tempest-AttachSCSIVolumeTestJSON-1667904482-project-admin] Removing image 80af78bf-083b-4535-b658-6f80b9119ba1 from cache {{(pid=99590) _process_DELETE_response /opt/stack/glance/glance/api/middleware/cache.py:264}}
Jul 01 00:04:10.866047 np0000004055 devstack@g-api.service[99590]: DEBUG glance.image_cache.drivers.centralized_db [None req-096a7688-4d27-43ac-9dd0-44333a12530c tempest-AttachSCSIVolumeTestJSON-1667904482 tempest-AttachSCSIVolumeTestJSON-1667904482-project-admin] Deleting image cache file '/opt/stack/data/glance/cache/80af78bf-083b-4535-b658-6f80b9119ba1' {{(pid=99590) delete_cached_file /opt/stack/glance/glance/image_cache/drivers/centralized_db.py:400}}
Jul 01 00:04:10.882625 np0000004055 devstack@g-api.service[99590]: [pid: 99590|app: 0|req: 39/117] 127.0.0.1 () {40 vars in 841 bytes} [Wed Jul 1 00:04:10 2026] DELETE /v2/images/80af78bf-083b-4535-b658-6f80b9119ba1 => generated 0 bytes in 718 msecs (HTTP/1.1 204) 4 headers in 171 bytes (1 switches on core 0)
Jul 01 00:04:10.891412 np0000004055 devstack@g-api.service[99592]: DEBUG glance.api.middleware.version_negotiation [None req-5a573b00-df18-4518-8044-c97a10e115e2 tempest-TaggedBootDevicesTest_v242-601891635 tempest-TaggedBootDevicesTest_v242-601891635-project-member] Determining version of request: GET /v2/images/80af78bf-083b-4535-b658-6f80b9119ba1 Accept: application/json {{(pid=99592) process_request /opt/stack/glance/glance/api/middleware/version_negotiation.py:44}}
Jul 01 00:04:10.891918 np0000004055 devstack@g-api.service[99592]: DEBUG glance.api.middleware.version_negotiation [None req-5a573b00-df18-4518-8044-c97a10e115e2 tempest-TaggedBootDevicesTest_v242-601891635 tempest-TaggedBootDevicesTest_v242-601891635-project-member] Using url versioning {{(pid=99592) process_request /opt/stack/glance/glance/api/middleware/version_negotiation.py:57}}
Jul 01 00:04:10.891918 np0000004055 devstack@g-api.service[99592]: DEBUG glance.api.middleware.version_negotiation [None req-5a573b00-df18-4518-8044-c97a10e115e2 tempest-TaggedBootDevicesTest_v242-601891635 tempest-TaggedBootDevicesTest_v242-601891635-project-member] Matched version: v2 {{(pid=99592) process_request /opt/stack/glance/glance/api/middleware/version_negotiation.py:69}}
Jul 01 00:04:10.891918 np0000004055 devstack@g-api.service[99592]: DEBUG glance.api.middleware.version_negotiation [None req-5a573b00-df18-4518-8044-c97a10e115e2 tempest-TaggedBootDevicesTest_v242-601891635 tempest-TaggedBootDevicesTest_v242-601891635-project-member] new path /v2/images/80af78bf-083b-4535-b658-6f80b9119ba1 {{(pid=99592) process_request /opt/stack/glance/glance/api/middleware/version_negotiation.py:70}}
Jul 01 00:04:10.898331 np0000004055 devstack@g-api.service[99592]: DEBUG glance.db.sqlalchemy.api [None req-cd745077-a723-4ec4-98eb-6cb1eb0541d3 tempest-AttachSCSIVolumeTestJSON-1664331030 tempest-AttachSCSIVolumeTestJSON-1664331030-project-reader] No image found with ID 80af78bf-083b-4535-b658-6f80b9119ba1 {{(pid=99592) _image_get /opt/stack/glance/glance/db/sqlalchemy/api.py:303}}
Jul 01 00:04:10.900092 np0000004055 devstack@g-api.service[99592]: [pid: 99592|app: 0|req: 39/118] 127.0.0.1 () {40 vars in 838 bytes} [Wed Jul 1 00:04:10 2026] GET /v2/images/80af78bf-083b-4535-b658-6f80b9119ba1 => generated 139 bytes in 9 msecs (HTTP/1.1 404) 4 headers in 164 bytes (1 switches on core 0)
Jul 01 00:04:20.877454 np0000004055 devstack@g-api.service[99590]: DEBUG dbcounter [-] [99590] Writing DB stats glance:SELECT=12,glance:UPDATE=9,glance:DELETE=1 {{(pid=99590) stat_writer /opt/stack/data/venv/lib/python3.12/site-packages/dbcounter.py:115}}
Jul 01 00:04:20.896290 np0000004055 devstack@g-api.service[99592]: DEBUG dbcounter [-] [99592] Writing DB stats glance:SELECT=11 {{(pid=99592) stat_writer /opt/stack/data/venv/lib/python3.12/site-packages/dbcounter.py:115}}
Jul 01 00:04:26.716738 np0000004055 devstack@g-api.service[99591]: DEBUG glance.api.middleware.version_negotiation [None req-5a573b00-df18-4518-8044-c97a10e115e2 tempest-TaggedBootDevicesTest_v242-601891635 tempest-TaggedBootDevicesTest_v242-601891635-project-member] Determining version of request: GET /v2/images/0a7f82a9-1fc1-4c09-9197-4f370c3fc855 Accept: */* {{(pid=99591) process_request /opt/stack/glance/glance/api/middleware/version_negotiation.py:44}}
Jul 01 00:04:26.716738 np0000004055 devstack@g-api.service[99591]: DEBUG glance.api.middleware.version_negotiation [None req-5a573b00-df18-4518-8044-c97a10e115e2 tempest-TaggedBootDevicesTest_v242-601891635 tempest-TaggedBootDevicesTest_v242-601891635-project-member] Using url versioning {{(pid=99591) process_request /opt/stack/glance/glance/api/middleware/version_negotiation.py:57}}
Jul 01 00:04:26.716738 np0000004055 devstack@g-api.service[99591]: DEBUG glance.api.middleware.version_negotiation [None req-5a573b00-df18-4518-8044-c97a10e115e2 tempest-TaggedBootDevicesTest_v242-601891635 tempest-TaggedBootDevicesTest_v242-601891635-project-member] Matched version: v2 {{(pid=99591) process_request /opt/stack/glance/glance/api/middleware/version_negotiation.py:69}}
Jul 01 00:04:26.718009 np0000004055 devstack@g-api.service[99591]: DEBUG glance.api.middleware.version_negotiation [None req-5a573b00-df18-4518-8044-c97a10e115e2 tempest-TaggedBootDevicesTest_v242-601891635 tempest-TaggedBootDevicesTest_v242-601891635-project-member] new path /v2/images/0a7f82a9-1fc1-4c09-9197-4f370c3fc855 {{(pid=99591) process_request /opt/stack/glance/glance/api/middleware/version_negotiation.py:70}}
Jul 01 00:04:26.732268 np0000004055 devstack@g-api.service[99591]: [pid: 99591|app: 0|req: 41/119] 127.0.0.1 () {44 vars in 1115 bytes} [Wed Jul 1 00:04:26 2026] GET /v2/images/0a7f82a9-1fc1-4c09-9197-4f370c3fc855 => generated 1044 bytes in 18 msecs (HTTP/1.1 200) 4 headers in 158 bytes (1 switches on core 0)
