Jul 01 00:07:45.334195 np0000004055 devstack@g-api.service[99591]: DEBUG glance.api.middleware.version_negotiation [None req-ef163f86-569a-471b-a553-1c104d706613 tempest-VolumesActionsTest-1179803661 tempest-VolumesActionsTest-1179803661-project-member] Determining version of request: GET /v2/images/0a7f82a9-1fc1-4c09-9197-4f370c3fc855 Accept: */* {{(pid=99591) process_request /opt/stack/glance/glance/api/middleware/version_negotiation.py:44}}
Jul 01 00:07:45.334603 np0000004055 devstack@g-api.service[99591]: DEBUG glance.api.middleware.version_negotiation [None req-ef163f86-569a-471b-a553-1c104d706613 tempest-VolumesActionsTest-1179803661 tempest-VolumesActionsTest-1179803661-project-member] Using url versioning {{(pid=99591) process_request /opt/stack/glance/glance/api/middleware/version_negotiation.py:57}}
Jul 01 00:07:45.334778 np0000004055 devstack@g-api.service[99591]: DEBUG glance.api.middleware.version_negotiation [None req-ef163f86-569a-471b-a553-1c104d706613 tempest-VolumesActionsTest-1179803661 tempest-VolumesActionsTest-1179803661-project-member] Matched version: v2 {{(pid=99591) process_request /opt/stack/glance/glance/api/middleware/version_negotiation.py:69}}
Jul 01 00:07:45.334914 np0000004055 devstack@g-api.service[99591]: DEBUG glance.api.middleware.version_negotiation [None req-ef163f86-569a-471b-a553-1c104d706613 tempest-VolumesActionsTest-1179803661 tempest-VolumesActionsTest-1179803661-project-member] new path /v2/images/0a7f82a9-1fc1-4c09-9197-4f370c3fc855 {{(pid=99591) process_request /opt/stack/glance/glance/api/middleware/version_negotiation.py:70}}
Jul 01 00:07:45.362145 np0000004055 devstack@g-api.service[99591]: [pid: 99591|app: 0|req: 88/267] 127.0.0.1 () {44 vars in 1115 bytes} [Wed Jul 1 00:07:45 2026] GET /v2/images/0a7f82a9-1fc1-4c09-9197-4f370c3fc855 => generated 1044 bytes in 26 msecs (HTTP/1.1 200) 4 headers in 158 bytes (1 switches on core 0)
Jul 01 00:07:45.392971 np0000004055 devstack@g-api.service[99592]: DEBUG glance.api.middleware.version_negotiation [None req-ef163f86-569a-471b-a553-1c104d706613 tempest-VolumesActionsTest-1179803661 tempest-VolumesActionsTest-1179803661-project-member] Determining version of request: GET /v2/schemas/image Accept: */* {{(pid=99592) process_request /opt/stack/glance/glance/api/middleware/version_negotiation.py:44}}
Jul 01 00:07:45.394284 np0000004055 devstack@g-api.service[99592]: DEBUG glance.api.middleware.version_negotiation [None req-ef163f86-569a-471b-a553-1c104d706613 tempest-VolumesActionsTest-1179803661 tempest-VolumesActionsTest-1179803661-project-member] Using url versioning {{(pid=99592) process_request /opt/stack/glance/glance/api/middleware/version_negotiation.py:57}}
Jul 01 00:07:45.394284 np0000004055 devstack@g-api.service[99592]: DEBUG glance.api.middleware.version_negotiation [None req-ef163f86-569a-471b-a553-1c104d706613 tempest-VolumesActionsTest-1179803661 tempest-VolumesActionsTest-1179803661-project-member] Matched version: v2 {{(pid=99592) process_request /opt/stack/glance/glance/api/middleware/version_negotiation.py:69}}
Jul 01 00:07:45.394284 np0000004055 devstack@g-api.service[99592]: DEBUG glance.api.middleware.version_negotiation [None req-ef163f86-569a-471b-a553-1c104d706613 tempest-VolumesActionsTest-1179803661 tempest-VolumesActionsTest-1179803661-project-member] new path /v2/schemas/image {{(pid=99592) process_request /opt/stack/glance/glance/api/middleware/version_negotiation.py:70}}
Jul 01 00:07:45.399011 np0000004055 devstack@g-api.service[99592]: [pid: 99592|app: 0|req: 89/268] 127.0.0.1 () {44 vars in 1055 bytes} [Wed Jul 1 00:07:45 2026] GET /v2/schemas/image => generated 6083 bytes in 6 msecs (HTTP/1.1 200) 4 headers in 158 bytes (1 switches on core 0)
Jul 01 00:07:45.799098 np0000004055 devstack@g-api.service[99590]: DEBUG glance.api.middleware.version_negotiation [None req-954e4fe5-b173-4f55-9cad-c734948f22a4 tempest-VolumesActionsTest-1179803661 tempest-VolumesActionsTest-1179803661-project-member] Determining version of request: PUT /v2/images/682583f7-5b8e-4290-8da3-7b9ea1d12587/file Accept: */* {{(pid=99590) process_request /opt/stack/glance/glance/api/middleware/version_negotiation.py:44}}
Jul 01 00:07:45.800045 np0000004055 devstack@g-api.service[99590]: DEBUG glance.api.middleware.version_negotiation [None req-954e4fe5-b173-4f55-9cad-c734948f22a4 tempest-VolumesActionsTest-1179803661 tempest-VolumesActionsTest-1179803661-project-member] Using url versioning {{(pid=99590) process_request /opt/stack/glance/glance/api/middleware/version_negotiation.py:57}}
Jul 01 00:07:45.800045 np0000004055 devstack@g-api.service[99590]: DEBUG glance.api.middleware.version_negotiation [None req-954e4fe5-b173-4f55-9cad-c734948f22a4 tempest-VolumesActionsTest-1179803661 tempest-VolumesActionsTest-1179803661-project-member] Matched version: v2 {{(pid=99590) process_request /opt/stack/glance/glance/api/middleware/version_negotiation.py:69}}
Jul 01 00:07:45.800045 np0000004055 devstack@g-api.service[99590]: DEBUG glance.api.middleware.version_negotiation [None req-954e4fe5-b173-4f55-9cad-c734948f22a4 tempest-VolumesActionsTest-1179803661 tempest-VolumesActionsTest-1179803661-project-member] new path /v2/images/682583f7-5b8e-4290-8da3-7b9ea1d12587/file {{(pid=99590) process_request /opt/stack/glance/glance/api/middleware/version_negotiation.py:70}}
Jul 01 00:07:46.186843 np0000004055 devstack@g-api.service[99591]: DEBUG glance.api.middleware.version_negotiation [None req-bb79e7dc-b7dd-4737-b43b-ebbadabc7f1a tempest-VolumesNegativeTest-977899283 tempest-VolumesNegativeTest-977899283-project-member] Determining version of request: GET /v2/images/682583f7-5b8e-4290-8da3-7b9ea1d12587 Accept: application/json {{(pid=99591) process_request /opt/stack/glance/glance/api/middleware/version_negotiation.py:44}}
Jul 01 00:07:46.186843 np0000004055 devstack@g-api.service[99591]: DEBUG glance.api.middleware.version_negotiation [None req-bb79e7dc-b7dd-4737-b43b-ebbadabc7f1a tempest-VolumesNegativeTest-977899283 tempest-VolumesNegativeTest-977899283-project-member] Using url versioning {{(pid=99591) process_request /opt/stack/glance/glance/api/middleware/version_negotiation.py:57}}
Jul 01 00:07:46.187307 np0000004055 devstack@g-api.service[99591]: DEBUG glance.api.middleware.version_negotiation [None req-bb79e7dc-b7dd-4737-b43b-ebbadabc7f1a tempest-VolumesNegativeTest-977899283 tempest-VolumesNegativeTest-977899283-project-member] Matched version: v2 {{(pid=99591) process_request /opt/stack/glance/glance/api/middleware/version_negotiation.py:69}}
Jul 01 00:07:46.187307 np0000004055 devstack@g-api.service[99591]: DEBUG glance.api.middleware.version_negotiation [None req-bb79e7dc-b7dd-4737-b43b-ebbadabc7f1a tempest-VolumesNegativeTest-977899283 tempest-VolumesNegativeTest-977899283-project-member] new path /v2/images/682583f7-5b8e-4290-8da3-7b9ea1d12587 {{(pid=99591) process_request /opt/stack/glance/glance/api/middleware/version_negotiation.py:70}}
Jul 01 00:07:46.205798 np0000004055 devstack@g-api.service[99591]: [pid: 99591|app: 0|req: 89/269] 127.0.0.1 () {40 vars in 838 bytes} [Wed Jul 1 00:07:46 2026] GET /v2/images/682583f7-5b8e-4290-8da3-7b9ea1d12587 => generated 650 bytes in 19 msecs (HTTP/1.1 200) 4 headers in 157 bytes (1 switches on core 0)
Jul 01 00:07:46.575296 np0000004055 devstack@g-api.service[99590]: INFO glance.api.v2.image_data [None req-ef163f86-569a-471b-a553-1c104d706613 tempest-VolumesActionsTest-1179803661 tempest-VolumesActionsTest-1179803661-project-member] Unable to create trust: no such option collect_timing in group [keystone_authtoken] Use the existing user token.
Jul 01 00:07:47.082831 np0000004055 devstack@g-api.service[99590]: DEBUG glance.location [None req-ef163f86-569a-471b-a553-1c104d706613 tempest-VolumesActionsTest-1179803661 tempest-VolumesActionsTest-1179803661-project-member] Enabling in-flight format inspection for raw {{(pid=99590) set_data /opt/stack/glance/glance/location.py:616}}
Jul 01 00:07:47.083210 np0000004055 devstack@g-api.service[99590]: DEBUG glance_store.backend [None req-ef163f86-569a-471b-a553-1c104d706613 tempest-VolumesActionsTest-1179803661 tempest-VolumesActionsTest-1179803661-project-member] Attempting to import store swift {{(pid=99590) _load_store /opt/stack/data/venv/lib/python3.12/site-packages/glance_store/backend.py:215}}
Jul 01 00:07:47.084468 np0000004055 devstack@g-api.service[99590]: DEBUG glance_store.capabilities [None req-ef163f86-569a-471b-a553-1c104d706613 tempest-VolumesActionsTest-1179803661 tempest-VolumesActionsTest-1179803661-project-member] Store glance_store._drivers.swift.store.SingleTenantStore doesn't support updating dynamic storage capabilities. Please overwrite 'update_capabilities' method of the store to implement updating logics if needed. {{(pid=99590) update_capabilities /opt/stack/data/venv/lib/python3.12/site-packages/glance_store/capabilities.py:91}}
Jul 01 00:07:47.084600 np0000004055 devstack@g-api.service[99590]: DEBUG glance_store.driver [None req-ef163f86-569a-471b-a553-1c104d706613 tempest-VolumesActionsTest-1179803661 tempest-VolumesActionsTest-1179803661-project-member] Late loading location class glance_store._drivers.swift.store.StoreLocation {{(pid=99590) get_store_location_class /opt/stack/data/venv/lib/python3.12/site-packages/glance_store/driver.py:134}}
Jul 01 00:07:47.084647 np0000004055 devstack@g-api.service[99590]: DEBUG glance_store.location [None req-ef163f86-569a-471b-a553-1c104d706613 tempest-VolumesActionsTest-1179803661 tempest-VolumesActionsTest-1179803661-project-member] Registering scheme swift+https with {'store': , 'location_class': , 'store_entry': 'swift'} {{(pid=99590) register_scheme_map /opt/stack/data/venv/lib/python3.12/site-packages/glance_store/location.py:146}}
Jul 01 00:07:47.084694 np0000004055 devstack@g-api.service[99590]: DEBUG glance_store.location [None req-ef163f86-569a-471b-a553-1c104d706613 tempest-VolumesActionsTest-1179803661 tempest-VolumesActionsTest-1179803661-project-member] Registering scheme swift+https with {'store': , 'location_class': , 'store_entry': 'swift'} {{(pid=99590) register_scheme_map /opt/stack/data/venv/lib/python3.12/site-packages/glance_store/location.py:146}}
Jul 01 00:07:47.084887 np0000004055 devstack@g-api.service[99590]: DEBUG glance_store.location [None req-ef163f86-569a-471b-a553-1c104d706613 tempest-VolumesActionsTest-1179803661 tempest-VolumesActionsTest-1179803661-project-member] Registering scheme swift with {'store': , 'location_class': , 'store_entry': 'swift'} {{(pid=99590) register_scheme_map /opt/stack/data/venv/lib/python3.12/site-packages/glance_store/location.py:146}}
Jul 01 00:07:47.084974 np0000004055 devstack@g-api.service[99590]: DEBUG glance_store.location [None req-ef163f86-569a-471b-a553-1c104d706613 tempest-VolumesActionsTest-1179803661 tempest-VolumesActionsTest-1179803661-project-member] Registering scheme swift+https with {'store': , 'location_class': , 'store_entry': 'swift'} {{(pid=99590) register_scheme_map /opt/stack/data/venv/lib/python3.12/site-packages/glance_store/location.py:146}}
Jul 01 00:07:47.085044 np0000004055 devstack@g-api.service[99590]: DEBUG glance_store.location [None req-ef163f86-569a-471b-a553-1c104d706613 tempest-VolumesActionsTest-1179803661 tempest-VolumesActionsTest-1179803661-project-member] Registering scheme swift with {'store': , 'location_class': , 'store_entry': 'swift'} {{(pid=99590) register_scheme_map /opt/stack/data/venv/lib/python3.12/site-packages/glance_store/location.py:146}}
Jul 01 00:07:47.085155 np0000004055 devstack@g-api.service[99590]: DEBUG glance_store.location [None req-ef163f86-569a-471b-a553-1c104d706613 tempest-VolumesActionsTest-1179803661 tempest-VolumesActionsTest-1179803661-project-member] Registering scheme swift+http with {'store': , 'location_class': , 'store_entry': 'swift'} {{(pid=99590) register_scheme_map /opt/stack/data/venv/lib/python3.12/site-packages/glance_store/location.py:146}}
Jul 01 00:07:47.085381 np0000004055 devstack@g-api.service[99590]: DEBUG glance_store.location [None req-ef163f86-569a-471b-a553-1c104d706613 tempest-VolumesActionsTest-1179803661 tempest-VolumesActionsTest-1179803661-project-member] Registering scheme swift+https with {'store': , 'location_class': , 'store_entry': 'swift'} {{(pid=99590) register_scheme_map /opt/stack/data/venv/lib/python3.12/site-packages/glance_store/location.py:146}}
Jul 01 00:07:47.085381 np0000004055 devstack@g-api.service[99590]: DEBUG glance_store.location [None req-ef163f86-569a-471b-a553-1c104d706613 tempest-VolumesActionsTest-1179803661 tempest-VolumesActionsTest-1179803661-project-member] Registering scheme swift with {'store': , 'location_class': , 'store_entry': 'swift'} {{(pid=99590) register_scheme_map /opt/stack/data/venv/lib/python3.12/site-packages/glance_store/location.py:146}}
Jul 01 00:07:47.085381 np0000004055 devstack@g-api.service[99590]: DEBUG glance_store.location [None req-ef163f86-569a-471b-a553-1c104d706613 tempest-VolumesActionsTest-1179803661 tempest-VolumesActionsTest-1179803661-project-member] Registering scheme swift+http with {'store': , 'location_class': , 'store_entry': 'swift'} {{(pid=99590) register_scheme_map /opt/stack/data/venv/lib/python3.12/site-packages/glance_store/location.py:146}}
Jul 01 00:07:47.085381 np0000004055 devstack@g-api.service[99590]: DEBUG glance_store.location [None req-ef163f86-569a-471b-a553-1c104d706613 tempest-VolumesActionsTest-1179803661 tempest-VolumesActionsTest-1179803661-project-member] Registering scheme swift+config with {'store': , 'location_class': , 'store_entry': 'swift'} {{(pid=99590) register_scheme_map /opt/stack/data/venv/lib/python3.12/site-packages/glance_store/location.py:146}}
Jul 01 00:07:47.214685 np0000004055 devstack@g-api.service[99592]: DEBUG glance.api.middleware.version_negotiation [None req-bb79e7dc-b7dd-4737-b43b-ebbadabc7f1a tempest-VolumesNegativeTest-977899283 tempest-VolumesNegativeTest-977899283-project-member] Determining version of request: GET /v2/images/682583f7-5b8e-4290-8da3-7b9ea1d12587 Accept: application/json {{(pid=99592) process_request /opt/stack/glance/glance/api/middleware/version_negotiation.py:44}}
Jul 01 00:07:47.214685 np0000004055 devstack@g-api.service[99592]: DEBUG glance.api.middleware.version_negotiation [None req-bb79e7dc-b7dd-4737-b43b-ebbadabc7f1a tempest-VolumesNegativeTest-977899283 tempest-VolumesNegativeTest-977899283-project-member] Using url versioning {{(pid=99592) process_request /opt/stack/glance/glance/api/middleware/version_negotiation.py:57}}
Jul 01 00:07:47.215226 np0000004055 devstack@g-api.service[99592]: DEBUG glance.api.middleware.version_negotiation [None req-bb79e7dc-b7dd-4737-b43b-ebbadabc7f1a tempest-VolumesNegativeTest-977899283 tempest-VolumesNegativeTest-977899283-project-member] Matched version: v2 {{(pid=99592) process_request /opt/stack/glance/glance/api/middleware/version_negotiation.py:69}}
Jul 01 00:07:47.215226 np0000004055 devstack@g-api.service[99592]: DEBUG glance.api.middleware.version_negotiation [None req-bb79e7dc-b7dd-4737-b43b-ebbadabc7f1a tempest-VolumesNegativeTest-977899283 tempest-VolumesNegativeTest-977899283-project-member] new path /v2/images/682583f7-5b8e-4290-8da3-7b9ea1d12587 {{(pid=99592) process_request /opt/stack/glance/glance/api/middleware/version_negotiation.py:70}}
Jul 01 00:07:47.225144 np0000004055 devstack@g-api.service[99592]: [pid: 99592|app: 0|req: 90/270] 127.0.0.1 () {40 vars in 838 bytes} [Wed Jul 1 00:07:47 2026] GET /v2/images/682583f7-5b8e-4290-8da3-7b9ea1d12587 => generated 650 bytes in 11 msecs (HTTP/1.1 200) 4 headers in 157 bytes (1 switches on core 0)
Jul 01 00:07:47.268740 np0000004055 devstack@g-api.service[99590]: DEBUG swiftclient [None req-ef163f86-569a-471b-a553-1c104d706613 tempest-VolumesActionsTest-1179803661 tempest-VolumesActionsTest-1179803661-project-member] REQ: curl -i https://10.4.3.211:8080/v1/AUTH_8dd531c8b16e4fb2a7c6f40eb464c2bf/glance -I -H "X-Auth-Token: gAAAAABqRFpTKmVR..." {{(pid=99590) http_log /opt/stack/data/venv/lib/python3.12/site-packages/swiftclient/client.py:160}}
Jul 01 00:07:47.268839 np0000004055 devstack@g-api.service[99590]: DEBUG swiftclient [None req-ef163f86-569a-471b-a553-1c104d706613 tempest-VolumesActionsTest-1179803661 tempest-VolumesActionsTest-1179803661-project-member] RESP STATUS: 204 No Content {{(pid=99590) http_log /opt/stack/data/venv/lib/python3.12/site-packages/swiftclient/client.py:161}}
Jul 01 00:07:47.268997 np0000004055 devstack@g-api.service[99590]: DEBUG swiftclient [None req-ef163f86-569a-471b-a553-1c104d706613 tempest-VolumesActionsTest-1179803661 tempest-VolumesActionsTest-1179803661-project-member] RESP HEADERS: {'Date': 'Wed, 01 Jul 2026 00:07:47 GMT', 'Server': 'Apache/2.4.58 (Ubuntu)', 'Content-Type': 'text/plain; charset=utf-8', 'X-Container-Object-Count': '5', 'X-Container-Bytes-Used': '86048768', 'X-Timestamp': '1782864022.47594', 'Last-Modified': 'Wed, 01 Jul 2026 00:00:23 GMT', 'Accept-Ranges': 'bytes', 'X-Storage-Policy': 'Policy-0', 'X-Container-Sharding': 'False', 'Vary': 'Accept', 'X-Trans-Id': 'tx10aac3e048964ff985056-006a445a53', 'X-Openstack-Request-Id': 'tx10aac3e048964ff985056-006a445a53', 'Connection': 'close'} {{(pid=99590) http_log /opt/stack/data/venv/lib/python3.12/site-packages/swiftclient/client.py:162}}
Jul 01 00:07:47.269192 np0000004055 devstack@g-api.service[99590]: DEBUG glance_store._drivers.swift.store [None req-ef163f86-569a-471b-a553-1c104d706613 tempest-VolumesActionsTest-1179803661 tempest-VolumesActionsTest-1179803661-project-member] Adding image object '682583f7-5b8e-4290-8da3-7b9ea1d12587' to Swift {{(pid=99590) add /opt/stack/data/venv/lib/python3.12/site-packages/glance_store/_drivers/swift/store.py:970}}
Jul 01 00:07:47.269247 np0000004055 devstack@g-api.service[99590]: DEBUG glance_store._drivers.swift.store [None req-ef163f86-569a-471b-a553-1c104d706613 tempest-VolumesActionsTest-1179803661 tempest-VolumesActionsTest-1179803661-project-member] Cannot determine image size because it is either not provided in the request or chunked-transfer encoding is used. Adding image as a segmented object to Swift. {{(pid=99590) add /opt/stack/data/venv/lib/python3.12/site-packages/glance_store/_drivers/swift/store.py:994}}
Jul 01 00:07:47.275887 np0000004055 devstack@g-api.service[99590]: DEBUG oslo_utils.imageutils.format_inspector [None req-ef163f86-569a-471b-a553-1c104d706613 tempest-VolumesActionsTest-1179803661 tempest-VolumesActionsTest-1179803661-project-member] Format inspector for vmdk does not match, excluding from consideration (Signature KDMV not found: b'\x00\x00\x00\x00') {{(pid=99590) _process_chunk /opt/stack/data/venv/lib/python3.12/site-packages/oslo_utils/imageutils/format_inspector.py:1758}}
Jul 01 00:07:47.279999 np0000004055 devstack@g-api.service[99590]: DEBUG oslo_utils.imageutils.format_inspector [None req-ef163f86-569a-471b-a553-1c104d706613 tempest-VolumesActionsTest-1179803661 tempest-VolumesActionsTest-1179803661-project-member] Format inspector for vhdx does not match, excluding from consideration (Region signature not found at 30000) {{(pid=99590) _process_chunk /opt/stack/data/venv/lib/python3.12/site-packages/oslo_utils/imageutils/format_inspector.py:1758}}
Jul 01 00:07:48.234594 np0000004055 devstack@g-api.service[99591]: DEBUG glance.api.middleware.version_negotiation [None req-058d596e-a0c0-4a24-aa0c-3f3d57c85162 tempest-VolumesActionsTest-1179803661 tempest-VolumesActionsTest-1179803661-project-member] Determining version of request: GET /v2/images/682583f7-5b8e-4290-8da3-7b9ea1d12587 Accept: application/json {{(pid=99591) process_request /opt/stack/glance/glance/api/middleware/version_negotiation.py:44}}
Jul 01 00:07:48.234594 np0000004055 devstack@g-api.service[99591]: DEBUG glance.api.middleware.version_negotiation [None req-058d596e-a0c0-4a24-aa0c-3f3d57c85162 tempest-VolumesActionsTest-1179803661 tempest-VolumesActionsTest-1179803661-project-member] Using url versioning {{(pid=99591) process_request /opt/stack/glance/glance/api/middleware/version_negotiation.py:57}}
Jul 01 00:07:48.234594 np0000004055 devstack@g-api.service[99591]: DEBUG glance.api.middleware.version_negotiation [None req-058d596e-a0c0-4a24-aa0c-3f3d57c85162 tempest-VolumesActionsTest-1179803661 tempest-VolumesActionsTest-1179803661-project-member] Matched version: v2 {{(pid=99591) process_request /opt/stack/glance/glance/api/middleware/version_negotiation.py:69}}
Jul 01 00:07:48.235414 np0000004055 devstack@g-api.service[99591]: DEBUG glance.api.middleware.version_negotiation [None req-058d596e-a0c0-4a24-aa0c-3f3d57c85162 tempest-VolumesActionsTest-1179803661 tempest-VolumesActionsTest-1179803661-project-member] new path /v2/images/682583f7-5b8e-4290-8da3-7b9ea1d12587 {{(pid=99591) process_request /opt/stack/glance/glance/api/middleware/version_negotiation.py:70}}
Jul 01 00:07:48.253049 np0000004055 devstack@g-api.service[99591]: [pid: 99591|app: 0|req: 90/271] 127.0.0.1 () {40 vars in 838 bytes} [Wed Jul 1 00:07:48 2026] GET /v2/images/682583f7-5b8e-4290-8da3-7b9ea1d12587 => generated 650 bytes in 19 msecs (HTTP/1.1 200) 4 headers in 157 bytes (1 switches on core 0)
Jul 01 00:07:49.268179 np0000004055 devstack@g-api.service[99592]: DEBUG glance.api.middleware.version_negotiation [None req-f9c1e215-0625-48df-9fcb-588a51dec01b tempest-VolumesActionsTest-1179803661 tempest-VolumesActionsTest-1179803661-project-member] Determining version of request: GET /v2/images/682583f7-5b8e-4290-8da3-7b9ea1d12587 Accept: application/json {{(pid=99592) process_request /opt/stack/glance/glance/api/middleware/version_negotiation.py:44}}
Jul 01 00:07:49.268657 np0000004055 devstack@g-api.service[99592]: DEBUG glance.api.middleware.version_negotiation [None req-f9c1e215-0625-48df-9fcb-588a51dec01b tempest-VolumesActionsTest-1179803661 tempest-VolumesActionsTest-1179803661-project-member] Using url versioning {{(pid=99592) process_request /opt/stack/glance/glance/api/middleware/version_negotiation.py:57}}
Jul 01 00:07:49.268762 np0000004055 devstack@g-api.service[99592]: DEBUG glance.api.middleware.version_negotiation [None req-f9c1e215-0625-48df-9fcb-588a51dec01b tempest-VolumesActionsTest-1179803661 tempest-VolumesActionsTest-1179803661-project-member] Matched version: v2 {{(pid=99592) process_request /opt/stack/glance/glance/api/middleware/version_negotiation.py:69}}
Jul 01 00:07:49.268841 np0000004055 devstack@g-api.service[99592]: DEBUG glance.api.middleware.version_negotiation [None req-f9c1e215-0625-48df-9fcb-588a51dec01b tempest-VolumesActionsTest-1179803661 tempest-VolumesActionsTest-1179803661-project-member] new path /v2/images/682583f7-5b8e-4290-8da3-7b9ea1d12587 {{(pid=99592) process_request /opt/stack/glance/glance/api/middleware/version_negotiation.py:70}}
Jul 01 00:07:49.285341 np0000004055 devstack@g-api.service[99592]: [pid: 99592|app: 0|req: 91/272] 127.0.0.1 () {40 vars in 838 bytes} [Wed Jul 1 00:07:49 2026] GET /v2/images/682583f7-5b8e-4290-8da3-7b9ea1d12587 => generated 650 bytes in 18 msecs (HTTP/1.1 200) 4 headers in 157 bytes (1 switches on core 0)
Jul 01 00:07:50.117586 np0000004055 devstack@g-api.service[99590]: DEBUG swiftclient [None req-ef163f86-569a-471b-a553-1c104d706613 tempest-VolumesActionsTest-1179803661 tempest-VolumesActionsTest-1179803661-project-member] REQ: curl -i https://10.4.3.211:8080/v1/AUTH_8dd531c8b16e4fb2a7c6f40eb464c2bf/glance/682583f7-5b8e-4290-8da3-7b9ea1d12587-00001 -X PUT -H "X-Auth-Token: gAAAAABqRFpTKmVR..." {{(pid=99590) http_log /opt/stack/data/venv/lib/python3.12/site-packages/swiftclient/client.py:160}}
Jul 01 00:07:50.117996 np0000004055 devstack@g-api.service[99590]: DEBUG swiftclient [None req-ef163f86-569a-471b-a553-1c104d706613 tempest-VolumesActionsTest-1179803661 tempest-VolumesActionsTest-1179803661-project-member] RESP STATUS: 201 Created {{(pid=99590) http_log /opt/stack/data/venv/lib/python3.12/site-packages/swiftclient/client.py:161}}
Jul 01 00:07:50.117996 np0000004055 devstack@g-api.service[99590]: DEBUG swiftclient [None req-ef163f86-569a-471b-a553-1c104d706613 tempest-VolumesActionsTest-1179803661 tempest-VolumesActionsTest-1179803661-project-member] RESP HEADERS: {'Date': 'Wed, 01 Jul 2026 00:07:50 GMT', 'Server': 'Apache/2.4.58 (Ubuntu)', 'Content-Type': 'text/html; charset=UTF-8', 'Content-Length': '0', 'Etag': 'eda9a9889837ac4bc81d6387d92c1bec', 'Last-Modified': 'Wed, 01 Jul 2026 00:07:48 GMT', 'X-Trans-Id': 'tx0e724e9befcd4c73a2c05-006a445a53', 'X-Openstack-Request-Id': 'tx0e724e9befcd4c73a2c05-006a445a53', 'Connection': 'close'} {{(pid=99590) http_log /opt/stack/data/venv/lib/python3.12/site-packages/swiftclient/client.py:162}}
Jul 01 00:07:50.118137 np0000004055 devstack@g-api.service[99590]: DEBUG glance_store._drivers.swift.store [None req-ef163f86-569a-471b-a553-1c104d706613 tempest-VolumesActionsTest-1179803661 tempest-VolumesActionsTest-1179803661-project-member] Wrote chunk 682583f7-5b8e-4290-8da3-7b9ea1d12587-00001 (1/?) of length 204800000 to Swift returning MD5 of content: eda9a9889837ac4bc81d6387d92c1bec {{(pid=99590) add /opt/stack/data/venv/lib/python3.12/site-packages/glance_store/_drivers/swift/store.py:1059}}
Jul 01 00:07:50.302886 np0000004055 devstack@g-api.service[99591]: DEBUG glance.api.middleware.version_negotiation [None req-94ef802e-77f7-4b50-956e-2017373d61f6 tempest-VolumesActionsTest-1179803661 tempest-VolumesActionsTest-1179803661-project-member] Determining version of request: GET /v2/images/682583f7-5b8e-4290-8da3-7b9ea1d12587 Accept: application/json {{(pid=99591) process_request /opt/stack/glance/glance/api/middleware/version_negotiation.py:44}}
Jul 01 00:07:50.302886 np0000004055 devstack@g-api.service[99591]: DEBUG glance.api.middleware.version_negotiation [None req-94ef802e-77f7-4b50-956e-2017373d61f6 tempest-VolumesActionsTest-1179803661 tempest-VolumesActionsTest-1179803661-project-member] Using url versioning {{(pid=99591) process_request /opt/stack/glance/glance/api/middleware/version_negotiation.py:57}}
Jul 01 00:07:50.303395 np0000004055 devstack@g-api.service[99591]: DEBUG glance.api.middleware.version_negotiation [None req-94ef802e-77f7-4b50-956e-2017373d61f6 tempest-VolumesActionsTest-1179803661 tempest-VolumesActionsTest-1179803661-project-member] Matched version: v2 {{(pid=99591) process_request /opt/stack/glance/glance/api/middleware/version_negotiation.py:69}}
Jul 01 00:07:50.303395 np0000004055 devstack@g-api.service[99591]: DEBUG glance.api.middleware.version_negotiation [None req-94ef802e-77f7-4b50-956e-2017373d61f6 tempest-VolumesActionsTest-1179803661 tempest-VolumesActionsTest-1179803661-project-member] new path /v2/images/682583f7-5b8e-4290-8da3-7b9ea1d12587 {{(pid=99591) process_request /opt/stack/glance/glance/api/middleware/version_negotiation.py:70}}
Jul 01 00:07:50.322719 np0000004055 devstack@g-api.service[99591]: [pid: 99591|app: 0|req: 91/273] 127.0.0.1 () {40 vars in 838 bytes} [Wed Jul 1 00:07:50 2026] GET /v2/images/682583f7-5b8e-4290-8da3-7b9ea1d12587 => generated 650 bytes in 24 msecs (HTTP/1.1 200) 4 headers in 157 bytes (1 switches on core 0)
Jul 01 00:07:51.335596 np0000004055 devstack@g-api.service[99592]: DEBUG glance.api.middleware.version_negotiation [None req-5aff7340-57f0-4d60-bfbc-aec4ba30b887 tempest-VolumesActionsTest-1179803661 tempest-VolumesActionsTest-1179803661-project-member] Determining version of request: GET /v2/images/682583f7-5b8e-4290-8da3-7b9ea1d12587 Accept: application/json {{(pid=99592) process_request /opt/stack/glance/glance/api/middleware/version_negotiation.py:44}}
Jul 01 00:07:51.336100 np0000004055 devstack@g-api.service[99592]: DEBUG glance.api.middleware.version_negotiation [None req-5aff7340-57f0-4d60-bfbc-aec4ba30b887 tempest-VolumesActionsTest-1179803661 tempest-VolumesActionsTest-1179803661-project-member] Using url versioning {{(pid=99592) process_request /opt/stack/glance/glance/api/middleware/version_negotiation.py:57}}
Jul 01 00:07:51.336100 np0000004055 devstack@g-api.service[99592]: DEBUG glance.api.middleware.version_negotiation [None req-5aff7340-57f0-4d60-bfbc-aec4ba30b887 tempest-VolumesActionsTest-1179803661 tempest-VolumesActionsTest-1179803661-project-member] Matched version: v2 {{(pid=99592) process_request /opt/stack/glance/glance/api/middleware/version_negotiation.py:69}}
Jul 01 00:07:51.336100 np0000004055 devstack@g-api.service[99592]: DEBUG glance.api.middleware.version_negotiation [None req-5aff7340-57f0-4d60-bfbc-aec4ba30b887 tempest-VolumesActionsTest-1179803661 tempest-VolumesActionsTest-1179803661-project-member] new path /v2/images/682583f7-5b8e-4290-8da3-7b9ea1d12587 {{(pid=99592) process_request /opt/stack/glance/glance/api/middleware/version_negotiation.py:70}}
Jul 01 00:07:51.350031 np0000004055 devstack@g-api.service[99592]: [pid: 99592|app: 0|req: 92/274] 127.0.0.1 () {40 vars in 838 bytes} [Wed Jul 1 00:07:51 2026] GET /v2/images/682583f7-5b8e-4290-8da3-7b9ea1d12587 => generated 650 bytes in 14 msecs (HTTP/1.1 200) 4 headers in 157 bytes (1 switches on core 0)
Jul 01 00:07:52.370356 np0000004055 devstack@g-api.service[99591]: DEBUG glance.api.middleware.version_negotiation [None req-35dc8b3c-eca3-4caf-9f3b-c8e6a2d5dce0 tempest-VolumesActionsTest-1179803661 tempest-VolumesActionsTest-1179803661-project-member] Determining version of request: GET /v2/images/682583f7-5b8e-4290-8da3-7b9ea1d12587 Accept: application/json {{(pid=99591) process_request /opt/stack/glance/glance/api/middleware/version_negotiation.py:44}}
Jul 01 00:07:52.370356 np0000004055 devstack@g-api.service[99591]: DEBUG glance.api.middleware.version_negotiation [None req-35dc8b3c-eca3-4caf-9f3b-c8e6a2d5dce0 tempest-VolumesActionsTest-1179803661 tempest-VolumesActionsTest-1179803661-project-member] Using url versioning {{(pid=99591) process_request /opt/stack/glance/glance/api/middleware/version_negotiation.py:57}}
Jul 01 00:07:52.370356 np0000004055 devstack@g-api.service[99591]: DEBUG glance.api.middleware.version_negotiation [None req-35dc8b3c-eca3-4caf-9f3b-c8e6a2d5dce0 tempest-VolumesActionsTest-1179803661 tempest-VolumesActionsTest-1179803661-project-member] Matched version: v2 {{(pid=99591) process_request /opt/stack/glance/glance/api/middleware/version_negotiation.py:69}}
Jul 01 00:07:52.370356 np0000004055 devstack@g-api.service[99591]: DEBUG glance.api.middleware.version_negotiation [None req-35dc8b3c-eca3-4caf-9f3b-c8e6a2d5dce0 tempest-VolumesActionsTest-1179803661 tempest-VolumesActionsTest-1179803661-project-member] new path /v2/images/682583f7-5b8e-4290-8da3-7b9ea1d12587 {{(pid=99591) process_request /opt/stack/glance/glance/api/middleware/version_negotiation.py:70}}
Jul 01 00:07:52.381580 np0000004055 devstack@g-api.service[99591]: [pid: 99591|app: 0|req: 92/275] 127.0.0.1 () {40 vars in 838 bytes} [Wed Jul 1 00:07:52 2026] GET /v2/images/682583f7-5b8e-4290-8da3-7b9ea1d12587 => generated 650 bytes in 13 msecs (HTTP/1.1 200) 4 headers in 157 bytes (1 switches on core 0)
Jul 01 00:07:52.414967 np0000004055 devstack@g-api.service[99590]: DEBUG swiftclient [None req-ef163f86-569a-471b-a553-1c104d706613 tempest-VolumesActionsTest-1179803661 tempest-VolumesActionsTest-1179803661-project-member] REQ: curl -i https://10.4.3.211:8080/v1/AUTH_8dd531c8b16e4fb2a7c6f40eb464c2bf/glance/682583f7-5b8e-4290-8da3-7b9ea1d12587-00002 -X PUT -H "X-Auth-Token: gAAAAABqRFpTKmVR..." {{(pid=99590) http_log /opt/stack/data/venv/lib/python3.12/site-packages/swiftclient/client.py:160}}
Jul 01 00:07:52.415389 np0000004055 devstack@g-api.service[99590]: DEBUG swiftclient [None req-ef163f86-569a-471b-a553-1c104d706613 tempest-VolumesActionsTest-1179803661 tempest-VolumesActionsTest-1179803661-project-member] RESP STATUS: 201 Created {{(pid=99590) http_log /opt/stack/data/venv/lib/python3.12/site-packages/swiftclient/client.py:161}}
Jul 01 00:07:52.415389 np0000004055 devstack@g-api.service[99590]: DEBUG swiftclient [None req-ef163f86-569a-471b-a553-1c104d706613 tempest-VolumesActionsTest-1179803661 tempest-VolumesActionsTest-1179803661-project-member] RESP HEADERS: {'Date': 'Wed, 01 Jul 2026 00:07:52 GMT', 'Server': 'Apache/2.4.58 (Ubuntu)', 'Content-Type': 'text/html; charset=UTF-8', 'Content-Length': '0', 'Etag': 'eda9a9889837ac4bc81d6387d92c1bec', 'Last-Modified': 'Wed, 01 Jul 2026 00:07:51 GMT', 'X-Trans-Id': 'txb024489f63ca4a8088af3-006a445a56', 'X-Openstack-Request-Id': 'txb024489f63ca4a8088af3-006a445a56', 'Connection': 'close'} {{(pid=99590) http_log /opt/stack/data/venv/lib/python3.12/site-packages/swiftclient/client.py:162}}
Jul 01 00:07:52.415533 np0000004055 devstack@g-api.service[99590]: DEBUG glance_store._drivers.swift.store [None req-ef163f86-569a-471b-a553-1c104d706613 tempest-VolumesActionsTest-1179803661 tempest-VolumesActionsTest-1179803661-project-member] Wrote chunk 682583f7-5b8e-4290-8da3-7b9ea1d12587-00002 (2/?) of length 204800000 to Swift returning MD5 of content: eda9a9889837ac4bc81d6387d92c1bec {{(pid=99590) add /opt/stack/data/venv/lib/python3.12/site-packages/glance_store/_drivers/swift/store.py:1059}}
Jul 01 00:07:53.394854 np0000004055 devstack@g-api.service[99592]: DEBUG glance.api.middleware.version_negotiation [None req-b6852f1c-85e9-478c-99d5-3c49939bd07a tempest-VolumesActionsTest-1179803661 tempest-VolumesActionsTest-1179803661-project-member] Determining version of request: GET /v2/images/682583f7-5b8e-4290-8da3-7b9ea1d12587 Accept: application/json {{(pid=99592) process_request /opt/stack/glance/glance/api/middleware/version_negotiation.py:44}}
Jul 01 00:07:53.394854 np0000004055 devstack@g-api.service[99592]: DEBUG glance.api.middleware.version_negotiation [None req-b6852f1c-85e9-478c-99d5-3c49939bd07a tempest-VolumesActionsTest-1179803661 tempest-VolumesActionsTest-1179803661-project-member] Using url versioning {{(pid=99592) process_request /opt/stack/glance/glance/api/middleware/version_negotiation.py:57}}
Jul 01 00:07:53.395381 np0000004055 devstack@g-api.service[99592]: DEBUG glance.api.middleware.version_negotiation [None req-b6852f1c-85e9-478c-99d5-3c49939bd07a tempest-VolumesActionsTest-1179803661 tempest-VolumesActionsTest-1179803661-project-member] Matched version: v2 {{(pid=99592) process_request /opt/stack/glance/glance/api/middleware/version_negotiation.py:69}}
Jul 01 00:07:53.395381 np0000004055 devstack@g-api.service[99592]: DEBUG glance.api.middleware.version_negotiation [None req-b6852f1c-85e9-478c-99d5-3c49939bd07a tempest-VolumesActionsTest-1179803661 tempest-VolumesActionsTest-1179803661-project-member] new path /v2/images/682583f7-5b8e-4290-8da3-7b9ea1d12587 {{(pid=99592) process_request /opt/stack/glance/glance/api/middleware/version_negotiation.py:70}}
Jul 01 00:07:53.414264 np0000004055 devstack@g-api.service[99592]: [pid: 99592|app: 0|req: 93/276] 127.0.0.1 () {40 vars in 838 bytes} [Wed Jul 1 00:07:53 2026] GET /v2/images/682583f7-5b8e-4290-8da3-7b9ea1d12587 => generated 650 bytes in 20 msecs (HTTP/1.1 200) 4 headers in 157 bytes (1 switches on core 0)
Jul 01 00:07:54.423381 np0000004055 devstack@g-api.service[99591]: DEBUG glance.api.middleware.version_negotiation [None req-0af9eafa-3e8d-4f5e-89be-8769f53b810f tempest-VolumesActionsTest-1179803661 tempest-VolumesActionsTest-1179803661-project-member] Determining version of request: GET /v2/images/682583f7-5b8e-4290-8da3-7b9ea1d12587 Accept: application/json {{(pid=99591) process_request /opt/stack/glance/glance/api/middleware/version_negotiation.py:44}}
Jul 01 00:07:54.423381 np0000004055 devstack@g-api.service[99591]: DEBUG glance.api.middleware.version_negotiation [None req-0af9eafa-3e8d-4f5e-89be-8769f53b810f tempest-VolumesActionsTest-1179803661 tempest-VolumesActionsTest-1179803661-project-member] Using url versioning {{(pid=99591) process_request /opt/stack/glance/glance/api/middleware/version_negotiation.py:57}}
Jul 01 00:07:54.423381 np0000004055 devstack@g-api.service[99591]: DEBUG glance.api.middleware.version_negotiation [None req-0af9eafa-3e8d-4f5e-89be-8769f53b810f tempest-VolumesActionsTest-1179803661 tempest-VolumesActionsTest-1179803661-project-member] Matched version: v2 {{(pid=99591) process_request /opt/stack/glance/glance/api/middleware/version_negotiation.py:69}}
Jul 01 00:07:54.423381 np0000004055 devstack@g-api.service[99591]: DEBUG glance.api.middleware.version_negotiation [None req-0af9eafa-3e8d-4f5e-89be-8769f53b810f tempest-VolumesActionsTest-1179803661 tempest-VolumesActionsTest-1179803661-project-member] new path /v2/images/682583f7-5b8e-4290-8da3-7b9ea1d12587 {{(pid=99591) process_request /opt/stack/glance/glance/api/middleware/version_negotiation.py:70}}
Jul 01 00:07:54.431953 np0000004055 devstack@g-api.service[99591]: [pid: 99591|app: 0|req: 93/277] 127.0.0.1 () {40 vars in 838 bytes} [Wed Jul 1 00:07:54 2026] GET /v2/images/682583f7-5b8e-4290-8da3-7b9ea1d12587 => generated 650 bytes in 10 msecs (HTTP/1.1 200) 4 headers in 157 bytes (1 switches on core 0)
Jul 01 00:07:54.513334 np0000004055 devstack@g-api.service[99590]: DEBUG swiftclient [None req-ef163f86-569a-471b-a553-1c104d706613 tempest-VolumesActionsTest-1179803661 tempest-VolumesActionsTest-1179803661-project-member] REQ: curl -i https://10.4.3.211:8080/v1/AUTH_8dd531c8b16e4fb2a7c6f40eb464c2bf/glance/682583f7-5b8e-4290-8da3-7b9ea1d12587-00003 -X PUT -H "X-Auth-Token: gAAAAABqRFpTKmVR..." {{(pid=99590) http_log /opt/stack/data/venv/lib/python3.12/site-packages/swiftclient/client.py:160}}
Jul 01 00:07:54.513665 np0000004055 devstack@g-api.service[99590]: DEBUG swiftclient [None req-ef163f86-569a-471b-a553-1c104d706613 tempest-VolumesActionsTest-1179803661 tempest-VolumesActionsTest-1179803661-project-member] RESP STATUS: 201 Created {{(pid=99590) http_log /opt/stack/data/venv/lib/python3.12/site-packages/swiftclient/client.py:161}}
Jul 01 00:07:54.513665 np0000004055 devstack@g-api.service[99590]: DEBUG swiftclient [None req-ef163f86-569a-471b-a553-1c104d706613 tempest-VolumesActionsTest-1179803661 tempest-VolumesActionsTest-1179803661-project-member] RESP HEADERS: {'Date': 'Wed, 01 Jul 2026 00:07:54 GMT', 'Server': 'Apache/2.4.58 (Ubuntu)', 'Content-Type': 'text/html; charset=UTF-8', 'Content-Length': '0', 'Etag': 'eda9a9889837ac4bc81d6387d92c1bec', 'Last-Modified': 'Wed, 01 Jul 2026 00:07:53 GMT', 'X-Trans-Id': 'tx9bde0fcde505481bad24e-006a445a58', 'X-Openstack-Request-Id': 'tx9bde0fcde505481bad24e-006a445a58', 'Connection': 'close'} {{(pid=99590) http_log /opt/stack/data/venv/lib/python3.12/site-packages/swiftclient/client.py:162}}
Jul 01 00:07:54.513665 np0000004055 devstack@g-api.service[99590]: DEBUG glance_store._drivers.swift.store [None req-ef163f86-569a-471b-a553-1c104d706613 tempest-VolumesActionsTest-1179803661 tempest-VolumesActionsTest-1179803661-project-member] Wrote chunk 682583f7-5b8e-4290-8da3-7b9ea1d12587-00003 (3/?) of length 204800000 to Swift returning MD5 of content: eda9a9889837ac4bc81d6387d92c1bec {{(pid=99590) add /opt/stack/data/venv/lib/python3.12/site-packages/glance_store/_drivers/swift/store.py:1059}}
Jul 01 00:07:55.446217 np0000004055 devstack@g-api.service[99592]: DEBUG glance.api.middleware.version_negotiation [None req-ebd16296-eb99-4cd7-893c-1c1ce8b780c1 tempest-VolumesActionsTest-1179803661 tempest-VolumesActionsTest-1179803661-project-member] Determining version of request: GET /v2/images/682583f7-5b8e-4290-8da3-7b9ea1d12587 Accept: application/json {{(pid=99592) process_request /opt/stack/glance/glance/api/middleware/version_negotiation.py:44}}
Jul 01 00:07:55.446716 np0000004055 devstack@g-api.service[99592]: DEBUG glance.api.middleware.version_negotiation [None req-ebd16296-eb99-4cd7-893c-1c1ce8b780c1 tempest-VolumesActionsTest-1179803661 tempest-VolumesActionsTest-1179803661-project-member] Using url versioning {{(pid=99592) process_request /opt/stack/glance/glance/api/middleware/version_negotiation.py:57}}
Jul 01 00:07:55.446716 np0000004055 devstack@g-api.service[99592]: DEBUG glance.api.middleware.version_negotiation [None req-ebd16296-eb99-4cd7-893c-1c1ce8b780c1 tempest-VolumesActionsTest-1179803661 tempest-VolumesActionsTest-1179803661-project-member] Matched version: v2 {{(pid=99592) process_request /opt/stack/glance/glance/api/middleware/version_negotiation.py:69}}
Jul 01 00:07:55.446805 np0000004055 devstack@g-api.service[99592]: DEBUG glance.api.middleware.version_negotiation [None req-ebd16296-eb99-4cd7-893c-1c1ce8b780c1 tempest-VolumesActionsTest-1179803661 tempest-VolumesActionsTest-1179803661-project-member] new path /v2/images/682583f7-5b8e-4290-8da3-7b9ea1d12587 {{(pid=99592) process_request /opt/stack/glance/glance/api/middleware/version_negotiation.py:70}}
Jul 01 00:07:55.466255 np0000004055 devstack@g-api.service[99592]: [pid: 99592|app: 0|req: 94/278] 127.0.0.1 () {40 vars in 838 bytes} [Wed Jul 1 00:07:55 2026] GET /v2/images/682583f7-5b8e-4290-8da3-7b9ea1d12587 => generated 650 bytes in 20 msecs (HTTP/1.1 200) 4 headers in 157 bytes (1 switches on core 0)
Jul 01 00:07:56.477032 np0000004055 devstack@g-api.service[99591]: DEBUG glance.api.middleware.version_negotiation [None req-190dc047-8381-4b2e-bd6c-83f07782bbad tempest-VolumesActionsTest-1179803661 tempest-VolumesActionsTest-1179803661-project-member] Determining version of request: GET /v2/images/682583f7-5b8e-4290-8da3-7b9ea1d12587 Accept: application/json {{(pid=99591) process_request /opt/stack/glance/glance/api/middleware/version_negotiation.py:44}}
Jul 01 00:07:56.477448 np0000004055 devstack@g-api.service[99591]: DEBUG glance.api.middleware.version_negotiation [None req-190dc047-8381-4b2e-bd6c-83f07782bbad tempest-VolumesActionsTest-1179803661 tempest-VolumesActionsTest-1179803661-project-member] Using url versioning {{(pid=99591) process_request /opt/stack/glance/glance/api/middleware/version_negotiation.py:57}}
Jul 01 00:07:56.477448 np0000004055 devstack@g-api.service[99591]: DEBUG glance.api.middleware.version_negotiation [None req-190dc047-8381-4b2e-bd6c-83f07782bbad tempest-VolumesActionsTest-1179803661 tempest-VolumesActionsTest-1179803661-project-member] Matched version: v2 {{(pid=99591) process_request /opt/stack/glance/glance/api/middleware/version_negotiation.py:69}}
Jul 01 00:07:56.477580 np0000004055 devstack@g-api.service[99591]: DEBUG glance.api.middleware.version_negotiation [None req-190dc047-8381-4b2e-bd6c-83f07782bbad tempest-VolumesActionsTest-1179803661 tempest-VolumesActionsTest-1179803661-project-member] new path /v2/images/682583f7-5b8e-4290-8da3-7b9ea1d12587 {{(pid=99591) process_request /opt/stack/glance/glance/api/middleware/version_negotiation.py:70}}
Jul 01 00:07:56.486835 np0000004055 devstack@g-api.service[99591]: [pid: 99591|app: 0|req: 94/279] 127.0.0.1 () {40 vars in 838 bytes} [Wed Jul 1 00:07:56 2026] GET /v2/images/682583f7-5b8e-4290-8da3-7b9ea1d12587 => generated 650 bytes in 10 msecs (HTTP/1.1 200) 4 headers in 157 bytes (1 switches on core 0)
Jul 01 00:07:56.701156 np0000004055 devstack@g-api.service[99590]: DEBUG swiftclient [None req-ef163f86-569a-471b-a553-1c104d706613 tempest-VolumesActionsTest-1179803661 tempest-VolumesActionsTest-1179803661-project-member] REQ: curl -i https://10.4.3.211:8080/v1/AUTH_8dd531c8b16e4fb2a7c6f40eb464c2bf/glance/682583f7-5b8e-4290-8da3-7b9ea1d12587-00004 -X PUT -H "X-Auth-Token: gAAAAABqRFpTKmVR..." {{(pid=99590) http_log /opt/stack/data/venv/lib/python3.12/site-packages/swiftclient/client.py:160}}
Jul 01 00:07:56.701602 np0000004055 devstack@g-api.service[99590]: DEBUG swiftclient [None req-ef163f86-569a-471b-a553-1c104d706613 tempest-VolumesActionsTest-1179803661 tempest-VolumesActionsTest-1179803661-project-member] RESP STATUS: 201 Created {{(pid=99590) http_log /opt/stack/data/venv/lib/python3.12/site-packages/swiftclient/client.py:161}}
Jul 01 00:07:56.701602 np0000004055 devstack@g-api.service[99590]: DEBUG swiftclient [None req-ef163f86-569a-471b-a553-1c104d706613 tempest-VolumesActionsTest-1179803661 tempest-VolumesActionsTest-1179803661-project-member] RESP HEADERS: {'Date': 'Wed, 01 Jul 2026 00:07:56 GMT', 'Server': 'Apache/2.4.58 (Ubuntu)', 'Content-Type': 'text/html; charset=UTF-8', 'Content-Length': '0', 'Etag': 'eda9a9889837ac4bc81d6387d92c1bec', 'Last-Modified': 'Wed, 01 Jul 2026 00:07:55 GMT', 'X-Trans-Id': 'tx1a07d8aae811464190616-006a445a5a', 'X-Openstack-Request-Id': 'tx1a07d8aae811464190616-006a445a5a', 'Connection': 'close'} {{(pid=99590) http_log /opt/stack/data/venv/lib/python3.12/site-packages/swiftclient/client.py:162}}
Jul 01 00:07:56.701738 np0000004055 devstack@g-api.service[99590]: DEBUG glance_store._drivers.swift.store [None req-ef163f86-569a-471b-a553-1c104d706613 tempest-VolumesActionsTest-1179803661 tempest-VolumesActionsTest-1179803661-project-member] Wrote chunk 682583f7-5b8e-4290-8da3-7b9ea1d12587-00004 (4/?) of length 204800000 to Swift returning MD5 of content: eda9a9889837ac4bc81d6387d92c1bec {{(pid=99590) add /opt/stack/data/venv/lib/python3.12/site-packages/glance_store/_drivers/swift/store.py:1059}}
Jul 01 00:07:57.082234 np0000004055 devstack@g-api.service[99590]: DEBUG dbcounter [-] [99590] Writing DB stats glance:SELECT=14,glance:UPDATE=1 {{(pid=99590) stat_writer /opt/stack/data/venv/lib/python3.12/site-packages/dbcounter.py:115}}
Jul 01 00:07:57.497948 np0000004055 devstack@g-api.service[99592]: DEBUG glance.api.middleware.version_negotiation [None req-a095438e-dba2-41d8-956a-866accac190f tempest-VolumesActionsTest-1179803661 tempest-VolumesActionsTest-1179803661-project-member] Determining version of request: GET /v2/images/682583f7-5b8e-4290-8da3-7b9ea1d12587 Accept: application/json {{(pid=99592) process_request /opt/stack/glance/glance/api/middleware/version_negotiation.py:44}}
Jul 01 00:07:57.498508 np0000004055 devstack@g-api.service[99592]: DEBUG glance.api.middleware.version_negotiation [None req-a095438e-dba2-41d8-956a-866accac190f tempest-VolumesActionsTest-1179803661 tempest-VolumesActionsTest-1179803661-project-member] Using url versioning {{(pid=99592) process_request /opt/stack/glance/glance/api/middleware/version_negotiation.py:57}}
Jul 01 00:07:57.498774 np0000004055 devstack@g-api.service[99592]: DEBUG glance.api.middleware.version_negotiation [None req-a095438e-dba2-41d8-956a-866accac190f tempest-VolumesActionsTest-1179803661 tempest-VolumesActionsTest-1179803661-project-member] Matched version: v2 {{(pid=99592) process_request /opt/stack/glance/glance/api/middleware/version_negotiation.py:69}}
Jul 01 00:07:57.498970 np0000004055 devstack@g-api.service[99592]: DEBUG glance.api.middleware.version_negotiation [None req-a095438e-dba2-41d8-956a-866accac190f tempest-VolumesActionsTest-1179803661 tempest-VolumesActionsTest-1179803661-project-member] new path /v2/images/682583f7-5b8e-4290-8da3-7b9ea1d12587 {{(pid=99592) process_request /opt/stack/glance/glance/api/middleware/version_negotiation.py:70}}
Jul 01 00:07:57.530399 np0000004055 devstack@g-api.service[99592]: [pid: 99592|app: 0|req: 95/280] 127.0.0.1 () {40 vars in 838 bytes} [Wed Jul 1 00:07:57 2026] GET /v2/images/682583f7-5b8e-4290-8da3-7b9ea1d12587 => generated 650 bytes in 35 msecs (HTTP/1.1 200) 4 headers in 157 bytes (1 switches on core 0)
Jul 01 00:07:58.545558 np0000004055 devstack@g-api.service[99591]: DEBUG glance.api.middleware.version_negotiation [None req-8d083b7c-7df4-4260-8981-c8629ba86d73 tempest-VolumesActionsTest-1179803661 tempest-VolumesActionsTest-1179803661-project-member] Determining version of request: GET /v2/images/682583f7-5b8e-4290-8da3-7b9ea1d12587 Accept: application/json {{(pid=99591) process_request /opt/stack/glance/glance/api/middleware/version_negotiation.py:44}}
Jul 01 00:07:58.547746 np0000004055 devstack@g-api.service[99591]: DEBUG glance.api.middleware.version_negotiation [None req-8d083b7c-7df4-4260-8981-c8629ba86d73 tempest-VolumesActionsTest-1179803661 tempest-VolumesActionsTest-1179803661-project-member] Using url versioning {{(pid=99591) process_request /opt/stack/glance/glance/api/middleware/version_negotiation.py:57}}
Jul 01 00:07:58.547746 np0000004055 devstack@g-api.service[99591]: DEBUG glance.api.middleware.version_negotiation [None req-8d083b7c-7df4-4260-8981-c8629ba86d73 tempest-VolumesActionsTest-1179803661 tempest-VolumesActionsTest-1179803661-project-member] Matched version: v2 {{(pid=99591) process_request /opt/stack/glance/glance/api/middleware/version_negotiation.py:69}}
Jul 01 00:07:58.547746 np0000004055 devstack@g-api.service[99591]: DEBUG glance.api.middleware.version_negotiation [None req-8d083b7c-7df4-4260-8981-c8629ba86d73 tempest-VolumesActionsTest-1179803661 tempest-VolumesActionsTest-1179803661-project-member] new path /v2/images/682583f7-5b8e-4290-8da3-7b9ea1d12587 {{(pid=99591) process_request /opt/stack/glance/glance/api/middleware/version_negotiation.py:70}}
Jul 01 00:07:58.565868 np0000004055 devstack@g-api.service[99591]: [pid: 99591|app: 0|req: 95/281] 127.0.0.1 () {40 vars in 838 bytes} [Wed Jul 1 00:07:58 2026] GET /v2/images/682583f7-5b8e-4290-8da3-7b9ea1d12587 => generated 650 bytes in 20 msecs (HTTP/1.1 200) 4 headers in 157 bytes (1 switches on core 0)
Jul 01 00:07:59.576665 np0000004055 devstack@g-api.service[99592]: DEBUG glance.api.middleware.version_negotiation [None req-2d11ce84-3911-4edc-8d3a-fe0b688db886 tempest-VolumesActionsTest-1179803661 tempest-VolumesActionsTest-1179803661-project-member] Determining version of request: GET /v2/images/682583f7-5b8e-4290-8da3-7b9ea1d12587 Accept: application/json {{(pid=99592) process_request /opt/stack/glance/glance/api/middleware/version_negotiation.py:44}}
Jul 01 00:07:59.577498 np0000004055 devstack@g-api.service[99592]: DEBUG glance.api.middleware.version_negotiation [None req-2d11ce84-3911-4edc-8d3a-fe0b688db886 tempest-VolumesActionsTest-1179803661 tempest-VolumesActionsTest-1179803661-project-member] Using url versioning {{(pid=99592) process_request /opt/stack/glance/glance/api/middleware/version_negotiation.py:57}}
