Jun 30 23:59:50.878544 np0000004055 nova-scheduler[93255]: DEBUG cotyledon.oslo_config_glue [-] oslo_limit.cafile = None {{(pid=93255) log_opt_values /opt/stack/data/venv/lib/python3.12/site-packages/oslo_config/cfg.py:3253}}
Jun 30 23:59:50.878544 np0000004055 nova-scheduler[93255]: DEBUG cotyledon.oslo_config_glue [-] oslo_limit.certfile = None {{(pid=93255) log_opt_values /opt/stack/data/venv/lib/python3.12/site-packages/oslo_config/cfg.py:3253}}
Jun 30 23:59:50.878544 np0000004055 nova-scheduler[93255]: DEBUG cotyledon.oslo_config_glue [-] oslo_limit.collect_timing = False {{(pid=93255) log_opt_values /opt/stack/data/venv/lib/python3.12/site-packages/oslo_config/cfg.py:3253}}
Jun 30 23:59:50.878714 np0000004055 nova-scheduler[93255]: DEBUG cotyledon.oslo_config_glue [-] oslo_limit.connect_retries = None {{(pid=93255) log_opt_values /opt/stack/data/venv/lib/python3.12/site-packages/oslo_config/cfg.py:3253}}
Jun 30 23:59:50.878714 np0000004055 nova-scheduler[93255]: DEBUG cotyledon.oslo_config_glue [-] oslo_limit.connect_retry_delay = None {{(pid=93255) log_opt_values /opt/stack/data/venv/lib/python3.12/site-packages/oslo_config/cfg.py:3253}}
Jun 30 23:59:50.878714 np0000004055 nova-scheduler[93255]: DEBUG cotyledon.oslo_config_glue [-] oslo_limit.endpoint_id = None {{(pid=93255) log_opt_values /opt/stack/data/venv/lib/python3.12/site-packages/oslo_config/cfg.py:3253}}
Jun 30 23:59:50.878714 np0000004055 nova-scheduler[93255]: DEBUG cotyledon.oslo_config_glue [-] oslo_limit.endpoint_interface = public {{(pid=93255) log_opt_values /opt/stack/data/venv/lib/python3.12/site-packages/oslo_config/cfg.py:3253}}
Jun 30 23:59:50.878714 np0000004055 nova-scheduler[93255]: DEBUG cotyledon.oslo_config_glue [-] oslo_limit.endpoint_override = None {{(pid=93255) log_opt_values /opt/stack/data/venv/lib/python3.12/site-packages/oslo_config/cfg.py:3253}}
Jun 30 23:59:50.878714 np0000004055 nova-scheduler[93255]: DEBUG cotyledon.oslo_config_glue [-] oslo_limit.endpoint_region_name = None {{(pid=93255) log_opt_values /opt/stack/data/venv/lib/python3.12/site-packages/oslo_config/cfg.py:3253}}
Jun 30 23:59:50.878714 np0000004055 nova-scheduler[93255]: DEBUG cotyledon.oslo_config_glue [-] oslo_limit.endpoint_service_name = None {{(pid=93255) log_opt_values /opt/stack/data/venv/lib/python3.12/site-packages/oslo_config/cfg.py:3253}}
Jun 30 23:59:50.878714 np0000004055 nova-scheduler[93255]: DEBUG cotyledon.oslo_config_glue [-] oslo_limit.endpoint_service_type = None {{(pid=93255) log_opt_values /opt/stack/data/venv/lib/python3.12/site-packages/oslo_config/cfg.py:3253}}
Jun 30 23:59:50.878714 np0000004055 nova-scheduler[93255]: DEBUG cotyledon.oslo_config_glue [-] oslo_limit.insecure = False {{(pid=93255) log_opt_values /opt/stack/data/venv/lib/python3.12/site-packages/oslo_config/cfg.py:3253}}
Jun 30 23:59:50.878972 np0000004055 nova-scheduler[93255]: DEBUG cotyledon.oslo_config_glue [-] oslo_limit.keyfile = None {{(pid=93255) log_opt_values /opt/stack/data/venv/lib/python3.12/site-packages/oslo_config/cfg.py:3253}}
Jun 30 23:59:50.878972 np0000004055 nova-scheduler[93255]: DEBUG cotyledon.oslo_config_glue [-] oslo_limit.max_version = None {{(pid=93255) log_opt_values /opt/stack/data/venv/lib/python3.12/site-packages/oslo_config/cfg.py:3253}}
Jun 30 23:59:50.878972 np0000004055 nova-scheduler[93255]: DEBUG cotyledon.oslo_config_glue [-] oslo_limit.min_version = None {{(pid=93255) log_opt_values /opt/stack/data/venv/lib/python3.12/site-packages/oslo_config/cfg.py:3253}}
Jun 30 23:59:50.878972 np0000004055 nova-scheduler[93255]: DEBUG cotyledon.oslo_config_glue [-] oslo_limit.region_name = None {{(pid=93255) log_opt_values /opt/stack/data/venv/lib/python3.12/site-packages/oslo_config/cfg.py:3253}}
Jun 30 23:59:50.878972 np0000004055 nova-scheduler[93255]: DEBUG cotyledon.oslo_config_glue [-] oslo_limit.retriable_status_codes = None {{(pid=93255) log_opt_values /opt/stack/data/venv/lib/python3.12/site-packages/oslo_config/cfg.py:3253}}
Jun 30 23:59:50.878972 np0000004055 nova-scheduler[93255]: DEBUG cotyledon.oslo_config_glue [-] oslo_limit.service_name = None {{(pid=93255) log_opt_values /opt/stack/data/venv/lib/python3.12/site-packages/oslo_config/cfg.py:3253}}
Jun 30 23:59:50.878972 np0000004055 nova-scheduler[93255]: DEBUG cotyledon.oslo_config_glue [-] oslo_limit.service_type = None {{(pid=93255) log_opt_values /opt/stack/data/venv/lib/python3.12/site-packages/oslo_config/cfg.py:3253}}
Jun 30 23:59:50.878972 np0000004055 nova-scheduler[93255]: DEBUG cotyledon.oslo_config_glue [-] oslo_limit.split_loggers = False {{(pid=93255) log_opt_values /opt/stack/data/venv/lib/python3.12/site-packages/oslo_config/cfg.py:3253}}
Jun 30 23:59:50.878972 np0000004055 nova-scheduler[93255]: DEBUG cotyledon.oslo_config_glue [-] oslo_limit.status_code_retries = None {{(pid=93255) log_opt_values /opt/stack/data/venv/lib/python3.12/site-packages/oslo_config/cfg.py:3253}}
Jun 30 23:59:50.879131 np0000004055 nova-scheduler[93255]: DEBUG cotyledon.oslo_config_glue [-] oslo_limit.status_code_retry_delay = None {{(pid=93255) log_opt_values /opt/stack/data/venv/lib/python3.12/site-packages/oslo_config/cfg.py:3253}}
Jun 30 23:59:50.879131 np0000004055 nova-scheduler[93255]: DEBUG cotyledon.oslo_config_glue [-] oslo_limit.timeout = None {{(pid=93255) log_opt_values /opt/stack/data/venv/lib/python3.12/site-packages/oslo_config/cfg.py:3253}}
Jun 30 23:59:50.879131 np0000004055 nova-scheduler[93255]: DEBUG cotyledon.oslo_config_glue [-] oslo_limit.valid_interfaces = None {{(pid=93255) log_opt_values /opt/stack/data/venv/lib/python3.12/site-packages/oslo_config/cfg.py:3253}}
Jun 30 23:59:50.879131 np0000004055 nova-scheduler[93255]: DEBUG cotyledon.oslo_config_glue [-] oslo_limit.version = None {{(pid=93255) log_opt_values /opt/stack/data/venv/lib/python3.12/site-packages/oslo_config/cfg.py:3253}}
Jun 30 23:59:50.879131 np0000004055 nova-scheduler[93255]: DEBUG cotyledon.oslo_config_glue [-] oslo_reports.file_event_handler = None {{(pid=93255) log_opt_values /opt/stack/data/venv/lib/python3.12/site-packages/oslo_config/cfg.py:3253}}
Jun 30 23:59:50.879131 np0000004055 nova-scheduler[93255]: DEBUG cotyledon.oslo_config_glue [-] oslo_reports.file_event_handler_interval = 1 {{(pid=93255) log_opt_values /opt/stack/data/venv/lib/python3.12/site-packages/oslo_config/cfg.py:3253}}
Jun 30 23:59:50.879131 np0000004055 nova-scheduler[93255]: DEBUG cotyledon.oslo_config_glue [-] oslo_reports.log_dir = None {{(pid=93255) log_opt_values /opt/stack/data/venv/lib/python3.12/site-packages/oslo_config/cfg.py:3253}}
Jun 30 23:59:50.879131 np0000004055 nova-scheduler[93255]: DEBUG cotyledon.oslo_config_glue [-] ******************************************************************************** {{(pid=93255) log_opt_values /opt/stack/data/venv/lib/python3.12/site-packages/oslo_config/cfg.py:3260}}
Jun 30 23:59:50.879131 np0000004055 nova-scheduler[93255]: DEBUG cotyledon._service_worker [-] Run service ServiceWrapper(2) [93255] {{(pid=93255) wait_forever /opt/stack/data/venv/lib/python3.12/site-packages/cotyledon/_service_worker.py:218}}
Jun 30 23:59:50.879297 np0000004055 nova-scheduler[93255]: INFO nova.service [-] Starting scheduler node (version 33.1.0)
Jun 30 23:59:50.879297 np0000004055 nova-scheduler[93255]: INFO dbcounter [None req-9ed06936-3ba8-439b-9428-0171d2d77d86 None None] Registered counter for database nova_cell0
Jun 30 23:59:50.893428 np0000004055 nova-scheduler[93240]: DEBUG oslo_db.sqlalchemy.engines [None req-5edf2794-1e71-4559-bf71-c3dce51029ca None None] MySQL server mode set to STRICT_TRANS_TABLES,STRICT_ALL_TABLES,NO_ZERO_IN_DATE,NO_ZERO_DATE,ERROR_FOR_DIVISION_BY_ZERO,TRADITIONAL,NO_ENGINE_SUBSTITUTION {{(pid=93240) _check_effective_sql_mode /opt/stack/data/venv/lib/python3.12/site-packages/oslo_db/sqlalchemy/engines.py:325}}
Jun 30 23:59:50.904520 np0000004055 nova-scheduler[93214]: DEBUG oslo_db.sqlalchemy.engines [None req-4833da0f-36cd-4720-b80f-0101cc0337d3 None None] MySQL server mode set to STRICT_TRANS_TABLES,STRICT_ALL_TABLES,NO_ZERO_IN_DATE,NO_ZERO_DATE,ERROR_FOR_DIVISION_BY_ZERO,TRADITIONAL,NO_ENGINE_SUBSTITUTION {{(pid=93214) _check_effective_sql_mode /opt/stack/data/venv/lib/python3.12/site-packages/oslo_db/sqlalchemy/engines.py:325}}
Jun 30 23:59:50.906432 np0000004055 nova-scheduler[93240]: DEBUG dbcounter [-] [93240] Writer thread running {{(pid=93240) stat_writer /opt/stack/data/venv/lib/python3.12/site-packages/dbcounter.py:102}}
Jun 30 23:59:50.911601 np0000004055 nova-scheduler[93255]: DEBUG oslo_db.sqlalchemy.engines [None req-9ed06936-3ba8-439b-9428-0171d2d77d86 None None] MySQL server mode set to STRICT_TRANS_TABLES,STRICT_ALL_TABLES,NO_ZERO_IN_DATE,NO_ZERO_DATE,ERROR_FOR_DIVISION_BY_ZERO,TRADITIONAL,NO_ENGINE_SUBSTITUTION {{(pid=93255) _check_effective_sql_mode /opt/stack/data/venv/lib/python3.12/site-packages/oslo_db/sqlalchemy/engines.py:325}}
Jun 30 23:59:50.918076 np0000004055 nova-scheduler[93214]: DEBUG dbcounter [-] [93214] Writer thread running {{(pid=93214) stat_writer /opt/stack/data/venv/lib/python3.12/site-packages/dbcounter.py:102}}
Jun 30 23:59:50.924556 np0000004055 nova-scheduler[93255]: DEBUG dbcounter [-] [93255] Writer thread running {{(pid=93255) stat_writer /opt/stack/data/venv/lib/python3.12/site-packages/dbcounter.py:102}}
Jun 30 23:59:50.926007 np0000004055 nova-scheduler[93240]: DEBUG nova.service [None req-5edf2794-1e71-4559-bf71-c3dce51029ca None None] Creating RPC server for service: nova-scheduler on topic: scheduler {{(pid=93240) start /opt/stack/nova/nova/service.py:196}}
Jun 30 23:59:50.928622 np0000004055 nova-scheduler[93255]: DEBUG nova.service [None req-9ed06936-3ba8-439b-9428-0171d2d77d86 None None] Creating RPC server for service: nova-scheduler on topic: scheduler {{(pid=93255) start /opt/stack/nova/nova/service.py:196}}
Jun 30 23:59:50.940279 np0000004055 nova-scheduler[93214]: DEBUG nova.service [None req-4833da0f-36cd-4720-b80f-0101cc0337d3 None None] Creating RPC server for service: nova-scheduler on topic: scheduler {{(pid=93214) start /opt/stack/nova/nova/service.py:196}}
Jun 30 23:59:50.958580 np0000004055 nova-scheduler[93255]: DEBUG nova.service [None req-9ed06936-3ba8-439b-9428-0171d2d77d86 None None] Join ServiceGroup membership for this service scheduler {{(pid=93255) start /opt/stack/nova/nova/service.py:222}}
Jun 30 23:59:50.959088 np0000004055 nova-scheduler[93255]: DEBUG nova.servicegroup.drivers.db [None req-9ed06936-3ba8-439b-9428-0171d2d77d86 None None] DB_Driver: join new ServiceGroup member np0000004055 to the scheduler group, service = {{(pid=93255) join /opt/stack/nova/nova/servicegroup/drivers/db.py:44}}
Jun 30 23:59:50.961231 np0000004055 nova-scheduler[93255]: DEBUG oslo.service.backend._threading.loopingcall [None req-a3202096-4305-4ed0-b0f8-dec5bc4b8ddb None None] Dynamic interval looping call 'nova.service.Service.periodic_tasks' sleeping for 60.00 seconds {{(pid=93255) _run_loop /opt/stack/data/venv/lib/python3.12/site-packages/oslo_service/backend/_threading/loopingcall.py:125}}
Jun 30 23:59:50.961838 np0000004055 nova-scheduler[93240]: DEBUG nova.service [None req-5edf2794-1e71-4559-bf71-c3dce51029ca None None] Join ServiceGroup membership for this service scheduler {{(pid=93240) start /opt/stack/nova/nova/service.py:222}}
Jun 30 23:59:50.962160 np0000004055 nova-scheduler[93240]: DEBUG nova.servicegroup.drivers.db [None req-5edf2794-1e71-4559-bf71-c3dce51029ca None None] DB_Driver: join new ServiceGroup member np0000004055 to the scheduler group, service = {{(pid=93240) join /opt/stack/nova/nova/servicegroup/drivers/db.py:44}}
Jun 30 23:59:50.963322 np0000004055 nova-scheduler[93214]: DEBUG nova.service [None req-4833da0f-36cd-4720-b80f-0101cc0337d3 None None] Join ServiceGroup membership for this service scheduler {{(pid=93214) start /opt/stack/nova/nova/service.py:222}}
Jun 30 23:59:50.963594 np0000004055 nova-scheduler[93214]: DEBUG nova.servicegroup.drivers.db [None req-4833da0f-36cd-4720-b80f-0101cc0337d3 None None] DB_Driver: join new ServiceGroup member np0000004055 to the scheduler group, service = {{(pid=93214) join /opt/stack/nova/nova/servicegroup/drivers/db.py:44}}
Jun 30 23:59:55.976489 np0000004055 nova-scheduler[93214]: DEBUG oslo.service.backend._threading.loopingcall [-] Fixed interval looping call 'nova.servicegroup.drivers.db.DbDriver._report_state' sleeping for 119.99 seconds {{(pid=93214) _run_loop /opt/stack/data/venv/lib/python3.12/site-packages/oslo_service/backend/_threading/loopingcall.py:125}}
Jun 30 23:59:55.977519 np0000004055 nova-scheduler[93255]: DEBUG oslo.service.backend._threading.loopingcall [-] Fixed interval looping call 'nova.servicegroup.drivers.db.DbDriver._report_state' sleeping for 119.98 seconds {{(pid=93255) _run_loop /opt/stack/data/venv/lib/python3.12/site-packages/oslo_service/backend/_threading/loopingcall.py:125}}
Jun 30 23:59:55.978265 np0000004055 nova-scheduler[93240]: DEBUG oslo.service.backend._threading.loopingcall [-] Fixed interval looping call 'nova.servicegroup.drivers.db.DbDriver._report_state' sleeping for 119.99 seconds {{(pid=93240) _run_loop /opt/stack/data/venv/lib/python3.12/site-packages/oslo_service/backend/_threading/loopingcall.py:125}}
Jun 30 23:59:59.443899 np0000004055 nova-scheduler[92005]: DEBUG dbcounter [-] [92005] Writing DB stats nova_api:SELECT=3 {{(pid=92005) stat_writer /opt/stack/data/venv/lib/python3.12/site-packages/dbcounter.py:115}}
Jun 30 23:59:59.601944 np0000004055 nova-scheduler[92005]: DEBUG dbcounter [-] [92005] Writing DB stats nova_cell0:SELECT=1 {{(pid=92005) stat_writer /opt/stack/data/venv/lib/python3.12/site-packages/dbcounter.py:115}}
Jun 30 23:59:59.602161 np0000004055 nova-scheduler[92005]: DEBUG dbcounter [-] [92005] Writing DB stats nova_cell1:SELECT=1 {{(pid=92005) stat_writer /opt/stack/data/venv/lib/python3.12/site-packages/dbcounter.py:115}}
Jul 01 00:00:05.971892 np0000004055 nova-scheduler[93214]: DEBUG dbcounter [-] [93214] Writing DB stats nova_cell0:SELECT=4,nova_cell0:INSERT=1,nova_cell0:UPDATE=1 {{(pid=93214) stat_writer /opt/stack/data/venv/lib/python3.12/site-packages/dbcounter.py:115}}
Jul 01 00:00:05.973987 np0000004055 nova-scheduler[93240]: DEBUG dbcounter [-] [93240] Writing DB stats nova_cell0:SELECT=4,nova_cell0:INSERT=1,nova_cell0:UPDATE=1 {{(pid=93240) stat_writer /opt/stack/data/venv/lib/python3.12/site-packages/dbcounter.py:115}}
Jul 01 00:00:05.974287 np0000004055 nova-scheduler[93255]: DEBUG dbcounter [-] [93255] Writing DB stats nova_cell0:SELECT=3,nova_cell0:UPDATE=1 {{(pid=93255) stat_writer /opt/stack/data/venv/lib/python3.12/site-packages/dbcounter.py:115}}
Jul 01 00:00:35.965603 np0000004055 nova-scheduler[93240]: DEBUG oslo.service.backend._threading.loopingcall [None req-dff0e963-8a59-400d-a9f1-c5b147b7b456 None None] Dynamic interval looping call 'nova.service.Service.periodic_tasks' sleeping for 60.00 seconds {{(pid=93240) _run_loop /opt/stack/data/venv/lib/python3.12/site-packages/oslo_service/backend/_threading/loopingcall.py:125}}
Jul 01 00:00:47.966285 np0000004055 nova-scheduler[93214]: DEBUG oslo.service.backend._threading.loopingcall [None req-ca91a98b-ee21-42e8-aa53-25dc449650b8 None None] Dynamic interval looping call 'nova.service.Service.periodic_tasks' sleeping for 60.00 seconds {{(pid=93214) _run_loop /opt/stack/data/venv/lib/python3.12/site-packages/oslo_service/backend/_threading/loopingcall.py:125}}
Jul 01 00:00:50.962098 np0000004055 nova-scheduler[93255]: DEBUG oslo.service.backend._threading.loopingcall [None req-a3202096-4305-4ed0-b0f8-dec5bc4b8ddb None None] Dynamic interval looping call 'nova.service.Service.periodic_tasks' sleeping for 60.00 seconds {{(pid=93255) _run_loop /opt/stack/data/venv/lib/python3.12/site-packages/oslo_service/backend/_threading/loopingcall.py:125}}
Jul 01 00:01:35.966078 np0000004055 nova-scheduler[93240]: DEBUG oslo.service.backend._threading.loopingcall [None req-dff0e963-8a59-400d-a9f1-c5b147b7b456 None None] Dynamic interval looping call 'nova.service.Service.periodic_tasks' sleeping for 60.00 seconds {{(pid=93240) _run_loop /opt/stack/data/venv/lib/python3.12/site-packages/oslo_service/backend/_threading/loopingcall.py:125}}
Jul 01 00:01:47.966866 np0000004055 nova-scheduler[93214]: DEBUG oslo.service.backend._threading.loopingcall [None req-ca91a98b-ee21-42e8-aa53-25dc449650b8 None None] Dynamic interval looping call 'nova.service.Service.periodic_tasks' sleeping for 60.00 seconds {{(pid=93214) _run_loop /opt/stack/data/venv/lib/python3.12/site-packages/oslo_service/backend/_threading/loopingcall.py:125}}
Jul 01 00:01:50.962811 np0000004055 nova-scheduler[93255]: DEBUG oslo.service.backend._threading.loopingcall [None req-a3202096-4305-4ed0-b0f8-dec5bc4b8ddb None None] Dynamic interval looping call 'nova.service.Service.periodic_tasks' sleeping for 60.00 seconds {{(pid=93255) _run_loop /opt/stack/data/venv/lib/python3.12/site-packages/oslo_service/backend/_threading/loopingcall.py:125}}
Jul 01 00:01:55.968075 np0000004055 nova-scheduler[93255]: DEBUG oslo.service.backend._threading.loopingcall [-] Fixed interval looping call 'nova.servicegroup.drivers.db.DbDriver._report_state' sleeping for 119.99 seconds {{(pid=93255) _run_loop /opt/stack/data/venv/lib/python3.12/site-packages/oslo_service/backend/_threading/loopingcall.py:125}}
Jul 01 00:01:55.972005 np0000004055 nova-scheduler[93214]: DEBUG oslo.service.backend._threading.loopingcall [-] Fixed interval looping call 'nova.servicegroup.drivers.db.DbDriver._report_state' sleeping for 120.00 seconds {{(pid=93214) _run_loop /opt/stack/data/venv/lib/python3.12/site-packages/oslo_service/backend/_threading/loopingcall.py:125}}
Jul 01 00:01:55.973304 np0000004055 nova-scheduler[93240]: DEBUG oslo.service.backend._threading.loopingcall [-] Fixed interval looping call 'nova.servicegroup.drivers.db.DbDriver._report_state' sleeping for 120.00 seconds {{(pid=93240) _run_loop /opt/stack/data/venv/lib/python3.12/site-packages/oslo_service/backend/_threading/loopingcall.py:125}}
Jul 01 00:02:05.962228 np0000004055 nova-scheduler[93255]: DEBUG dbcounter [-] [93255] Writing DB stats nova_cell0:SELECT=1,nova_cell0:UPDATE=1 {{(pid=93255) stat_writer /opt/stack/data/venv/lib/python3.12/site-packages/dbcounter.py:115}}
Jul 01 00:02:05.969515 np0000004055 nova-scheduler[93214]: DEBUG dbcounter [-] [93214] Writing DB stats nova_cell0:SELECT=1 {{(pid=93214) stat_writer /opt/stack/data/venv/lib/python3.12/site-packages/dbcounter.py:115}}
Jul 01 00:02:05.971239 np0000004055 nova-scheduler[93240]: DEBUG dbcounter [-] [93240] Writing DB stats nova_cell0:SELECT=1 {{(pid=93240) stat_writer /opt/stack/data/venv/lib/python3.12/site-packages/dbcounter.py:115}}
Jul 01 00:02:35.967117 np0000004055 nova-scheduler[93240]: DEBUG oslo.service.backend._threading.loopingcall [None req-dff0e963-8a59-400d-a9f1-c5b147b7b456 None None] Dynamic interval looping call 'nova.service.Service.periodic_tasks' sleeping for 60.00 seconds {{(pid=93240) _run_loop /opt/stack/data/venv/lib/python3.12/site-packages/oslo_service/backend/_threading/loopingcall.py:125}}
Jul 01 00:02:36.538730 np0000004055 nova-scheduler[93255]: DEBUG nova.scheduler.manager [None req-3c4221c0-c8c7-48d5-8f86-0942bc5bf815 tempest-ServerRescueNegativeTestJSON-1369995221 tempest-ServerRescueNegativeTestJSON-1369995221-project-member] Starting to schedule for instances: ['2852a756-5d45-40d7-b3cb-1e6a8f3219dd'] {{(pid=93255) select_destinations /opt/stack/nova/nova/scheduler/manager.py:209}}
Jul 01 00:02:36.540630 np0000004055 nova-scheduler[93255]: DEBUG nova.scheduler.request_filter [None req-3c4221c0-c8c7-48d5-8f86-0942bc5bf815 tempest-ServerRescueNegativeTestJSON-1369995221 tempest-ServerRescueNegativeTestJSON-1369995221-project-member] compute_status_filter request filter added forbidden trait COMPUTE_STATUS_DISABLED {{(pid=93255) compute_status_filter /opt/stack/nova/nova/scheduler/request_filter.py:253}}
Jul 01 00:02:36.540630 np0000004055 nova-scheduler[93255]: DEBUG nova.scheduler.request_filter [None req-3c4221c0-c8c7-48d5-8f86-0942bc5bf815 tempest-ServerRescueNegativeTestJSON-1369995221 tempest-ServerRescueNegativeTestJSON-1369995221-project-member] Request filter 'compute_status_filter' took 0.0 seconds {{(pid=93255) wrapper /opt/stack/nova/nova/scheduler/request_filter.py:46}}
Jul 01 00:02:36.540723 np0000004055 nova-scheduler[93255]: DEBUG nova.scheduler.request_filter [None req-3c4221c0-c8c7-48d5-8f86-0942bc5bf815 tempest-ServerRescueNegativeTestJSON-1369995221 tempest-ServerRescueNegativeTestJSON-1369995221-project-member] Request filter 'accelerators_filter' took 0.0 seconds {{(pid=93255) wrapper /opt/stack/nova/nova/scheduler/request_filter.py:46}}
Jul 01 00:02:36.540911 np0000004055 nova-scheduler[93255]: DEBUG nova.scheduler.request_filter [None req-3c4221c0-c8c7-48d5-8f86-0942bc5bf815 tempest-ServerRescueNegativeTestJSON-1369995221 tempest-ServerRescueNegativeTestJSON-1369995221-project-member] Request filter 'packed_virtqueue_filter' took 0.0 seconds {{(pid=93255) wrapper /opt/stack/nova/nova/scheduler/request_filter.py:46}}
Jul 01 00:02:36.541242 np0000004055 nova-scheduler[93255]: DEBUG nova.scheduler.request_filter [None req-3c4221c0-c8c7-48d5-8f86-0942bc5bf815 tempest-ServerRescueNegativeTestJSON-1369995221 tempest-ServerRescueNegativeTestJSON-1369995221-project-member] Request filter 'remote_managed_ports_filter' took 0.0 seconds {{(pid=93255) wrapper /opt/stack/nova/nova/scheduler/request_filter.py:46}}
Jul 01 00:02:36.541414 np0000004055 nova-scheduler[93255]: DEBUG nova.scheduler.request_filter [None req-3c4221c0-c8c7-48d5-8f86-0942bc5bf815 tempest-ServerRescueNegativeTestJSON-1369995221 tempest-ServerRescueNegativeTestJSON-1369995221-project-member] ephemeral_encryption_filter skipped {{(pid=93255) ephemeral_encryption_filter /opt/stack/nova/nova/scheduler/request_filter.py:426}}
Jul 01 00:02:36.541577 np0000004055 nova-scheduler[93255]: DEBUG nova.scheduler.request_filter [None req-3c4221c0-c8c7-48d5-8f86-0942bc5bf815 tempest-ServerRescueNegativeTestJSON-1369995221 tempest-ServerRescueNegativeTestJSON-1369995221-project-member] virtio_sound_filter skipped {{(pid=93255) virtio_sound_filter /opt/stack/nova/nova/scheduler/request_filter.py:460}}
Jul 01 00:02:36.541719 np0000004055 nova-scheduler[93255]: DEBUG nova.scheduler.request_filter [None req-3c4221c0-c8c7-48d5-8f86-0942bc5bf815 tempest-ServerRescueNegativeTestJSON-1369995221 tempest-ServerRescueNegativeTestJSON-1369995221-project-member] tpm_secret_security_filter skipped {{(pid=93255) tpm_secret_security_filter /opt/stack/nova/nova/scheduler/request_filter.py:477}}
Jul 01 00:02:37.402263 np0000004055 nova-scheduler[93255]: INFO nova.utils [None req-3c4221c0-c8c7-48d5-8f86-0942bc5bf815 tempest-ServerRescueNegativeTestJSON-1369995221 tempest-ServerRescueNegativeTestJSON-1369995221-project-member] The cell worker thread pool ForkProcess-3.cell_worker is initialized
Jul 01 00:02:37.402617 np0000004055 nova-scheduler[93255]: DEBUG oslo_concurrency.lockutils [None req-3c4221c0-c8c7-48d5-8f86-0942bc5bf815 tempest-ServerRescueNegativeTestJSON-1369995221 tempest-ServerRescueNegativeTestJSON-1369995221-project-member] Acquiring lock "7ffaf12c-caf7-403d-bd41-1a58901e6c14" by "nova.context.set_target_cell..get_or_set_cached_cell_and_set_connections" {{(pid=93255) inner /opt/stack/data/venv/lib/python3.12/site-packages/oslo_concurrency/lockutils.py:511}}
Jul 01 00:02:37.402905 np0000004055 nova-scheduler[93255]: DEBUG oslo_concurrency.lockutils [None req-3c4221c0-c8c7-48d5-8f86-0942bc5bf815 tempest-ServerRescueNegativeTestJSON-1369995221 tempest-ServerRescueNegativeTestJSON-1369995221-project-member] Lock "7ffaf12c-caf7-403d-bd41-1a58901e6c14" acquired by "nova.context.set_target_cell..get_or_set_cached_cell_and_set_connections" :: waited 0.000s {{(pid=93255) inner /opt/stack/data/venv/lib/python3.12/site-packages/oslo_concurrency/lockutils.py:524}}
Jul 01 00:02:37.405137 np0000004055 nova-scheduler[93255]: DEBUG oslo_concurrency.lockutils [None req-3c4221c0-c8c7-48d5-8f86-0942bc5bf815 tempest-ServerRescueNegativeTestJSON-1369995221 tempest-ServerRescueNegativeTestJSON-1369995221-project-member] Lock "7ffaf12c-caf7-403d-bd41-1a58901e6c14" "released" by "nova.context.set_target_cell..get_or_set_cached_cell_and_set_connections" :: held 0.002s {{(pid=93255) inner /opt/stack/data/venv/lib/python3.12/site-packages/oslo_concurrency/lockutils.py:543}}
Jul 01 00:02:37.408234 np0000004055 nova-scheduler[93255]: INFO dbcounter [None req-3c4221c0-c8c7-48d5-8f86-0942bc5bf815 tempest-ServerRescueNegativeTestJSON-1369995221 tempest-ServerRescueNegativeTestJSON-1369995221-project-member] Registered counter for database nova_cell1
Jul 01 00:02:37.455624 np0000004055 nova-scheduler[93255]: DEBUG oslo_db.sqlalchemy.engines [None req-3c4221c0-c8c7-48d5-8f86-0942bc5bf815 tempest-ServerRescueNegativeTestJSON-1369995221 tempest-ServerRescueNegativeTestJSON-1369995221-project-member] MySQL server mode set to STRICT_TRANS_TABLES,STRICT_ALL_TABLES,NO_ZERO_IN_DATE,NO_ZERO_DATE,ERROR_FOR_DIVISION_BY_ZERO,TRADITIONAL,NO_ENGINE_SUBSTITUTION {{(pid=93255) _check_effective_sql_mode /opt/stack/data/venv/lib/python3.12/site-packages/oslo_db/sqlalchemy/engines.py:325}}
Jul 01 00:02:37.468378 np0000004055 nova-scheduler[93255]: DEBUG dbcounter [-] [93255] Writer thread running {{(pid=93255) stat_writer /opt/stack/data/venv/lib/python3.12/site-packages/dbcounter.py:102}}
Jul 01 00:02:37.484526 np0000004055 nova-scheduler[93255]: DEBUG oslo_db.sqlalchemy.engines [None req-3c4221c0-c8c7-48d5-8f86-0942bc5bf815 tempest-ServerRescueNegativeTestJSON-1369995221 tempest-ServerRescueNegativeTestJSON-1369995221-project-member] Parent process 92005 forked (93255) with an open database connection, which is being discarded and recreated. {{(pid=93255) checkout /opt/stack/data/venv/lib/python3.12/site-packages/oslo_db/sqlalchemy/engines.py:402}}
Jul 01 00:02:37.532516 np0000004055 nova-scheduler[93255]: DEBUG dbcounter [-] [93255] Writer thread running {{(pid=93255) stat_writer /opt/stack/data/venv/lib/python3.12/site-packages/dbcounter.py:102}}
Jul 01 00:02:37.536440 np0000004055 nova-scheduler[93255]: DEBUG oslo_concurrency.lockutils [None req-3c4221c0-c8c7-48d5-8f86-0942bc5bf815 tempest-ServerRescueNegativeTestJSON-1369995221 tempest-ServerRescueNegativeTestJSON-1369995221-project-member] Acquiring lock "7ffaf12c-caf7-403d-bd41-1a58901e6c14" by "nova.context.set_target_cell..get_or_set_cached_cell_and_set_connections" {{(pid=93255) inner /opt/stack/data/venv/lib/python3.12/site-packages/oslo_concurrency/lockutils.py:511}}
Jul 01 00:02:37.536440 np0000004055 nova-scheduler[93255]: DEBUG oslo_concurrency.lockutils [None req-3c4221c0-c8c7-48d5-8f86-0942bc5bf815 tempest-ServerRescueNegativeTestJSON-1369995221 tempest-ServerRescueNegativeTestJSON-1369995221-project-member] Lock "7ffaf12c-caf7-403d-bd41-1a58901e6c14" acquired by "nova.context.set_target_cell..get_or_set_cached_cell_and_set_connections" :: waited 0.000s {{(pid=93255) inner /opt/stack/data/venv/lib/python3.12/site-packages/oslo_concurrency/lockutils.py:524}}
Jul 01 00:02:37.536620 np0000004055 nova-scheduler[93255]: DEBUG oslo_concurrency.lockutils [None req-3c4221c0-c8c7-48d5-8f86-0942bc5bf815 tempest-ServerRescueNegativeTestJSON-1369995221 tempest-ServerRescueNegativeTestJSON-1369995221-project-member] Lock "7ffaf12c-caf7-403d-bd41-1a58901e6c14" "released" by "nova.context.set_target_cell..get_or_set_cached_cell_and_set_connections" :: held 0.000s {{(pid=93255) inner /opt/stack/data/venv/lib/python3.12/site-packages/oslo_concurrency/lockutils.py:543}}
Jul 01 00:02:37.541782 np0000004055 nova-scheduler[93255]: DEBUG oslo_concurrency.lockutils [None req-3c4221c0-c8c7-48d5-8f86-0942bc5bf815 tempest-ServerRescueNegativeTestJSON-1369995221 tempest-ServerRescueNegativeTestJSON-1369995221-project-member] Acquiring lock "np0000004055-np0000004055" by "nova.scheduler.host_manager.HostState.update.._locked_update" {{(pid=93255) inner /opt/stack/data/venv/lib/python3.12/site-packages/oslo_concurrency/lockutils.py:511}}
Jul 01 00:02:37.542380 np0000004055 nova-scheduler[93255]: DEBUG oslo_concurrency.lockutils [None req-3c4221c0-c8c7-48d5-8f86-0942bc5bf815 tempest-ServerRescueNegativeTestJSON-1369995221 tempest-ServerRescueNegativeTestJSON-1369995221-project-member] Lock "np0000004055-np0000004055" acquired by "nova.scheduler.host_manager.HostState.update.._locked_update" :: waited 0.000s {{(pid=93255) inner /opt/stack/data/venv/lib/python3.12/site-packages/oslo_concurrency/lockutils.py:524}}
Jul 01 00:02:37.543647 np0000004055 nova-scheduler[93255]: DEBUG nova.scheduler.host_manager [None req-3c4221c0-c8c7-48d5-8f86-0942bc5bf815 tempest-ServerRescueNegativeTestJSON-1369995221 tempest-ServerRescueNegativeTestJSON-1369995221-project-member] Update host state from compute node: ComputeNode(cpu_allocation_ratio=4.0,cpu_info='{"arch": "x86_64", "model": "EPYC-Milan", "vendor": "AMD", "topology": {"cells": 1, "sockets": 16, "cores": 1, "threads": 1}, "maxphysaddr": {"mode": "emulate", "bits": 40}, "features": ["fsgsbase", "pse36", "vpclmulqdq", "sse4.1", "pni", "ibpb", "lbrv", "mds-no", "tsc", "fxsr", "amd-stibp", "rdseed", "umip", "cmp_legacy", "mmxext", "amd-psfd", "rdpid", "smep", "de", "pclmuldq", "pat", "skip-l1dfl-vmentry", "stibp-always-on", "topoext", "lfence-always-serializing", "tsc-scale", "perfctr_core", "lahf_lm", "osvw", "amd-ssbd", "clflush", "xsaves", "nx", "nrip-save", "vme", "erms", "aes", "fsrm", "bmi2", "sse", "sep", "rdctl-no", "ssbd", "pause-filter", "mca", "tsc-deadline", "pfthreshold", "null-sel-clr-base", "lm", "xsaveopt", "smap", "v-vmsave-vmload", "tsc_adjust", "stibp", "fxsr_opt", "rdtscp", "ibrs", "vaes", "xsave", "npt", "avx", "no-nested-data-bp", "mmx", "xsaveerptr", "fpu", "virt-ssbd", "vmcb-clean", "pku", "pae", "vgif", "x2apic", "popcnt", "sse4.2", "avx2", "pcid", "spec-ctrl", "clwb", "adx", "cr8legacy", "ssse3", "mce", "svme-addr-chk", "msr", "cx16", "svm", "cmov", "arat", "f16c", "cx8", "xsavec", "clzero", "sse2", "sha-ni", "3dnowprefetch", "invpcid", "bmi1", "mtrr", "syscall", "xgetbv1", "clflushopt", "flushbyasid", "arch-capabilities", "pse", "pschange-mc-no", "rdrand", "pge", "misalignsse", "movbe", "fma", "sse4a", "pdpe1gb", "apic", "abm", "hypervisor", "gds-no", "wbnoinvd"]}',created_at=2026-07-01T00:00:18Z,current_workload=0,deleted=False,deleted_at=None,disk_allocation_ratio=1.0,disk_available_least=73,free_disk_gb=95,free_ram_mb=62765,host='np0000004055',host_ip=10.4.3.211,hypervisor_hostname='np0000004055',hypervisor_type='QEMU',hypervisor_version=8002002,id=1,local_gb=95,local_gb_used=0,mapped=1,memory_mb=63277,memory_mb_used=512,metrics='[]',numa_topology='{"nova_object.name": "NUMATopology", "nova_object.namespace": "nova", "nova_object.version": "1.2", "nova_object.data": {"cells": [{"nova_object.name": "NUMACell", "nova_object.namespace": "nova", "nova_object.version": "1.5", "nova_object.data": {"id": 0, "cpuset": [0, 1, 2, 3, 4, 5, 6, 7, 8, 9, 10, 11, 12, 13, 14, 15], "pcpuset": [0, 1, 2, 3, 4, 5, 6, 7, 8, 9, 10, 11, 12, 13, 14, 15], "memory": 63277, "cpu_usage": 0, "memory_usage": 0, "pinned_cpus": [], "siblings": [[6], [12], [2], [15], [5], [11], [8], [14], [4], [1], [7], [10], [0], [13], [3], [9]], "mempages": [{"nova_object.name": "NUMAPagesTopology", "nova_object.namespace": "nova", "nova_object.version": "1.1", "nova_object.data": {"size_kb": 4, "total": 16177931, "used": 0, "reserved": 0}, "nova_object.changes": ["size_kb", "used", "reserved", "total"]}, {"nova_object.name": "NUMAPagesTopology", "nova_object.namespace": "nova", "nova_object.version": "1.1", "nova_object.data": {"size_kb": 2048, "total": 41, "used": 0, "reserved": 0}, "nova_object.changes": ["size_kb", "used", "reserved", "total"]}, {"nova_object.name": "NUMAPagesTopology", "nova_object.namespace": "nova", "nova_object.version": "1.1", "nova_object.data": {"size_kb": 1048576, "total": 0, "used": 0, "reserved": 0}, "nova_object.changes": ["size_kb", "used", "reserved", "total"]}], "network_metadata": {"nova_object.name": "NetworkMetadata", "nova_object.namespace": "nova", "nova_object.version": "1.0", "nova_object.data": {"physnets": [], "tunneled": false}, "nova_object.changes": ["physnets", "tunneled"]}, "socket": null}, "nova_object.changes": ["cpuset", "id", "pinned_cpus", "mempages", "memory", "network_metadata", "siblings", "memory_usage", "socket", "cpu_usage", "pcpuset"]}]}, "nova_object.changes": ["cells"]}',pci_device_pools=PciDevicePoolList,ram_allocation_ratio=1.0,running_vms=0,service_id=3,stats={failed_builds='0',uptime=' 00:02:03 up 13 min, 2 users, load average: 1.33, 1.49, 0.86
Jul 01 00:02:37.543647 np0000004055 nova-scheduler[93255]: '},supported_hv_specs=[HVSpec,HVSpec,HVSpec,HVSpec,HVSpec,HVSpec,HVSpec,HVSpec,HVSpec,HVSpec,HVSpec,HVSpec,HVSpec,HVSpec,HVSpec,HVSpec,HVSpec,HVSpec,HVSpec,HVSpec,HVSpec,HVSpec,HVSpec,HVSpec,HVSpec],updated_at=2026-07-01T00:02:05Z,uuid=34ebab42-9d71-438a-b445-662cf8d93dad,vcpus=16,vcpus_used=0) {{(pid=93255) _locked_update /opt/stack/nova/nova/scheduler/host_manager.py:168}}
Jul 01 00:02:37.545853 np0000004055 nova-scheduler[93255]: DEBUG nova.scheduler.host_manager [None req-3c4221c0-c8c7-48d5-8f86-0942bc5bf815 tempest-ServerRescueNegativeTestJSON-1369995221 tempest-ServerRescueNegativeTestJSON-1369995221-project-member] Update host state with aggregates: [] {{(pid=93255) _locked_update /opt/stack/nova/nova/scheduler/host_manager.py:171}}
Jul 01 00:02:37.545853 np0000004055 nova-scheduler[93255]: DEBUG nova.scheduler.host_manager [None req-3c4221c0-c8c7-48d5-8f86-0942bc5bf815 tempest-ServerRescueNegativeTestJSON-1369995221 tempest-ServerRescueNegativeTestJSON-1369995221-project-member] Update host state with service dict: {'id': 3, 'uuid': '92a162f8-864f-4c66-9a4e-5adf8ab0ac67', 'host': 'np0000004055', 'binary': 'nova-compute', 'topic': 'compute', 'report_count': 2, 'disabled': False, 'disabled_reason': None, 'last_seen_up': datetime.datetime(2026, 7, 1, 0, 2, 27, tzinfo=datetime.timezone.utc), 'forced_down': False, 'version': 72, 'created_at': datetime.datetime(2026, 7, 1, 0, 0, 17, tzinfo=datetime.timezone.utc), 'updated_at': datetime.datetime(2026, 7, 1, 0, 2, 27, tzinfo=datetime.timezone.utc), 'deleted_at': None, 'deleted': False} {{(pid=93255) _locked_update /opt/stack/nova/nova/scheduler/host_manager.py:174}}
Jul 01 00:02:37.545853 np0000004055 nova-scheduler[93255]: DEBUG nova.scheduler.host_manager [None req-3c4221c0-c8c7-48d5-8f86-0942bc5bf815 tempest-ServerRescueNegativeTestJSON-1369995221 tempest-ServerRescueNegativeTestJSON-1369995221-project-member] Update host state with instances: [] {{(pid=93255) _locked_update /opt/stack/nova/nova/scheduler/host_manager.py:177}}
Jul 01 00:02:37.545853 np0000004055 nova-scheduler[93255]: DEBUG oslo_concurrency.lockutils [None req-3c4221c0-c8c7-48d5-8f86-0942bc5bf815 tempest-ServerRescueNegativeTestJSON-1369995221 tempest-ServerRescueNegativeTestJSON-1369995221-project-member] Lock "np0000004055-np0000004055" "released" by "nova.scheduler.host_manager.HostState.update.._locked_update" :: held 0.003s {{(pid=93255) inner /opt/stack/data/venv/lib/python3.12/site-packages/oslo_concurrency/lockutils.py:543}}
Jul 01 00:02:37.546068 np0000004055 nova-scheduler[93255]: DEBUG nova.filters [None req-3c4221c0-c8c7-48d5-8f86-0942bc5bf815 tempest-ServerRescueNegativeTestJSON-1369995221 tempest-ServerRescueNegativeTestJSON-1369995221-project-member] Starting with 1 host(s) {{(pid=93255) get_filtered_objects /opt/stack/nova/nova/filters.py:70}}
Jul 01 00:02:37.546185 np0000004055 nova-scheduler[93255]: DEBUG nova.filters [None req-3c4221c0-c8c7-48d5-8f86-0942bc5bf815 tempest-ServerRescueNegativeTestJSON-1369995221 tempest-ServerRescueNegativeTestJSON-1369995221-project-member] Filter ComputeFilter returned 1 host(s) {{(pid=93255) get_filtered_objects /opt/stack/nova/nova/filters.py:102}}
Jul 01 00:02:37.546373 np0000004055 nova-scheduler[93255]: DEBUG nova.filters [None req-3c4221c0-c8c7-48d5-8f86-0942bc5bf815 tempest-ServerRescueNegativeTestJSON-1369995221 tempest-ServerRescueNegativeTestJSON-1369995221-project-member] Filter ComputeCapabilitiesFilter returned 1 host(s) {{(pid=93255) get_filtered_objects /opt/stack/nova/nova/filters.py:102}}
Jul 01 00:02:37.546651 np0000004055 nova-scheduler[93255]: DEBUG nova.filters [None req-3c4221c0-c8c7-48d5-8f86-0942bc5bf815 tempest-ServerRescueNegativeTestJSON-1369995221 tempest-ServerRescueNegativeTestJSON-1369995221-project-member] Filter ImagePropertiesFilter returned 1 host(s) {{(pid=93255) get_filtered_objects /opt/stack/nova/nova/filters.py:102}}
Jul 01 00:02:37.546838 np0000004055 nova-scheduler[93255]: DEBUG nova.filters [None req-3c4221c0-c8c7-48d5-8f86-0942bc5bf815 tempest-ServerRescueNegativeTestJSON-1369995221 tempest-ServerRescueNegativeTestJSON-1369995221-project-member] Filter ServerGroupAntiAffinityFilter returned 1 host(s) {{(pid=93255) get_filtered_objects /opt/stack/nova/nova/filters.py:102}}
Jul 01 00:02:37.547004 np0000004055 nova-scheduler[93255]: DEBUG nova.filters [None req-3c4221c0-c8c7-48d5-8f86-0942bc5bf815 tempest-ServerRescueNegativeTestJSON-1369995221 tempest-ServerRescueNegativeTestJSON-1369995221-project-member] Filter ServerGroupAffinityFilter returned 1 host(s) {{(pid=93255) get_filtered_objects /opt/stack/nova/nova/filters.py:102}}
Jul 01 00:02:37.547181 np0000004055 nova-scheduler[93255]: DEBUG nova.filters [None req-3c4221c0-c8c7-48d5-8f86-0942bc5bf815 tempest-ServerRescueNegativeTestJSON-1369995221 tempest-ServerRescueNegativeTestJSON-1369995221-project-member] Filter SameHostFilter returned 1 host(s) {{(pid=93255) get_filtered_objects /opt/stack/nova/nova/filters.py:102}}
Jul 01 00:02:37.547383 np0000004055 nova-scheduler[93255]: DEBUG nova.filters [None req-3c4221c0-c8c7-48d5-8f86-0942bc5bf815 tempest-ServerRescueNegativeTestJSON-1369995221 tempest-ServerRescueNegativeTestJSON-1369995221-project-member] Filter DifferentHostFilter returned 1 host(s) {{(pid=93255) get_filtered_objects /opt/stack/nova/nova/filters.py:102}}
Jul 01 00:02:37.547516 np0000004055 nova-scheduler[93255]: DEBUG nova.scheduler.manager [None req-3c4221c0-c8c7-48d5-8f86-0942bc5bf815 tempest-ServerRescueNegativeTestJSON-1369995221 tempest-ServerRescueNegativeTestJSON-1369995221-project-member] Filtered [(np0000004055, np0000004055) ram: 62765MB disk: 74752MB io_ops: 0 instances: 0, allocation_candidates: 1] {{(pid=93255) _get_sorted_hosts /opt/stack/nova/nova/scheduler/manager.py:742}}
Jul 01 00:02:37.547725 np0000004055 nova-scheduler[93255]: DEBUG nova.scheduler.manager [None req-3c4221c0-c8c7-48d5-8f86-0942bc5bf815 tempest-ServerRescueNegativeTestJSON-1369995221 tempest-ServerRescueNegativeTestJSON-1369995221-project-member] Weighed [WeighedHost [host: (np0000004055, np0000004055) ram: 62765MB disk: 74752MB io_ops: 0 instances: 0, allocation_candidates: 1, weight: 0.0]] {{(pid=93255) _get_sorted_hosts /opt/stack/nova/nova/scheduler/manager.py:764}}
Jul 01 00:02:37.548033 np0000004055 nova-scheduler[93255]: DEBUG nova.scheduler.utils [None req-3c4221c0-c8c7-48d5-8f86-0942bc5bf815 tempest-ServerRescueNegativeTestJSON-1369995221 tempest-ServerRescueNegativeTestJSON-1369995221-project-member] Attempting to claim resources in the placement API for instance 2852a756-5d45-40d7-b3cb-1e6a8f3219dd {{(pid=93255) claim_resources /opt/stack/nova/nova/scheduler/utils.py:1345}}
Jul 01 00:02:37.744713 np0000004055 nova-scheduler[93255]: DEBUG nova.scheduler.manager [None req-3c4221c0-c8c7-48d5-8f86-0942bc5bf815 tempest-ServerRescueNegativeTestJSON-1369995221 tempest-ServerRescueNegativeTestJSON-1369995221-project-member] [instance: 2852a756-5d45-40d7-b3cb-1e6a8f3219dd] Selected host: (np0000004055, np0000004055) ram: 62765MB disk: 74752MB io_ops: 0 instances: 0, allocation_candidates: 1 {{(pid=93255) _consume_selected_host /opt/stack/nova/nova/scheduler/manager.py:624}}
Jul 01 00:02:37.745105 np0000004055 nova-scheduler[93255]: DEBUG oslo_concurrency.lockutils [None req-3c4221c0-c8c7-48d5-8f86-0942bc5bf815 tempest-ServerRescueNegativeTestJSON-1369995221 tempest-ServerRescueNegativeTestJSON-1369995221-project-member] Acquiring lock "np0000004055-np0000004055" by "nova.scheduler.host_manager.HostState.consume_from_request.._locked" {{(pid=93255) inner /opt/stack/data/venv/lib/python3.12/site-packages/oslo_concurrency/lockutils.py:511}}
Jul 01 00:02:37.745209 np0000004055 nova-scheduler[93255]: DEBUG oslo_concurrency.lockutils [None req-3c4221c0-c8c7-48d5-8f86-0942bc5bf815 tempest-ServerRescueNegativeTestJSON-1369995221 tempest-ServerRescueNegativeTestJSON-1369995221-project-member] Lock "np0000004055-np0000004055" acquired by "nova.scheduler.host_manager.HostState.consume_from_request.._locked" :: waited 0.000s {{(pid=93255) inner /opt/stack/data/venv/lib/python3.12/site-packages/oslo_concurrency/lockutils.py:524}}
Jul 01 00:02:37.745386 np0000004055 nova-scheduler[93255]: DEBUG oslo_concurrency.lockutils [None req-3c4221c0-c8c7-48d5-8f86-0942bc5bf815 tempest-ServerRescueNegativeTestJSON-1369995221 tempest-ServerRescueNegativeTestJSON-1369995221-project-member] Lock "np0000004055-np0000004055" "released" by "nova.scheduler.host_manager.HostState.consume_from_request.._locked" :: held 0.000s {{(pid=93255) inner /opt/stack/data/venv/lib/python3.12/site-packages/oslo_concurrency/lockutils.py:543}}
Jul 01 00:02:40.727217 np0000004055 nova-scheduler[93240]: DEBUG nova.scheduler.manager [None req-4d89c25b-b63d-4b10-b759-627733143ae3 tempest-AttachVolumeNegativeTest-846647679 tempest-AttachVolumeNegativeTest-846647679-project-member] Starting to schedule for instances: ['1c0ae491-c8a9-4468-a095-669ed237a1dd'] {{(pid=93240) select_destinations /opt/stack/nova/nova/scheduler/manager.py:209}}
Jul 01 00:02:40.727882 np0000004055 nova-scheduler[93240]: DEBUG nova.scheduler.request_filter [None req-4d89c25b-b63d-4b10-b759-627733143ae3 tempest-AttachVolumeNegativeTest-846647679 tempest-AttachVolumeNegativeTest-846647679-project-member] compute_status_filter request filter added forbidden trait COMPUTE_STATUS_DISABLED {{(pid=93240) compute_status_filter /opt/stack/nova/nova/scheduler/request_filter.py:253}}
Jul 01 00:02:40.727882 np0000004055 nova-scheduler[93240]: DEBUG nova.scheduler.request_filter [None req-4d89c25b-b63d-4b10-b759-627733143ae3 tempest-AttachVolumeNegativeTest-846647679 tempest-AttachVolumeNegativeTest-846647679-project-member] Request filter 'compute_status_filter' took 0.0 seconds {{(pid=93240) wrapper /opt/stack/nova/nova/scheduler/request_filter.py:46}}
Jul 01 00:02:40.728863 np0000004055 nova-scheduler[93240]: DEBUG nova.scheduler.request_filter [None req-4d89c25b-b63d-4b10-b759-627733143ae3 tempest-AttachVolumeNegativeTest-846647679 tempest-AttachVolumeNegativeTest-846647679-project-member] Request filter 'accelerators_filter' took 0.0 seconds {{(pid=93240) wrapper /opt/stack/nova/nova/scheduler/request_filter.py:46}}
Jul 01 00:02:40.729171 np0000004055 nova-scheduler[93240]: DEBUG nova.scheduler.request_filter [None req-4d89c25b-b63d-4b10-b759-627733143ae3 tempest-AttachVolumeNegativeTest-846647679 tempest-AttachVolumeNegativeTest-846647679-project-member] Request filter 'packed_virtqueue_filter' took 0.0 seconds {{(pid=93240) wrapper /opt/stack/nova/nova/scheduler/request_filter.py:46}}
Jul 01 00:02:40.729517 np0000004055 nova-scheduler[93240]: DEBUG nova.scheduler.request_filter [None req-4d89c25b-b63d-4b10-b759-627733143ae3 tempest-AttachVolumeNegativeTest-846647679 tempest-AttachVolumeNegativeTest-846647679-project-member] Request filter 'remote_managed_ports_filter' took 0.0 seconds {{(pid=93240) wrapper /opt/stack/nova/nova/scheduler/request_filter.py:46}}
Jul 01 00:02:40.729989 np0000004055 nova-scheduler[93240]: DEBUG nova.scheduler.request_filter [None req-4d89c25b-b63d-4b10-b759-627733143ae3 tempest-AttachVolumeNegativeTest-846647679 tempest-AttachVolumeNegativeTest-846647679-project-member] ephemeral_encryption_filter skipped {{(pid=93240) ephemeral_encryption_filter /opt/stack/nova/nova/scheduler/request_filter.py:426}}
Jul 01 00:02:40.729989 np0000004055 nova-scheduler[93240]: DEBUG nova.scheduler.request_filter [None req-4d89c25b-b63d-4b10-b759-627733143ae3 tempest-AttachVolumeNegativeTest-846647679 tempest-AttachVolumeNegativeTest-846647679-project-member] virtio_sound_filter skipped {{(pid=93240) virtio_sound_filter /opt/stack/nova/nova/scheduler/request_filter.py:460}}
Jul 01 00:02:40.730291 np0000004055 nova-scheduler[93240]: DEBUG nova.scheduler.request_filter [None req-4d89c25b-b63d-4b10-b759-627733143ae3 tempest-AttachVolumeNegativeTest-846647679 tempest-AttachVolumeNegativeTest-846647679-project-member] tpm_secret_security_filter skipped {{(pid=93240) tpm_secret_security_filter /opt/stack/nova/nova/scheduler/request_filter.py:477}}
Jul 01 00:02:40.866350 np0000004055 nova-scheduler[93240]: INFO nova.utils [None req-4d89c25b-b63d-4b10-b759-627733143ae3 tempest-AttachVolumeNegativeTest-846647679 tempest-AttachVolumeNegativeTest-846647679-project-member] The cell worker thread pool ForkProcess-2.cell_worker is initialized
Jul 01 00:02:40.866798 np0000004055 nova-scheduler[93240]: DEBUG oslo_concurrency.lockutils [None req-4d89c25b-b63d-4b10-b759-627733143ae3 tempest-AttachVolumeNegativeTest-846647679 tempest-AttachVolumeNegativeTest-846647679-project-member] Acquiring lock "7ffaf12c-caf7-403d-bd41-1a58901e6c14" by "nova.context.set_target_cell..get_or_set_cached_cell_and_set_connections" {{(pid=93240) inner /opt/stack/data/venv/lib/python3.12/site-packages/oslo_concurrency/lockutils.py:511}}
Jul 01 00:02:40.867062 np0000004055 nova-scheduler[93240]: DEBUG oslo_concurrency.lockutils [None req-4d89c25b-b63d-4b10-b759-627733143ae3 tempest-AttachVolumeNegativeTest-846647679 tempest-AttachVolumeNegativeTest-846647679-project-member] Lock "7ffaf12c-caf7-403d-bd41-1a58901e6c14" acquired by "nova.context.set_target_cell..get_or_set_cached_cell_and_set_connections" :: waited 0.000s {{(pid=93240) inner /opt/stack/data/venv/lib/python3.12/site-packages/oslo_concurrency/lockutils.py:524}}
Jul 01 00:02:40.868832 np0000004055 nova-scheduler[93240]: DEBUG oslo_concurrency.lockutils [None req-4d89c25b-b63d-4b10-b759-627733143ae3 tempest-AttachVolumeNegativeTest-846647679 tempest-AttachVolumeNegativeTest-846647679-project-member] Lock "7ffaf12c-caf7-403d-bd41-1a58901e6c14" "released" by "nova.context.set_target_cell..get_or_set_cached_cell_and_set_connections" :: held 0.002s {{(pid=93240) inner /opt/stack/data/venv/lib/python3.12/site-packages/oslo_concurrency/lockutils.py:543}}
Jul 01 00:02:40.870705 np0000004055 nova-scheduler[93240]: INFO dbcounter [None req-4d89c25b-b63d-4b10-b759-627733143ae3 tempest-AttachVolumeNegativeTest-846647679 tempest-AttachVolumeNegativeTest-846647679-project-member] Registered counter for database nova_cell1
Jul 01 00:02:40.921975 np0000004055 nova-scheduler[93240]: DEBUG oslo_db.sqlalchemy.engines [None req-4d89c25b-b63d-4b10-b759-627733143ae3 tempest-AttachVolumeNegativeTest-846647679 tempest-AttachVolumeNegativeTest-846647679-project-member] MySQL server mode set to STRICT_TRANS_TABLES,STRICT_ALL_TABLES,NO_ZERO_IN_DATE,NO_ZERO_DATE,ERROR_FOR_DIVISION_BY_ZERO,TRADITIONAL,NO_ENGINE_SUBSTITUTION {{(pid=93240) _check_effective_sql_mode /opt/stack/data/venv/lib/python3.12/site-packages/oslo_db/sqlalchemy/engines.py:325}}
Jul 01 00:02:40.931259 np0000004055 nova-scheduler[93240]: DEBUG dbcounter [-] [93240] Writer thread running {{(pid=93240) stat_writer /opt/stack/data/venv/lib/python3.12/site-packages/dbcounter.py:102}}
Jul 01 00:02:40.993992 np0000004055 nova-scheduler[93240]: DEBUG dbcounter [-] [93240] Writer thread running {{(pid=93240) stat_writer /opt/stack/data/venv/lib/python3.12/site-packages/dbcounter.py:102}}
Jul 01 00:02:40.999660 np0000004055 nova-scheduler[93240]: DEBUG oslo_concurrency.lockutils [None req-4d89c25b-b63d-4b10-b759-627733143ae3 tempest-AttachVolumeNegativeTest-846647679 tempest-AttachVolumeNegativeTest-846647679-project-member] Acquiring lock "7ffaf12c-caf7-403d-bd41-1a58901e6c14" by "nova.context.set_target_cell..get_or_set_cached_cell_and_set_connections" {{(pid=93240) inner /opt/stack/data/venv/lib/python3.12/site-packages/oslo_concurrency/lockutils.py:511}}
Jul 01 00:02:40.999799 np0000004055 nova-scheduler[93240]: DEBUG oslo_concurrency.lockutils [None req-4d89c25b-b63d-4b10-b759-627733143ae3 tempest-AttachVolumeNegativeTest-846647679 tempest-AttachVolumeNegativeTest-846647679-project-member] Lock "7ffaf12c-caf7-403d-bd41-1a58901e6c14" acquired by "nova.context.set_target_cell..get_or_set_cached_cell_and_set_connections" :: waited 0.001s {{(pid=93240) inner /opt/stack/data/venv/lib/python3.12/site-packages/oslo_concurrency/lockutils.py:524}}
Jul 01 00:02:41.000006 np0000004055 nova-scheduler[93240]: DEBUG oslo_concurrency.lockutils [None req-4d89c25b-b63d-4b10-b759-627733143ae3 tempest-AttachVolumeNegativeTest-846647679 tempest-AttachVolumeNegativeTest-846647679-project-member] Lock "7ffaf12c-caf7-403d-bd41-1a58901e6c14" "released" by "nova.context.set_target_cell..get_or_set_cached_cell_and_set_connections" :: held 0.000s {{(pid=93240) inner /opt/stack/data/venv/lib/python3.12/site-packages/oslo_concurrency/lockutils.py:543}}
Jul 01 00:02:41.005108 np0000004055 nova-scheduler[93240]: DEBUG oslo_concurrency.lockutils [None req-4d89c25b-b63d-4b10-b759-627733143ae3 tempest-AttachVolumeNegativeTest-846647679 tempest-AttachVolumeNegativeTest-846647679-project-member] Acquiring lock "np0000004055-np0000004055" by "nova.scheduler.host_manager.HostState.update.._locked_update" {{(pid=93240) inner /opt/stack/data/venv/lib/python3.12/site-packages/oslo_concurrency/lockutils.py:511}}
