Jul 24 07:37:19.945571 np0000005822 devstack@c-api.service[100245]: INFO cinder.api.openstack.wsgi [req-7ae79a7d-df40-4ca3-9a3b-d3c7db2a36a7 req-aed3068b-e5fd-4bd7-93d2-22d27131cdd7 tempest-TestMultiAttachVolumeSwap-1679585510 tempest-TestMultiAttachVolumeSwap-1679585510-project-member] POST https://10.4.3.170/volume/v3/attachments
Jul 24 07:37:19.946247 np0000005822 devstack@c-api.service[100245]: DEBUG cinder.api.openstack.wsgi [req-7ae79a7d-df40-4ca3-9a3b-d3c7db2a36a7 req-aed3068b-e5fd-4bd7-93d2-22d27131cdd7 tempest-TestMultiAttachVolumeSwap-1679585510 tempest-TestMultiAttachVolumeSwap-1679585510-project-member] Action: 'create', calling method: version_select, body: {"attachment": {"volume_uuid": "56a89e91-48d9-40c9-a840-7db4f96c95b8", "connector": null, "instance_uuid": "fe55893c-678c-4371-bee5-c3f0256b8095"}} {{(pid=100245) _process_stack /opt/stack/cinder/cinder/api/openstack/wsgi.py:876}}
Jul 24 07:37:19.948548 np0000005822 devstack@c-api.service[100244]: /opt/stack/data/venv/lib/python3.12/site-packages/oslo_context/context.py:102: DeprecationWarning: Policy enforcement is depending on the value of is_admin. This key is deprecated. Please update your policy file to use the standard policy values.
Jul 24 07:37:19.948548 np0000005822 devstack@c-api.service[100244]: warnings.warn(
Jul 24 07:37:19.951625 np0000005822 devstack@c-api.service[100244]: INFO cinder.volume.api [None req-be85b99e-03d2-476d-a32f-9241070abc92 tempest-AttachSCSIVolumeTestJSON-1942805659 tempest-AttachSCSIVolumeTestJSON-1942805659-project-member] Volume info retrieved successfully.
Jul 24 07:37:19.956524 np0000005822 devstack@c-api.service[100244]: INFO cinder.api.openstack.wsgi [None req-be85b99e-03d2-476d-a32f-9241070abc92 tempest-AttachSCSIVolumeTestJSON-1942805659 tempest-AttachSCSIVolumeTestJSON-1942805659-project-member] https://10.4.3.170/volume/v3/volumes/f88fe0f2-0189-4072-a4df-9aa1b85f9059 returned with HTTP 200
Jul 24 07:37:19.956943 np0000005822 devstack@c-api.service[100244]: [pid: 100244|app: 0|req: 102/407] 10.4.3.170 () {66 vars in 1348 bytes} [Fri Jul 24 07:37:19 2026] GET /volume/v3/volumes/f88fe0f2-0189-4072-a4df-9aa1b85f9059 => generated 847 bytes in 17 msecs (HTTP/1.1 200) 7 headers in 285 bytes (1 switches on core 0)
Jul 24 07:37:19.958993 np0000005822 devstack@c-api.service[100245]: /opt/stack/data/venv/lib/python3.12/site-packages/oslo_context/context.py:102: DeprecationWarning: Policy enforcement is depending on the value of is_admin. This key is deprecated. Please update your policy file to use the standard policy values.
Jul 24 07:37:19.958993 np0000005822 devstack@c-api.service[100245]: warnings.warn(
Jul 24 07:37:19.979164 np0000005822 devstack@c-api.service[100245]: WARNING cinder.volume.api [req-7ae79a7d-df40-4ca3-9a3b-d3c7db2a36a7 req-aed3068b-e5fd-4bd7-93d2-22d27131cdd7 tempest-TestMultiAttachVolumeSwap-1679585510 tempest-TestMultiAttachVolumeSwap-1679585510-project-member] Using volume_admin_metadata to set Read Only mode is deprecated! Please use the mode argument in attachment-create.
Jul 24 07:37:19.984197 np0000005822 devstack@c-api.service[100245]: INFO cinder.api.openstack.wsgi [req-7ae79a7d-df40-4ca3-9a3b-d3c7db2a36a7 req-aed3068b-e5fd-4bd7-93d2-22d27131cdd7 tempest-TestMultiAttachVolumeSwap-1679585510 tempest-TestMultiAttachVolumeSwap-1679585510-project-member] https://10.4.3.170/volume/v3/attachments returned with HTTP 200
Jul 24 07:37:19.984513 np0000005822 devstack@c-api.service[100245]: [pid: 100245|app: 0|req: 101/408] 10.4.3.170 () {74 vars in 1594 bytes} [Fri Jul 24 07:37:19 2026] POST /volume/v3/attachments => generated 271 bytes in 43 msecs (HTTP/1.1 200) 7 headers in 286 bytes (1 switches on core 0)
Jul 24 07:37:20.005912 np0000005822 devstack@c-api.service[100246]: DEBUG cinder.api.middleware.request_id [None req-c598661f-fc38-4488-9995-6299d63a5458 None None] RequestId filter calling following filter/app {{(pid=100246) _context_setter /opt/stack/cinder/cinder/api/middleware/request_id.py:62}}
Jul 24 07:37:20.008022 np0000005822 devstack@c-api.service[100246]: INFO cinder.api.openstack.wsgi [None req-c598661f-fc38-4488-9995-6299d63a5458 tempest-VolumesGetTest-1453161390 tempest-VolumesGetTest-1453161390-project-member] GET https://10.4.3.170/volume/v3/volumes/cc09e290-fdab-4ff3-8ced-80adc518f8b4
Jul 24 07:37:20.008473 np0000005822 devstack@c-api.service[100246]: DEBUG cinder.api.openstack.wsgi [None req-c598661f-fc38-4488-9995-6299d63a5458 tempest-VolumesGetTest-1453161390 tempest-VolumesGetTest-1453161390-project-member] Empty body provided in request {{(pid=100246) get_body /opt/stack/cinder/cinder/api/openstack/wsgi.py:725}}
Jul 24 07:37:20.008880 np0000005822 devstack@c-api.service[100246]: DEBUG cinder.api.openstack.wsgi [None req-c598661f-fc38-4488-9995-6299d63a5458 tempest-VolumesGetTest-1453161390 tempest-VolumesGetTest-1453161390-project-member] Calling method 'show' {{(pid=100246) _process_stack /opt/stack/cinder/cinder/api/openstack/wsgi.py:878}}
Jul 24 07:37:20.010846 np0000005822 devstack@c-api.service[100243]: DEBUG cinder.api.middleware.request_id [None req-fc74c615-efe0-4fae-9ecc-8052bb9e58eb None None] RequestId filter calling following filter/app {{(pid=100243) _context_setter /opt/stack/cinder/cinder/api/middleware/request_id.py:62}}
Jul 24 07:37:20.012731 np0000005822 devstack@c-api.service[100243]: INFO cinder.api.openstack.wsgi [None req-fc74c615-efe0-4fae-9ecc-8052bb9e58eb tempest-TestMultiAttachVolumeSwap-1679585510 tempest-TestMultiAttachVolumeSwap-1679585510-project-member] GET https://10.4.3.170/volume/v3/volumes/56a89e91-48d9-40c9-a840-7db4f96c95b8
Jul 24 07:37:20.012848 np0000005822 devstack@c-api.service[100243]: DEBUG cinder.api.openstack.wsgi [None req-fc74c615-efe0-4fae-9ecc-8052bb9e58eb tempest-TestMultiAttachVolumeSwap-1679585510 tempest-TestMultiAttachVolumeSwap-1679585510-project-member] Empty body provided in request {{(pid=100243) get_body /opt/stack/cinder/cinder/api/openstack/wsgi.py:725}}
Jul 24 07:37:20.013019 np0000005822 devstack@c-api.service[100243]: DEBUG cinder.api.openstack.wsgi [None req-fc74c615-efe0-4fae-9ecc-8052bb9e58eb tempest-TestMultiAttachVolumeSwap-1679585510 tempest-TestMultiAttachVolumeSwap-1679585510-project-member] Calling method 'show' {{(pid=100243) _process_stack /opt/stack/cinder/cinder/api/openstack/wsgi.py:878}}
Jul 24 07:37:20.014128 np0000005822 devstack@c-api.service[100246]: INFO cinder.api.openstack.wsgi [None req-c598661f-fc38-4488-9995-6299d63a5458 tempest-VolumesGetTest-1453161390 tempest-VolumesGetTest-1453161390-project-member] https://10.4.3.170/volume/v3/volumes/cc09e290-fdab-4ff3-8ced-80adc518f8b4 returned with HTTP 404
Jul 24 07:37:20.014676 np0000005822 devstack@c-api.service[100246]: [pid: 100246|app: 0|req: 104/409] 10.4.3.170 () {66 vars in 1348 bytes} [Fri Jul 24 07:37:20 2026] GET /volume/v3/volumes/cc09e290-fdab-4ff3-8ced-80adc518f8b4 => generated 109 bytes in 9 msecs (HTTP/1.1 404) 7 headers in 292 bytes (1 switches on core 0)
Jul 24 07:37:20.021183 np0000005822 devstack@c-api.service[100244]: DEBUG cinder.api.middleware.request_id [None req-c515604b-f896-464a-b784-62e9b5a60afa None None] RequestId filter calling following filter/app {{(pid=100244) _context_setter /opt/stack/cinder/cinder/api/middleware/request_id.py:62}}
Jul 24 07:37:20.021679 np0000005822 devstack@c-api.service[100244]: INFO cinder.api.openstack.wsgi [None req-c515604b-f896-464a-b784-62e9b5a60afa None None] GET https://10.4.3.170/volume//
Jul 24 07:37:20.021759 np0000005822 devstack@c-api.service[100245]: DEBUG cinder.api.middleware.request_id [None req-a3fb889a-03d2-484a-8368-774fe5418b9b None None] RequestId filter calling following filter/app {{(pid=100245) _context_setter /opt/stack/cinder/cinder/api/middleware/request_id.py:62}}
Jul 24 07:37:20.021791 np0000005822 devstack@c-api.service[100244]: DEBUG cinder.api.openstack.wsgi [None req-c515604b-f896-464a-b784-62e9b5a60afa None None] Empty body provided in request {{(pid=100244) get_body /opt/stack/cinder/cinder/api/openstack/wsgi.py:725}}
Jul 24 07:37:20.021910 np0000005822 devstack@c-api.service[100244]: DEBUG cinder.api.openstack.wsgi [None req-c515604b-f896-464a-b784-62e9b5a60afa None None] Calling method 'all' {{(pid=100244) _process_stack /opt/stack/cinder/cinder/api/openstack/wsgi.py:878}}
Jul 24 07:37:20.022598 np0000005822 devstack@c-api.service[100244]: INFO cinder.api.openstack.wsgi [None req-c515604b-f896-464a-b784-62e9b5a60afa None None] https://10.4.3.170/volume// returned with HTTP 300
Jul 24 07:37:20.022598 np0000005822 devstack@c-api.service[100244]: [pid: 100244|app: 0|req: 103/410] 10.4.3.170 () {66 vars in 1426 bytes} [Fri Jul 24 07:37:20 2026] GET /volume/ => generated 386 bytes in 2 msecs (HTTP/1.1 300) 7 headers in 299 bytes (1 switches on core 0)
Jul 24 07:37:20.024152 np0000005822 devstack@c-api.service[100245]: INFO cinder.api.openstack.wsgi [None req-a3fb889a-03d2-484a-8368-774fe5418b9b tempest-VolumesGetTest-1453161390 tempest-VolumesGetTest-1453161390-project-member] GET https://10.4.3.170/volume/v3/volumes/d718ed4c-621a-4579-800b-704722fc7def
Jul 24 07:37:20.024404 np0000005822 devstack@c-api.service[100245]: DEBUG cinder.api.openstack.wsgi [None req-a3fb889a-03d2-484a-8368-774fe5418b9b tempest-VolumesGetTest-1453161390 tempest-VolumesGetTest-1453161390-project-member] Empty body provided in request {{(pid=100245) get_body /opt/stack/cinder/cinder/api/openstack/wsgi.py:725}}
Jul 24 07:37:20.024636 np0000005822 devstack@c-api.service[100245]: DEBUG cinder.api.openstack.wsgi [None req-a3fb889a-03d2-484a-8368-774fe5418b9b tempest-VolumesGetTest-1453161390 tempest-VolumesGetTest-1453161390-project-member] Calling method 'show' {{(pid=100245) _process_stack /opt/stack/cinder/cinder/api/openstack/wsgi.py:878}}
Jul 24 07:37:20.025807 np0000005822 devstack@c-api.service[100243]: /opt/stack/data/venv/lib/python3.12/site-packages/oslo_context/context.py:102: DeprecationWarning: Policy enforcement is depending on the value of is_admin. This key is deprecated. Please update your policy file to use the standard policy values.
Jul 24 07:37:20.025807 np0000005822 devstack@c-api.service[100243]: warnings.warn(
Jul 24 07:37:20.030488 np0000005822 devstack@c-api.service[100243]: INFO cinder.volume.api [None req-fc74c615-efe0-4fae-9ecc-8052bb9e58eb tempest-TestMultiAttachVolumeSwap-1679585510 tempest-TestMultiAttachVolumeSwap-1679585510-project-member] Volume info retrieved successfully.
Jul 24 07:37:20.030653 np0000005822 devstack@c-api.service[100246]: DEBUG cinder.api.middleware.request_id [req-7ae79a7d-df40-4ca3-9a3b-d3c7db2a36a7 req-ba2d8428-9d74-4918-b75b-957b4d699999 None None] RequestId filter calling following filter/app {{(pid=100246) _context_setter /opt/stack/cinder/cinder/api/middleware/request_id.py:62}}
Jul 24 07:37:20.032669 np0000005822 devstack@c-api.service[100246]: INFO cinder.api.openstack.wsgi [req-7ae79a7d-df40-4ca3-9a3b-d3c7db2a36a7 req-ba2d8428-9d74-4918-b75b-957b4d699999 tempest-TestMultiAttachVolumeSwap-1679585510 tempest-TestMultiAttachVolumeSwap-1679585510-project-member] GET https://10.4.3.170/volume/v3/volumes/56a89e91-48d9-40c9-a840-7db4f96c95b8
Jul 24 07:37:20.032738 np0000005822 devstack@c-api.service[100245]: /opt/stack/data/venv/lib/python3.12/site-packages/oslo_context/context.py:102: DeprecationWarning: Policy enforcement is depending on the value of is_admin. This key is deprecated. Please update your policy file to use the standard policy values.
Jul 24 07:37:20.032738 np0000005822 devstack@c-api.service[100245]: warnings.warn(
Jul 24 07:37:20.032906 np0000005822 devstack@c-api.service[100246]: DEBUG cinder.api.openstack.wsgi [req-7ae79a7d-df40-4ca3-9a3b-d3c7db2a36a7 req-ba2d8428-9d74-4918-b75b-957b4d699999 tempest-TestMultiAttachVolumeSwap-1679585510 tempest-TestMultiAttachVolumeSwap-1679585510-project-member] Empty body provided in request {{(pid=100246) get_body /opt/stack/cinder/cinder/api/openstack/wsgi.py:725}}
Jul 24 07:37:20.033107 np0000005822 devstack@c-api.service[100246]: DEBUG cinder.api.openstack.wsgi [req-7ae79a7d-df40-4ca3-9a3b-d3c7db2a36a7 req-ba2d8428-9d74-4918-b75b-957b4d699999 tempest-TestMultiAttachVolumeSwap-1679585510 tempest-TestMultiAttachVolumeSwap-1679585510-project-member] Calling method 'show' {{(pid=100246) _process_stack /opt/stack/cinder/cinder/api/openstack/wsgi.py:878}}
Jul 24 07:37:20.034873 np0000005822 devstack@c-api.service[100243]: INFO cinder.api.openstack.wsgi [None req-fc74c615-efe0-4fae-9ecc-8052bb9e58eb tempest-TestMultiAttachVolumeSwap-1679585510 tempest-TestMultiAttachVolumeSwap-1679585510-project-member] https://10.4.3.170/volume/v3/volumes/56a89e91-48d9-40c9-a840-7db4f96c95b8 returned with HTTP 200
Jul 24 07:37:20.035346 np0000005822 devstack@c-api.service[100243]: [pid: 100243|app: 0|req: 103/411] 10.4.3.170 () {66 vars in 1348 bytes} [Fri Jul 24 07:37:20 2026] GET /volume/v3/volumes/56a89e91-48d9-40c9-a840-7db4f96c95b8 => generated 1163 bytes in 25 msecs (HTTP/1.1 200) 7 headers in 286 bytes (1 switches on core 0)
Jul 24 07:37:20.036936 np0000005822 devstack@c-api.service[100245]: INFO cinder.volume.api [None req-a3fb889a-03d2-484a-8368-774fe5418b9b tempest-VolumesGetTest-1453161390 tempest-VolumesGetTest-1453161390-project-member] Volume info retrieved successfully.
Jul 24 07:37:20.038959 np0000005822 devstack@c-api.service[100244]: DEBUG cinder.api.middleware.request_id [None req-0ad45679-963a-4a79-9f5a-ee9c9f6fd3c2 None None] RequestId filter calling following filter/app {{(pid=100244) _context_setter /opt/stack/cinder/cinder/api/middleware/request_id.py:62}}
Jul 24 07:37:20.041178 np0000005822 devstack@c-api.service[100244]: INFO cinder.api.openstack.wsgi [None req-0ad45679-963a-4a79-9f5a-ee9c9f6fd3c2 tempest-TaggedAttachmentsTest-640767643 tempest-TaggedAttachmentsTest-640767643-project-member] GET https://10.4.3.170/volume/v3/volumes/05a6b536-5826-42a4-ba11-acc0a7aecf06
Jul 24 07:37:20.041496 np0000005822 devstack@c-api.service[100244]: DEBUG cinder.api.openstack.wsgi [None req-0ad45679-963a-4a79-9f5a-ee9c9f6fd3c2 tempest-TaggedAttachmentsTest-640767643 tempest-TaggedAttachmentsTest-640767643-project-member] Empty body provided in request {{(pid=100244) get_body /opt/stack/cinder/cinder/api/openstack/wsgi.py:725}}
Jul 24 07:37:20.042068 np0000005822 devstack@c-api.service[100244]: DEBUG cinder.api.openstack.wsgi [None req-0ad45679-963a-4a79-9f5a-ee9c9f6fd3c2 tempest-TaggedAttachmentsTest-640767643 tempest-TaggedAttachmentsTest-640767643-project-member] Calling method 'show' {{(pid=100244) _process_stack /opt/stack/cinder/cinder/api/openstack/wsgi.py:878}}
Jul 24 07:37:20.042163 np0000005822 devstack@c-api.service[100245]: INFO cinder.api.openstack.wsgi [None req-a3fb889a-03d2-484a-8368-774fe5418b9b tempest-VolumesGetTest-1453161390 tempest-VolumesGetTest-1453161390-project-member] https://10.4.3.170/volume/v3/volumes/d718ed4c-621a-4579-800b-704722fc7def returned with HTTP 200
Jul 24 07:37:20.042720 np0000005822 devstack@c-api.service[100245]: [pid: 100245|app: 0|req: 102/412] 10.4.3.170 () {66 vars in 1348 bytes} [Fri Jul 24 07:37:20 2026] GET /volume/v3/volumes/d718ed4c-621a-4579-800b-704722fc7def => generated 890 bytes in 21 msecs (HTTP/1.1 200) 7 headers in 285 bytes (1 switches on core 0)
Jul 24 07:37:20.049544 np0000005822 devstack@c-api.service[100246]: /opt/stack/data/venv/lib/python3.12/site-packages/oslo_context/context.py:102: DeprecationWarning: Policy enforcement is depending on the value of is_admin. This key is deprecated. Please update your policy file to use the standard policy values.
Jul 24 07:37:20.049544 np0000005822 devstack@c-api.service[100246]: warnings.warn(
Jul 24 07:37:20.051663 np0000005822 devstack@c-api.service[100244]: /opt/stack/data/venv/lib/python3.12/site-packages/oslo_context/context.py:102: DeprecationWarning: Policy enforcement is depending on the value of is_admin. This key is deprecated. Please update your policy file to use the standard policy values.
Jul 24 07:37:20.051663 np0000005822 devstack@c-api.service[100244]: warnings.warn(
Jul 24 07:37:20.054527 np0000005822 devstack@c-api.service[100246]: INFO cinder.volume.api [req-7ae79a7d-df40-4ca3-9a3b-d3c7db2a36a7 req-ba2d8428-9d74-4918-b75b-957b4d699999 tempest-TestMultiAttachVolumeSwap-1679585510 tempest-TestMultiAttachVolumeSwap-1679585510-project-member] Volume info retrieved successfully.
Jul 24 07:37:20.055686 np0000005822 devstack@c-api.service[100244]: INFO cinder.volume.api [None req-0ad45679-963a-4a79-9f5a-ee9c9f6fd3c2 tempest-TaggedAttachmentsTest-640767643 tempest-TaggedAttachmentsTest-640767643-project-member] Volume info retrieved successfully.
Jul 24 07:37:20.057595 np0000005822 devstack@c-api.service[100243]: DEBUG cinder.api.middleware.request_id [None req-04c28d9c-c8f5-468d-b85f-58346f6beae6 None None] RequestId filter calling following filter/app {{(pid=100243) _context_setter /opt/stack/cinder/cinder/api/middleware/request_id.py:62}}
Jul 24 07:37:20.059358 np0000005822 devstack@c-api.service[100243]: INFO cinder.api.openstack.wsgi [None req-04c28d9c-c8f5-468d-b85f-58346f6beae6 tempest-VolumesGetTest-1453161390 tempest-VolumesGetTest-1453161390-project-member] DELETE https://10.4.3.170/volume/v3/volumes/d718ed4c-621a-4579-800b-704722fc7def
Jul 24 07:37:20.059542 np0000005822 devstack@c-api.service[100243]: DEBUG cinder.api.openstack.wsgi [None req-04c28d9c-c8f5-468d-b85f-58346f6beae6 tempest-VolumesGetTest-1453161390 tempest-VolumesGetTest-1453161390-project-member] Empty body provided in request {{(pid=100243) get_body /opt/stack/cinder/cinder/api/openstack/wsgi.py:725}}
Jul 24 07:37:20.059763 np0000005822 devstack@c-api.service[100243]: DEBUG cinder.api.openstack.wsgi [None req-04c28d9c-c8f5-468d-b85f-58346f6beae6 tempest-VolumesGetTest-1453161390 tempest-VolumesGetTest-1453161390-project-member] Calling method 'delete' {{(pid=100243) _process_stack /opt/stack/cinder/cinder/api/openstack/wsgi.py:878}}
Jul 24 07:37:20.059955 np0000005822 devstack@c-api.service[100243]: INFO cinder.api.v3.volumes [None req-04c28d9c-c8f5-468d-b85f-58346f6beae6 tempest-VolumesGetTest-1453161390 tempest-VolumesGetTest-1453161390-project-member] Delete volume with id: d718ed4c-621a-4579-800b-704722fc7def
Jul 24 07:37:20.060542 np0000005822 devstack@c-api.service[100244]: INFO cinder.api.openstack.wsgi [None req-0ad45679-963a-4a79-9f5a-ee9c9f6fd3c2 tempest-TaggedAttachmentsTest-640767643 tempest-TaggedAttachmentsTest-640767643-project-member] https://10.4.3.170/volume/v3/volumes/05a6b536-5826-42a4-ba11-acc0a7aecf06 returned with HTTP 200
Jul 24 07:37:20.060604 np0000005822 devstack@c-api.service[100246]: INFO cinder.api.openstack.wsgi [req-7ae79a7d-df40-4ca3-9a3b-d3c7db2a36a7 req-ba2d8428-9d74-4918-b75b-957b4d699999 tempest-TestMultiAttachVolumeSwap-1679585510 tempest-TestMultiAttachVolumeSwap-1679585510-project-member] https://10.4.3.170/volume/v3/volumes/56a89e91-48d9-40c9-a840-7db4f96c95b8 returned with HTTP 200
Jul 24 07:37:20.060933 np0000005822 devstack@c-api.service[100244]: [pid: 100244|app: 0|req: 104/413] 10.4.3.170 () {66 vars in 1348 bytes} [Fri Jul 24 07:37:20 2026] GET /volume/v3/volumes/05a6b536-5826-42a4-ba11-acc0a7aecf06 => generated 1140 bytes in 22 msecs (HTTP/1.1 200) 7 headers in 286 bytes (1 switches on core 0)
Jul 24 07:37:20.061146 np0000005822 devstack@c-api.service[100246]: [pid: 100246|app: 0|req: 105/414] 10.4.3.170 () {70 vars in 1639 bytes} [Fri Jul 24 07:37:20 2026] GET /volume/v3/volumes/56a89e91-48d9-40c9-a840-7db4f96c95b8 => generated 1343 bytes in 31 msecs (HTTP/1.1 200) 7 headers in 287 bytes (1 switches on core 0)
Jul 24 07:37:20.066917 np0000005822 devstack@c-api.service[100243]: /opt/stack/data/venv/lib/python3.12/site-packages/oslo_context/context.py:102: DeprecationWarning: Policy enforcement is depending on the value of is_admin. This key is deprecated. Please update your policy file to use the standard policy values.
Jul 24 07:37:20.066917 np0000005822 devstack@c-api.service[100243]: warnings.warn(
Jul 24 07:37:20.067126 np0000005822 devstack@c-api.service[100243]: INFO cinder.volume.api [None req-04c28d9c-c8f5-468d-b85f-58346f6beae6 tempest-VolumesGetTest-1453161390 tempest-VolumesGetTest-1453161390-project-member] Volume info retrieved successfully.
Jul 24 07:37:20.090254 np0000005822 devstack@c-api.service[100243]: INFO cinder.volume.api [None req-04c28d9c-c8f5-468d-b85f-58346f6beae6 tempest-VolumesGetTest-1453161390 tempest-VolumesGetTest-1453161390-project-member] Delete volume request issued successfully.
Jul 24 07:37:20.090572 np0000005822 devstack@c-api.service[100243]: INFO cinder.api.openstack.wsgi [None req-04c28d9c-c8f5-468d-b85f-58346f6beae6 tempest-VolumesGetTest-1453161390 tempest-VolumesGetTest-1453161390-project-member] https://10.4.3.170/volume/v3/volumes/d718ed4c-621a-4579-800b-704722fc7def returned with HTTP 202
Jul 24 07:37:20.091053 np0000005822 devstack@c-api.service[100243]: [pid: 100243|app: 0|req: 104/415] 10.4.3.170 () {66 vars in 1351 bytes} [Fri Jul 24 07:37:20 2026] DELETE /volume/v3/volumes/d718ed4c-621a-4579-800b-704722fc7def => generated 0 bytes in 34 msecs (HTTP/1.1 202) 6 headers in 233 bytes (1 switches on core 0)
Jul 24 07:37:20.099865 np0000005822 devstack@c-api.service[100245]: DEBUG cinder.api.middleware.request_id [None req-bfb1adbe-8785-42b4-ac4b-4fa461c9d717 None None] RequestId filter calling following filter/app {{(pid=100245) _context_setter /opt/stack/cinder/cinder/api/middleware/request_id.py:62}}
Jul 24 07:37:20.104680 np0000005822 devstack@c-api.service[100245]: INFO cinder.api.openstack.wsgi [None req-bfb1adbe-8785-42b4-ac4b-4fa461c9d717 tempest-VolumesGetTest-1453161390 tempest-VolumesGetTest-1453161390-project-member] GET https://10.4.3.170/volume/v3/volumes/d718ed4c-621a-4579-800b-704722fc7def
Jul 24 07:37:20.104946 np0000005822 devstack@c-api.service[100245]: DEBUG cinder.api.openstack.wsgi [None req-bfb1adbe-8785-42b4-ac4b-4fa461c9d717 tempest-VolumesGetTest-1453161390 tempest-VolumesGetTest-1453161390-project-member] Empty body provided in request {{(pid=100245) get_body /opt/stack/cinder/cinder/api/openstack/wsgi.py:725}}
Jul 24 07:37:20.105194 np0000005822 devstack@c-api.service[100245]: DEBUG cinder.api.openstack.wsgi [None req-bfb1adbe-8785-42b4-ac4b-4fa461c9d717 tempest-VolumesGetTest-1453161390 tempest-VolumesGetTest-1453161390-project-member] Calling method 'show' {{(pid=100245) _process_stack /opt/stack/cinder/cinder/api/openstack/wsgi.py:878}}
Jul 24 07:37:20.114394 np0000005822 devstack@c-api.service[100245]: /opt/stack/data/venv/lib/python3.12/site-packages/oslo_context/context.py:102: DeprecationWarning: Policy enforcement is depending on the value of is_admin. This key is deprecated. Please update your policy file to use the standard policy values.
Jul 24 07:37:20.114394 np0000005822 devstack@c-api.service[100245]: warnings.warn(
Jul 24 07:37:20.119485 np0000005822 devstack@c-api.service[100245]: INFO cinder.volume.api [None req-bfb1adbe-8785-42b4-ac4b-4fa461c9d717 tempest-VolumesGetTest-1453161390 tempest-VolumesGetTest-1453161390-project-member] Volume info retrieved successfully.
Jul 24 07:37:20.125589 np0000005822 devstack@c-api.service[100245]: INFO cinder.api.openstack.wsgi [None req-bfb1adbe-8785-42b4-ac4b-4fa461c9d717 tempest-VolumesGetTest-1453161390 tempest-VolumesGetTest-1453161390-project-member] https://10.4.3.170/volume/v3/volumes/d718ed4c-621a-4579-800b-704722fc7def returned with HTTP 200
Jul 24 07:37:20.125979 np0000005822 devstack@c-api.service[100245]: [pid: 100245|app: 0|req: 103/416] 10.4.3.170 () {66 vars in 1348 bytes} [Fri Jul 24 07:37:20 2026] GET /volume/v3/volumes/d718ed4c-621a-4579-800b-704722fc7def => generated 889 bytes in 26 msecs (HTTP/1.1 200) 7 headers in 285 bytes (1 switches on core 0)
Jul 24 07:37:20.150556 np0000005822 devstack@c-api.service[100244]: DEBUG cinder.api.middleware.request_id [req-7ae79a7d-df40-4ca3-9a3b-d3c7db2a36a7 req-ae91e95d-256f-442a-aab7-7f2548925650 None None] RequestId filter calling following filter/app {{(pid=100244) _context_setter /opt/stack/cinder/cinder/api/middleware/request_id.py:62}}
Jul 24 07:37:20.152991 np0000005822 devstack@c-api.service[100244]: INFO cinder.api.openstack.wsgi [req-7ae79a7d-df40-4ca3-9a3b-d3c7db2a36a7 req-ae91e95d-256f-442a-aab7-7f2548925650 tempest-TestMultiAttachVolumeSwap-1679585510 tempest-TestMultiAttachVolumeSwap-1679585510-project-member] PUT https://10.4.3.170/volume/v3/attachments/76ca0f6e-86c4-47fb-98d7-8b7bd05c6a90
Jul 24 07:37:20.153346 np0000005822 devstack@c-api.service[100244]: DEBUG cinder.api.openstack.wsgi [req-7ae79a7d-df40-4ca3-9a3b-d3c7db2a36a7 req-ae91e95d-256f-442a-aab7-7f2548925650 tempest-TestMultiAttachVolumeSwap-1679585510 tempest-TestMultiAttachVolumeSwap-1679585510-project-member] Action: 'update', calling method: version_select, body: {"attachment": {"connector": {"platform": "x86_64", "os_type": "linux", "ip": "10.4.3.170", "host": "np0000005822", "multipath": true, "enforce_multipath": true, "initiator": "iqn.2016-04.com.open-iscsi:9a7cb9337d", "do_local_attach": false, "uuid": "8515de1c-ba7e-467b-adde-6d9f8a8dbc1f", "system uuid": "5fc7887c-2ab7-4d21-80c7-ec4ad0d3b011", "nvme_native_multipath": false, "mountpoint": "/dev/vdb"}}} {{(pid=100244) _process_stack /opt/stack/cinder/cinder/api/openstack/wsgi.py:876}}
Jul 24 07:37:20.161251 np0000005822 devstack@c-api.service[100244]: DEBUG cinder.coordination [req-7ae79a7d-df40-4ca3-9a3b-d3c7db2a36a7 req-ae91e95d-256f-442a-aab7-7f2548925650 tempest-TestMultiAttachVolumeSwap-1679585510 tempest-TestMultiAttachVolumeSwap-1679585510-project-member] Acquiring lock "cinder-attachment_update-56a89e91-48d9-40c9-a840-7db4f96c95b8-np0000005822" by "attachment_update" {{(pid=100244) __acquire /opt/stack/cinder/cinder/coordination.py:138}}
Jul 24 07:37:20.168839 np0000005822 devstack@c-api.service[100244]: DEBUG cinder.coordination [req-7ae79a7d-df40-4ca3-9a3b-d3c7db2a36a7 req-ae91e95d-256f-442a-aab7-7f2548925650 tempest-TestMultiAttachVolumeSwap-1679585510 tempest-TestMultiAttachVolumeSwap-1679585510-project-member] Lock "cinder-attachment_update-56a89e91-48d9-40c9-a840-7db4f96c95b8-np0000005822" acquired by "attachment_update" :: waited 0.007s {{(pid=100244) __acquire /opt/stack/cinder/cinder/coordination.py:141}}
Jul 24 07:37:20.169153 np0000005822 devstack@c-api.service[100244]: /opt/stack/data/venv/lib/python3.12/site-packages/oslo_context/context.py:102: DeprecationWarning: Policy enforcement is depending on the value of is_admin. This key is deprecated. Please update your policy file to use the standard policy values.
Jul 24 07:37:20.169153 np0000005822 devstack@c-api.service[100244]: warnings.warn(
Jul 24 07:37:20.251454 np0000005822 devstack@c-api.service[100244]: DEBUG cinder.coordination [req-7ae79a7d-df40-4ca3-9a3b-d3c7db2a36a7 req-ae91e95d-256f-442a-aab7-7f2548925650 tempest-TestMultiAttachVolumeSwap-1679585510 tempest-TestMultiAttachVolumeSwap-1679585510-project-member] Lock "cinder-attachment_update-56a89e91-48d9-40c9-a840-7db4f96c95b8-np0000005822" released by "attachment_update" :: held 0.083s {{(pid=100244) __release /opt/stack/cinder/cinder/coordination.py:152}}
Jul 24 07:37:20.251850 np0000005822 devstack@c-api.service[100244]: INFO cinder.api.openstack.wsgi [req-7ae79a7d-df40-4ca3-9a3b-d3c7db2a36a7 req-ae91e95d-256f-442a-aab7-7f2548925650 tempest-TestMultiAttachVolumeSwap-1679585510 tempest-TestMultiAttachVolumeSwap-1679585510-project-member] https://10.4.3.170/volume/v3/attachments/76ca0f6e-86c4-47fb-98d7-8b7bd05c6a90 returned with HTTP 200
Jul 24 07:37:20.252477 np0000005822 devstack@c-api.service[100244]: [pid: 100244|app: 0|req: 105/417] 10.4.3.170 () {74 vars in 1704 bytes} [Fri Jul 24 07:37:20 2026] PUT /volume/v3/attachments/76ca0f6e-86c4-47fb-98d7-8b7bd05c6a90 => generated 967 bytes in 102 msecs (HTTP/1.1 200) 7 headers in 286 bytes (1 switches on core 0)
Jul 24 07:37:21.051904 np0000005822 devstack@c-api.service[100246]: DEBUG cinder.api.middleware.request_id [None req-63a0f91a-e1e0-43da-93e8-b2ac21893de6 None None] RequestId filter calling following filter/app {{(pid=100246) _context_setter /opt/stack/cinder/cinder/api/middleware/request_id.py:62}}
Jul 24 07:37:21.054279 np0000005822 devstack@c-api.service[100246]: INFO cinder.api.openstack.wsgi [None req-63a0f91a-e1e0-43da-93e8-b2ac21893de6 tempest-TestMultiAttachVolumeSwap-1679585510 tempest-TestMultiAttachVolumeSwap-1679585510-project-member] GET https://10.4.3.170/volume/v3/volumes/56a89e91-48d9-40c9-a840-7db4f96c95b8
Jul 24 07:37:21.054556 np0000005822 devstack@c-api.service[100246]: DEBUG cinder.api.openstack.wsgi [None req-63a0f91a-e1e0-43da-93e8-b2ac21893de6 tempest-TestMultiAttachVolumeSwap-1679585510 tempest-TestMultiAttachVolumeSwap-1679585510-project-member] Empty body provided in request {{(pid=100246) get_body /opt/stack/cinder/cinder/api/openstack/wsgi.py:725}}
Jul 24 07:37:21.054792 np0000005822 devstack@c-api.service[100246]: DEBUG cinder.api.openstack.wsgi [None req-63a0f91a-e1e0-43da-93e8-b2ac21893de6 tempest-TestMultiAttachVolumeSwap-1679585510 tempest-TestMultiAttachVolumeSwap-1679585510-project-member] Calling method 'show' {{(pid=100246) _process_stack /opt/stack/cinder/cinder/api/openstack/wsgi.py:878}}
Jul 24 07:37:21.069524 np0000005822 devstack@c-api.service[100246]: /opt/stack/data/venv/lib/python3.12/site-packages/oslo_context/context.py:102: DeprecationWarning: Policy enforcement is depending on the value of is_admin. This key is deprecated. Please update your policy file to use the standard policy values.
Jul 24 07:37:21.069524 np0000005822 devstack@c-api.service[100246]: warnings.warn(
Jul 24 07:37:21.073849 np0000005822 devstack@c-api.service[100243]: DEBUG cinder.api.middleware.request_id [None req-37a03af8-7b9d-45b6-8cf1-b21039c0ea8f None None] RequestId filter calling following filter/app {{(pid=100243) _context_setter /opt/stack/cinder/cinder/api/middleware/request_id.py:62}}
Jul 24 07:37:21.074546 np0000005822 devstack@c-api.service[100246]: INFO cinder.volume.api [None req-63a0f91a-e1e0-43da-93e8-b2ac21893de6 tempest-TestMultiAttachVolumeSwap-1679585510 tempest-TestMultiAttachVolumeSwap-1679585510-project-member] Volume info retrieved successfully.
Jul 24 07:37:21.076093 np0000005822 devstack@c-api.service[100243]: INFO cinder.api.openstack.wsgi [None req-37a03af8-7b9d-45b6-8cf1-b21039c0ea8f tempest-TaggedAttachmentsTest-640767643 tempest-TaggedAttachmentsTest-640767643-project-member] GET https://10.4.3.170/volume/v3/volumes/05a6b536-5826-42a4-ba11-acc0a7aecf06
Jul 24 07:37:21.076304 np0000005822 devstack@c-api.service[100243]: DEBUG cinder.api.openstack.wsgi [None req-37a03af8-7b9d-45b6-8cf1-b21039c0ea8f tempest-TaggedAttachmentsTest-640767643 tempest-TaggedAttachmentsTest-640767643-project-member] Empty body provided in request {{(pid=100243) get_body /opt/stack/cinder/cinder/api/openstack/wsgi.py:725}}
Jul 24 07:37:21.076512 np0000005822 devstack@c-api.service[100243]: DEBUG cinder.api.openstack.wsgi [None req-37a03af8-7b9d-45b6-8cf1-b21039c0ea8f tempest-TaggedAttachmentsTest-640767643 tempest-TaggedAttachmentsTest-640767643-project-member] Calling method 'show' {{(pid=100243) _process_stack /opt/stack/cinder/cinder/api/openstack/wsgi.py:878}}
Jul 24 07:37:21.080500 np0000005822 devstack@c-api.service[100246]: INFO cinder.api.openstack.wsgi [None req-63a0f91a-e1e0-43da-93e8-b2ac21893de6 tempest-TestMultiAttachVolumeSwap-1679585510 tempest-TestMultiAttachVolumeSwap-1679585510-project-member] https://10.4.3.170/volume/v3/volumes/56a89e91-48d9-40c9-a840-7db4f96c95b8 returned with HTTP 200
Jul 24 07:37:21.081029 np0000005822 devstack@c-api.service[100246]: [pid: 100246|app: 0|req: 106/418] 10.4.3.170 () {66 vars in 1348 bytes} [Fri Jul 24 07:37:21 2026] GET /volume/v3/volumes/56a89e91-48d9-40c9-a840-7db4f96c95b8 => generated 1164 bytes in 30 msecs (HTTP/1.1 200) 7 headers in 286 bytes (1 switches on core 0)
Jul 24 07:37:21.084843 np0000005822 devstack@c-api.service[100243]: /opt/stack/data/venv/lib/python3.12/site-packages/oslo_context/context.py:102: DeprecationWarning: Policy enforcement is depending on the value of is_admin. This key is deprecated. Please update your policy file to use the standard policy values.
Jul 24 07:37:21.084843 np0000005822 devstack@c-api.service[100243]: warnings.warn(
Jul 24 07:37:21.088303 np0000005822 devstack@c-api.service[100243]: INFO cinder.volume.api [None req-37a03af8-7b9d-45b6-8cf1-b21039c0ea8f tempest-TaggedAttachmentsTest-640767643 tempest-TaggedAttachmentsTest-640767643-project-member] Volume info retrieved successfully.
Jul 24 07:37:21.093824 np0000005822 devstack@c-api.service[100243]: INFO cinder.api.openstack.wsgi [None req-37a03af8-7b9d-45b6-8cf1-b21039c0ea8f tempest-TaggedAttachmentsTest-640767643 tempest-TaggedAttachmentsTest-640767643-project-member] https://10.4.3.170/volume/v3/volumes/05a6b536-5826-42a4-ba11-acc0a7aecf06 returned with HTTP 200
Jul 24 07:37:21.094393 np0000005822 devstack@c-api.service[100243]: [pid: 100243|app: 0|req: 105/419] 10.4.3.170 () {66 vars in 1348 bytes} [Fri Jul 24 07:37:21 2026] GET /volume/v3/volumes/05a6b536-5826-42a4-ba11-acc0a7aecf06 => generated 1140 bytes in 21 msecs (HTTP/1.1 200) 7 headers in 286 bytes (1 switches on core 0)
Jul 24 07:37:21.139805 np0000005822 devstack@c-api.service[100245]: DEBUG cinder.api.middleware.request_id [None req-e3291ead-07c8-4c19-a92d-82a5bf37b51d None None] RequestId filter calling following filter/app {{(pid=100245) _context_setter /opt/stack/cinder/cinder/api/middleware/request_id.py:62}}
Jul 24 07:37:21.141453 np0000005822 devstack@c-api.service[100245]: INFO cinder.api.openstack.wsgi [None req-e3291ead-07c8-4c19-a92d-82a5bf37b51d tempest-VolumesGetTest-1453161390 tempest-VolumesGetTest-1453161390-project-member] GET https://10.4.3.170/volume/v3/volumes/d718ed4c-621a-4579-800b-704722fc7def
Jul 24 07:37:21.141624 np0000005822 devstack@c-api.service[100245]: DEBUG cinder.api.openstack.wsgi [None req-e3291ead-07c8-4c19-a92d-82a5bf37b51d tempest-VolumesGetTest-1453161390 tempest-VolumesGetTest-1453161390-project-member] Empty body provided in request {{(pid=100245) get_body /opt/stack/cinder/cinder/api/openstack/wsgi.py:725}}
Jul 24 07:37:21.141802 np0000005822 devstack@c-api.service[100245]: DEBUG cinder.api.openstack.wsgi [None req-e3291ead-07c8-4c19-a92d-82a5bf37b51d tempest-VolumesGetTest-1453161390 tempest-VolumesGetTest-1453161390-project-member] Calling method 'show' {{(pid=100245) _process_stack /opt/stack/cinder/cinder/api/openstack/wsgi.py:878}}
Jul 24 07:37:21.146597 np0000005822 devstack@c-api.service[100245]: INFO cinder.api.openstack.wsgi [None req-e3291ead-07c8-4c19-a92d-82a5bf37b51d tempest-VolumesGetTest-1453161390 tempest-VolumesGetTest-1453161390-project-member] https://10.4.3.170/volume/v3/volumes/d718ed4c-621a-4579-800b-704722fc7def returned with HTTP 404
Jul 24 07:37:21.147005 np0000005822 devstack@c-api.service[100245]: [pid: 100245|app: 0|req: 104/420] 10.4.3.170 () {66 vars in 1348 bytes} [Fri Jul 24 07:37:21 2026] GET /volume/v3/volumes/d718ed4c-621a-4579-800b-704722fc7def => generated 109 bytes in 7 msecs (HTTP/1.1 404) 7 headers in 292 bytes (1 switches on core 0)
Jul 24 07:37:21.154038 np0000005822 devstack@c-api.service[100244]: DEBUG cinder.api.middleware.request_id [None req-2d1e02cc-6d61-4206-8c1f-85386fd695b4 None None] RequestId filter calling following filter/app {{(pid=100244) _context_setter /opt/stack/cinder/cinder/api/middleware/request_id.py:62}}
Jul 24 07:37:21.156077 np0000005822 devstack@c-api.service[100244]: INFO cinder.api.openstack.wsgi [None req-2d1e02cc-6d61-4206-8c1f-85386fd695b4 tempest-VolumesGetTest-1453161390 tempest-VolumesGetTest-1453161390-project-member] POST https://10.4.3.170/volume/v3/volumes
Jul 24 07:37:21.156506 np0000005822 devstack@c-api.service[100244]: DEBUG cinder.api.openstack.wsgi [None req-2d1e02cc-6d61-4206-8c1f-85386fd695b4 tempest-VolumesGetTest-1453161390 tempest-VolumesGetTest-1453161390-project-member] Action: 'create', calling method: create, body: {"volume": {"size": 1, "name": "tempest-VolumesGetTest-Volume-1664895070"}} {{(pid=100244) _process_stack /opt/stack/cinder/cinder/api/openstack/wsgi.py:876}}
Jul 24 07:37:21.158291 np0000005822 devstack@c-api.service[100244]: DEBUG cinder.api.v3.volumes [None req-2d1e02cc-6d61-4206-8c1f-85386fd695b4 tempest-VolumesGetTest-1453161390 tempest-VolumesGetTest-1453161390-project-member] Create volume request body: {'volume': {'size': 1, 'name': 'tempest-VolumesGetTest-Volume-1664895070'}} {{(pid=100244) create /opt/stack/cinder/cinder/api/v3/volumes.py:368}}
Jul 24 07:37:21.158448 np0000005822 devstack@c-api.service[100244]: INFO cinder.api.v3.volumes [None req-2d1e02cc-6d61-4206-8c1f-85386fd695b4 tempest-VolumesGetTest-1453161390 tempest-VolumesGetTest-1453161390-project-member] Create volume of 1 GB
Jul 24 07:37:21.158766 np0000005822 devstack@c-api.service[100244]: /opt/stack/data/venv/lib/python3.12/site-packages/oslo_context/context.py:102: DeprecationWarning: Policy enforcement is depending on the value of is_admin. This key is deprecated. Please update your policy file to use the standard policy values.
Jul 24 07:37:21.158766 np0000005822 devstack@c-api.service[100244]: warnings.warn(
Jul 24 07:37:21.164504 np0000005822 devstack@c-api.service[100244]: INFO cinder.volume.api [None req-2d1e02cc-6d61-4206-8c1f-85386fd695b4 tempest-VolumesGetTest-1453161390 tempest-VolumesGetTest-1453161390-project-member] Availability Zones retrieved successfully.
Jul 24 07:37:21.171332 np0000005822 devstack@c-api.service[100244]: DEBUG cinder.volume.api [None req-2d1e02cc-6d61-4206-8c1f-85386fd695b4 tempest-VolumesGetTest-1453161390 tempest-VolumesGetTest-1453161390-project-member] Flow 'volume_create_api' (462bdf87-3a4e-4091-8bdf-6fbe7592db1c) transitioned into state 'RUNNING' from state 'PENDING' {{(pid=100244) _flow_receiver /opt/stack/data/venv/lib/python3.12/site-packages/taskflow/listeners/logging.py:160}}
Jul 24 07:37:21.173077 np0000005822 devstack@c-api.service[100244]: DEBUG cinder.volume.api [None req-2d1e02cc-6d61-4206-8c1f-85386fd695b4 tempest-VolumesGetTest-1453161390 tempest-VolumesGetTest-1453161390-project-member] Task 'cinder.volume.flows.api.create_volume.ExtractVolumeRequestTask;volume:create' (e9b3a1b6-5b01-4063-90a9-15269df9b2fc) transitioned into state 'RUNNING' from state 'PENDING' {{(pid=100244) _task_receiver /opt/stack/data/venv/lib/python3.12/site-packages/taskflow/listeners/logging.py:242}}
Jul 24 07:37:21.173942 np0000005822 devstack@c-api.service[100244]: DEBUG cinder.volume.flows.api.create_volume [None req-2d1e02cc-6d61-4206-8c1f-85386fd695b4 tempest-VolumesGetTest-1453161390 tempest-VolumesGetTest-1453161390-project-member] Validating volume size '1' using validate_int {{(pid=100244) _extract_size /opt/stack/cinder/cinder/volume/flows/api/create_volume.py:226}}
Jul 24 07:37:21.205608 np0000005822 devstack@c-api.service[100244]: DEBUG cinder.volume.api [None req-2d1e02cc-6d61-4206-8c1f-85386fd695b4 tempest-VolumesGetTest-1453161390 tempest-VolumesGetTest-1453161390-project-member] Task 'cinder.volume.flows.api.create_volume.ExtractVolumeRequestTask;volume:create' (e9b3a1b6-5b01-4063-90a9-15269df9b2fc) transitioned into state 'SUCCESS' from state 'RUNNING' with result '{'size': 1, 'snapshot_id': None, 'source_volid': None, 'volume_type': VolumeType(created_at=2026-07-24T07:34:11Z,deleted=False,deleted_at=None,description=None,extra_specs={volume_backend_name='storpool'},id=7ad534a3-473f-46b0-9131-2cc957880ec2,is_public=True,name='storpool',projects=[],qos_specs=,qos_specs_id=None,updated_at=None), 'volume_type_id': '7ad534a3-473f-46b0-9131-2cc957880ec2', 'encryption_key_id': None, 'qos_specs': None, 'consistencygroup_id': None, 'cgsnapshot_id': None, 'group_id': None, 'replication_status': 'disabled', 'refresh_az': False, 'backup_id': None, 'multiattach': False, 'availability_zones': ['nova']}' {{(pid=100244) _task_receiver /opt/stack/data/venv/lib/python3.12/site-packages/taskflow/listeners/logging.py:218}}
Jul 24 07:37:21.206496 np0000005822 devstack@c-api.service[100244]: DEBUG cinder.volume.api [None req-2d1e02cc-6d61-4206-8c1f-85386fd695b4 tempest-VolumesGetTest-1453161390 tempest-VolumesGetTest-1453161390-project-member] Task 'cinder.volume.flows.api.create_volume.QuotaReserveTask;volume:create' (102ab63e-de39-4131-bf3a-067cd60dbb29) transitioned into state 'RUNNING' from state 'PENDING' {{(pid=100244) _task_receiver /opt/stack/data/venv/lib/python3.12/site-packages/taskflow/listeners/logging.py:242}}
Jul 24 07:37:21.251216 np0000005822 devstack@c-api.service[100244]: DEBUG cinder.quota [None req-2d1e02cc-6d61-4206-8c1f-85386fd695b4 tempest-VolumesGetTest-1453161390 tempest-VolumesGetTest-1453161390-project-member] Created reservations ['83c6a2e4-485d-4257-8d5c-128b49b1af95', 'e55cb8ec-a2da-4ff1-884c-3e860859da71', '44f9de40-9c9a-43d4-815b-cbc095b6cf0b', 'b00ff565-76ff-41b4-b9b6-12a0f7614cbe'] {{(pid=100244) reserve /opt/stack/cinder/cinder/quota.py:752}}
Jul 24 07:37:21.251959 np0000005822 devstack@c-api.service[100244]: DEBUG cinder.volume.api [None req-2d1e02cc-6d61-4206-8c1f-85386fd695b4 tempest-VolumesGetTest-1453161390 tempest-VolumesGetTest-1453161390-project-member] Task 'cinder.volume.flows.api.create_volume.QuotaReserveTask;volume:create' (102ab63e-de39-4131-bf3a-067cd60dbb29) transitioned into state 'SUCCESS' from state 'RUNNING' with result '{'reservations': ['83c6a2e4-485d-4257-8d5c-128b49b1af95', 'e55cb8ec-a2da-4ff1-884c-3e860859da71', '44f9de40-9c9a-43d4-815b-cbc095b6cf0b', 'b00ff565-76ff-41b4-b9b6-12a0f7614cbe']}' {{(pid=100244) _task_receiver /opt/stack/data/venv/lib/python3.12/site-packages/taskflow/listeners/logging.py:218}}
Jul 24 07:37:21.252806 np0000005822 devstack@c-api.service[100244]: DEBUG cinder.volume.api [None req-2d1e02cc-6d61-4206-8c1f-85386fd695b4 tempest-VolumesGetTest-1453161390 tempest-VolumesGetTest-1453161390-project-member] Task 'cinder.volume.flows.api.create_volume.EntryCreateTask;volume:create' (60f93d14-fec8-4778-9f9c-70a30c115cd8) transitioned into state 'RUNNING' from state 'PENDING' {{(pid=100244) _task_receiver /opt/stack/data/venv/lib/python3.12/site-packages/taskflow/listeners/logging.py:242}}
Jul 24 07:37:21.274427 np0000005822 devstack@c-api.service[100244]: DEBUG cinder.volume.api [None req-2d1e02cc-6d61-4206-8c1f-85386fd695b4 tempest-VolumesGetTest-1453161390 tempest-VolumesGetTest-1453161390-project-member] Task 'cinder.volume.flows.api.create_volume.EntryCreateTask;volume:create' (60f93d14-fec8-4778-9f9c-70a30c115cd8) transitioned into state 'SUCCESS' from state 'RUNNING' with result '{'volume_id': '77917688-454a-48a0-8c8b-0675762a11dd', 'volume_properties': VolumeProperties(attach_status='detached',availability_zone='nova',cgsnapshot_id=None,consistencygroup_id=None,display_description=None,display_name='tempest-VolumesGetTest-Volume-1664895070',encryption_key_id=None,group_id=None,group_type_id=,metadata={},multiattach=False,project_id='fc1b4fb11f144e6d8367a73c2f7d12e8',qos_specs=None,replication_status=,reservations=['83c6a2e4-485d-4257-8d5c-128b49b1af95','e55cb8ec-a2da-4ff1-884c-3e860859da71','44f9de40-9c9a-43d4-815b-cbc095b6cf0b','b00ff565-76ff-41b4-b9b6-12a0f7614cbe'],size=1,snapshot_id=None,source_replicaid=,source_volid=None,status='creating',user_id='e50090bbe92742669603b7e0e7a8761e',volume_type_id=7ad534a3-473f-46b0-9131-2cc957880ec2), 'volume': Volume(_name_id=None,admin_metadata=,attach_status='detached',availability_zone='nova',bootable=False,cluster=,cluster_name=None,consistencygroup=,consistencygroup_id=None,created_at=2026-07-24T07:37:21Z,deleted=False,deleted_at=None,display_description=None,display_name='tempest-VolumesGetTest-Volume-1664895070',ec2_id=None,encryption_key_id=None,glance_metadata=,group=,group_id=None,host=None,id=77917688-454a-48a0-8c8b-0675762a11dd,launched_at=None,metadata={},migration_status=None,multiattach=False,previous_status=None,project_id='fc1b4fb11f144e6d8367a73c2f7d12e8',provider_auth=None,provider_geometry=None,provider_id=None,provider_location=None,replication_driver_data=None,replication_extended_status=None,replication_status=None,scheduled_at=None,service_uuid=None,shared_targets=True,size=1,snapshot_id=None,snapshots=,source_volid=None,status='creating',terminated_at=None,updated_at=None,use_quota=True,user_id='e50090bbe92742669603b7e0e7a8761e',volume_attachment=VolumeAttachmentList,volume_type=VolumeType(7ad534a3-473f-46b0-9131-2cc957880ec2),volume_type_id=7ad534a3-473f-46b0-9131-2cc957880ec2)}' {{(pid=100244) _task_receiver /opt/stack/data/venv/lib/python3.12/site-packages/taskflow/listeners/logging.py:218}}
Jul 24 07:37:21.275020 np0000005822 devstack@c-api.service[100244]: DEBUG cinder.volume.api [None req-2d1e02cc-6d61-4206-8c1f-85386fd695b4 tempest-VolumesGetTest-1453161390 tempest-VolumesGetTest-1453161390-project-member] Task 'cinder.volume.flows.api.create_volume.QuotaCommitTask;volume:create' (279f04d7-053c-454b-8aaa-cad08d6b974c) transitioned into state 'RUNNING' from state 'PENDING' {{(pid=100244) _task_receiver /opt/stack/data/venv/lib/python3.12/site-packages/taskflow/listeners/logging.py:242}}
Jul 24 07:37:21.295154 np0000005822 devstack@c-api.service[100244]: DEBUG cinder.volume.api [None req-2d1e02cc-6d61-4206-8c1f-85386fd695b4 tempest-VolumesGetTest-1453161390 tempest-VolumesGetTest-1453161390-project-member] Task 'cinder.volume.flows.api.create_volume.QuotaCommitTask;volume:create' (279f04d7-053c-454b-8aaa-cad08d6b974c) transitioned into state 'SUCCESS' from state 'RUNNING' with result '{'volume_properties': VolumeProperties(attach_status='detached',availability_zone='nova',cgsnapshot_id=None,consistencygroup_id=None,display_description=None,display_name='tempest-VolumesGetTest-Volume-1664895070',encryption_key_id=None,group_id=None,group_type_id=,metadata={},multiattach=False,project_id='fc1b4fb11f144e6d8367a73c2f7d12e8',qos_specs=None,replication_status=,reservations=['83c6a2e4-485d-4257-8d5c-128b49b1af95','e55cb8ec-a2da-4ff1-884c-3e860859da71','44f9de40-9c9a-43d4-815b-cbc095b6cf0b','b00ff565-76ff-41b4-b9b6-12a0f7614cbe'],size=1,snapshot_id=None,source_replicaid=,source_volid=None,status='creating',user_id='e50090bbe92742669603b7e0e7a8761e',volume_type_id=7ad534a3-473f-46b0-9131-2cc957880ec2)}' {{(pid=100244) _task_receiver /opt/stack/data/venv/lib/python3.12/site-packages/taskflow/listeners/logging.py:218}}
Jul 24 07:37:21.295960 np0000005822 devstack@c-api.service[100244]: DEBUG cinder.volume.api [None req-2d1e02cc-6d61-4206-8c1f-85386fd695b4 tempest-VolumesGetTest-1453161390 tempest-VolumesGetTest-1453161390-project-member] Task 'cinder.volume.flows.api.create_volume.VolumeCastTask;volume:create' (a0a750b7-2570-471b-80a8-4e2bc54b8e8b) transitioned into state 'RUNNING' from state 'PENDING' {{(pid=100244) _task_receiver /opt/stack/data/venv/lib/python3.12/site-packages/taskflow/listeners/logging.py:242}}
Jul 24 07:37:21.307371 np0000005822 devstack@c-api.service[100244]: DEBUG cinder.volume.api [None req-2d1e02cc-6d61-4206-8c1f-85386fd695b4 tempest-VolumesGetTest-1453161390 tempest-VolumesGetTest-1453161390-project-member] Task 'cinder.volume.flows.api.create_volume.VolumeCastTask;volume:create' (a0a750b7-2570-471b-80a8-4e2bc54b8e8b) transitioned into state 'SUCCESS' from state 'RUNNING' with result 'None' {{(pid=100244) _task_receiver /opt/stack/data/venv/lib/python3.12/site-packages/taskflow/listeners/logging.py:218}}
Jul 24 07:37:21.308437 np0000005822 devstack@c-api.service[100244]: DEBUG cinder.volume.api [None req-2d1e02cc-6d61-4206-8c1f-85386fd695b4 tempest-VolumesGetTest-1453161390 tempest-VolumesGetTest-1453161390-project-member] Flow 'volume_create_api' (462bdf87-3a4e-4091-8bdf-6fbe7592db1c) transitioned into state 'SUCCESS' from state 'RUNNING' {{(pid=100244) _flow_receiver /opt/stack/data/venv/lib/python3.12/site-packages/taskflow/listeners/logging.py:160}}
Jul 24 07:37:21.308802 np0000005822 devstack@c-api.service[100244]: INFO cinder.volume.api [None req-2d1e02cc-6d61-4206-8c1f-85386fd695b4 tempest-VolumesGetTest-1453161390 tempest-VolumesGetTest-1453161390-project-member] Create volume request issued successfully.
Jul 24 07:37:21.309522 np0000005822 devstack@c-api.service[100244]: INFO cinder.api.openstack.wsgi [None req-2d1e02cc-6d61-4206-8c1f-85386fd695b4 tempest-VolumesGetTest-1453161390 tempest-VolumesGetTest-1453161390-project-member] https://10.4.3.170/volume/v3/volumes returned with HTTP 202
Jul 24 07:37:21.310023 np0000005822 devstack@c-api.service[100244]: [pid: 100244|app: 0|req: 106/421] 10.4.3.170 () {68 vars in 1258 bytes} [Fri Jul 24 07:37:21 2026] POST /volume/v3/volumes => generated 745 bytes in 156 msecs (HTTP/1.1 202) 7 headers in 291 bytes (1 switches on core 0)
Jul 24 07:37:21.322471 np0000005822 devstack@c-api.service[100246]: DEBUG cinder.api.middleware.request_id [None req-32610489-31a6-48a5-a080-904573fd21ac None None] RequestId filter calling following filter/app {{(pid=100246) _context_setter /opt/stack/cinder/cinder/api/middleware/request_id.py:62}}
Jul 24 07:37:21.324418 np0000005822 devstack@c-api.service[100246]: INFO cinder.api.openstack.wsgi [None req-32610489-31a6-48a5-a080-904573fd21ac tempest-VolumesGetTest-1453161390 tempest-VolumesGetTest-1453161390-project-member] GET https://10.4.3.170/volume/v3/volumes/77917688-454a-48a0-8c8b-0675762a11dd
Jul 24 07:37:21.324610 np0000005822 devstack@c-api.service[100246]: DEBUG cinder.api.openstack.wsgi [None req-32610489-31a6-48a5-a080-904573fd21ac tempest-VolumesGetTest-1453161390 tempest-VolumesGetTest-1453161390-project-member] Empty body provided in request {{(pid=100246) get_body /opt/stack/cinder/cinder/api/openstack/wsgi.py:725}}
Jul 24 07:37:21.324788 np0000005822 devstack@c-api.service[100246]: DEBUG cinder.api.openstack.wsgi [None req-32610489-31a6-48a5-a080-904573fd21ac tempest-VolumesGetTest-1453161390 tempest-VolumesGetTest-1453161390-project-member] Calling method 'show' {{(pid=100246) _process_stack /opt/stack/cinder/cinder/api/openstack/wsgi.py:878}}
