Jul 24 07:41:56.120445 np0000005822 devstack@g-api.service[103019]: [pid: 103019|app: 0|req: 95/375] 127.0.0.1 () {40 vars in 838 bytes} [Fri Jul 24 07:41:56 2026] GET /v2/images/226e6476-3131-4472-8b6a-3984bc779616 => generated 650 bytes in 10 msecs (HTTP/1.1 200) 4 headers in 157 bytes (1 switches on core 0)
Jul 24 07:41:56.328417 np0000005822 devstack@g-api.service[103017]: DEBUG swiftclient [None req-0ab584a7-8f3b-440c-8ecf-2f54c2a2a7c0 tempest-VolumesActionsTest-1209240998 tempest-VolumesActionsTest-1209240998-project-member] REQ: curl -i https://10.4.3.170:8080/v1/AUTH_ce20f91ec2214f8aa2b7093d188792a4/glance/226e6476-3131-4472-8b6a-3984bc779616-00001 -X PUT -H "X-Auth-Token: gAAAAABqYxdCo-A2..." {{(pid=103017) http_log /opt/stack/data/venv/lib/python3.12/site-packages/swiftclient/client.py:160}}
Jul 24 07:41:56.328700 np0000005822 devstack@g-api.service[103017]: DEBUG swiftclient [None req-0ab584a7-8f3b-440c-8ecf-2f54c2a2a7c0 tempest-VolumesActionsTest-1209240998 tempest-VolumesActionsTest-1209240998-project-member] RESP STATUS: 201 Created {{(pid=103017) http_log /opt/stack/data/venv/lib/python3.12/site-packages/swiftclient/client.py:161}}
Jul 24 07:41:56.328700 np0000005822 devstack@g-api.service[103017]: DEBUG swiftclient [None req-0ab584a7-8f3b-440c-8ecf-2f54c2a2a7c0 tempest-VolumesActionsTest-1209240998 tempest-VolumesActionsTest-1209240998-project-member] RESP HEADERS: {'Date': 'Fri, 24 Jul 2026 07:41:56 GMT', 'Server': 'Apache/2.4.58 (Ubuntu)', 'Content-Type': 'text/html; charset=UTF-8', 'Content-Length': '0', 'Etag': 'eda9a9889837ac4bc81d6387d92c1bec', 'Last-Modified': 'Fri, 24 Jul 2026 07:41:55 GMT', 'X-Trans-Id': 'txfc4330f774f04de8ac694-006a631742', 'X-Openstack-Request-Id': 'txfc4330f774f04de8ac694-006a631742', 'Connection': 'close'} {{(pid=103017) http_log /opt/stack/data/venv/lib/python3.12/site-packages/swiftclient/client.py:162}}
Jul 24 07:41:56.328825 np0000005822 devstack@g-api.service[103017]: DEBUG glance_store._drivers.swift.store [None req-0ab584a7-8f3b-440c-8ecf-2f54c2a2a7c0 tempest-VolumesActionsTest-1209240998 tempest-VolumesActionsTest-1209240998-project-member] Wrote chunk 226e6476-3131-4472-8b6a-3984bc779616-00001 (1/?) of length 204800000 to Swift returning MD5 of content: eda9a9889837ac4bc81d6387d92c1bec {{(pid=103017) add /opt/stack/data/venv/lib/python3.12/site-packages/glance_store/_drivers/swift/store.py:1059}}
Jul 24 07:41:56.773169 np0000005822 devstack@g-api.service[103020]: DEBUG glance.api.middleware.version_negotiation [None req-d0e7d4fd-076c-4e13-8fe2-cae24cddeba4 tempest-VolumesActionsTest-1209240998 tempest-VolumesActionsTest-1209240998-project-member] Determining version of request: GET /v2/images/c7843099-d178-467f-91a9-52ff7d08103c Accept: */* {{(pid=103020) process_request /opt/stack/glance/glance/api/middleware/version_negotiation.py:44}}
Jul 24 07:41:56.773546 np0000005822 devstack@g-api.service[103020]: DEBUG glance.api.middleware.version_negotiation [None req-d0e7d4fd-076c-4e13-8fe2-cae24cddeba4 tempest-VolumesActionsTest-1209240998 tempest-VolumesActionsTest-1209240998-project-member] Using url versioning {{(pid=103020) process_request /opt/stack/glance/glance/api/middleware/version_negotiation.py:57}}
Jul 24 07:41:56.773546 np0000005822 devstack@g-api.service[103020]: DEBUG glance.api.middleware.version_negotiation [None req-d0e7d4fd-076c-4e13-8fe2-cae24cddeba4 tempest-VolumesActionsTest-1209240998 tempest-VolumesActionsTest-1209240998-project-member] Matched version: v2 {{(pid=103020) process_request /opt/stack/glance/glance/api/middleware/version_negotiation.py:69}}
Jul 24 07:41:56.773546 np0000005822 devstack@g-api.service[103020]: DEBUG glance.api.middleware.version_negotiation [None req-d0e7d4fd-076c-4e13-8fe2-cae24cddeba4 tempest-VolumesActionsTest-1209240998 tempest-VolumesActionsTest-1209240998-project-member] new path /v2/images/c7843099-d178-467f-91a9-52ff7d08103c {{(pid=103020) process_request /opt/stack/glance/glance/api/middleware/version_negotiation.py:70}}
Jul 24 07:41:56.795478 np0000005822 devstack@g-api.service[103020]: [pid: 103020|app: 0|req: 93/376] 127.0.0.1 () {44 vars in 1115 bytes} [Fri Jul 24 07:41:56 2026] GET /v2/images/c7843099-d178-467f-91a9-52ff7d08103c => generated 1044 bytes in 22 msecs (HTTP/1.1 200) 4 headers in 158 bytes (1 switches on core 0)
Jul 24 07:41:56.845692 np0000005822 devstack@g-api.service[103018]: DEBUG glance.api.middleware.version_negotiation [None req-75690a56-47ab-45a3-a438-0322dccf3cde tempest-VolumesActionsTest-1209240998 tempest-VolumesActionsTest-1209240998-project-member] Determining version of request: GET /v2/schemas/image Accept: */* {{(pid=103018) process_request /opt/stack/glance/glance/api/middleware/version_negotiation.py:44}}
Jul 24 07:41:56.846265 np0000005822 devstack@g-api.service[103018]: DEBUG glance.api.middleware.version_negotiation [None req-75690a56-47ab-45a3-a438-0322dccf3cde tempest-VolumesActionsTest-1209240998 tempest-VolumesActionsTest-1209240998-project-member] Using url versioning {{(pid=103018) process_request /opt/stack/glance/glance/api/middleware/version_negotiation.py:57}}
Jul 24 07:41:56.846265 np0000005822 devstack@g-api.service[103018]: DEBUG glance.api.middleware.version_negotiation [None req-75690a56-47ab-45a3-a438-0322dccf3cde tempest-VolumesActionsTest-1209240998 tempest-VolumesActionsTest-1209240998-project-member] Matched version: v2 {{(pid=103018) process_request /opt/stack/glance/glance/api/middleware/version_negotiation.py:69}}
Jul 24 07:41:56.846265 np0000005822 devstack@g-api.service[103018]: DEBUG glance.api.middleware.version_negotiation [None req-75690a56-47ab-45a3-a438-0322dccf3cde tempest-VolumesActionsTest-1209240998 tempest-VolumesActionsTest-1209240998-project-member] new path /v2/schemas/image {{(pid=103018) process_request /opt/stack/glance/glance/api/middleware/version_negotiation.py:70}}
Jul 24 07:41:56.848612 np0000005822 devstack@g-api.service[103018]: [pid: 103018|app: 0|req: 97/377] 127.0.0.1 () {44 vars in 1055 bytes} [Fri Jul 24 07:41:56 2026] GET /v2/schemas/image => generated 6083 bytes in 3 msecs (HTTP/1.1 200) 4 headers in 158 bytes (1 switches on core 0)
Jul 24 07:41:57.137693 np0000005822 devstack@g-api.service[103019]: DEBUG glance.api.middleware.version_negotiation [None req-8948fb85-e11d-45fd-8220-695205ea29a1 tempest-VolumesActionsTest-1209240998 tempest-VolumesActionsTest-1209240998-project-member] Determining version of request: GET /v2/images/226e6476-3131-4472-8b6a-3984bc779616 Accept: application/json {{(pid=103019) process_request /opt/stack/glance/glance/api/middleware/version_negotiation.py:44}}
Jul 24 07:41:57.137693 np0000005822 devstack@g-api.service[103019]: DEBUG glance.api.middleware.version_negotiation [None req-8948fb85-e11d-45fd-8220-695205ea29a1 tempest-VolumesActionsTest-1209240998 tempest-VolumesActionsTest-1209240998-project-member] Using url versioning {{(pid=103019) process_request /opt/stack/glance/glance/api/middleware/version_negotiation.py:57}}
Jul 24 07:41:57.137693 np0000005822 devstack@g-api.service[103019]: DEBUG glance.api.middleware.version_negotiation [None req-8948fb85-e11d-45fd-8220-695205ea29a1 tempest-VolumesActionsTest-1209240998 tempest-VolumesActionsTest-1209240998-project-member] Matched version: v2 {{(pid=103019) process_request /opt/stack/glance/glance/api/middleware/version_negotiation.py:69}}
Jul 24 07:41:57.137693 np0000005822 devstack@g-api.service[103019]: DEBUG glance.api.middleware.version_negotiation [None req-8948fb85-e11d-45fd-8220-695205ea29a1 tempest-VolumesActionsTest-1209240998 tempest-VolumesActionsTest-1209240998-project-member] new path /v2/images/226e6476-3131-4472-8b6a-3984bc779616 {{(pid=103019) process_request /opt/stack/glance/glance/api/middleware/version_negotiation.py:70}}
Jul 24 07:41:57.148633 np0000005822 devstack@g-api.service[103019]: [pid: 103019|app: 0|req: 96/378] 127.0.0.1 () {40 vars in 838 bytes} [Fri Jul 24 07:41:57 2026] GET /v2/images/226e6476-3131-4472-8b6a-3984bc779616 => generated 650 bytes in 12 msecs (HTTP/1.1 200) 4 headers in 157 bytes (1 switches on core 0)
Jul 24 07:41:58.159331 np0000005822 devstack@g-api.service[103020]: DEBUG glance.api.middleware.version_negotiation [None req-1e7808b6-655b-4a5b-932e-aa5a222fb402 tempest-ServerRescueNegativeTestJSON-28934404 tempest-ServerRescueNegativeTestJSON-28934404-project-member] Determining version of request: GET /v2/images/226e6476-3131-4472-8b6a-3984bc779616 Accept: application/json {{(pid=103020) process_request /opt/stack/glance/glance/api/middleware/version_negotiation.py:44}}
Jul 24 07:41:58.159851 np0000005822 devstack@g-api.service[103020]: DEBUG glance.api.middleware.version_negotiation [None req-1e7808b6-655b-4a5b-932e-aa5a222fb402 tempest-ServerRescueNegativeTestJSON-28934404 tempest-ServerRescueNegativeTestJSON-28934404-project-member] Using url versioning {{(pid=103020) process_request /opt/stack/glance/glance/api/middleware/version_negotiation.py:57}}
Jul 24 07:41:58.159851 np0000005822 devstack@g-api.service[103020]: DEBUG glance.api.middleware.version_negotiation [None req-1e7808b6-655b-4a5b-932e-aa5a222fb402 tempest-ServerRescueNegativeTestJSON-28934404 tempest-ServerRescueNegativeTestJSON-28934404-project-member] Matched version: v2 {{(pid=103020) process_request /opt/stack/glance/glance/api/middleware/version_negotiation.py:69}}
Jul 24 07:41:58.159851 np0000005822 devstack@g-api.service[103020]: DEBUG glance.api.middleware.version_negotiation [None req-1e7808b6-655b-4a5b-932e-aa5a222fb402 tempest-ServerRescueNegativeTestJSON-28934404 tempest-ServerRescueNegativeTestJSON-28934404-project-member] new path /v2/images/226e6476-3131-4472-8b6a-3984bc779616 {{(pid=103020) process_request /opt/stack/glance/glance/api/middleware/version_negotiation.py:70}}
Jul 24 07:41:58.175250 np0000005822 devstack@g-api.service[103020]: [pid: 103020|app: 0|req: 94/379] 127.0.0.1 () {40 vars in 838 bytes} [Fri Jul 24 07:41:58 2026] GET /v2/images/226e6476-3131-4472-8b6a-3984bc779616 => generated 650 bytes in 14 msecs (HTTP/1.1 200) 4 headers in 157 bytes (1 switches on core 0)
Jul 24 07:41:58.532293 np0000005822 devstack@g-api.service[103017]: DEBUG swiftclient [None req-0ab584a7-8f3b-440c-8ecf-2f54c2a2a7c0 tempest-VolumesActionsTest-1209240998 tempest-VolumesActionsTest-1209240998-project-member] REQ: curl -i https://10.4.3.170:8080/v1/AUTH_ce20f91ec2214f8aa2b7093d188792a4/glance/226e6476-3131-4472-8b6a-3984bc779616-00002 -X PUT -H "X-Auth-Token: gAAAAABqYxdCo-A2..." {{(pid=103017) http_log /opt/stack/data/venv/lib/python3.12/site-packages/swiftclient/client.py:160}}
Jul 24 07:41:58.532293 np0000005822 devstack@g-api.service[103017]: DEBUG swiftclient [None req-0ab584a7-8f3b-440c-8ecf-2f54c2a2a7c0 tempest-VolumesActionsTest-1209240998 tempest-VolumesActionsTest-1209240998-project-member] RESP STATUS: 201 Created {{(pid=103017) http_log /opt/stack/data/venv/lib/python3.12/site-packages/swiftclient/client.py:161}}
Jul 24 07:41:58.532293 np0000005822 devstack@g-api.service[103017]: DEBUG swiftclient [None req-0ab584a7-8f3b-440c-8ecf-2f54c2a2a7c0 tempest-VolumesActionsTest-1209240998 tempest-VolumesActionsTest-1209240998-project-member] RESP HEADERS: {'Date': 'Fri, 24 Jul 2026 07:41:58 GMT', 'Server': 'Apache/2.4.58 (Ubuntu)', 'Content-Type': 'text/html; charset=UTF-8', 'Content-Length': '0', 'Etag': 'eda9a9889837ac4bc81d6387d92c1bec', 'Last-Modified': 'Fri, 24 Jul 2026 07:41:57 GMT', 'X-Trans-Id': 'tx14ebca4bcb8e429d91a99-006a631744', 'X-Openstack-Request-Id': 'tx14ebca4bcb8e429d91a99-006a631744', 'Connection': 'close'} {{(pid=103017) http_log /opt/stack/data/venv/lib/python3.12/site-packages/swiftclient/client.py:162}}
Jul 24 07:41:58.532293 np0000005822 devstack@g-api.service[103017]: DEBUG glance_store._drivers.swift.store [None req-0ab584a7-8f3b-440c-8ecf-2f54c2a2a7c0 tempest-VolumesActionsTest-1209240998 tempest-VolumesActionsTest-1209240998-project-member] Wrote chunk 226e6476-3131-4472-8b6a-3984bc779616-00002 (2/?) of length 204800000 to Swift returning MD5 of content: eda9a9889837ac4bc81d6387d92c1bec {{(pid=103017) add /opt/stack/data/venv/lib/python3.12/site-packages/glance_store/_drivers/swift/store.py:1059}}
Jul 24 07:41:59.183070 np0000005822 devstack@g-api.service[103018]: DEBUG glance.api.middleware.version_negotiation [None req-1e7808b6-655b-4a5b-932e-aa5a222fb402 tempest-ServerRescueNegativeTestJSON-28934404 tempest-ServerRescueNegativeTestJSON-28934404-project-member] Determining version of request: GET /v2/images/226e6476-3131-4472-8b6a-3984bc779616 Accept: application/json {{(pid=103018) process_request /opt/stack/glance/glance/api/middleware/version_negotiation.py:44}}
Jul 24 07:41:59.183615 np0000005822 devstack@g-api.service[103018]: DEBUG glance.api.middleware.version_negotiation [None req-1e7808b6-655b-4a5b-932e-aa5a222fb402 tempest-ServerRescueNegativeTestJSON-28934404 tempest-ServerRescueNegativeTestJSON-28934404-project-member] Using url versioning {{(pid=103018) process_request /opt/stack/glance/glance/api/middleware/version_negotiation.py:57}}
Jul 24 07:41:59.183615 np0000005822 devstack@g-api.service[103018]: DEBUG glance.api.middleware.version_negotiation [None req-1e7808b6-655b-4a5b-932e-aa5a222fb402 tempest-ServerRescueNegativeTestJSON-28934404 tempest-ServerRescueNegativeTestJSON-28934404-project-member] Matched version: v2 {{(pid=103018) process_request /opt/stack/glance/glance/api/middleware/version_negotiation.py:69}}
Jul 24 07:41:59.183615 np0000005822 devstack@g-api.service[103018]: DEBUG glance.api.middleware.version_negotiation [None req-1e7808b6-655b-4a5b-932e-aa5a222fb402 tempest-ServerRescueNegativeTestJSON-28934404 tempest-ServerRescueNegativeTestJSON-28934404-project-member] new path /v2/images/226e6476-3131-4472-8b6a-3984bc779616 {{(pid=103018) process_request /opt/stack/glance/glance/api/middleware/version_negotiation.py:70}}
Jul 24 07:41:59.199623 np0000005822 devstack@g-api.service[103018]: [pid: 103018|app: 0|req: 98/380] 127.0.0.1 () {40 vars in 838 bytes} [Fri Jul 24 07:41:59 2026] GET /v2/images/226e6476-3131-4472-8b6a-3984bc779616 => generated 650 bytes in 17 msecs (HTTP/1.1 200) 4 headers in 157 bytes (1 switches on core 0)
Jul 24 07:42:00.210411 np0000005822 devstack@g-api.service[103019]: DEBUG glance.api.middleware.version_negotiation [None req-87abfb9a-7d5f-46a1-af35-b028d71bf10c tempest-VolumesActionsTest-1209240998 tempest-VolumesActionsTest-1209240998-project-member] Determining version of request: GET /v2/images/226e6476-3131-4472-8b6a-3984bc779616 Accept: application/json {{(pid=103019) process_request /opt/stack/glance/glance/api/middleware/version_negotiation.py:44}}
Jul 24 07:42:00.210806 np0000005822 devstack@g-api.service[103019]: DEBUG glance.api.middleware.version_negotiation [None req-87abfb9a-7d5f-46a1-af35-b028d71bf10c tempest-VolumesActionsTest-1209240998 tempest-VolumesActionsTest-1209240998-project-member] Using url versioning {{(pid=103019) process_request /opt/stack/glance/glance/api/middleware/version_negotiation.py:57}}
Jul 24 07:42:00.210806 np0000005822 devstack@g-api.service[103019]: DEBUG glance.api.middleware.version_negotiation [None req-87abfb9a-7d5f-46a1-af35-b028d71bf10c tempest-VolumesActionsTest-1209240998 tempest-VolumesActionsTest-1209240998-project-member] Matched version: v2 {{(pid=103019) process_request /opt/stack/glance/glance/api/middleware/version_negotiation.py:69}}
Jul 24 07:42:00.210806 np0000005822 devstack@g-api.service[103019]: DEBUG glance.api.middleware.version_negotiation [None req-87abfb9a-7d5f-46a1-af35-b028d71bf10c tempest-VolumesActionsTest-1209240998 tempest-VolumesActionsTest-1209240998-project-member] new path /v2/images/226e6476-3131-4472-8b6a-3984bc779616 {{(pid=103019) process_request /opt/stack/glance/glance/api/middleware/version_negotiation.py:70}}
Jul 24 07:42:00.232189 np0000005822 devstack@g-api.service[103019]: [pid: 103019|app: 0|req: 97/381] 127.0.0.1 () {40 vars in 838 bytes} [Fri Jul 24 07:42:00 2026] GET /v2/images/226e6476-3131-4472-8b6a-3984bc779616 => generated 650 bytes in 22 msecs (HTTP/1.1 200) 4 headers in 157 bytes (1 switches on core 0)
Jul 24 07:42:00.744729 np0000005822 devstack@g-api.service[103017]: DEBUG swiftclient [None req-0ab584a7-8f3b-440c-8ecf-2f54c2a2a7c0 tempest-VolumesActionsTest-1209240998 tempest-VolumesActionsTest-1209240998-project-member] REQ: curl -i https://10.4.3.170:8080/v1/AUTH_ce20f91ec2214f8aa2b7093d188792a4/glance/226e6476-3131-4472-8b6a-3984bc779616-00003 -X PUT -H "X-Auth-Token: gAAAAABqYxdCo-A2..." {{(pid=103017) http_log /opt/stack/data/venv/lib/python3.12/site-packages/swiftclient/client.py:160}}
Jul 24 07:42:00.745042 np0000005822 devstack@g-api.service[103017]: DEBUG swiftclient [None req-0ab584a7-8f3b-440c-8ecf-2f54c2a2a7c0 tempest-VolumesActionsTest-1209240998 tempest-VolumesActionsTest-1209240998-project-member] RESP STATUS: 201 Created {{(pid=103017) http_log /opt/stack/data/venv/lib/python3.12/site-packages/swiftclient/client.py:161}}
Jul 24 07:42:00.745071 np0000005822 devstack@g-api.service[103017]: DEBUG swiftclient [None req-0ab584a7-8f3b-440c-8ecf-2f54c2a2a7c0 tempest-VolumesActionsTest-1209240998 tempest-VolumesActionsTest-1209240998-project-member] RESP HEADERS: {'Date': 'Fri, 24 Jul 2026 07:42:00 GMT', 'Server': 'Apache/2.4.58 (Ubuntu)', 'Content-Type': 'text/html; charset=UTF-8', 'Content-Length': '0', 'Etag': 'eda9a9889837ac4bc81d6387d92c1bec', 'Last-Modified': 'Fri, 24 Jul 2026 07:41:59 GMT', 'X-Trans-Id': 'tx9219e751b2484462922ba-006a631746', 'X-Openstack-Request-Id': 'tx9219e751b2484462922ba-006a631746', 'Connection': 'close'} {{(pid=103017) http_log /opt/stack/data/venv/lib/python3.12/site-packages/swiftclient/client.py:162}}
Jul 24 07:42:00.745227 np0000005822 devstack@g-api.service[103017]: DEBUG glance_store._drivers.swift.store [None req-0ab584a7-8f3b-440c-8ecf-2f54c2a2a7c0 tempest-VolumesActionsTest-1209240998 tempest-VolumesActionsTest-1209240998-project-member] Wrote chunk 226e6476-3131-4472-8b6a-3984bc779616-00003 (3/?) of length 204800000 to Swift returning MD5 of content: eda9a9889837ac4bc81d6387d92c1bec {{(pid=103017) add /opt/stack/data/venv/lib/python3.12/site-packages/glance_store/_drivers/swift/store.py:1059}}
Jul 24 07:42:01.243278 np0000005822 devstack@g-api.service[103020]: DEBUG glance.api.middleware.version_negotiation [None req-abe5c061-0f75-450f-807d-8ef9c40c0bb4 tempest-VolumesActionsTest-1209240998 tempest-VolumesActionsTest-1209240998-project-member] Determining version of request: GET /v2/images/226e6476-3131-4472-8b6a-3984bc779616 Accept: application/json {{(pid=103020) process_request /opt/stack/glance/glance/api/middleware/version_negotiation.py:44}}
Jul 24 07:42:01.243278 np0000005822 devstack@g-api.service[103020]: DEBUG glance.api.middleware.version_negotiation [None req-abe5c061-0f75-450f-807d-8ef9c40c0bb4 tempest-VolumesActionsTest-1209240998 tempest-VolumesActionsTest-1209240998-project-member] Using url versioning {{(pid=103020) process_request /opt/stack/glance/glance/api/middleware/version_negotiation.py:57}}
Jul 24 07:42:01.244636 np0000005822 devstack@g-api.service[103020]: DEBUG glance.api.middleware.version_negotiation [None req-abe5c061-0f75-450f-807d-8ef9c40c0bb4 tempest-VolumesActionsTest-1209240998 tempest-VolumesActionsTest-1209240998-project-member] Matched version: v2 {{(pid=103020) process_request /opt/stack/glance/glance/api/middleware/version_negotiation.py:69}}
Jul 24 07:42:01.244636 np0000005822 devstack@g-api.service[103020]: DEBUG glance.api.middleware.version_negotiation [None req-abe5c061-0f75-450f-807d-8ef9c40c0bb4 tempest-VolumesActionsTest-1209240998 tempest-VolumesActionsTest-1209240998-project-member] new path /v2/images/226e6476-3131-4472-8b6a-3984bc779616 {{(pid=103020) process_request /opt/stack/glance/glance/api/middleware/version_negotiation.py:70}}
Jul 24 07:42:01.254427 np0000005822 devstack@g-api.service[103020]: [pid: 103020|app: 0|req: 95/382] 127.0.0.1 () {40 vars in 838 bytes} [Fri Jul 24 07:42:01 2026] GET /v2/images/226e6476-3131-4472-8b6a-3984bc779616 => generated 650 bytes in 12 msecs (HTTP/1.1 200) 4 headers in 157 bytes (1 switches on core 0)
Jul 24 07:42:02.264051 np0000005822 devstack@g-api.service[103018]: DEBUG glance.api.middleware.version_negotiation [None req-de87b141-c1a6-4f33-ae74-91640444757f tempest-VolumesActionsTest-1209240998 tempest-VolumesActionsTest-1209240998-project-member] Determining version of request: GET /v2/images/226e6476-3131-4472-8b6a-3984bc779616 Accept: application/json {{(pid=103018) process_request /opt/stack/glance/glance/api/middleware/version_negotiation.py:44}}
Jul 24 07:42:02.264404 np0000005822 devstack@g-api.service[103018]: DEBUG glance.api.middleware.version_negotiation [None req-de87b141-c1a6-4f33-ae74-91640444757f tempest-VolumesActionsTest-1209240998 tempest-VolumesActionsTest-1209240998-project-member] Using url versioning {{(pid=103018) process_request /opt/stack/glance/glance/api/middleware/version_negotiation.py:57}}
Jul 24 07:42:02.264454 np0000005822 devstack@g-api.service[103018]: DEBUG glance.api.middleware.version_negotiation [None req-de87b141-c1a6-4f33-ae74-91640444757f tempest-VolumesActionsTest-1209240998 tempest-VolumesActionsTest-1209240998-project-member] Matched version: v2 {{(pid=103018) process_request /opt/stack/glance/glance/api/middleware/version_negotiation.py:69}}
Jul 24 07:42:02.264733 np0000005822 devstack@g-api.service[103018]: DEBUG glance.api.middleware.version_negotiation [None req-de87b141-c1a6-4f33-ae74-91640444757f tempest-VolumesActionsTest-1209240998 tempest-VolumesActionsTest-1209240998-project-member] new path /v2/images/226e6476-3131-4472-8b6a-3984bc779616 {{(pid=103018) process_request /opt/stack/glance/glance/api/middleware/version_negotiation.py:70}}
Jul 24 07:42:02.275023 np0000005822 devstack@g-api.service[103018]: [pid: 103018|app: 0|req: 99/383] 127.0.0.1 () {40 vars in 838 bytes} [Fri Jul 24 07:42:02 2026] GET /v2/images/226e6476-3131-4472-8b6a-3984bc779616 => generated 650 bytes in 12 msecs (HTTP/1.1 200) 4 headers in 157 bytes (1 switches on core 0)
Jul 24 07:42:02.414661 np0000005822 devstack@g-api.service[103019]: DEBUG glance.api.middleware.version_negotiation [None req-3bf7c942-c138-4f23-9391-5cfc7b4ee196 tempest-VolumesActionsTest-1209240998 tempest-VolumesActionsTest-1209240998-project-member] Determining version of request: GET /v2/images/c7843099-d178-467f-91a9-52ff7d08103c Accept: */* {{(pid=103019) process_request /opt/stack/glance/glance/api/middleware/version_negotiation.py:44}}
Jul 24 07:42:02.415000 np0000005822 devstack@g-api.service[103019]: DEBUG glance.api.middleware.version_negotiation [None req-3bf7c942-c138-4f23-9391-5cfc7b4ee196 tempest-VolumesActionsTest-1209240998 tempest-VolumesActionsTest-1209240998-project-member] Using url versioning {{(pid=103019) process_request /opt/stack/glance/glance/api/middleware/version_negotiation.py:57}}
Jul 24 07:42:02.415000 np0000005822 devstack@g-api.service[103019]: DEBUG glance.api.middleware.version_negotiation [None req-3bf7c942-c138-4f23-9391-5cfc7b4ee196 tempest-VolumesActionsTest-1209240998 tempest-VolumesActionsTest-1209240998-project-member] Matched version: v2 {{(pid=103019) process_request /opt/stack/glance/glance/api/middleware/version_negotiation.py:69}}
Jul 24 07:42:02.415000 np0000005822 devstack@g-api.service[103019]: DEBUG glance.api.middleware.version_negotiation [None req-3bf7c942-c138-4f23-9391-5cfc7b4ee196 tempest-VolumesActionsTest-1209240998 tempest-VolumesActionsTest-1209240998-project-member] new path /v2/images/c7843099-d178-467f-91a9-52ff7d08103c {{(pid=103019) process_request /opt/stack/glance/glance/api/middleware/version_negotiation.py:70}}
Jul 24 07:42:02.427170 np0000005822 devstack@g-api.service[103019]: [pid: 103019|app: 0|req: 98/384] 127.0.0.1 () {44 vars in 1115 bytes} [Fri Jul 24 07:42:02 2026] GET /v2/images/c7843099-d178-467f-91a9-52ff7d08103c => generated 1044 bytes in 11 msecs (HTTP/1.1 200) 4 headers in 158 bytes (1 switches on core 0)
Jul 24 07:42:02.463912 np0000005822 devstack@g-api.service[103020]: DEBUG glance.api.middleware.version_negotiation [None req-679a4e93-932a-4465-8aef-47496b931667 tempest-VolumesActionsTest-1209240998 tempest-VolumesActionsTest-1209240998-project-member] Determining version of request: GET /v2/schemas/image Accept: */* {{(pid=103020) process_request /opt/stack/glance/glance/api/middleware/version_negotiation.py:44}}
Jul 24 07:42:02.464236 np0000005822 devstack@g-api.service[103020]: DEBUG glance.api.middleware.version_negotiation [None req-679a4e93-932a-4465-8aef-47496b931667 tempest-VolumesActionsTest-1209240998 tempest-VolumesActionsTest-1209240998-project-member] Using url versioning {{(pid=103020) process_request /opt/stack/glance/glance/api/middleware/version_negotiation.py:57}}
Jul 24 07:42:02.464236 np0000005822 devstack@g-api.service[103020]: DEBUG glance.api.middleware.version_negotiation [None req-679a4e93-932a-4465-8aef-47496b931667 tempest-VolumesActionsTest-1209240998 tempest-VolumesActionsTest-1209240998-project-member] Matched version: v2 {{(pid=103020) process_request /opt/stack/glance/glance/api/middleware/version_negotiation.py:69}}
Jul 24 07:42:02.464300 np0000005822 devstack@g-api.service[103020]: DEBUG glance.api.middleware.version_negotiation [None req-679a4e93-932a-4465-8aef-47496b931667 tempest-VolumesActionsTest-1209240998 tempest-VolumesActionsTest-1209240998-project-member] new path /v2/schemas/image {{(pid=103020) process_request /opt/stack/glance/glance/api/middleware/version_negotiation.py:70}}
Jul 24 07:42:02.468250 np0000005822 devstack@g-api.service[103020]: [pid: 103020|app: 0|req: 96/385] 127.0.0.1 () {44 vars in 1055 bytes} [Fri Jul 24 07:42:02 2026] GET /v2/schemas/image => generated 6083 bytes in 4 msecs (HTTP/1.1 200) 4 headers in 158 bytes (1 switches on core 0)
Jul 24 07:42:03.104282 np0000005822 devstack@g-api.service[103017]: DEBUG swiftclient [None req-0ab584a7-8f3b-440c-8ecf-2f54c2a2a7c0 tempest-VolumesActionsTest-1209240998 tempest-VolumesActionsTest-1209240998-project-member] REQ: curl -i https://10.4.3.170:8080/v1/AUTH_ce20f91ec2214f8aa2b7093d188792a4/glance/226e6476-3131-4472-8b6a-3984bc779616-00004 -X PUT -H "X-Auth-Token: gAAAAABqYxdCo-A2..." {{(pid=103017) http_log /opt/stack/data/venv/lib/python3.12/site-packages/swiftclient/client.py:160}}
Jul 24 07:42:03.105096 np0000005822 devstack@g-api.service[103017]: DEBUG swiftclient [None req-0ab584a7-8f3b-440c-8ecf-2f54c2a2a7c0 tempest-VolumesActionsTest-1209240998 tempest-VolumesActionsTest-1209240998-project-member] RESP STATUS: 201 Created {{(pid=103017) http_log /opt/stack/data/venv/lib/python3.12/site-packages/swiftclient/client.py:161}}
Jul 24 07:42:03.105096 np0000005822 devstack@g-api.service[103017]: DEBUG swiftclient [None req-0ab584a7-8f3b-440c-8ecf-2f54c2a2a7c0 tempest-VolumesActionsTest-1209240998 tempest-VolumesActionsTest-1209240998-project-member] RESP HEADERS: {'Date': 'Fri, 24 Jul 2026 07:42:03 GMT', 'Server': 'Apache/2.4.58 (Ubuntu)', 'Content-Type': 'text/html; charset=UTF-8', 'Content-Length': '0', 'Etag': 'eda9a9889837ac4bc81d6387d92c1bec', 'Last-Modified': 'Fri, 24 Jul 2026 07:42:01 GMT', 'X-Trans-Id': 'tx62209d420d9f47b286e5f-006a631748', 'X-Openstack-Request-Id': 'tx62209d420d9f47b286e5f-006a631748', 'Connection': 'close'} {{(pid=103017) http_log /opt/stack/data/venv/lib/python3.12/site-packages/swiftclient/client.py:162}}
Jul 24 07:42:03.105096 np0000005822 devstack@g-api.service[103017]: DEBUG glance_store._drivers.swift.store [None req-0ab584a7-8f3b-440c-8ecf-2f54c2a2a7c0 tempest-VolumesActionsTest-1209240998 tempest-VolumesActionsTest-1209240998-project-member] Wrote chunk 226e6476-3131-4472-8b6a-3984bc779616-00004 (4/?) of length 204800000 to Swift returning MD5 of content: eda9a9889837ac4bc81d6387d92c1bec {{(pid=103017) add /opt/stack/data/venv/lib/python3.12/site-packages/glance_store/_drivers/swift/store.py:1059}}
Jul 24 07:42:03.288323 np0000005822 devstack@g-api.service[103018]: DEBUG glance.api.middleware.version_negotiation [None req-2ab41d52-d923-42b1-a9d3-fe6fe582fe90 tempest-VolumesActionsTest-1209240998 tempest-VolumesActionsTest-1209240998-project-member] Determining version of request: GET /v2/images/226e6476-3131-4472-8b6a-3984bc779616 Accept: application/json {{(pid=103018) process_request /opt/stack/glance/glance/api/middleware/version_negotiation.py:44}}
Jul 24 07:42:03.288323 np0000005822 devstack@g-api.service[103018]: DEBUG glance.api.middleware.version_negotiation [None req-2ab41d52-d923-42b1-a9d3-fe6fe582fe90 tempest-VolumesActionsTest-1209240998 tempest-VolumesActionsTest-1209240998-project-member] Using url versioning {{(pid=103018) process_request /opt/stack/glance/glance/api/middleware/version_negotiation.py:57}}
Jul 24 07:42:03.290049 np0000005822 devstack@g-api.service[103018]: DEBUG glance.api.middleware.version_negotiation [None req-2ab41d52-d923-42b1-a9d3-fe6fe582fe90 tempest-VolumesActionsTest-1209240998 tempest-VolumesActionsTest-1209240998-project-member] Matched version: v2 {{(pid=103018) process_request /opt/stack/glance/glance/api/middleware/version_negotiation.py:69}}
Jul 24 07:42:03.290049 np0000005822 devstack@g-api.service[103018]: DEBUG glance.api.middleware.version_negotiation [None req-2ab41d52-d923-42b1-a9d3-fe6fe582fe90 tempest-VolumesActionsTest-1209240998 tempest-VolumesActionsTest-1209240998-project-member] new path /v2/images/226e6476-3131-4472-8b6a-3984bc779616 {{(pid=103018) process_request /opt/stack/glance/glance/api/middleware/version_negotiation.py:70}}
Jul 24 07:42:03.300748 np0000005822 devstack@g-api.service[103018]: [pid: 103018|app: 0|req: 100/386] 127.0.0.1 () {40 vars in 838 bytes} [Fri Jul 24 07:42:03 2026] GET /v2/images/226e6476-3131-4472-8b6a-3984bc779616 => generated 650 bytes in 13 msecs (HTTP/1.1 200) 4 headers in 157 bytes (1 switches on core 0)
Jul 24 07:42:04.221363 np0000005822 devstack@g-api.service[103017]: DEBUG dbcounter [-] [103017] Writing DB stats glance:SELECT=16,glance:UPDATE=1 {{(pid=103017) stat_writer /opt/stack/data/venv/lib/python3.12/site-packages/dbcounter.py:115}}
Jul 24 07:42:04.310510 np0000005822 devstack@g-api.service[103019]: DEBUG glance.api.middleware.version_negotiation [None req-1b0ce27a-c35b-4b2b-a1a7-493680d2c309 tempest-ServerRescueNegativeTestJSON-28934404 tempest-ServerRescueNegativeTestJSON-28934404-project-member] Determining version of request: GET /v2/images/226e6476-3131-4472-8b6a-3984bc779616 Accept: application/json {{(pid=103019) process_request /opt/stack/glance/glance/api/middleware/version_negotiation.py:44}}
Jul 24 07:42:04.310955 np0000005822 devstack@g-api.service[103019]: DEBUG glance.api.middleware.version_negotiation [None req-1b0ce27a-c35b-4b2b-a1a7-493680d2c309 tempest-ServerRescueNegativeTestJSON-28934404 tempest-ServerRescueNegativeTestJSON-28934404-project-member] Using url versioning {{(pid=103019) process_request /opt/stack/glance/glance/api/middleware/version_negotiation.py:57}}
Jul 24 07:42:04.310955 np0000005822 devstack@g-api.service[103019]: DEBUG glance.api.middleware.version_negotiation [None req-1b0ce27a-c35b-4b2b-a1a7-493680d2c309 tempest-ServerRescueNegativeTestJSON-28934404 tempest-ServerRescueNegativeTestJSON-28934404-project-member] Matched version: v2 {{(pid=103019) process_request /opt/stack/glance/glance/api/middleware/version_negotiation.py:69}}
Jul 24 07:42:04.310955 np0000005822 devstack@g-api.service[103019]: DEBUG glance.api.middleware.version_negotiation [None req-1b0ce27a-c35b-4b2b-a1a7-493680d2c309 tempest-ServerRescueNegativeTestJSON-28934404 tempest-ServerRescueNegativeTestJSON-28934404-project-member] new path /v2/images/226e6476-3131-4472-8b6a-3984bc779616 {{(pid=103019) process_request /opt/stack/glance/glance/api/middleware/version_negotiation.py:70}}
Jul 24 07:42:04.321185 np0000005822 devstack@g-api.service[103019]: [pid: 103019|app: 0|req: 99/387] 127.0.0.1 () {40 vars in 838 bytes} [Fri Jul 24 07:42:04 2026] GET /v2/images/226e6476-3131-4472-8b6a-3984bc779616 => generated 650 bytes in 11 msecs (HTTP/1.1 200) 4 headers in 157 bytes (1 switches on core 0)
Jul 24 07:42:05.082524 np0000005822 devstack@g-api.service[103017]: DEBUG swiftclient [None req-0ab584a7-8f3b-440c-8ecf-2f54c2a2a7c0 tempest-VolumesActionsTest-1209240998 tempest-VolumesActionsTest-1209240998-project-member] REQ: curl -i https://10.4.3.170:8080/v1/AUTH_ce20f91ec2214f8aa2b7093d188792a4/glance/226e6476-3131-4472-8b6a-3984bc779616-00005 -X PUT -H "X-Auth-Token: gAAAAABqYxdCo-A2..." {{(pid=103017) http_log /opt/stack/data/venv/lib/python3.12/site-packages/swiftclient/client.py:160}}
Jul 24 07:42:05.082524 np0000005822 devstack@g-api.service[103017]: DEBUG swiftclient [None req-0ab584a7-8f3b-440c-8ecf-2f54c2a2a7c0 tempest-VolumesActionsTest-1209240998 tempest-VolumesActionsTest-1209240998-project-member] RESP STATUS: 201 Created {{(pid=103017) http_log /opt/stack/data/venv/lib/python3.12/site-packages/swiftclient/client.py:161}}
Jul 24 07:42:05.082524 np0000005822 devstack@g-api.service[103017]: DEBUG swiftclient [None req-0ab584a7-8f3b-440c-8ecf-2f54c2a2a7c0 tempest-VolumesActionsTest-1209240998 tempest-VolumesActionsTest-1209240998-project-member] RESP HEADERS: {'Date': 'Fri, 24 Jul 2026 07:42:05 GMT', 'Server': 'Apache/2.4.58 (Ubuntu)', 'Content-Type': 'text/html; charset=UTF-8', 'Content-Length': '0', 'Etag': 'eda9a9889837ac4bc81d6387d92c1bec', 'Last-Modified': 'Fri, 24 Jul 2026 07:42:04 GMT', 'X-Trans-Id': 'tx590ff474028a4ce4abe75-006a63174b', 'X-Openstack-Request-Id': 'tx590ff474028a4ce4abe75-006a63174b', 'Connection': 'close'} {{(pid=103017) http_log /opt/stack/data/venv/lib/python3.12/site-packages/swiftclient/client.py:162}}
Jul 24 07:42:05.082524 np0000005822 devstack@g-api.service[103017]: DEBUG glance_store._drivers.swift.store [None req-0ab584a7-8f3b-440c-8ecf-2f54c2a2a7c0 tempest-VolumesActionsTest-1209240998 tempest-VolumesActionsTest-1209240998-project-member] Wrote chunk 226e6476-3131-4472-8b6a-3984bc779616-00005 (5/?) of length 204800000 to Swift returning MD5 of content: eda9a9889837ac4bc81d6387d92c1bec {{(pid=103017) add /opt/stack/data/venv/lib/python3.12/site-packages/glance_store/_drivers/swift/store.py:1059}}
Jul 24 07:42:05.332636 np0000005822 devstack@g-api.service[103020]: DEBUG glance.api.middleware.version_negotiation [None req-1b0ce27a-c35b-4b2b-a1a7-493680d2c309 tempest-ServerRescueNegativeTestJSON-28934404 tempest-ServerRescueNegativeTestJSON-28934404-project-member] Determining version of request: GET /v2/images/226e6476-3131-4472-8b6a-3984bc779616 Accept: application/json {{(pid=103020) process_request /opt/stack/glance/glance/api/middleware/version_negotiation.py:44}}
Jul 24 07:42:05.332952 np0000005822 devstack@g-api.service[103020]: DEBUG glance.api.middleware.version_negotiation [None req-1b0ce27a-c35b-4b2b-a1a7-493680d2c309 tempest-ServerRescueNegativeTestJSON-28934404 tempest-ServerRescueNegativeTestJSON-28934404-project-member] Using url versioning {{(pid=103020) process_request /opt/stack/glance/glance/api/middleware/version_negotiation.py:57}}
Jul 24 07:42:05.333555 np0000005822 devstack@g-api.service[103020]: DEBUG glance.api.middleware.version_negotiation [None req-1b0ce27a-c35b-4b2b-a1a7-493680d2c309 tempest-ServerRescueNegativeTestJSON-28934404 tempest-ServerRescueNegativeTestJSON-28934404-project-member] Matched version: v2 {{(pid=103020) process_request /opt/stack/glance/glance/api/middleware/version_negotiation.py:69}}
Jul 24 07:42:05.333555 np0000005822 devstack@g-api.service[103020]: DEBUG glance.api.middleware.version_negotiation [None req-1b0ce27a-c35b-4b2b-a1a7-493680d2c309 tempest-ServerRescueNegativeTestJSON-28934404 tempest-ServerRescueNegativeTestJSON-28934404-project-member] new path /v2/images/226e6476-3131-4472-8b6a-3984bc779616 {{(pid=103020) process_request /opt/stack/glance/glance/api/middleware/version_negotiation.py:70}}
Jul 24 07:42:05.346278 np0000005822 devstack@g-api.service[103020]: [pid: 103020|app: 0|req: 97/388] 127.0.0.1 () {40 vars in 838 bytes} [Fri Jul 24 07:42:05 2026] GET /v2/images/226e6476-3131-4472-8b6a-3984bc779616 => generated 650 bytes in 14 msecs (HTTP/1.1 200) 4 headers in 157 bytes (1 switches on core 0)
Jul 24 07:42:05.535742 np0000005822 devstack@g-api.service[103017]: DEBUG swiftclient [None req-0ab584a7-8f3b-440c-8ecf-2f54c2a2a7c0 tempest-VolumesActionsTest-1209240998 tempest-VolumesActionsTest-1209240998-project-member] REQ: curl -i https://10.4.3.170:8080/v1/AUTH_ce20f91ec2214f8aa2b7093d188792a4/glance/226e6476-3131-4472-8b6a-3984bc779616-00006 -X PUT -H "X-Auth-Token: gAAAAABqYxdCo-A2..." {{(pid=103017) http_log /opt/stack/data/venv/lib/python3.12/site-packages/swiftclient/client.py:160}}
Jul 24 07:42:05.536220 np0000005822 devstack@g-api.service[103017]: DEBUG swiftclient [None req-0ab584a7-8f3b-440c-8ecf-2f54c2a2a7c0 tempest-VolumesActionsTest-1209240998 tempest-VolumesActionsTest-1209240998-project-member] RESP STATUS: 201 Created {{(pid=103017) http_log /opt/stack/data/venv/lib/python3.12/site-packages/swiftclient/client.py:161}}
Jul 24 07:42:05.536220 np0000005822 devstack@g-api.service[103017]: DEBUG swiftclient [None req-0ab584a7-8f3b-440c-8ecf-2f54c2a2a7c0 tempest-VolumesActionsTest-1209240998 tempest-VolumesActionsTest-1209240998-project-member] RESP HEADERS: {'Date': 'Fri, 24 Jul 2026 07:42:05 GMT', 'Server': 'Apache/2.4.58 (Ubuntu)', 'Content-Type': 'text/html; charset=UTF-8', 'Content-Length': '0', 'Etag': '708761f3b8777ec77058e63da08eeeb6', 'Last-Modified': 'Fri, 24 Jul 2026 07:42:06 GMT', 'X-Trans-Id': 'tx550e57030aaa460692622-006a63174d', 'X-Openstack-Request-Id': 'tx550e57030aaa460692622-006a63174d', 'Connection': 'close'} {{(pid=103017) http_log /opt/stack/data/venv/lib/python3.12/site-packages/swiftclient/client.py:162}}
Jul 24 07:42:05.536220 np0000005822 devstack@g-api.service[103017]: DEBUG glance_store._drivers.swift.store [None req-0ab584a7-8f3b-440c-8ecf-2f54c2a2a7c0 tempest-VolumesActionsTest-1209240998 tempest-VolumesActionsTest-1209240998-project-member] Wrote chunk 226e6476-3131-4472-8b6a-3984bc779616-00006 (6/?) of length 49741824 to Swift returning MD5 of content: 708761f3b8777ec77058e63da08eeeb6 {{(pid=103017) add /opt/stack/data/venv/lib/python3.12/site-packages/glance_store/_drivers/swift/store.py:1059}}
Jul 24 07:42:05.536395 np0000005822 devstack@g-api.service[103017]: DEBUG glance_store._drivers.swift.store [None req-0ab584a7-8f3b-440c-8ecf-2f54c2a2a7c0 tempest-VolumesActionsTest-1209240998 tempest-VolumesActionsTest-1209240998-project-member] Not writing zero-length chunk. {{(pid=103017) add /opt/stack/data/venv/lib/python3.12/site-packages/glance_store/_drivers/swift/store.py:1028}}
Jul 24 07:42:05.559567 np0000005822 devstack@g-api.service[103017]: DEBUG swiftclient [None req-0ab584a7-8f3b-440c-8ecf-2f54c2a2a7c0 tempest-VolumesActionsTest-1209240998 tempest-VolumesActionsTest-1209240998-project-member] REQ: curl -i https://10.4.3.170:8080/v1/AUTH_ce20f91ec2214f8aa2b7093d188792a4/glance/226e6476-3131-4472-8b6a-3984bc779616 -X PUT -H "X-Object-Manifest: glance/226e6476-3131-4472-8b6a-3984bc779616-" -H "X-Auth-Token: gAAAAABqYxdCo-A2..." -H "Content-Length: 0" {{(pid=103017) http_log /opt/stack/data/venv/lib/python3.12/site-packages/swiftclient/client.py:160}}
Jul 24 07:42:05.559723 np0000005822 devstack@g-api.service[103017]: DEBUG swiftclient [None req-0ab584a7-8f3b-440c-8ecf-2f54c2a2a7c0 tempest-VolumesActionsTest-1209240998 tempest-VolumesActionsTest-1209240998-project-member] RESP STATUS: 201 Created {{(pid=103017) http_log /opt/stack/data/venv/lib/python3.12/site-packages/swiftclient/client.py:161}}
Jul 24 07:42:05.559869 np0000005822 devstack@g-api.service[103017]: DEBUG swiftclient [None req-0ab584a7-8f3b-440c-8ecf-2f54c2a2a7c0 tempest-VolumesActionsTest-1209240998 tempest-VolumesActionsTest-1209240998-project-member] RESP HEADERS: {'Date': 'Fri, 24 Jul 2026 07:42:05 GMT', 'Server': 'Apache/2.4.58 (Ubuntu)', 'Content-Type': 'text/html; charset=UTF-8', 'Content-Length': '0', 'Etag': 'd41d8cd98f00b204e9800998ecf8427e', 'Last-Modified': 'Fri, 24 Jul 2026 07:42:06 GMT', 'X-Trans-Id': 'tx5382826eacbf4388a7d7d-006a63174d', 'X-Openstack-Request-Id': 'tx5382826eacbf4388a7d7d-006a63174d', 'Connection': 'close'} {{(pid=103017) http_log /opt/stack/data/venv/lib/python3.12/site-packages/swiftclient/client.py:162}}
Jul 24 07:42:05.560333 np0000005822 devstack@g-api.service[103017]: INFO glance.location [None req-0ab584a7-8f3b-440c-8ecf-2f54c2a2a7c0 tempest-VolumesActionsTest-1209240998 tempest-VolumesActionsTest-1209240998-project-member] Image format matched and virtual size computed: 1073741824
Jul 24 07:42:05.590145 np0000005822 devstack@g-api.service[103017]: DEBUG glance_store.backend [None req-0ab584a7-8f3b-440c-8ecf-2f54c2a2a7c0 tempest-VolumesActionsTest-1209240998 tempest-VolumesActionsTest-1209240998-project-member] Attempting to import store swift {{(pid=103017) _load_store /opt/stack/data/venv/lib/python3.12/site-packages/glance_store/backend.py:215}}
Jul 24 07:42:05.590420 np0000005822 devstack@g-api.service[103017]: DEBUG glance_store.capabilities [None req-0ab584a7-8f3b-440c-8ecf-2f54c2a2a7c0 tempest-VolumesActionsTest-1209240998 tempest-VolumesActionsTest-1209240998-project-member] Store glance_store._drivers.swift.store.SingleTenantStore doesn't support updating dynamic storage capabilities. Please overwrite 'update_capabilities' method of the store to implement updating logics if needed. {{(pid=103017) update_capabilities /opt/stack/data/venv/lib/python3.12/site-packages/glance_store/capabilities.py:91}}
Jul 24 07:42:05.590513 np0000005822 devstack@g-api.service[103017]: DEBUG glance_store.driver [None req-0ab584a7-8f3b-440c-8ecf-2f54c2a2a7c0 tempest-VolumesActionsTest-1209240998 tempest-VolumesActionsTest-1209240998-project-member] Late loading location class glance_store._drivers.swift.store.StoreLocation {{(pid=103017) get_store_location_class /opt/stack/data/venv/lib/python3.12/site-packages/glance_store/driver.py:134}}
Jul 24 07:42:05.590602 np0000005822 devstack@g-api.service[103017]: DEBUG glance_store.location [None req-0ab584a7-8f3b-440c-8ecf-2f54c2a2a7c0 tempest-VolumesActionsTest-1209240998 tempest-VolumesActionsTest-1209240998-project-member] Registering scheme swift+https with {'store': , 'location_class': , 'store_entry': 'swift'} {{(pid=103017) register_scheme_map /opt/stack/data/venv/lib/python3.12/site-packages/glance_store/location.py:146}}
Jul 24 07:42:05.590693 np0000005822 devstack@g-api.service[103017]: DEBUG glance_store.location [None req-0ab584a7-8f3b-440c-8ecf-2f54c2a2a7c0 tempest-VolumesActionsTest-1209240998 tempest-VolumesActionsTest-1209240998-project-member] Registering scheme swift+https with {'store': , 'location_class': , 'store_entry': 'swift'} {{(pid=103017) register_scheme_map /opt/stack/data/venv/lib/python3.12/site-packages/glance_store/location.py:146}}
Jul 24 07:42:05.590752 np0000005822 devstack@g-api.service[103017]: DEBUG glance_store.location [None req-0ab584a7-8f3b-440c-8ecf-2f54c2a2a7c0 tempest-VolumesActionsTest-1209240998 tempest-VolumesActionsTest-1209240998-project-member] Registering scheme swift with {'store': , 'location_class': , 'store_entry': 'swift'} {{(pid=103017) register_scheme_map /opt/stack/data/venv/lib/python3.12/site-packages/glance_store/location.py:146}}
Jul 24 07:42:05.590810 np0000005822 devstack@g-api.service[103017]: DEBUG glance_store.location [None req-0ab584a7-8f3b-440c-8ecf-2f54c2a2a7c0 tempest-VolumesActionsTest-1209240998 tempest-VolumesActionsTest-1209240998-project-member] Registering scheme swift+https with {'store': , 'location_class': , 'store_entry': 'swift'} {{(pid=103017) register_scheme_map /opt/stack/data/venv/lib/python3.12/site-packages/glance_store/location.py:146}}
Jul 24 07:42:05.590868 np0000005822 devstack@g-api.service[103017]: DEBUG glance_store.location [None req-0ab584a7-8f3b-440c-8ecf-2f54c2a2a7c0 tempest-VolumesActionsTest-1209240998 tempest-VolumesActionsTest-1209240998-project-member] Registering scheme swift with {'store': , 'location_class': , 'store_entry': 'swift'} {{(pid=103017) register_scheme_map /opt/stack/data/venv/lib/python3.12/site-packages/glance_store/location.py:146}}
Jul 24 07:42:05.590924 np0000005822 devstack@g-api.service[103017]: DEBUG glance_store.location [None req-0ab584a7-8f3b-440c-8ecf-2f54c2a2a7c0 tempest-VolumesActionsTest-1209240998 tempest-VolumesActionsTest-1209240998-project-member] Registering scheme swift+http with {'store': , 'location_class': , 'store_entry': 'swift'} {{(pid=103017) register_scheme_map /opt/stack/data/venv/lib/python3.12/site-packages/glance_store/location.py:146}}
Jul 24 07:42:05.591021 np0000005822 devstack@g-api.service[103017]: DEBUG glance_store.location [None req-0ab584a7-8f3b-440c-8ecf-2f54c2a2a7c0 tempest-VolumesActionsTest-1209240998 tempest-VolumesActionsTest-1209240998-project-member] Registering scheme swift+https with {'store': , 'location_class': , 'store_entry': 'swift'} {{(pid=103017) register_scheme_map /opt/stack/data/venv/lib/python3.12/site-packages/glance_store/location.py:146}}
Jul 24 07:42:05.591079 np0000005822 devstack@g-api.service[103017]: DEBUG glance_store.location [None req-0ab584a7-8f3b-440c-8ecf-2f54c2a2a7c0 tempest-VolumesActionsTest-1209240998 tempest-VolumesActionsTest-1209240998-project-member] Registering scheme swift with {'store': , 'location_class': , 'store_entry': 'swift'} {{(pid=103017) register_scheme_map /opt/stack/data/venv/lib/python3.12/site-packages/glance_store/location.py:146}}
Jul 24 07:42:05.591298 np0000005822 devstack@g-api.service[103017]: DEBUG glance_store.location [None req-0ab584a7-8f3b-440c-8ecf-2f54c2a2a7c0 tempest-VolumesActionsTest-1209240998 tempest-VolumesActionsTest-1209240998-project-member] Registering scheme swift+http with {'store': , 'location_class': , 'store_entry': 'swift'} {{(pid=103017) register_scheme_map /opt/stack/data/venv/lib/python3.12/site-packages/glance_store/location.py:146}}
Jul 24 07:42:05.591298 np0000005822 devstack@g-api.service[103017]: DEBUG glance_store.location [None req-0ab584a7-8f3b-440c-8ecf-2f54c2a2a7c0 tempest-VolumesActionsTest-1209240998 tempest-VolumesActionsTest-1209240998-project-member] Registering scheme swift+config with {'store': , 'location_class': , 'store_entry': 'swift'} {{(pid=103017) register_scheme_map /opt/stack/data/venv/lib/python3.12/site-packages/glance_store/location.py:146}}
Jul 24 07:42:05.591298 np0000005822 devstack@g-api.service[103017]: DEBUG glance_store.backend [None req-0ab584a7-8f3b-440c-8ecf-2f54c2a2a7c0 tempest-VolumesActionsTest-1209240998 tempest-VolumesActionsTest-1209240998-project-member] Skipping store.set_acls... not implemented. {{(pid=103017) set_acls /opt/stack/data/venv/lib/python3.12/site-packages/glance_store/backend.py:507}}
Jul 24 07:42:05.593380 np0000005822 devstack@g-api.service[103017]: [pid: 103017|app: 0|req: 93/389] 127.0.0.1 () {46 vars in 1158 bytes} [Fri Jul 24 07:41:53 2026] PUT /v2/images/226e6476-3131-4472-8b6a-3984bc779616/file => generated 0 bytes in 12274 msecs (HTTP/1.1 204) 4 headers in 171 bytes (1 switches on core 0)
Jul 24 07:42:05.607862 np0000005822 devstack@g-api.service[103018]: DEBUG glance.api.middleware.version_negotiation [None req-575840a1-6b4c-4855-a124-f161a17c99a0 tempest-VolumesActionsTest-1209240998 tempest-VolumesActionsTest-1209240998-project-member] Determining version of request: GET /v2/images/226e6476-3131-4472-8b6a-3984bc779616 Accept: */* {{(pid=103018) process_request /opt/stack/glance/glance/api/middleware/version_negotiation.py:44}}
Jul 24 07:42:05.608246 np0000005822 devstack@g-api.service[103018]: DEBUG glance.api.middleware.version_negotiation [None req-575840a1-6b4c-4855-a124-f161a17c99a0 tempest-VolumesActionsTest-1209240998 tempest-VolumesActionsTest-1209240998-project-member] Using url versioning {{(pid=103018) process_request /opt/stack/glance/glance/api/middleware/version_negotiation.py:57}}
Jul 24 07:42:05.608246 np0000005822 devstack@g-api.service[103018]: DEBUG glance.api.middleware.version_negotiation [None req-575840a1-6b4c-4855-a124-f161a17c99a0 tempest-VolumesActionsTest-1209240998 tempest-VolumesActionsTest-1209240998-project-member] Matched version: v2 {{(pid=103018) process_request /opt/stack/glance/glance/api/middleware/version_negotiation.py:69}}
Jul 24 07:42:05.608246 np0000005822 devstack@g-api.service[103018]: DEBUG glance.api.middleware.version_negotiation [None req-575840a1-6b4c-4855-a124-f161a17c99a0 tempest-VolumesActionsTest-1209240998 tempest-VolumesActionsTest-1209240998-project-member] new path /v2/images/226e6476-3131-4472-8b6a-3984bc779616 {{(pid=103018) process_request /opt/stack/glance/glance/api/middleware/version_negotiation.py:70}}
Jul 24 07:42:05.620555 np0000005822 devstack@g-api.service[103018]: [pid: 103018|app: 0|req: 101/390] 127.0.0.1 () {44 vars in 1115 bytes} [Fri Jul 24 07:42:05 2026] GET /v2/images/226e6476-3131-4472-8b6a-3984bc779616 => generated 822 bytes in 12 msecs (HTTP/1.1 200) 4 headers in 157 bytes (1 switches on core 0)
Jul 24 07:42:05.630885 np0000005822 devstack@g-api.service[103019]: DEBUG glance.api.middleware.version_negotiation [None req-51b4535e-eb9e-4f16-a026-b1239eefbd29 tempest-VolumesActionsTest-1209240998 tempest-VolumesActionsTest-1209240998-project-member] Determining version of request: GET /v2/schemas/image Accept: */* {{(pid=103019) process_request /opt/stack/glance/glance/api/middleware/version_negotiation.py:44}}
Jul 24 07:42:05.631305 np0000005822 devstack@g-api.service[103019]: DEBUG glance.api.middleware.version_negotiation [None req-51b4535e-eb9e-4f16-a026-b1239eefbd29 tempest-VolumesActionsTest-1209240998 tempest-VolumesActionsTest-1209240998-project-member] Using url versioning {{(pid=103019) process_request /opt/stack/glance/glance/api/middleware/version_negotiation.py:57}}
