Jul 24 07:33:51.607691 np0000005822 systemd[1]: Starting devstack@n-api-meta.service - Devstack devstack@n-api-meta.service...
Jul 24 07:33:51.613072 np0000005822 devstack@n-api-meta.service[95959]: [uWSGI] getting INI configuration from /etc/nova/nova-metadata-uwsgi.ini
Jul 24 07:33:51.615537 np0000005822 devstack@n-api-meta.service[95959]: *** Starting uWSGI 2.0.24-debian (64bit) on [Fri Jul 24 07:33:51 2026] ***
Jul 24 07:33:51.615537 np0000005822 devstack@n-api-meta.service[95959]: compiled with version: 13.2.0 on 17 April 2024 16:23:48
Jul 24 07:33:51.615537 np0000005822 devstack@n-api-meta.service[95959]: os: Linux-6.8.0-100-generic #100-Ubuntu SMP PREEMPT_DYNAMIC Tue Jan 13 16:40:06 UTC 2026
Jul 24 07:33:51.615537 np0000005822 devstack@n-api-meta.service[95959]: nodename: np0000005822
Jul 24 07:33:51.615537 np0000005822 devstack@n-api-meta.service[95959]: machine: x86_64
Jul 24 07:33:51.615537 np0000005822 devstack@n-api-meta.service[95959]: clock source: unix
Jul 24 07:33:51.615537 np0000005822 devstack@n-api-meta.service[95959]: pcre jit disabled
Jul 24 07:33:51.615537 np0000005822 devstack@n-api-meta.service[95959]: detected number of CPU cores: 16
Jul 24 07:33:51.615537 np0000005822 devstack@n-api-meta.service[95959]: current working directory: /
Jul 24 07:33:51.615537 np0000005822 devstack@n-api-meta.service[95959]: detected binary path: /usr/bin/uwsgi-core
Jul 24 07:33:51.615537 np0000005822 devstack@n-api-meta.service[95959]: your processes number limit is 257052
Jul 24 07:33:51.615537 np0000005822 devstack@n-api-meta.service[95959]: your memory page size is 4096 bytes
Jul 24 07:33:51.615537 np0000005822 devstack@n-api-meta.service[95959]: detected max file descriptor number: 2048
Jul 24 07:33:51.615877 np0000005822 devstack@n-api-meta.service[95959]: lock engine: pthread robust mutexes
Jul 24 07:33:51.615877 np0000005822 devstack@n-api-meta.service[95959]: thunder lock: enabled
Jul 24 07:33:51.615965 np0000005822 devstack@n-api-meta.service[95959]: uWSGI http bound on 0.0.0.0:8775 fd 5
Jul 24 07:33:51.615998 np0000005822 devstack@n-api-meta.service[95959]: uwsgi socket 0 bound to TCP address 127.0.0.1:35819 (port auto-assigned) fd 4
Jul 24 07:33:51.616022 np0000005822 devstack@n-api-meta.service[95959]: Python version: 3.12.3 (main, Jun 19 2026, 12:46:00) [GCC 13.3.0]
Jul 24 07:33:51.616045 np0000005822 devstack@n-api-meta.service[95959]: PEP 405 virtualenv detected: /opt/stack/data/venv
Jul 24 07:33:51.616045 np0000005822 devstack@n-api-meta.service[95959]: Set PythonHome to /opt/stack/data/venv
Jul 24 07:33:51.650517 np0000005822 devstack@n-api-meta.service[95959]: Python main interpreter initialized at 0x72a62f8a4668
Jul 24 07:33:51.650517 np0000005822 devstack@n-api-meta.service[95959]: python threads support enabled
Jul 24 07:33:51.650517 np0000005822 devstack@n-api-meta.service[95959]: your server socket listen backlog is limited to 100 connections
Jul 24 07:33:51.650517 np0000005822 devstack@n-api-meta.service[95959]: your mercy for graceful operations on workers is 80 seconds
Jul 24 07:33:51.651164 np0000005822 devstack@n-api-meta.service[95959]: mapped 671795 bytes (656 KB) for 4 cores
Jul 24 07:33:51.651369 np0000005822 devstack@n-api-meta.service[95959]: *** Operational MODE: preforking ***
Jul 24 07:33:51.651595 np0000005822 devstack@n-api-meta.service[95959]: *** uWSGI is running in multiple interpreter mode ***
Jul 24 07:33:51.651595 np0000005822 devstack@n-api-meta.service[95959]: spawned uWSGI master process (pid: 95959)
Jul 24 07:33:51.651823 np0000005822 systemd[1]: Started devstack@n-api-meta.service - Devstack devstack@n-api-meta.service.
Jul 24 07:33:51.652255 np0000005822 devstack@n-api-meta.service[95959]: spawned uWSGI worker 1 (pid: 95960, cores: 1)
Jul 24 07:33:51.652797 np0000005822 devstack@n-api-meta.service[95959]: spawned uWSGI worker 2 (pid: 95961, cores: 1)
Jul 24 07:33:51.653299 np0000005822 devstack@n-api-meta.service[95959]: spawned uWSGI worker 3 (pid: 95962, cores: 1)
Jul 24 07:33:51.653684 np0000005822 devstack@n-api-meta.service[95959]: spawned uWSGI worker 4 (pid: 95963, cores: 1)
Jul 24 07:33:51.654153 np0000005822 devstack@n-api-meta.service[95959]: spawned uWSGI http 1 (pid: 95964)
Jul 24 07:33:51.654153 np0000005822 devstack@n-api-meta.service[95959]: running "unix_signal:15 gracefully_kill_them_all" (master-start)...
Jul 24 07:33:53.355647 np0000005822 devstack@n-api-meta.service[95962]: INFO dbcounter [None req-6ae5ebf2-cce4-4200-b6c8-7648a1692ce6 None None] Registered counter for database nova_api
Jul 24 07:33:53.401855 np0000005822 devstack@n-api-meta.service[95962]: DEBUG oslo_db.sqlalchemy.engines [None req-6ae5ebf2-cce4-4200-b6c8-7648a1692ce6 None None] MySQL server mode set to STRICT_TRANS_TABLES,STRICT_ALL_TABLES,NO_ZERO_IN_DATE,NO_ZERO_DATE,ERROR_FOR_DIVISION_BY_ZERO,TRADITIONAL,NO_ENGINE_SUBSTITUTION {{(pid=95962) _check_effective_sql_mode /opt/stack/data/venv/lib/python3.12/site-packages/oslo_db/sqlalchemy/engines.py:325}}
Jul 24 07:33:53.424097 np0000005822 devstack@n-api-meta.service[95960]: INFO dbcounter [None req-0dd59675-a7ba-4d34-8773-a31859a6833e None None] Registered counter for database nova_api
Jul 24 07:33:53.433500 np0000005822 devstack@n-api-meta.service[95962]: DEBUG dbcounter [-] [95962] Writer thread running {{(pid=95962) stat_writer /opt/stack/data/venv/lib/python3.12/site-packages/dbcounter.py:102}}
Jul 24 07:33:53.436003 np0000005822 devstack@n-api-meta.service[95962]: DEBUG nova.context [None req-6ae5ebf2-cce4-4200-b6c8-7648a1692ce6 None None] Found 2 cells: 00000000-0000-0000-0000-000000000000(cell0),8a143d8a-49b3-4ef5-9656-ff7aa4cee148(cell1) {{(pid=95962) load_cells /opt/stack/nova/nova/context.py:509}}
Jul 24 07:33:53.436315 np0000005822 devstack@n-api-meta.service[95962]: INFO nova.utils [None req-6ae5ebf2-cce4-4200-b6c8-7648a1692ce6 None None] The cell worker thread pool MainProcess.cell_worker is initialized
Jul 24 07:33:53.438751 np0000005822 devstack@n-api-meta.service[95962]: DEBUG oslo_concurrency.lockutils [None req-6ae5ebf2-cce4-4200-b6c8-7648a1692ce6 None None] Acquiring lock "00000000-0000-0000-0000-000000000000" by "nova.context.set_target_cell..get_or_set_cached_cell_and_set_connections" {{(pid=95962) inner /opt/stack/data/venv/lib/python3.12/site-packages/oslo_concurrency/lockutils.py:512}}
Jul 24 07:33:53.438999 np0000005822 devstack@n-api-meta.service[95962]: DEBUG oslo_concurrency.lockutils [None req-6ae5ebf2-cce4-4200-b6c8-7648a1692ce6 None None] Lock "00000000-0000-0000-0000-000000000000" acquired by "nova.context.set_target_cell..get_or_set_cached_cell_and_set_connections" :: waited 0.000s {{(pid=95962) inner /opt/stack/data/venv/lib/python3.12/site-packages/oslo_concurrency/lockutils.py:525}}
Jul 24 07:33:53.439574 np0000005822 devstack@n-api-meta.service[95962]: DEBUG oslo_concurrency.lockutils [None req-6ae5ebf2-cce4-4200-b6c8-7648a1692ce6 None None] Lock "00000000-0000-0000-0000-000000000000" "released" by "nova.context.set_target_cell..get_or_set_cached_cell_and_set_connections" :: held 0.001s {{(pid=95962) inner /opt/stack/data/venv/lib/python3.12/site-packages/oslo_concurrency/lockutils.py:544}}
Jul 24 07:33:53.440400 np0000005822 devstack@n-api-meta.service[95962]: DEBUG oslo_concurrency.lockutils [None req-6ae5ebf2-cce4-4200-b6c8-7648a1692ce6 None None] Acquiring lock "8a143d8a-49b3-4ef5-9656-ff7aa4cee148" by "nova.context.set_target_cell..get_or_set_cached_cell_and_set_connections" {{(pid=95962) inner /opt/stack/data/venv/lib/python3.12/site-packages/oslo_concurrency/lockutils.py:512}}
Jul 24 07:33:53.442125 np0000005822 devstack@n-api-meta.service[95962]: INFO dbcounter [None req-6ae5ebf2-cce4-4200-b6c8-7648a1692ce6 None None] Registered counter for database nova_cell0
Jul 24 07:33:53.442797 np0000005822 devstack@n-api-meta.service[95961]: INFO dbcounter [None req-975f18ee-3f26-4f60-9886-a0c5bfd5a2b1 None None] Registered counter for database nova_api
Jul 24 07:33:53.443603 np0000005822 devstack@n-api-meta.service[95962]: DEBUG oslo_concurrency.lockutils [None req-6ae5ebf2-cce4-4200-b6c8-7648a1692ce6 None None] Lock "8a143d8a-49b3-4ef5-9656-ff7aa4cee148" acquired by "nova.context.set_target_cell..get_or_set_cached_cell_and_set_connections" :: waited 0.002s {{(pid=95962) inner /opt/stack/data/venv/lib/python3.12/site-packages/oslo_concurrency/lockutils.py:525}}
Jul 24 07:33:53.445365 np0000005822 devstack@n-api-meta.service[95962]: DEBUG oslo_concurrency.lockutils [None req-6ae5ebf2-cce4-4200-b6c8-7648a1692ce6 None None] Lock "8a143d8a-49b3-4ef5-9656-ff7aa4cee148" "released" by "nova.context.set_target_cell..get_or_set_cached_cell_and_set_connections" :: held 0.003s {{(pid=95962) inner /opt/stack/data/venv/lib/python3.12/site-packages/oslo_concurrency/lockutils.py:544}}
Jul 24 07:33:53.449241 np0000005822 devstack@n-api-meta.service[95962]: INFO dbcounter [None req-6ae5ebf2-cce4-4200-b6c8-7648a1692ce6 None None] Registered counter for database nova_cell1
Jul 24 07:33:53.469764 np0000005822 devstack@n-api-meta.service[95960]: DEBUG oslo_db.sqlalchemy.engines [None req-0dd59675-a7ba-4d34-8773-a31859a6833e None None] MySQL server mode set to STRICT_TRANS_TABLES,STRICT_ALL_TABLES,NO_ZERO_IN_DATE,NO_ZERO_DATE,ERROR_FOR_DIVISION_BY_ZERO,TRADITIONAL,NO_ENGINE_SUBSTITUTION {{(pid=95960) _check_effective_sql_mode /opt/stack/data/venv/lib/python3.12/site-packages/oslo_db/sqlalchemy/engines.py:325}}
Jul 24 07:33:53.488291 np0000005822 devstack@n-api-meta.service[95961]: DEBUG oslo_db.sqlalchemy.engines [None req-975f18ee-3f26-4f60-9886-a0c5bfd5a2b1 None None] MySQL server mode set to STRICT_TRANS_TABLES,STRICT_ALL_TABLES,NO_ZERO_IN_DATE,NO_ZERO_DATE,ERROR_FOR_DIVISION_BY_ZERO,TRADITIONAL,NO_ENGINE_SUBSTITUTION {{(pid=95961) _check_effective_sql_mode /opt/stack/data/venv/lib/python3.12/site-packages/oslo_db/sqlalchemy/engines.py:325}}
Jul 24 07:33:53.501884 np0000005822 devstack@n-api-meta.service[95962]: DEBUG oslo_db.sqlalchemy.engines [None req-6ae5ebf2-cce4-4200-b6c8-7648a1692ce6 None None] MySQL server mode set to STRICT_TRANS_TABLES,STRICT_ALL_TABLES,NO_ZERO_IN_DATE,NO_ZERO_DATE,ERROR_FOR_DIVISION_BY_ZERO,TRADITIONAL,NO_ENGINE_SUBSTITUTION {{(pid=95962) _check_effective_sql_mode /opt/stack/data/venv/lib/python3.12/site-packages/oslo_db/sqlalchemy/engines.py:325}}
Jul 24 07:33:53.504161 np0000005822 devstack@n-api-meta.service[95960]: DEBUG dbcounter [-] [95960] Writer thread running {{(pid=95960) stat_writer /opt/stack/data/venv/lib/python3.12/site-packages/dbcounter.py:102}}
Jul 24 07:33:53.507154 np0000005822 devstack@n-api-meta.service[95960]: DEBUG nova.context [None req-0dd59675-a7ba-4d34-8773-a31859a6833e None None] Found 2 cells: 00000000-0000-0000-0000-000000000000(cell0),8a143d8a-49b3-4ef5-9656-ff7aa4cee148(cell1) {{(pid=95960) load_cells /opt/stack/nova/nova/context.py:509}}
Jul 24 07:33:53.507154 np0000005822 devstack@n-api-meta.service[95960]: INFO nova.utils [None req-0dd59675-a7ba-4d34-8773-a31859a6833e None None] The cell worker thread pool MainProcess.cell_worker is initialized
Jul 24 07:33:53.507372 np0000005822 devstack@n-api-meta.service[95962]: DEBUG oslo_db.sqlalchemy.engines [None req-6ae5ebf2-cce4-4200-b6c8-7648a1692ce6 None None] MySQL server mode set to STRICT_TRANS_TABLES,STRICT_ALL_TABLES,NO_ZERO_IN_DATE,NO_ZERO_DATE,ERROR_FOR_DIVISION_BY_ZERO,TRADITIONAL,NO_ENGINE_SUBSTITUTION {{(pid=95962) _check_effective_sql_mode /opt/stack/data/venv/lib/python3.12/site-packages/oslo_db/sqlalchemy/engines.py:325}}
Jul 24 07:33:53.508900 np0000005822 devstack@n-api-meta.service[95960]: DEBUG oslo_concurrency.lockutils [None req-0dd59675-a7ba-4d34-8773-a31859a6833e None None] Acquiring lock "00000000-0000-0000-0000-000000000000" by "nova.context.set_target_cell..get_or_set_cached_cell_and_set_connections" {{(pid=95960) inner /opt/stack/data/venv/lib/python3.12/site-packages/oslo_concurrency/lockutils.py:512}}
Jul 24 07:33:53.509065 np0000005822 devstack@n-api-meta.service[95960]: DEBUG oslo_concurrency.lockutils [None req-0dd59675-a7ba-4d34-8773-a31859a6833e None None] Lock "00000000-0000-0000-0000-000000000000" acquired by "nova.context.set_target_cell..get_or_set_cached_cell_and_set_connections" :: waited 0.000s {{(pid=95960) inner /opt/stack/data/venv/lib/python3.12/site-packages/oslo_concurrency/lockutils.py:525}}
Jul 24 07:33:53.509483 np0000005822 devstack@n-api-meta.service[95960]: DEBUG oslo_concurrency.lockutils [None req-0dd59675-a7ba-4d34-8773-a31859a6833e None None] Lock "00000000-0000-0000-0000-000000000000" "released" by "nova.context.set_target_cell..get_or_set_cached_cell_and_set_connections" :: held 0.000s {{(pid=95960) inner /opt/stack/data/venv/lib/python3.12/site-packages/oslo_concurrency/lockutils.py:544}}
Jul 24 07:33:53.510218 np0000005822 devstack@n-api-meta.service[95960]: DEBUG oslo_concurrency.lockutils [None req-0dd59675-a7ba-4d34-8773-a31859a6833e None None] Acquiring lock "8a143d8a-49b3-4ef5-9656-ff7aa4cee148" by "nova.context.set_target_cell..get_or_set_cached_cell_and_set_connections" {{(pid=95960) inner /opt/stack/data/venv/lib/python3.12/site-packages/oslo_concurrency/lockutils.py:512}}
Jul 24 07:33:53.510405 np0000005822 devstack@n-api-meta.service[95960]: DEBUG oslo_concurrency.lockutils [None req-0dd59675-a7ba-4d34-8773-a31859a6833e None None] Lock "8a143d8a-49b3-4ef5-9656-ff7aa4cee148" acquired by "nova.context.set_target_cell..get_or_set_cached_cell_and_set_connections" :: waited 0.000s {{(pid=95960) inner /opt/stack/data/venv/lib/python3.12/site-packages/oslo_concurrency/lockutils.py:525}}
Jul 24 07:33:53.511155 np0000005822 devstack@n-api-meta.service[95960]: DEBUG oslo_concurrency.lockutils [None req-0dd59675-a7ba-4d34-8773-a31859a6833e None None] Lock "8a143d8a-49b3-4ef5-9656-ff7aa4cee148" "released" by "nova.context.set_target_cell..get_or_set_cached_cell_and_set_connections" :: held 0.001s {{(pid=95960) inner /opt/stack/data/venv/lib/python3.12/site-packages/oslo_concurrency/lockutils.py:544}}
Jul 24 07:33:53.513277 np0000005822 devstack@n-api-meta.service[95960]: INFO dbcounter [None req-0dd59675-a7ba-4d34-8773-a31859a6833e None None] Registered counter for database nova_cell0
Jul 24 07:33:53.516596 np0000005822 devstack@n-api-meta.service[95960]: INFO dbcounter [None req-0dd59675-a7ba-4d34-8773-a31859a6833e None None] Registered counter for database nova_cell1
Jul 24 07:33:53.521172 np0000005822 devstack@n-api-meta.service[95961]: DEBUG dbcounter [-] [95961] Writer thread running {{(pid=95961) stat_writer /opt/stack/data/venv/lib/python3.12/site-packages/dbcounter.py:102}}
Jul 24 07:33:53.523995 np0000005822 devstack@n-api-meta.service[95961]: DEBUG nova.context [None req-975f18ee-3f26-4f60-9886-a0c5bfd5a2b1 None None] Found 2 cells: 00000000-0000-0000-0000-000000000000(cell0),8a143d8a-49b3-4ef5-9656-ff7aa4cee148(cell1) {{(pid=95961) load_cells /opt/stack/nova/nova/context.py:509}}
Jul 24 07:33:53.524291 np0000005822 devstack@n-api-meta.service[95961]: INFO nova.utils [None req-975f18ee-3f26-4f60-9886-a0c5bfd5a2b1 None None] The cell worker thread pool MainProcess.cell_worker is initialized
Jul 24 07:33:53.526384 np0000005822 devstack@n-api-meta.service[95961]: DEBUG oslo_concurrency.lockutils [None req-975f18ee-3f26-4f60-9886-a0c5bfd5a2b1 None None] Acquiring lock "00000000-0000-0000-0000-000000000000" by "nova.context.set_target_cell..get_or_set_cached_cell_and_set_connections" {{(pid=95961) inner /opt/stack/data/venv/lib/python3.12/site-packages/oslo_concurrency/lockutils.py:512}}
Jul 24 07:33:53.526574 np0000005822 devstack@n-api-meta.service[95961]: DEBUG oslo_concurrency.lockutils [None req-975f18ee-3f26-4f60-9886-a0c5bfd5a2b1 None None] Lock "00000000-0000-0000-0000-000000000000" acquired by "nova.context.set_target_cell..get_or_set_cached_cell_and_set_connections" :: waited 0.000s {{(pid=95961) inner /opt/stack/data/venv/lib/python3.12/site-packages/oslo_concurrency/lockutils.py:525}}
Jul 24 07:33:53.527034 np0000005822 devstack@n-api-meta.service[95961]: DEBUG oslo_concurrency.lockutils [None req-975f18ee-3f26-4f60-9886-a0c5bfd5a2b1 None None] Lock "00000000-0000-0000-0000-000000000000" "released" by "nova.context.set_target_cell..get_or_set_cached_cell_and_set_connections" :: held 0.000s {{(pid=95961) inner /opt/stack/data/venv/lib/python3.12/site-packages/oslo_concurrency/lockutils.py:544}}
Jul 24 07:33:53.527700 np0000005822 devstack@n-api-meta.service[95961]: DEBUG oslo_concurrency.lockutils [None req-975f18ee-3f26-4f60-9886-a0c5bfd5a2b1 None None] Acquiring lock "8a143d8a-49b3-4ef5-9656-ff7aa4cee148" by "nova.context.set_target_cell..get_or_set_cached_cell_and_set_connections" {{(pid=95961) inner /opt/stack/data/venv/lib/python3.12/site-packages/oslo_concurrency/lockutils.py:512}}
Jul 24 07:33:53.529131 np0000005822 devstack@n-api-meta.service[95961]: INFO dbcounter [None req-975f18ee-3f26-4f60-9886-a0c5bfd5a2b1 None None] Registered counter for database nova_cell0
Jul 24 07:33:53.530282 np0000005822 devstack@n-api-meta.service[95961]: DEBUG oslo_concurrency.lockutils [None req-975f18ee-3f26-4f60-9886-a0c5bfd5a2b1 None None] Lock "8a143d8a-49b3-4ef5-9656-ff7aa4cee148" acquired by "nova.context.set_target_cell..get_or_set_cached_cell_and_set_connections" :: waited 0.001s {{(pid=95961) inner /opt/stack/data/venv/lib/python3.12/site-packages/oslo_concurrency/lockutils.py:525}}
Jul 24 07:33:53.531502 np0000005822 devstack@n-api-meta.service[95961]: DEBUG oslo_concurrency.lockutils [None req-975f18ee-3f26-4f60-9886-a0c5bfd5a2b1 None None] Lock "8a143d8a-49b3-4ef5-9656-ff7aa4cee148" "released" by "nova.context.set_target_cell..get_or_set_cached_cell_and_set_connections" :: held 0.002s {{(pid=95961) inner /opt/stack/data/venv/lib/python3.12/site-packages/oslo_concurrency/lockutils.py:544}}
Jul 24 07:33:53.532950 np0000005822 devstack@n-api-meta.service[95961]: INFO dbcounter [None req-975f18ee-3f26-4f60-9886-a0c5bfd5a2b1 None None] Registered counter for database nova_cell1
Jul 24 07:33:53.571962 np0000005822 devstack@n-api-meta.service[95960]: DEBUG oslo_db.sqlalchemy.engines [None req-0dd59675-a7ba-4d34-8773-a31859a6833e None None] MySQL server mode set to STRICT_TRANS_TABLES,STRICT_ALL_TABLES,NO_ZERO_IN_DATE,NO_ZERO_DATE,ERROR_FOR_DIVISION_BY_ZERO,TRADITIONAL,NO_ENGINE_SUBSTITUTION {{(pid=95960) _check_effective_sql_mode /opt/stack/data/venv/lib/python3.12/site-packages/oslo_db/sqlalchemy/engines.py:325}}
Jul 24 07:33:53.577235 np0000005822 devstack@n-api-meta.service[95961]: DEBUG oslo_db.sqlalchemy.engines [None req-975f18ee-3f26-4f60-9886-a0c5bfd5a2b1 None None] MySQL server mode set to STRICT_TRANS_TABLES,STRICT_ALL_TABLES,NO_ZERO_IN_DATE,NO_ZERO_DATE,ERROR_FOR_DIVISION_BY_ZERO,TRADITIONAL,NO_ENGINE_SUBSTITUTION {{(pid=95961) _check_effective_sql_mode /opt/stack/data/venv/lib/python3.12/site-packages/oslo_db/sqlalchemy/engines.py:325}}
Jul 24 07:33:53.578527 np0000005822 devstack@n-api-meta.service[95961]: DEBUG oslo_db.sqlalchemy.engines [None req-975f18ee-3f26-4f60-9886-a0c5bfd5a2b1 None None] MySQL server mode set to STRICT_TRANS_TABLES,STRICT_ALL_TABLES,NO_ZERO_IN_DATE,NO_ZERO_DATE,ERROR_FOR_DIVISION_BY_ZERO,TRADITIONAL,NO_ENGINE_SUBSTITUTION {{(pid=95961) _check_effective_sql_mode /opt/stack/data/venv/lib/python3.12/site-packages/oslo_db/sqlalchemy/engines.py:325}}
Jul 24 07:33:53.580601 np0000005822 devstack@n-api-meta.service[95963]: INFO dbcounter [None req-d49f48a7-1622-4850-b49a-a4d9a78a02f6 None None] Registered counter for database nova_api
Jul 24 07:33:53.598045 np0000005822 devstack@n-api-meta.service[95960]: DEBUG oslo_db.sqlalchemy.engines [None req-0dd59675-a7ba-4d34-8773-a31859a6833e None None] MySQL server mode set to STRICT_TRANS_TABLES,STRICT_ALL_TABLES,NO_ZERO_IN_DATE,NO_ZERO_DATE,ERROR_FOR_DIVISION_BY_ZERO,TRADITIONAL,NO_ENGINE_SUBSTITUTION {{(pid=95960) _check_effective_sql_mode /opt/stack/data/venv/lib/python3.12/site-packages/oslo_db/sqlalchemy/engines.py:325}}
Jul 24 07:33:53.603033 np0000005822 devstack@n-api-meta.service[95962]: DEBUG dbcounter [-] [95962] Writer thread running {{(pid=95962) stat_writer /opt/stack/data/venv/lib/python3.12/site-packages/dbcounter.py:102}}
Jul 24 07:33:53.607307 np0000005822 devstack@n-api-meta.service[95962]: DEBUG dbcounter [-] [95962] Writer thread running {{(pid=95962) stat_writer /opt/stack/data/venv/lib/python3.12/site-packages/dbcounter.py:102}}
Jul 24 07:33:53.611249 np0000005822 devstack@n-api-meta.service[95962]: INFO dbcounter [None req-6ae5ebf2-cce4-4200-b6c8-7648a1692ce6 None None] Registered counter for database nova_cell0
Jul 24 07:33:53.649442 np0000005822 devstack@n-api-meta.service[95963]: DEBUG oslo_db.sqlalchemy.engines [None req-d49f48a7-1622-4850-b49a-a4d9a78a02f6 None None] MySQL server mode set to STRICT_TRANS_TABLES,STRICT_ALL_TABLES,NO_ZERO_IN_DATE,NO_ZERO_DATE,ERROR_FOR_DIVISION_BY_ZERO,TRADITIONAL,NO_ENGINE_SUBSTITUTION {{(pid=95963) _check_effective_sql_mode /opt/stack/data/venv/lib/python3.12/site-packages/oslo_db/sqlalchemy/engines.py:325}}
Jul 24 07:33:53.659106 np0000005822 devstack@n-api-meta.service[95961]: DEBUG dbcounter [-] [95961] Writer thread running {{(pid=95961) stat_writer /opt/stack/data/venv/lib/python3.12/site-packages/dbcounter.py:102}}
Jul 24 07:33:53.662542 np0000005822 devstack@n-api-meta.service[95961]: DEBUG dbcounter [-] [95961] Writer thread running {{(pid=95961) stat_writer /opt/stack/data/venv/lib/python3.12/site-packages/dbcounter.py:102}}
Jul 24 07:33:53.667517 np0000005822 devstack@n-api-meta.service[95962]: DEBUG oslo_db.sqlalchemy.engines [None req-6ae5ebf2-cce4-4200-b6c8-7648a1692ce6 None None] MySQL server mode set to STRICT_TRANS_TABLES,STRICT_ALL_TABLES,NO_ZERO_IN_DATE,NO_ZERO_DATE,ERROR_FOR_DIVISION_BY_ZERO,TRADITIONAL,NO_ENGINE_SUBSTITUTION {{(pid=95962) _check_effective_sql_mode /opt/stack/data/venv/lib/python3.12/site-packages/oslo_db/sqlalchemy/engines.py:325}}
Jul 24 07:33:53.669030 np0000005822 devstack@n-api-meta.service[95961]: INFO dbcounter [None req-975f18ee-3f26-4f60-9886-a0c5bfd5a2b1 None None] Registered counter for database nova_cell0
Jul 24 07:33:53.675692 np0000005822 devstack@n-api-meta.service[95962]: DEBUG dbcounter [-] [95962] Writer thread running {{(pid=95962) stat_writer /opt/stack/data/venv/lib/python3.12/site-packages/dbcounter.py:102}}
Jul 24 07:33:53.688575 np0000005822 devstack@n-api-meta.service[95963]: DEBUG dbcounter [-] [95963] Writer thread running {{(pid=95963) stat_writer /opt/stack/data/venv/lib/python3.12/site-packages/dbcounter.py:102}}
Jul 24 07:33:53.691253 np0000005822 devstack@n-api-meta.service[95963]: DEBUG nova.context [None req-d49f48a7-1622-4850-b49a-a4d9a78a02f6 None None] Found 2 cells: 00000000-0000-0000-0000-000000000000(cell0),8a143d8a-49b3-4ef5-9656-ff7aa4cee148(cell1) {{(pid=95963) load_cells /opt/stack/nova/nova/context.py:509}}
Jul 24 07:33:53.691550 np0000005822 devstack@n-api-meta.service[95963]: INFO nova.utils [None req-d49f48a7-1622-4850-b49a-a4d9a78a02f6 None None] The cell worker thread pool MainProcess.cell_worker is initialized
Jul 24 07:33:53.693960 np0000005822 devstack@n-api-meta.service[95963]: DEBUG oslo_concurrency.lockutils [None req-d49f48a7-1622-4850-b49a-a4d9a78a02f6 None None] Acquiring lock "00000000-0000-0000-0000-000000000000" by "nova.context.set_target_cell..get_or_set_cached_cell_and_set_connections" {{(pid=95963) inner /opt/stack/data/venv/lib/python3.12/site-packages/oslo_concurrency/lockutils.py:512}}
Jul 24 07:33:53.694117 np0000005822 devstack@n-api-meta.service[95960]: DEBUG dbcounter [-] [95960] Writer thread running {{(pid=95960) stat_writer /opt/stack/data/venv/lib/python3.12/site-packages/dbcounter.py:102}}
Jul 24 07:33:53.694160 np0000005822 devstack@n-api-meta.service[95963]: DEBUG oslo_concurrency.lockutils [None req-d49f48a7-1622-4850-b49a-a4d9a78a02f6 None None] Lock "00000000-0000-0000-0000-000000000000" acquired by "nova.context.set_target_cell..get_or_set_cached_cell_and_set_connections" :: waited 0.000s {{(pid=95963) inner /opt/stack/data/venv/lib/python3.12/site-packages/oslo_concurrency/lockutils.py:525}}
Jul 24 07:33:53.694626 np0000005822 devstack@n-api-meta.service[95963]: DEBUG oslo_concurrency.lockutils [None req-d49f48a7-1622-4850-b49a-a4d9a78a02f6 None None] Lock "00000000-0000-0000-0000-000000000000" "released" by "nova.context.set_target_cell..get_or_set_cached_cell_and_set_connections" :: held 0.000s {{(pid=95963) inner /opt/stack/data/venv/lib/python3.12/site-packages/oslo_concurrency/lockutils.py:544}}
Jul 24 07:33:53.695180 np0000005822 devstack@n-api-meta.service[95963]: DEBUG oslo_concurrency.lockutils [None req-d49f48a7-1622-4850-b49a-a4d9a78a02f6 None None] Acquiring lock "8a143d8a-49b3-4ef5-9656-ff7aa4cee148" by "nova.context.set_target_cell..get_or_set_cached_cell_and_set_connections" {{(pid=95963) inner /opt/stack/data/venv/lib/python3.12/site-packages/oslo_concurrency/lockutils.py:512}}
Jul 24 07:33:53.695394 np0000005822 devstack@n-api-meta.service[95963]: DEBUG oslo_concurrency.lockutils [None req-d49f48a7-1622-4850-b49a-a4d9a78a02f6 None None] Lock "8a143d8a-49b3-4ef5-9656-ff7aa4cee148" acquired by "nova.context.set_target_cell..get_or_set_cached_cell_and_set_connections" :: waited 0.000s {{(pid=95963) inner /opt/stack/data/venv/lib/python3.12/site-packages/oslo_concurrency/lockutils.py:525}}
Jul 24 07:33:53.696405 np0000005822 devstack@n-api-meta.service[95963]: DEBUG oslo_concurrency.lockutils [None req-d49f48a7-1622-4850-b49a-a4d9a78a02f6 None None] Lock "8a143d8a-49b3-4ef5-9656-ff7aa4cee148" "released" by "nova.context.set_target_cell..get_or_set_cached_cell_and_set_connections" :: held 0.001s {{(pid=95963) inner /opt/stack/data/venv/lib/python3.12/site-packages/oslo_concurrency/lockutils.py:544}}
Jul 24 07:33:53.697291 np0000005822 devstack@n-api-meta.service[95960]: DEBUG dbcounter [-] [95960] Writer thread running {{(pid=95960) stat_writer /opt/stack/data/venv/lib/python3.12/site-packages/dbcounter.py:102}}
Jul 24 07:33:53.698029 np0000005822 devstack@n-api-meta.service[95963]: INFO dbcounter [None req-d49f48a7-1622-4850-b49a-a4d9a78a02f6 None None] Registered counter for database nova_cell0
Jul 24 07:33:53.699522 np0000005822 devstack@n-api-meta.service[95960]: INFO dbcounter [None req-0dd59675-a7ba-4d34-8773-a31859a6833e None None] Registered counter for database nova_cell0
Jul 24 07:33:53.701273 np0000005822 devstack@n-api-meta.service[95963]: INFO dbcounter [None req-d49f48a7-1622-4850-b49a-a4d9a78a02f6 None None] Registered counter for database nova_cell1
Jul 24 07:33:53.718624 np0000005822 devstack@n-api-meta.service[95961]: DEBUG oslo_db.sqlalchemy.engines [None req-975f18ee-3f26-4f60-9886-a0c5bfd5a2b1 None None] MySQL server mode set to STRICT_TRANS_TABLES,STRICT_ALL_TABLES,NO_ZERO_IN_DATE,NO_ZERO_DATE,ERROR_FOR_DIVISION_BY_ZERO,TRADITIONAL,NO_ENGINE_SUBSTITUTION {{(pid=95961) _check_effective_sql_mode /opt/stack/data/venv/lib/python3.12/site-packages/oslo_db/sqlalchemy/engines.py:325}}
Jul 24 07:33:53.726743 np0000005822 devstack@n-api-meta.service[95961]: DEBUG dbcounter [-] [95961] Writer thread running {{(pid=95961) stat_writer /opt/stack/data/venv/lib/python3.12/site-packages/dbcounter.py:102}}
Jul 24 07:33:53.730825 np0000005822 devstack@n-api-meta.service[95962]: WARNING nova.api.metadata.handler [None req-6ae5ebf2-cce4-4200-b6c8-7648a1692ce6 None None] metadata_proxy_shared_secret is not configured, the metadata information returned by the proxy cannot be trusted
Jul 24 07:33:53.733728 np0000005822 devstack@n-api-meta.service[95962]: DEBUG nova.api.openstack.wsgi_app [None req-6ae5ebf2-cce4-4200-b6c8-7648a1692ce6 None None] ******************************************************************************** {{(pid=95962) log_opt_values /opt/stack/data/venv/lib/python3.12/site-packages/oslo_config/cfg.py:3226}}
Jul 24 07:33:53.733951 np0000005822 devstack@n-api-meta.service[95962]: DEBUG nova.api.openstack.wsgi_app [None req-6ae5ebf2-cce4-4200-b6c8-7648a1692ce6 None None] Configuration options gathered from: {{(pid=95962) log_opt_values /opt/stack/data/venv/lib/python3.12/site-packages/oslo_config/cfg.py:3227}}
Jul 24 07:33:53.734139 np0000005822 devstack@n-api-meta.service[95962]: DEBUG nova.api.openstack.wsgi_app [None req-6ae5ebf2-cce4-4200-b6c8-7648a1692ce6 None None] command line args: [] {{(pid=95962) log_opt_values /opt/stack/data/venv/lib/python3.12/site-packages/oslo_config/cfg.py:3228}}
Jul 24 07:33:53.734359 np0000005822 devstack@n-api-meta.service[95962]: DEBUG nova.api.openstack.wsgi_app [None req-6ae5ebf2-cce4-4200-b6c8-7648a1692ce6 None None] config files: ['/etc/nova/api-paste.ini', '/etc/nova/nova.conf'] {{(pid=95962) log_opt_values /opt/stack/data/venv/lib/python3.12/site-packages/oslo_config/cfg.py:3229}}
Jul 24 07:33:53.734491 np0000005822 devstack@n-api-meta.service[95962]: DEBUG nova.api.openstack.wsgi_app [None req-6ae5ebf2-cce4-4200-b6c8-7648a1692ce6 None None] ================================================================================ {{(pid=95962) log_opt_values /opt/stack/data/venv/lib/python3.12/site-packages/oslo_config/cfg.py:3234}}
Jul 24 07:33:53.734726 np0000005822 devstack@n-api-meta.service[95962]: DEBUG nova.api.openstack.wsgi_app [None req-6ae5ebf2-cce4-4200-b6c8-7648a1692ce6 None None] allow_resize_to_same_host = True {{(pid=95962) log_opt_values /opt/stack/data/venv/lib/python3.12/site-packages/oslo_config/cfg.py:3242}}
Jul 24 07:33:53.734916 np0000005822 devstack@n-api-meta.service[95962]: DEBUG nova.api.openstack.wsgi_app [None req-6ae5ebf2-cce4-4200-b6c8-7648a1692ce6 None None] arq_binding_timeout = 300 {{(pid=95962) log_opt_values /opt/stack/data/venv/lib/python3.12/site-packages/oslo_config/cfg.py:3242}}
Jul 24 07:33:53.734968 np0000005822 devstack@n-api-meta.service[95960]: DEBUG oslo_db.sqlalchemy.engines [None req-0dd59675-a7ba-4d34-8773-a31859a6833e None None] MySQL server mode set to STRICT_TRANS_TABLES,STRICT_ALL_TABLES,NO_ZERO_IN_DATE,NO_ZERO_DATE,ERROR_FOR_DIVISION_BY_ZERO,TRADITIONAL,NO_ENGINE_SUBSTITUTION {{(pid=95960) _check_effective_sql_mode /opt/stack/data/venv/lib/python3.12/site-packages/oslo_db/sqlalchemy/engines.py:325}}
Jul 24 07:33:53.735080 np0000005822 devstack@n-api-meta.service[95962]: DEBUG nova.api.openstack.wsgi_app [None req-6ae5ebf2-cce4-4200-b6c8-7648a1692ce6 None None] block_device_allocate_retries = 60 {{(pid=95962) log_opt_values /opt/stack/data/venv/lib/python3.12/site-packages/oslo_config/cfg.py:3242}}
Jul 24 07:33:53.735296 np0000005822 devstack@n-api-meta.service[95962]: DEBUG nova.api.openstack.wsgi_app [None req-6ae5ebf2-cce4-4200-b6c8-7648a1692ce6 None None] block_device_allocate_retries_interval = 3 {{(pid=95962) log_opt_values /opt/stack/data/venv/lib/python3.12/site-packages/oslo_config/cfg.py:3242}}
Jul 24 07:33:53.735413 np0000005822 devstack@n-api-meta.service[95962]: DEBUG nova.api.openstack.wsgi_app [None req-6ae5ebf2-cce4-4200-b6c8-7648a1692ce6 None None] cell_worker_thread_pool_size = 5 {{(pid=95962) log_opt_values /opt/stack/data/venv/lib/python3.12/site-packages/oslo_config/cfg.py:3242}}
Jul 24 07:33:53.735589 np0000005822 devstack@n-api-meta.service[95962]: DEBUG nova.api.openstack.wsgi_app [None req-6ae5ebf2-cce4-4200-b6c8-7648a1692ce6 None None] cert = self.pem {{(pid=95962) log_opt_values /opt/stack/data/venv/lib/python3.12/site-packages/oslo_config/cfg.py:3242}}
Jul 24 07:33:53.735730 np0000005822 devstack@n-api-meta.service[95962]: DEBUG nova.api.openstack.wsgi_app [None req-6ae5ebf2-cce4-4200-b6c8-7648a1692ce6 None None] compute_driver = libvirt.LibvirtDriver {{(pid=95962) log_opt_values /opt/stack/data/venv/lib/python3.12/site-packages/oslo_config/cfg.py:3242}}
Jul 24 07:33:53.735909 np0000005822 devstack@n-api-meta.service[95962]: DEBUG nova.api.openstack.wsgi_app [None req-6ae5ebf2-cce4-4200-b6c8-7648a1692ce6 None None] compute_monitors = [] {{(pid=95962) log_opt_values /opt/stack/data/venv/lib/python3.12/site-packages/oslo_config/cfg.py:3242}}
Jul 24 07:33:53.736073 np0000005822 devstack@n-api-meta.service[95962]: DEBUG nova.api.openstack.wsgi_app [None req-6ae5ebf2-cce4-4200-b6c8-7648a1692ce6 None None] concurrency_backend = auto {{(pid=95962) log_opt_values /opt/stack/data/venv/lib/python3.12/site-packages/oslo_config/cfg.py:3242}}
Jul 24 07:33:53.736274 np0000005822 devstack@n-api-meta.service[95962]: DEBUG nova.api.openstack.wsgi_app [None req-6ae5ebf2-cce4-4200-b6c8-7648a1692ce6 None None] config_dir = [] {{(pid=95962) log_opt_values /opt/stack/data/venv/lib/python3.12/site-packages/oslo_config/cfg.py:3242}}
Jul 24 07:33:53.736434 np0000005822 devstack@n-api-meta.service[95962]: DEBUG nova.api.openstack.wsgi_app [None req-6ae5ebf2-cce4-4200-b6c8-7648a1692ce6 None None] config_drive_format = iso9660 {{(pid=95962) log_opt_values /opt/stack/data/venv/lib/python3.12/site-packages/oslo_config/cfg.py:3242}}
Jul 24 07:33:53.736563 np0000005822 devstack@n-api-meta.service[95962]: DEBUG nova.api.openstack.wsgi_app [None req-6ae5ebf2-cce4-4200-b6c8-7648a1692ce6 None None] config_file = ['/etc/nova/api-paste.ini', '/etc/nova/nova.conf'] {{(pid=95962) log_opt_values /opt/stack/data/venv/lib/python3.12/site-packages/oslo_config/cfg.py:3242}}
Jul 24 07:33:53.736715 np0000005822 devstack@n-api-meta.service[95962]: DEBUG nova.api.openstack.wsgi_app [None req-6ae5ebf2-cce4-4200-b6c8-7648a1692ce6 None None] config_source = [] {{(pid=95962) log_opt_values /opt/stack/data/venv/lib/python3.12/site-packages/oslo_config/cfg.py:3242}}
Jul 24 07:33:53.736879 np0000005822 devstack@n-api-meta.service[95962]: DEBUG nova.api.openstack.wsgi_app [None req-6ae5ebf2-cce4-4200-b6c8-7648a1692ce6 None None] console_host = np0000005822 {{(pid=95962) log_opt_values /opt/stack/data/venv/lib/python3.12/site-packages/oslo_config/cfg.py:3242}}
Jul 24 07:33:53.737039 np0000005822 devstack@n-api-meta.service[95962]: DEBUG nova.api.openstack.wsgi_app [None req-6ae5ebf2-cce4-4200-b6c8-7648a1692ce6 None None] control_exchange = nova {{(pid=95962) log_opt_values /opt/stack/data/venv/lib/python3.12/site-packages/oslo_config/cfg.py:3242}}
Jul 24 07:33:53.737192 np0000005822 devstack@n-api-meta.service[95962]: DEBUG nova.api.openstack.wsgi_app [None req-6ae5ebf2-cce4-4200-b6c8-7648a1692ce6 None None] cpu_allocation_ratio = None {{(pid=95962) log_opt_values /opt/stack/data/venv/lib/python3.12/site-packages/oslo_config/cfg.py:3242}}
Jul 24 07:33:53.737362 np0000005822 devstack@n-api-meta.service[95962]: DEBUG nova.api.openstack.wsgi_app [None req-6ae5ebf2-cce4-4200-b6c8-7648a1692ce6 None None] daemon = False {{(pid=95962) log_opt_values /opt/stack/data/venv/lib/python3.12/site-packages/oslo_config/cfg.py:3242}}
Jul 24 07:33:53.737522 np0000005822 devstack@n-api-meta.service[95962]: DEBUG nova.api.openstack.wsgi_app [None req-6ae5ebf2-cce4-4200-b6c8-7648a1692ce6 None None] debug = True {{(pid=95962) log_opt_values /opt/stack/data/venv/lib/python3.12/site-packages/oslo_config/cfg.py:3242}}
Jul 24 07:33:53.737665 np0000005822 devstack@n-api-meta.service[95962]: DEBUG nova.api.openstack.wsgi_app [None req-6ae5ebf2-cce4-4200-b6c8-7648a1692ce6 None None] default_access_ip_network_name = None {{(pid=95962) log_opt_values /opt/stack/data/venv/lib/python3.12/site-packages/oslo_config/cfg.py:3242}}
Jul 24 07:33:53.737829 np0000005822 devstack@n-api-meta.service[95962]: DEBUG nova.api.openstack.wsgi_app [None req-6ae5ebf2-cce4-4200-b6c8-7648a1692ce6 None None] default_availability_zone = nova {{(pid=95962) log_opt_values /opt/stack/data/venv/lib/python3.12/site-packages/oslo_config/cfg.py:3242}}
Jul 24 07:33:53.737980 np0000005822 devstack@n-api-meta.service[95962]: DEBUG nova.api.openstack.wsgi_app [None req-6ae5ebf2-cce4-4200-b6c8-7648a1692ce6 None None] default_ephemeral_format = ext4 {{(pid=95962) log_opt_values /opt/stack/data/venv/lib/python3.12/site-packages/oslo_config/cfg.py:3242}}
Jul 24 07:33:53.738132 np0000005822 devstack@n-api-meta.service[95962]: DEBUG nova.api.openstack.wsgi_app [None req-6ae5ebf2-cce4-4200-b6c8-7648a1692ce6 None None] default_green_pool_size = 1000 {{(pid=95962) log_opt_values /opt/stack/data/venv/lib/python3.12/site-packages/oslo_config/cfg.py:3242}}
Jul 24 07:33:53.738407 np0000005822 devstack@n-api-meta.service[95962]: DEBUG nova.api.openstack.wsgi_app [None req-6ae5ebf2-cce4-4200-b6c8-7648a1692ce6 None None] default_log_levels = ['amqp=WARN', 'boto=WARN', 'sqlalchemy=WARN', 'suds=INFO', 'oslo.messaging=INFO', 'oslo_messaging=INFO', 'iso8601=WARN', 'requests.packages.urllib3.connectionpool=WARN', 'urllib3.connectionpool=WARN', 'websocket=WARN', 'requests.packages.urllib3.util.retry=WARN', 'urllib3.util.retry=WARN', 'keystonemiddleware=WARN', 'routes.middleware=WARN', 'stevedore=WARN', 'taskflow=WARN', 'keystoneauth=WARN', 'oslo.cache=INFO', 'oslo_policy=INFO', 'dogpile.core.dogpile=INFO', 'glanceclient=WARN', 'oslo.privsep.daemon=INFO'] {{(pid=95962) log_opt_values /opt/stack/data/venv/lib/python3.12/site-packages/oslo_config/cfg.py:3242}}
Jul 24 07:33:53.738550 np0000005822 devstack@n-api-meta.service[95962]: DEBUG nova.api.openstack.wsgi_app [None req-6ae5ebf2-cce4-4200-b6c8-7648a1692ce6 None None] default_schedule_zone = None {{(pid=95962) log_opt_values /opt/stack/data/venv/lib/python3.12/site-packages/oslo_config/cfg.py:3242}}
Jul 24 07:33:53.738695 np0000005822 devstack@n-api-meta.service[95962]: DEBUG nova.api.openstack.wsgi_app [None req-6ae5ebf2-cce4-4200-b6c8-7648a1692ce6 None None] default_thread_pool_size = 10 {{(pid=95962) log_opt_values /opt/stack/data/venv/lib/python3.12/site-packages/oslo_config/cfg.py:3242}}
Jul 24 07:33:53.738847 np0000005822 devstack@n-api-meta.service[95962]: DEBUG nova.api.openstack.wsgi_app [None req-6ae5ebf2-cce4-4200-b6c8-7648a1692ce6 None None] disk_allocation_ratio = None {{(pid=95962) log_opt_values /opt/stack/data/venv/lib/python3.12/site-packages/oslo_config/cfg.py:3242}}
Jul 24 07:33:53.738992 np0000005822 devstack@n-api-meta.service[95962]: DEBUG nova.api.openstack.wsgi_app [None req-6ae5ebf2-cce4-4200-b6c8-7648a1692ce6 None None] enable_new_services = True {{(pid=95962) log_opt_values /opt/stack/data/venv/lib/python3.12/site-packages/oslo_config/cfg.py:3242}}
Jul 24 07:33:53.739156 np0000005822 devstack@n-api-meta.service[95962]: DEBUG nova.api.openstack.wsgi_app [None req-6ae5ebf2-cce4-4200-b6c8-7648a1692ce6 None None] flat_injected = False {{(pid=95962) log_opt_values /opt/stack/data/venv/lib/python3.12/site-packages/oslo_config/cfg.py:3242}}
Jul 24 07:33:53.739320 np0000005822 devstack@n-api-meta.service[95962]: DEBUG nova.api.openstack.wsgi_app [None req-6ae5ebf2-cce4-4200-b6c8-7648a1692ce6 None None] force_config_drive = True {{(pid=95962) log_opt_values /opt/stack/data/venv/lib/python3.12/site-packages/oslo_config/cfg.py:3242}}
Jul 24 07:33:53.739464 np0000005822 devstack@n-api-meta.service[95962]: DEBUG nova.api.openstack.wsgi_app [None req-6ae5ebf2-cce4-4200-b6c8-7648a1692ce6 None None] force_raw_images = True {{(pid=95962) log_opt_values /opt/stack/data/venv/lib/python3.12/site-packages/oslo_config/cfg.py:3242}}
Jul 24 07:33:53.739619 np0000005822 devstack@n-api-meta.service[95962]: DEBUG nova.api.openstack.wsgi_app [None req-6ae5ebf2-cce4-4200-b6c8-7648a1692ce6 None None] graceful_shutdown_timeout = 5 {{(pid=95962) log_opt_values /opt/stack/data/venv/lib/python3.12/site-packages/oslo_config/cfg.py:3242}}
Jul 24 07:33:53.739798 np0000005822 devstack@n-api-meta.service[95962]: DEBUG nova.api.openstack.wsgi_app [None req-6ae5ebf2-cce4-4200-b6c8-7648a1692ce6 None None] heal_instance_info_cache_interval = -1 {{(pid=95962) log_opt_values /opt/stack/data/venv/lib/python3.12/site-packages/oslo_config/cfg.py:3242}}
Jul 24 07:33:53.740007 np0000005822 devstack@n-api-meta.service[95962]: DEBUG nova.api.openstack.wsgi_app [None req-6ae5ebf2-cce4-4200-b6c8-7648a1692ce6 None None] host = np0000005822 {{(pid=95962) log_opt_values /opt/stack/data/venv/lib/python3.12/site-packages/oslo_config/cfg.py:3242}}
Jul 24 07:33:53.740233 np0000005822 devstack@n-api-meta.service[95962]: DEBUG nova.api.openstack.wsgi_app [None req-6ae5ebf2-cce4-4200-b6c8-7648a1692ce6 None None] initial_cpu_allocation_ratio = 4.0 {{(pid=95962) log_opt_values /opt/stack/data/venv/lib/python3.12/site-packages/oslo_config/cfg.py:3242}}
Jul 24 07:33:53.740391 np0000005822 devstack@n-api-meta.service[95962]: DEBUG nova.api.openstack.wsgi_app [None req-6ae5ebf2-cce4-4200-b6c8-7648a1692ce6 None None] initial_disk_allocation_ratio = 1.0 {{(pid=95962) log_opt_values /opt/stack/data/venv/lib/python3.12/site-packages/oslo_config/cfg.py:3242}}
Jul 24 07:33:53.740545 np0000005822 devstack@n-api-meta.service[95962]: DEBUG nova.api.openstack.wsgi_app [None req-6ae5ebf2-cce4-4200-b6c8-7648a1692ce6 None None] initial_ram_allocation_ratio = 1.0 {{(pid=95962) log_opt_values /opt/stack/data/venv/lib/python3.12/site-packages/oslo_config/cfg.py:3242}}
Jul 24 07:33:53.740753 np0000005822 devstack@n-api-meta.service[95962]: DEBUG nova.api.openstack.wsgi_app [None req-6ae5ebf2-cce4-4200-b6c8-7648a1692ce6 None None] injected_network_template = /opt/stack/nova/nova/virt/interfaces.template {{(pid=95962) log_opt_values /opt/stack/data/venv/lib/python3.12/site-packages/oslo_config/cfg.py:3242}}
Jul 24 07:33:53.740921 np0000005822 devstack@n-api-meta.service[95962]: DEBUG nova.api.openstack.wsgi_app [None req-6ae5ebf2-cce4-4200-b6c8-7648a1692ce6 None None] instance_build_timeout = 0 {{(pid=95962) log_opt_values /opt/stack/data/venv/lib/python3.12/site-packages/oslo_config/cfg.py:3242}}
Jul 24 07:33:53.741077 np0000005822 devstack@n-api-meta.service[95962]: DEBUG nova.api.openstack.wsgi_app [None req-6ae5ebf2-cce4-4200-b6c8-7648a1692ce6 None None] instance_delete_interval = 300 {{(pid=95962) log_opt_values /opt/stack/data/venv/lib/python3.12/site-packages/oslo_config/cfg.py:3242}}
Jul 24 07:33:53.741255 np0000005822 devstack@n-api-meta.service[95962]: DEBUG nova.api.openstack.wsgi_app [None req-6ae5ebf2-cce4-4200-b6c8-7648a1692ce6 None None] instance_format = [instance: %(uuid)s] {{(pid=95962) log_opt_values /opt/stack/data/venv/lib/python3.12/site-packages/oslo_config/cfg.py:3242}}
Jul 24 07:33:53.741411 np0000005822 devstack@n-api-meta.service[95962]: DEBUG nova.api.openstack.wsgi_app [None req-6ae5ebf2-cce4-4200-b6c8-7648a1692ce6 None None] instance_name_template = instance-%08x {{(pid=95962) log_opt_values /opt/stack/data/venv/lib/python3.12/site-packages/oslo_config/cfg.py:3242}}
Jul 24 07:33:53.741561 np0000005822 devstack@n-api-meta.service[95962]: DEBUG nova.api.openstack.wsgi_app [None req-6ae5ebf2-cce4-4200-b6c8-7648a1692ce6 None None] instance_usage_audit = False {{(pid=95962) log_opt_values /opt/stack/data/venv/lib/python3.12/site-packages/oslo_config/cfg.py:3242}}
Jul 24 07:33:53.741722 np0000005822 devstack@n-api-meta.service[95962]: DEBUG nova.api.openstack.wsgi_app [None req-6ae5ebf2-cce4-4200-b6c8-7648a1692ce6 None None] instance_usage_audit_period = month {{(pid=95962) log_opt_values /opt/stack/data/venv/lib/python3.12/site-packages/oslo_config/cfg.py:3242}}
Jul 24 07:33:53.741888 np0000005822 devstack@n-api-meta.service[95962]: DEBUG nova.api.openstack.wsgi_app [None req-6ae5ebf2-cce4-4200-b6c8-7648a1692ce6 None None] instance_uuid_format = [instance: %(uuid)s] {{(pid=95962) log_opt_values /opt/stack/data/venv/lib/python3.12/site-packages/oslo_config/cfg.py:3242}}
Jul 24 07:33:53.741975 np0000005822 devstack@n-api-meta.service[95960]: DEBUG dbcounter [-] [95960] Writer thread running {{(pid=95960) stat_writer /opt/stack/data/venv/lib/python3.12/site-packages/dbcounter.py:102}}
Jul 24 07:33:53.742098 np0000005822 devstack@n-api-meta.service[95962]: DEBUG nova.api.openstack.wsgi_app [None req-6ae5ebf2-cce4-4200-b6c8-7648a1692ce6 None None] instances_path = /opt/stack/data/nova/instances {{(pid=95962) log_opt_values /opt/stack/data/venv/lib/python3.12/site-packages/oslo_config/cfg.py:3242}}
Jul 24 07:33:53.742197 np0000005822 devstack@n-api-meta.service[95962]: DEBUG nova.api.openstack.wsgi_app [None req-6ae5ebf2-cce4-4200-b6c8-7648a1692ce6 None None] internal_service_availability_zone = internal {{(pid=95962) log_opt_values /opt/stack/data/venv/lib/python3.12/site-packages/oslo_config/cfg.py:3242}}
Jul 24 07:33:53.742360 np0000005822 devstack@n-api-meta.service[95962]: DEBUG nova.api.openstack.wsgi_app [None req-6ae5ebf2-cce4-4200-b6c8-7648a1692ce6 None None] key = None {{(pid=95962) log_opt_values /opt/stack/data/venv/lib/python3.12/site-packages/oslo_config/cfg.py:3242}}
Jul 24 07:33:53.742508 np0000005822 devstack@n-api-meta.service[95962]: DEBUG nova.api.openstack.wsgi_app [None req-6ae5ebf2-cce4-4200-b6c8-7648a1692ce6 None None] live_migration_retry_count = 30 {{(pid=95962) log_opt_values /opt/stack/data/venv/lib/python3.12/site-packages/oslo_config/cfg.py:3242}}
Jul 24 07:33:53.742662 np0000005822 devstack@n-api-meta.service[95962]: DEBUG nova.api.openstack.wsgi_app [None req-6ae5ebf2-cce4-4200-b6c8-7648a1692ce6 None None] log_color = False {{(pid=95962) log_opt_values /opt/stack/data/venv/lib/python3.12/site-packages/oslo_config/cfg.py:3242}}
Jul 24 07:33:53.742825 np0000005822 devstack@n-api-meta.service[95962]: DEBUG nova.api.openstack.wsgi_app [None req-6ae5ebf2-cce4-4200-b6c8-7648a1692ce6 None None] log_config_append = None {{(pid=95962) log_opt_values /opt/stack/data/venv/lib/python3.12/site-packages/oslo_config/cfg.py:3242}}
Jul 24 07:33:53.742976 np0000005822 devstack@n-api-meta.service[95962]: DEBUG nova.api.openstack.wsgi_app [None req-6ae5ebf2-cce4-4200-b6c8-7648a1692ce6 None None] log_date_format = %Y-%m-%d %H:%M:%S {{(pid=95962) log_opt_values /opt/stack/data/venv/lib/python3.12/site-packages/oslo_config/cfg.py:3242}}
Jul 24 07:33:53.743132 np0000005822 devstack@n-api-meta.service[95962]: DEBUG nova.api.openstack.wsgi_app [None req-6ae5ebf2-cce4-4200-b6c8-7648a1692ce6 None None] log_dir = None {{(pid=95962) log_opt_values /opt/stack/data/venv/lib/python3.12/site-packages/oslo_config/cfg.py:3242}}
Jul 24 07:33:53.743317 np0000005822 devstack@n-api-meta.service[95962]: DEBUG nova.api.openstack.wsgi_app [None req-6ae5ebf2-cce4-4200-b6c8-7648a1692ce6 None None] log_file = None {{(pid=95962) log_opt_values /opt/stack/data/venv/lib/python3.12/site-packages/oslo_config/cfg.py:3242}}
Jul 24 07:33:53.743440 np0000005822 devstack@n-api-meta.service[95962]: DEBUG nova.api.openstack.wsgi_app [None req-6ae5ebf2-cce4-4200-b6c8-7648a1692ce6 None None] log_options = True {{(pid=95962) log_opt_values /opt/stack/data/venv/lib/python3.12/site-packages/oslo_config/cfg.py:3242}}
Jul 24 07:33:53.743588 np0000005822 devstack@n-api-meta.service[95962]: DEBUG nova.api.openstack.wsgi_app [None req-6ae5ebf2-cce4-4200-b6c8-7648a1692ce6 None None] log_rotate_interval = 1 {{(pid=95962) log_opt_values /opt/stack/data/venv/lib/python3.12/site-packages/oslo_config/cfg.py:3242}}
Jul 24 07:33:53.743742 np0000005822 devstack@n-api-meta.service[95962]: DEBUG nova.api.openstack.wsgi_app [None req-6ae5ebf2-cce4-4200-b6c8-7648a1692ce6 None None] log_rotate_interval_type = days {{(pid=95962) log_opt_values /opt/stack/data/venv/lib/python3.12/site-packages/oslo_config/cfg.py:3242}}
Jul 24 07:33:53.743906 np0000005822 devstack@n-api-meta.service[95962]: DEBUG nova.api.openstack.wsgi_app [None req-6ae5ebf2-cce4-4200-b6c8-7648a1692ce6 None None] log_rotation_type = none {{(pid=95962) log_opt_values /opt/stack/data/venv/lib/python3.12/site-packages/oslo_config/cfg.py:3242}}
Jul 24 07:33:53.744025 np0000005822 devstack@n-api-meta.service[95962]: DEBUG nova.api.openstack.wsgi_app [None req-6ae5ebf2-cce4-4200-b6c8-7648a1692ce6 None None] logging_context_format_string = %(color)s%(levelname)s %(name)s [%(global_request_id)s %(request_id)s %(project_name)s %(user_name)s%(color)s] %(instance)s%(color)s%(message)s {{(pid=95962) log_opt_values /opt/stack/data/venv/lib/python3.12/site-packages/oslo_config/cfg.py:3242}}
Jul 24 07:33:53.744148 np0000005822 devstack@n-api-meta.service[95962]: DEBUG nova.api.openstack.wsgi_app [None req-6ae5ebf2-cce4-4200-b6c8-7648a1692ce6 None None] logging_debug_format_suffix = {{(pid=%(process)d) %(funcName)s %(pathname)s:%(lineno)d}} {{(pid=95962) log_opt_values /opt/stack/data/venv/lib/python3.12/site-packages/oslo_config/cfg.py:3242}}
Jul 24 07:33:53.744322 np0000005822 devstack@n-api-meta.service[95962]: DEBUG nova.api.openstack.wsgi_app [None req-6ae5ebf2-cce4-4200-b6c8-7648a1692ce6 None None] logging_default_format_string = %(color)s%(levelname)s %(name)s [-%(color)s] %(instance)s%(color)s%(message)s {{(pid=95962) log_opt_values /opt/stack/data/venv/lib/python3.12/site-packages/oslo_config/cfg.py:3242}}
Jul 24 07:33:53.744472 np0000005822 devstack@n-api-meta.service[95962]: DEBUG nova.api.openstack.wsgi_app [None req-6ae5ebf2-cce4-4200-b6c8-7648a1692ce6 None None] logging_exception_prefix = ERROR %(name)s %(instance)s {{(pid=95962) log_opt_values /opt/stack/data/venv/lib/python3.12/site-packages/oslo_config/cfg.py:3242}}
Jul 24 07:33:53.744589 np0000005822 devstack@n-api-meta.service[95962]: DEBUG nova.api.openstack.wsgi_app [None req-6ae5ebf2-cce4-4200-b6c8-7648a1692ce6 None None] logging_user_identity_format = %(user)s %(project)s %(domain)s %(system_scope)s %(user_domain)s %(project_domain)s {{(pid=95962) log_opt_values /opt/stack/data/venv/lib/python3.12/site-packages/oslo_config/cfg.py:3242}}
Jul 24 07:33:53.744734 np0000005822 devstack@n-api-meta.service[95962]: DEBUG nova.api.openstack.wsgi_app [None req-6ae5ebf2-cce4-4200-b6c8-7648a1692ce6 None None] long_rpc_timeout = 1800 {{(pid=95962) log_opt_values /opt/stack/data/venv/lib/python3.12/site-packages/oslo_config/cfg.py:3242}}
Jul 24 07:33:53.744889 np0000005822 devstack@n-api-meta.service[95962]: DEBUG nova.api.openstack.wsgi_app [None req-6ae5ebf2-cce4-4200-b6c8-7648a1692ce6 None None] manager_shutdown_timeout = 160 {{(pid=95962) log_opt_values /opt/stack/data/venv/lib/python3.12/site-packages/oslo_config/cfg.py:3242}}
Jul 24 07:33:53.745037 np0000005822 devstack@n-api-meta.service[95962]: DEBUG nova.api.openstack.wsgi_app [None req-6ae5ebf2-cce4-4200-b6c8-7648a1692ce6 None None] max_concurrent_builds = 10 {{(pid=95962) log_opt_values /opt/stack/data/venv/lib/python3.12/site-packages/oslo_config/cfg.py:3242}}
