Jul 24 07:33:53.126961 np0000005822 nova-scheduler[96543]: DEBUG cotyledon.oslo_config_glue [-] workarounds.libvirt_disable_apic = False {{(pid=96543) log_opt_values /opt/stack/data/venv/lib/python3.12/site-packages/oslo_config/cfg.py:3253}}
Jul 24 07:33:53.126961 np0000005822 nova-scheduler[96543]: DEBUG cotyledon.oslo_config_glue [-] workarounds.never_download_image_if_on_rbd = False {{(pid=96543) log_opt_values /opt/stack/data/venv/lib/python3.12/site-packages/oslo_config/cfg.py:3253}}
Jul 24 07:33:53.126961 np0000005822 nova-scheduler[96543]: DEBUG cotyledon.oslo_config_glue [-] workarounds.qemu_monitor_announce_self_count = 3 {{(pid=96543) log_opt_values /opt/stack/data/venv/lib/python3.12/site-packages/oslo_config/cfg.py:3253}}
Jul 24 07:33:53.126961 np0000005822 nova-scheduler[96543]: DEBUG cotyledon.oslo_config_glue [-] workarounds.qemu_monitor_announce_self_interval = 1 {{(pid=96543) log_opt_values /opt/stack/data/venv/lib/python3.12/site-packages/oslo_config/cfg.py:3253}}
Jul 24 07:33:53.126961 np0000005822 nova-scheduler[96543]: DEBUG cotyledon.oslo_config_glue [-] workarounds.reserve_disk_resource_for_image_cache = False {{(pid=96543) log_opt_values /opt/stack/data/venv/lib/python3.12/site-packages/oslo_config/cfg.py:3253}}
Jul 24 07:33:53.127389 np0000005822 nova-scheduler[96543]: DEBUG cotyledon.oslo_config_glue [-] workarounds.skip_cpu_compare_at_startup = False {{(pid=96543) log_opt_values /opt/stack/data/venv/lib/python3.12/site-packages/oslo_config/cfg.py:3253}}
Jul 24 07:33:53.127389 np0000005822 nova-scheduler[96543]: DEBUG cotyledon.oslo_config_glue [-] workarounds.skip_cpu_compare_on_dest = False {{(pid=96543) log_opt_values /opt/stack/data/venv/lib/python3.12/site-packages/oslo_config/cfg.py:3253}}
Jul 24 07:33:53.127389 np0000005822 nova-scheduler[96543]: DEBUG cotyledon.oslo_config_glue [-] workarounds.skip_hypervisor_version_check_on_lm = False {{(pid=96543) log_opt_values /opt/stack/data/venv/lib/python3.12/site-packages/oslo_config/cfg.py:3253}}
Jul 24 07:33:53.127389 np0000005822 nova-scheduler[96543]: DEBUG cotyledon.oslo_config_glue [-] workarounds.skip_reserve_in_use_ironic_nodes = False {{(pid=96543) log_opt_values /opt/stack/data/venv/lib/python3.12/site-packages/oslo_config/cfg.py:3253}}
Jul 24 07:33:53.127389 np0000005822 nova-scheduler[96543]: DEBUG cotyledon.oslo_config_glue [-] workarounds.unified_limits_count_pcpu_as_vcpu = False {{(pid=96543) log_opt_values /opt/stack/data/venv/lib/python3.12/site-packages/oslo_config/cfg.py:3253}}
Jul 24 07:33:53.127389 np0000005822 nova-scheduler[96543]: DEBUG cotyledon.oslo_config_glue [-] workarounds.wait_for_vif_plugged_event_during_hard_reboot = [] {{(pid=96543) log_opt_values /opt/stack/data/venv/lib/python3.12/site-packages/oslo_config/cfg.py:3253}}
Jul 24 07:33:53.127574 np0000005822 nova-scheduler[96543]: DEBUG cotyledon.oslo_config_glue [-] wsgi.api_paste_config = /etc/nova/api-paste.ini {{(pid=96543) log_opt_values /opt/stack/data/venv/lib/python3.12/site-packages/oslo_config/cfg.py:3253}}
Jul 24 07:33:53.127574 np0000005822 nova-scheduler[96543]: DEBUG cotyledon.oslo_config_glue [-] wsgi.secure_proxy_ssl_header = None {{(pid=96543) log_opt_values /opt/stack/data/venv/lib/python3.12/site-packages/oslo_config/cfg.py:3253}}
Jul 24 07:33:53.127574 np0000005822 nova-scheduler[96543]: DEBUG cotyledon.oslo_config_glue [-] zvm.ca_file = None {{(pid=96543) log_opt_values /opt/stack/data/venv/lib/python3.12/site-packages/oslo_config/cfg.py:3253}}
Jul 24 07:33:53.127673 np0000005822 nova-scheduler[96543]: DEBUG cotyledon.oslo_config_glue [-] zvm.cloud_connector_url = None {{(pid=96543) log_opt_values /opt/stack/data/venv/lib/python3.12/site-packages/oslo_config/cfg.py:3253}}
Jul 24 07:33:53.127710 np0000005822 nova-scheduler[96543]: DEBUG cotyledon.oslo_config_glue [-] zvm.image_tmp_path = /opt/stack/data/nova/images {{(pid=96543) log_opt_values /opt/stack/data/venv/lib/python3.12/site-packages/oslo_config/cfg.py:3253}}
Jul 24 07:33:53.127747 np0000005822 nova-scheduler[96543]: DEBUG cotyledon.oslo_config_glue [-] zvm.reachable_timeout = 300 {{(pid=96543) log_opt_values /opt/stack/data/venv/lib/python3.12/site-packages/oslo_config/cfg.py:3253}}
Jul 24 07:33:53.127796 np0000005822 nova-scheduler[96532]: DEBUG oslo_db.sqlalchemy.engines [None req-91f330c0-31ca-4f46-ba1b-43dcff1e75a6 None None] MySQL server mode set to STRICT_TRANS_TABLES,STRICT_ALL_TABLES,NO_ZERO_IN_DATE,NO_ZERO_DATE,ERROR_FOR_DIVISION_BY_ZERO,TRADITIONAL,NO_ENGINE_SUBSTITUTION {{(pid=96532) _check_effective_sql_mode /opt/stack/data/venv/lib/python3.12/site-packages/oslo_db/sqlalchemy/engines.py:325}}
Jul 24 07:33:53.127869 np0000005822 nova-scheduler[96543]: DEBUG cotyledon.oslo_config_glue [-] oslo_versionedobjects.fatal_exception_format_errors = False {{(pid=96543) log_opt_values /opt/stack/data/venv/lib/python3.12/site-packages/oslo_config/cfg.py:3253}}
Jul 24 07:33:53.127975 np0000005822 nova-scheduler[96543]: DEBUG cotyledon.oslo_config_glue [-] oslo_middleware.http_basic_auth_user_file = /etc/htpasswd {{(pid=96543) log_opt_values /opt/stack/data/venv/lib/python3.12/site-packages/oslo_config/cfg.py:3253}}
Jul 24 07:33:53.128078 np0000005822 nova-scheduler[96543]: DEBUG cotyledon.oslo_config_glue [-] oslo_messaging_metrics.metrics_buffer_size = 1000 {{(pid=96543) log_opt_values /opt/stack/data/venv/lib/python3.12/site-packages/oslo_config/cfg.py:3253}}
Jul 24 07:33:53.128152 np0000005822 nova-scheduler[96543]: DEBUG cotyledon.oslo_config_glue [-] oslo_messaging_metrics.metrics_enabled = False {{(pid=96543) log_opt_values /opt/stack/data/venv/lib/python3.12/site-packages/oslo_config/cfg.py:3253}}
Jul 24 07:33:53.128254 np0000005822 nova-scheduler[96543]: DEBUG cotyledon.oslo_config_glue [-] oslo_messaging_metrics.metrics_process_name = {{(pid=96543) log_opt_values /opt/stack/data/venv/lib/python3.12/site-packages/oslo_config/cfg.py:3253}}
Jul 24 07:33:53.128338 np0000005822 nova-scheduler[96543]: DEBUG cotyledon.oslo_config_glue [-] oslo_messaging_metrics.metrics_socket_file = /var/tmp/metrics_collector.sock {{(pid=96543) log_opt_values /opt/stack/data/venv/lib/python3.12/site-packages/oslo_config/cfg.py:3253}}
Jul 24 07:33:53.128412 np0000005822 nova-scheduler[96543]: DEBUG cotyledon.oslo_config_glue [-] oslo_messaging_metrics.metrics_thread_stop_timeout = 10 {{(pid=96543) log_opt_values /opt/stack/data/venv/lib/python3.12/site-packages/oslo_config/cfg.py:3253}}
Jul 24 07:33:53.128521 np0000005822 nova-scheduler[96543]: DEBUG cotyledon.oslo_config_glue [-] profiler.connection_string = messaging:// {{(pid=96543) log_opt_values /opt/stack/data/venv/lib/python3.12/site-packages/oslo_config/cfg.py:3253}}
Jul 24 07:33:53.128587 np0000005822 nova-scheduler[96543]: DEBUG cotyledon.oslo_config_glue [-] profiler.enabled = False {{(pid=96543) log_opt_values /opt/stack/data/venv/lib/python3.12/site-packages/oslo_config/cfg.py:3253}}
Jul 24 07:33:53.128645 np0000005822 nova-scheduler[96543]: DEBUG cotyledon.oslo_config_glue [-] profiler.es_doc_type = notification {{(pid=96543) log_opt_values /opt/stack/data/venv/lib/python3.12/site-packages/oslo_config/cfg.py:3253}}
Jul 24 07:33:53.128694 np0000005822 nova-scheduler[96543]: DEBUG cotyledon.oslo_config_glue [-] profiler.es_scroll_size = 10000 {{(pid=96543) log_opt_values /opt/stack/data/venv/lib/python3.12/site-packages/oslo_config/cfg.py:3253}}
Jul 24 07:33:53.128759 np0000005822 nova-scheduler[96543]: DEBUG cotyledon.oslo_config_glue [-] profiler.es_scroll_time = 2m {{(pid=96543) log_opt_values /opt/stack/data/venv/lib/python3.12/site-packages/oslo_config/cfg.py:3253}}
Jul 24 07:33:53.128837 np0000005822 nova-scheduler[96543]: DEBUG cotyledon.oslo_config_glue [-] profiler.filter_error_trace = False {{(pid=96543) log_opt_values /opt/stack/data/venv/lib/python3.12/site-packages/oslo_config/cfg.py:3253}}
Jul 24 07:33:53.128911 np0000005822 nova-scheduler[96543]: DEBUG cotyledon.oslo_config_glue [-] profiler.hmac_keys = **** {{(pid=96543) log_opt_values /opt/stack/data/venv/lib/python3.12/site-packages/oslo_config/cfg.py:3253}}
Jul 24 07:33:53.128986 np0000005822 nova-scheduler[96543]: DEBUG cotyledon.oslo_config_glue [-] profiler.sentinel_service_name = mymaster {{(pid=96543) log_opt_values /opt/stack/data/venv/lib/python3.12/site-packages/oslo_config/cfg.py:3253}}
Jul 24 07:33:53.129059 np0000005822 nova-scheduler[96543]: DEBUG cotyledon.oslo_config_glue [-] profiler.socket_timeout = 0.1 {{(pid=96543) log_opt_values /opt/stack/data/venv/lib/python3.12/site-packages/oslo_config/cfg.py:3253}}
Jul 24 07:33:53.129128 np0000005822 nova-scheduler[96543]: DEBUG cotyledon.oslo_config_glue [-] profiler.trace_requests = False {{(pid=96543) log_opt_values /opt/stack/data/venv/lib/python3.12/site-packages/oslo_config/cfg.py:3253}}
Jul 24 07:33:53.129198 np0000005822 nova-scheduler[96543]: DEBUG cotyledon.oslo_config_glue [-] profiler.trace_sqlalchemy = False {{(pid=96543) log_opt_values /opt/stack/data/venv/lib/python3.12/site-packages/oslo_config/cfg.py:3253}}
Jul 24 07:33:53.129299 np0000005822 nova-scheduler[96543]: DEBUG cotyledon.oslo_config_glue [-] profiler_jaeger.process_tags = {} {{(pid=96543) log_opt_values /opt/stack/data/venv/lib/python3.12/site-packages/oslo_config/cfg.py:3253}}
Jul 24 07:33:53.129359 np0000005822 nova-scheduler[96543]: DEBUG cotyledon.oslo_config_glue [-] profiler_jaeger.service_name_prefix = None {{(pid=96543) log_opt_values /opt/stack/data/venv/lib/python3.12/site-packages/oslo_config/cfg.py:3253}}
Jul 24 07:33:53.129446 np0000005822 nova-scheduler[96543]: DEBUG cotyledon.oslo_config_glue [-] profiler_otlp.service_name_prefix = None {{(pid=96543) log_opt_values /opt/stack/data/venv/lib/python3.12/site-packages/oslo_config/cfg.py:3253}}
Jul 24 07:33:53.129567 np0000005822 nova-scheduler[96543]: DEBUG cotyledon.oslo_config_glue [-] oslo_messaging_rabbit.amqp_auto_delete = False {{(pid=96543) log_opt_values /opt/stack/data/venv/lib/python3.12/site-packages/oslo_config/cfg.py:3253}}
Jul 24 07:33:53.129646 np0000005822 nova-scheduler[96543]: DEBUG cotyledon.oslo_config_glue [-] oslo_messaging_rabbit.amqp_durable_queues = False {{(pid=96543) log_opt_values /opt/stack/data/venv/lib/python3.12/site-packages/oslo_config/cfg.py:3253}}
Jul 24 07:33:53.129729 np0000005822 nova-scheduler[96543]: DEBUG cotyledon.oslo_config_glue [-] oslo_messaging_rabbit.conn_pool_min_size = 2 {{(pid=96543) log_opt_values /opt/stack/data/venv/lib/python3.12/site-packages/oslo_config/cfg.py:3253}}
Jul 24 07:33:53.129817 np0000005822 nova-scheduler[96543]: DEBUG cotyledon.oslo_config_glue [-] oslo_messaging_rabbit.conn_pool_ttl = 1200 {{(pid=96543) log_opt_values /opt/stack/data/venv/lib/python3.12/site-packages/oslo_config/cfg.py:3253}}
Jul 24 07:33:53.129889 np0000005822 nova-scheduler[96543]: DEBUG cotyledon.oslo_config_glue [-] oslo_messaging_rabbit.direct_mandatory_flag = True {{(pid=96543) log_opt_values /opt/stack/data/venv/lib/python3.12/site-packages/oslo_config/cfg.py:3253}}
Jul 24 07:33:53.129929 np0000005822 nova-scheduler[96543]: DEBUG cotyledon.oslo_config_glue [-] oslo_messaging_rabbit.enable_cancel_on_failover = False {{(pid=96543) log_opt_values /opt/stack/data/venv/lib/python3.12/site-packages/oslo_config/cfg.py:3253}}
Jul 24 07:33:53.129981 np0000005822 nova-scheduler[96543]: DEBUG cotyledon.oslo_config_glue [-] oslo_messaging_rabbit.heartbeat_rate = 3 {{(pid=96543) log_opt_values /opt/stack/data/venv/lib/python3.12/site-packages/oslo_config/cfg.py:3253}}
Jul 24 07:33:53.130035 np0000005822 nova-scheduler[96543]: DEBUG cotyledon.oslo_config_glue [-] oslo_messaging_rabbit.heartbeat_timeout_threshold = 60 {{(pid=96543) log_opt_values /opt/stack/data/venv/lib/python3.12/site-packages/oslo_config/cfg.py:3253}}
Jul 24 07:33:53.130117 np0000005822 nova-scheduler[96543]: DEBUG cotyledon.oslo_config_glue [-] oslo_messaging_rabbit.hostname = np0000005822 {{(pid=96543) log_opt_values /opt/stack/data/venv/lib/python3.12/site-packages/oslo_config/cfg.py:3253}}
Jul 24 07:33:53.130219 np0000005822 nova-scheduler[96543]: DEBUG cotyledon.oslo_config_glue [-] oslo_messaging_rabbit.kombu_compression = None {{(pid=96543) log_opt_values /opt/stack/data/venv/lib/python3.12/site-packages/oslo_config/cfg.py:3253}}
Jul 24 07:33:53.130277 np0000005822 nova-scheduler[96543]: DEBUG cotyledon.oslo_config_glue [-] oslo_messaging_rabbit.kombu_failover_strategy = round-robin {{(pid=96543) log_opt_values /opt/stack/data/venv/lib/python3.12/site-packages/oslo_config/cfg.py:3253}}
Jul 24 07:33:53.130699 np0000005822 nova-scheduler[96543]: DEBUG cotyledon.oslo_config_glue [-] oslo_messaging_rabbit.kombu_missing_consumer_retry_timeout = 60 {{(pid=96543) log_opt_values /opt/stack/data/venv/lib/python3.12/site-packages/oslo_config/cfg.py:3253}}
Jul 24 07:33:53.130699 np0000005822 nova-scheduler[96543]: DEBUG cotyledon.oslo_config_glue [-] oslo_messaging_rabbit.kombu_reconnect_delay = 1.0 {{(pid=96543) log_opt_values /opt/stack/data/venv/lib/python3.12/site-packages/oslo_config/cfg.py:3253}}
Jul 24 07:33:53.130699 np0000005822 nova-scheduler[96543]: DEBUG cotyledon.oslo_config_glue [-] oslo_messaging_rabbit.kombu_reconnect_splay = 0.0 {{(pid=96543) log_opt_values /opt/stack/data/venv/lib/python3.12/site-packages/oslo_config/cfg.py:3253}}
Jul 24 07:33:53.130699 np0000005822 nova-scheduler[96543]: DEBUG cotyledon.oslo_config_glue [-] oslo_messaging_rabbit.processname = nova-scheduler {{(pid=96543) log_opt_values /opt/stack/data/venv/lib/python3.12/site-packages/oslo_config/cfg.py:3253}}
Jul 24 07:33:53.130699 np0000005822 nova-scheduler[96543]: DEBUG cotyledon.oslo_config_glue [-] oslo_messaging_rabbit.rabbit_ha_queues = False {{(pid=96543) log_opt_values /opt/stack/data/venv/lib/python3.12/site-packages/oslo_config/cfg.py:3253}}
Jul 24 07:33:53.130699 np0000005822 nova-scheduler[96543]: DEBUG cotyledon.oslo_config_glue [-] oslo_messaging_rabbit.rabbit_interval_max = 30 {{(pid=96543) log_opt_values /opt/stack/data/venv/lib/python3.12/site-packages/oslo_config/cfg.py:3253}}
Jul 24 07:33:53.130929 np0000005822 nova-scheduler[96534]: DEBUG oslo_db.sqlalchemy.engines [None req-37108efd-29ec-4476-b40b-cace23e32d09 None None] MySQL server mode set to STRICT_TRANS_TABLES,STRICT_ALL_TABLES,NO_ZERO_IN_DATE,NO_ZERO_DATE,ERROR_FOR_DIVISION_BY_ZERO,TRADITIONAL,NO_ENGINE_SUBSTITUTION {{(pid=96534) _check_effective_sql_mode /opt/stack/data/venv/lib/python3.12/site-packages/oslo_db/sqlalchemy/engines.py:325}}
Jul 24 07:33:53.130986 np0000005822 nova-scheduler[96543]: DEBUG cotyledon.oslo_config_glue [-] oslo_messaging_rabbit.rabbit_login_method = AMQPLAIN {{(pid=96543) log_opt_values /opt/stack/data/venv/lib/python3.12/site-packages/oslo_config/cfg.py:3253}}
Jul 24 07:33:53.130986 np0000005822 nova-scheduler[96543]: DEBUG cotyledon.oslo_config_glue [-] oslo_messaging_rabbit.rabbit_qos_prefetch_count = 0 {{(pid=96543) log_opt_values /opt/stack/data/venv/lib/python3.12/site-packages/oslo_config/cfg.py:3253}}
Jul 24 07:33:53.130986 np0000005822 nova-scheduler[96543]: DEBUG cotyledon.oslo_config_glue [-] oslo_messaging_rabbit.rabbit_quorum_delivery_limit = 0 {{(pid=96543) log_opt_values /opt/stack/data/venv/lib/python3.12/site-packages/oslo_config/cfg.py:3253}}
Jul 24 07:33:53.130986 np0000005822 nova-scheduler[96543]: DEBUG cotyledon.oslo_config_glue [-] oslo_messaging_rabbit.rabbit_quorum_max_memory_bytes = 0 {{(pid=96543) log_opt_values /opt/stack/data/venv/lib/python3.12/site-packages/oslo_config/cfg.py:3253}}
Jul 24 07:33:53.131106 np0000005822 nova-scheduler[96543]: DEBUG cotyledon.oslo_config_glue [-] oslo_messaging_rabbit.rabbit_quorum_max_memory_length = 0 {{(pid=96543) log_opt_values /opt/stack/data/venv/lib/python3.12/site-packages/oslo_config/cfg.py:3253}}
Jul 24 07:33:53.131106 np0000005822 nova-scheduler[96543]: DEBUG cotyledon.oslo_config_glue [-] oslo_messaging_rabbit.rabbit_quorum_queue = False {{(pid=96543) log_opt_values /opt/stack/data/venv/lib/python3.12/site-packages/oslo_config/cfg.py:3253}}
Jul 24 07:33:53.131171 np0000005822 nova-scheduler[96543]: DEBUG cotyledon.oslo_config_glue [-] oslo_messaging_rabbit.rabbit_retry_backoff = 2 {{(pid=96543) log_opt_values /opt/stack/data/venv/lib/python3.12/site-packages/oslo_config/cfg.py:3253}}
Jul 24 07:33:53.131269 np0000005822 nova-scheduler[96543]: DEBUG cotyledon.oslo_config_glue [-] oslo_messaging_rabbit.rabbit_retry_interval = 1 {{(pid=96543) log_opt_values /opt/stack/data/venv/lib/python3.12/site-packages/oslo_config/cfg.py:3253}}
Jul 24 07:33:53.131345 np0000005822 nova-scheduler[96543]: DEBUG cotyledon.oslo_config_glue [-] oslo_messaging_rabbit.rabbit_stream_fanout = False {{(pid=96543) log_opt_values /opt/stack/data/venv/lib/python3.12/site-packages/oslo_config/cfg.py:3253}}
Jul 24 07:33:53.131409 np0000005822 nova-scheduler[96543]: DEBUG cotyledon.oslo_config_glue [-] oslo_messaging_rabbit.rabbit_transient_queues_ttl = 1800 {{(pid=96543) log_opt_values /opt/stack/data/venv/lib/python3.12/site-packages/oslo_config/cfg.py:3253}}
Jul 24 07:33:53.131467 np0000005822 nova-scheduler[96543]: DEBUG cotyledon.oslo_config_glue [-] oslo_messaging_rabbit.rabbit_transient_quorum_queue = False {{(pid=96543) log_opt_values /opt/stack/data/venv/lib/python3.12/site-packages/oslo_config/cfg.py:3253}}
Jul 24 07:33:53.131536 np0000005822 nova-scheduler[96543]: DEBUG cotyledon.oslo_config_glue [-] oslo_messaging_rabbit.rpc_conn_pool_size = 30 {{(pid=96543) log_opt_values /opt/stack/data/venv/lib/python3.12/site-packages/oslo_config/cfg.py:3253}}
Jul 24 07:33:53.131585 np0000005822 nova-scheduler[96543]: DEBUG cotyledon.oslo_config_glue [-] oslo_messaging_rabbit.ssl = False {{(pid=96543) log_opt_values /opt/stack/data/venv/lib/python3.12/site-packages/oslo_config/cfg.py:3253}}
Jul 24 07:33:53.131647 np0000005822 nova-scheduler[96543]: DEBUG cotyledon.oslo_config_glue [-] oslo_messaging_rabbit.ssl_ca_file = {{(pid=96543) log_opt_values /opt/stack/data/venv/lib/python3.12/site-packages/oslo_config/cfg.py:3253}}
Jul 24 07:33:53.131713 np0000005822 nova-scheduler[96543]: DEBUG cotyledon.oslo_config_glue [-] oslo_messaging_rabbit.ssl_cert_file = {{(pid=96543) log_opt_values /opt/stack/data/venv/lib/python3.12/site-packages/oslo_config/cfg.py:3253}}
Jul 24 07:33:53.131824 np0000005822 nova-scheduler[96543]: DEBUG cotyledon.oslo_config_glue [-] oslo_messaging_rabbit.ssl_enforce_fips_mode = False {{(pid=96543) log_opt_values /opt/stack/data/venv/lib/python3.12/site-packages/oslo_config/cfg.py:3253}}
Jul 24 07:33:53.131879 np0000005822 nova-scheduler[96543]: DEBUG cotyledon.oslo_config_glue [-] oslo_messaging_rabbit.ssl_enforce_hostname_verification = True {{(pid=96543) log_opt_values /opt/stack/data/venv/lib/python3.12/site-packages/oslo_config/cfg.py:3253}}
Jul 24 07:33:53.131923 np0000005822 nova-scheduler[96543]: DEBUG cotyledon.oslo_config_glue [-] oslo_messaging_rabbit.ssl_key_file = {{(pid=96543) log_opt_values /opt/stack/data/venv/lib/python3.12/site-packages/oslo_config/cfg.py:3253}}
Jul 24 07:33:53.132015 np0000005822 nova-scheduler[96543]: DEBUG cotyledon.oslo_config_glue [-] oslo_messaging_rabbit.ssl_version = {{(pid=96543) log_opt_values /opt/stack/data/venv/lib/python3.12/site-packages/oslo_config/cfg.py:3253}}
Jul 24 07:33:53.132072 np0000005822 nova-scheduler[96543]: DEBUG cotyledon.oslo_config_glue [-] oslo_messaging_rabbit.use_queue_manager = False {{(pid=96543) log_opt_values /opt/stack/data/venv/lib/python3.12/site-packages/oslo_config/cfg.py:3253}}
Jul 24 07:33:53.132158 np0000005822 nova-scheduler[96543]: DEBUG cotyledon.oslo_config_glue [-] oslo_messaging_notifications.driver = ['messagingv2'] {{(pid=96543) log_opt_values /opt/stack/data/venv/lib/python3.12/site-packages/oslo_config/cfg.py:3253}}
Jul 24 07:33:53.132238 np0000005822 nova-scheduler[96543]: DEBUG cotyledon.oslo_config_glue [-] oslo_messaging_notifications.retry = -1 {{(pid=96543) log_opt_values /opt/stack/data/venv/lib/python3.12/site-packages/oslo_config/cfg.py:3253}}
Jul 24 07:33:53.132314 np0000005822 nova-scheduler[96543]: DEBUG cotyledon.oslo_config_glue [-] oslo_messaging_notifications.topics = ['notifications'] {{(pid=96543) log_opt_values /opt/stack/data/venv/lib/python3.12/site-packages/oslo_config/cfg.py:3253}}
Jul 24 07:33:53.132406 np0000005822 nova-scheduler[96543]: DEBUG cotyledon.oslo_config_glue [-] oslo_messaging_notifications.transport_url = **** {{(pid=96543) log_opt_values /opt/stack/data/venv/lib/python3.12/site-packages/oslo_config/cfg.py:3253}}
Jul 24 07:33:53.132517 np0000005822 nova-scheduler[96543]: DEBUG cotyledon.oslo_config_glue [-] oslo_limit.auth_section = None {{(pid=96543) log_opt_values /opt/stack/data/venv/lib/python3.12/site-packages/oslo_config/cfg.py:3253}}
Jul 24 07:33:53.132623 np0000005822 nova-scheduler[96543]: DEBUG cotyledon.oslo_config_glue [-] oslo_limit.auth_type = None {{(pid=96543) log_opt_values /opt/stack/data/venv/lib/python3.12/site-packages/oslo_config/cfg.py:3253}}
Jul 24 07:33:53.132736 np0000005822 nova-scheduler[96543]: DEBUG cotyledon.oslo_config_glue [-] oslo_limit.cafile = None {{(pid=96543) log_opt_values /opt/stack/data/venv/lib/python3.12/site-packages/oslo_config/cfg.py:3253}}
Jul 24 07:33:53.132824 np0000005822 nova-scheduler[96543]: DEBUG cotyledon.oslo_config_glue [-] oslo_limit.certfile = None {{(pid=96543) log_opt_values /opt/stack/data/venv/lib/python3.12/site-packages/oslo_config/cfg.py:3253}}
Jul 24 07:33:53.132904 np0000005822 nova-scheduler[96543]: DEBUG cotyledon.oslo_config_glue [-] oslo_limit.collect_timing = False {{(pid=96543) log_opt_values /opt/stack/data/venv/lib/python3.12/site-packages/oslo_config/cfg.py:3253}}
Jul 24 07:33:53.132978 np0000005822 nova-scheduler[96543]: DEBUG cotyledon.oslo_config_glue [-] oslo_limit.connect_retries = None {{(pid=96543) log_opt_values /opt/stack/data/venv/lib/python3.12/site-packages/oslo_config/cfg.py:3253}}
Jul 24 07:33:53.133050 np0000005822 nova-scheduler[96543]: DEBUG cotyledon.oslo_config_glue [-] oslo_limit.connect_retry_delay = None {{(pid=96543) log_opt_values /opt/stack/data/venv/lib/python3.12/site-packages/oslo_config/cfg.py:3253}}
Jul 24 07:33:53.133134 np0000005822 nova-scheduler[96543]: DEBUG cotyledon.oslo_config_glue [-] oslo_limit.endpoint_id = None {{(pid=96543) log_opt_values /opt/stack/data/venv/lib/python3.12/site-packages/oslo_config/cfg.py:3253}}
Jul 24 07:33:53.133216 np0000005822 nova-scheduler[96543]: DEBUG cotyledon.oslo_config_glue [-] oslo_limit.endpoint_interface = public {{(pid=96543) log_opt_values /opt/stack/data/venv/lib/python3.12/site-packages/oslo_config/cfg.py:3253}}
Jul 24 07:33:53.133309 np0000005822 nova-scheduler[96543]: DEBUG cotyledon.oslo_config_glue [-] oslo_limit.endpoint_override = None {{(pid=96543) log_opt_values /opt/stack/data/venv/lib/python3.12/site-packages/oslo_config/cfg.py:3253}}
Jul 24 07:33:53.133375 np0000005822 nova-scheduler[96543]: DEBUG cotyledon.oslo_config_glue [-] oslo_limit.endpoint_region_name = None {{(pid=96543) log_opt_values /opt/stack/data/venv/lib/python3.12/site-packages/oslo_config/cfg.py:3253}}
Jul 24 07:33:53.133451 np0000005822 nova-scheduler[96543]: DEBUG cotyledon.oslo_config_glue [-] oslo_limit.endpoint_service_name = None {{(pid=96543) log_opt_values /opt/stack/data/venv/lib/python3.12/site-packages/oslo_config/cfg.py:3253}}
Jul 24 07:33:53.133513 np0000005822 nova-scheduler[96543]: DEBUG cotyledon.oslo_config_glue [-] oslo_limit.endpoint_service_type = None {{(pid=96543) log_opt_values /opt/stack/data/venv/lib/python3.12/site-packages/oslo_config/cfg.py:3253}}
Jul 24 07:33:53.133568 np0000005822 nova-scheduler[96543]: DEBUG cotyledon.oslo_config_glue [-] oslo_limit.insecure = False {{(pid=96543) log_opt_values /opt/stack/data/venv/lib/python3.12/site-packages/oslo_config/cfg.py:3253}}
Jul 24 07:33:53.133623 np0000005822 nova-scheduler[96543]: DEBUG cotyledon.oslo_config_glue [-] oslo_limit.keyfile = None {{(pid=96543) log_opt_values /opt/stack/data/venv/lib/python3.12/site-packages/oslo_config/cfg.py:3253}}
Jul 24 07:33:53.133669 np0000005822 nova-scheduler[96543]: DEBUG cotyledon.oslo_config_glue [-] oslo_limit.max_version = None {{(pid=96543) log_opt_values /opt/stack/data/venv/lib/python3.12/site-packages/oslo_config/cfg.py:3253}}
Jul 24 07:33:53.133736 np0000005822 nova-scheduler[96543]: DEBUG cotyledon.oslo_config_glue [-] oslo_limit.min_version = None {{(pid=96543) log_opt_values /opt/stack/data/venv/lib/python3.12/site-packages/oslo_config/cfg.py:3253}}
Jul 24 07:33:53.133819 np0000005822 nova-scheduler[96543]: DEBUG cotyledon.oslo_config_glue [-] oslo_limit.region_name = None {{(pid=96543) log_opt_values /opt/stack/data/venv/lib/python3.12/site-packages/oslo_config/cfg.py:3253}}
Jul 24 07:33:53.133896 np0000005822 nova-scheduler[96543]: DEBUG cotyledon.oslo_config_glue [-] oslo_limit.retriable_status_codes = None {{(pid=96543) log_opt_values /opt/stack/data/venv/lib/python3.12/site-packages/oslo_config/cfg.py:3253}}
Jul 24 07:33:53.133985 np0000005822 nova-scheduler[96543]: DEBUG cotyledon.oslo_config_glue [-] oslo_limit.service_name = None {{(pid=96543) log_opt_values /opt/stack/data/venv/lib/python3.12/site-packages/oslo_config/cfg.py:3253}}
Jul 24 07:33:53.134043 np0000005822 nova-scheduler[96543]: DEBUG cotyledon.oslo_config_glue [-] oslo_limit.service_type = None {{(pid=96543) log_opt_values /opt/stack/data/venv/lib/python3.12/site-packages/oslo_config/cfg.py:3253}}
Jul 24 07:33:53.134125 np0000005822 nova-scheduler[96543]: DEBUG cotyledon.oslo_config_glue [-] oslo_limit.split_loggers = False {{(pid=96543) log_opt_values /opt/stack/data/venv/lib/python3.12/site-packages/oslo_config/cfg.py:3253}}
Jul 24 07:33:53.134191 np0000005822 nova-scheduler[96543]: DEBUG cotyledon.oslo_config_glue [-] oslo_limit.status_code_retries = None {{(pid=96543) log_opt_values /opt/stack/data/venv/lib/python3.12/site-packages/oslo_config/cfg.py:3253}}
Jul 24 07:33:53.134281 np0000005822 nova-scheduler[96543]: DEBUG cotyledon.oslo_config_glue [-] oslo_limit.status_code_retry_delay = None {{(pid=96543) log_opt_values /opt/stack/data/venv/lib/python3.12/site-packages/oslo_config/cfg.py:3253}}
Jul 24 07:33:53.134356 np0000005822 nova-scheduler[96543]: DEBUG cotyledon.oslo_config_glue [-] oslo_limit.timeout = None {{(pid=96543) log_opt_values /opt/stack/data/venv/lib/python3.12/site-packages/oslo_config/cfg.py:3253}}
Jul 24 07:33:53.134420 np0000005822 nova-scheduler[96543]: DEBUG cotyledon.oslo_config_glue [-] oslo_limit.valid_interfaces = None {{(pid=96543) log_opt_values /opt/stack/data/venv/lib/python3.12/site-packages/oslo_config/cfg.py:3253}}
Jul 24 07:33:53.134460 np0000005822 nova-scheduler[96543]: DEBUG cotyledon.oslo_config_glue [-] oslo_limit.version = None {{(pid=96543) log_opt_values /opt/stack/data/venv/lib/python3.12/site-packages/oslo_config/cfg.py:3253}}
Jul 24 07:33:53.134548 np0000005822 nova-scheduler[96543]: DEBUG cotyledon.oslo_config_glue [-] oslo_reports.file_event_handler = None {{(pid=96543) log_opt_values /opt/stack/data/venv/lib/python3.12/site-packages/oslo_config/cfg.py:3253}}
Jul 24 07:33:53.134626 np0000005822 nova-scheduler[96543]: DEBUG cotyledon.oslo_config_glue [-] oslo_reports.file_event_handler_interval = 1 {{(pid=96543) log_opt_values /opt/stack/data/venv/lib/python3.12/site-packages/oslo_config/cfg.py:3253}}
Jul 24 07:33:53.134695 np0000005822 nova-scheduler[96543]: DEBUG cotyledon.oslo_config_glue [-] oslo_reports.log_dir = None {{(pid=96543) log_opt_values /opt/stack/data/venv/lib/python3.12/site-packages/oslo_config/cfg.py:3253}}
Jul 24 07:33:53.134757 np0000005822 nova-scheduler[96543]: DEBUG cotyledon.oslo_config_glue [-] ******************************************************************************** {{(pid=96543) log_opt_values /opt/stack/data/venv/lib/python3.12/site-packages/oslo_config/cfg.py:3260}}
Jul 24 07:33:53.134995 np0000005822 nova-scheduler[96543]: DEBUG cotyledon._service_worker [-] Run service ServiceWrapper(3) [96543] {{(pid=96543) wait_forever /opt/stack/data/venv/lib/python3.12/site-packages/cotyledon/_service_worker.py:218}}
Jul 24 07:33:53.136426 np0000005822 nova-scheduler[96543]: INFO nova.service [-] Starting scheduler node (version 33.1.0)
Jul 24 07:33:53.142334 np0000005822 nova-scheduler[96543]: INFO dbcounter [None req-bbe0b038-2d6b-4694-804b-beeb509ab7da None None] Registered counter for database nova_cell0
Jul 24 07:33:53.144987 np0000005822 nova-scheduler[96534]: DEBUG dbcounter [-] [96534] Writer thread running {{(pid=96534) stat_writer /opt/stack/data/venv/lib/python3.12/site-packages/dbcounter.py:102}}
Jul 24 07:33:53.150123 np0000005822 nova-scheduler[96532]: DEBUG dbcounter [-] [96532] Writer thread running {{(pid=96532) stat_writer /opt/stack/data/venv/lib/python3.12/site-packages/dbcounter.py:102}}
Jul 24 07:33:53.158763 np0000005822 nova-scheduler[96540]: DEBUG oslo_db.sqlalchemy.engines [None req-95576d6e-6b4d-4a0d-a287-726c4f366f60 None None] MySQL server mode set to STRICT_TRANS_TABLES,STRICT_ALL_TABLES,NO_ZERO_IN_DATE,NO_ZERO_DATE,ERROR_FOR_DIVISION_BY_ZERO,TRADITIONAL,NO_ENGINE_SUBSTITUTION {{(pid=96540) _check_effective_sql_mode /opt/stack/data/venv/lib/python3.12/site-packages/oslo_db/sqlalchemy/engines.py:325}}
Jul 24 07:33:53.169012 np0000005822 nova-scheduler[96534]: DEBUG nova.service [None req-37108efd-29ec-4476-b40b-cace23e32d09 None None] Creating RPC server for service: nova-scheduler on topic: scheduler {{(pid=96534) start /opt/stack/nova/nova/service.py:196}}
Jul 24 07:33:53.170219 np0000005822 nova-scheduler[96540]: DEBUG dbcounter [-] [96540] Writer thread running {{(pid=96540) stat_writer /opt/stack/data/venv/lib/python3.12/site-packages/dbcounter.py:102}}
Jul 24 07:33:53.173934 np0000005822 nova-scheduler[96540]: DEBUG nova.service [None req-95576d6e-6b4d-4a0d-a287-726c4f366f60 None None] Creating RPC server for service: nova-scheduler on topic: scheduler {{(pid=96540) start /opt/stack/nova/nova/service.py:196}}
Jul 24 07:33:53.174254 np0000005822 nova-scheduler[96532]: DEBUG nova.service [None req-91f330c0-31ca-4f46-ba1b-43dcff1e75a6 None None] Creating RPC server for service: nova-scheduler on topic: scheduler {{(pid=96532) start /opt/stack/nova/nova/service.py:196}}
Jul 24 07:33:53.190736 np0000005822 nova-scheduler[96543]: DEBUG oslo_db.sqlalchemy.engines [None req-bbe0b038-2d6b-4694-804b-beeb509ab7da None None] MySQL server mode set to STRICT_TRANS_TABLES,STRICT_ALL_TABLES,NO_ZERO_IN_DATE,NO_ZERO_DATE,ERROR_FOR_DIVISION_BY_ZERO,TRADITIONAL,NO_ENGINE_SUBSTITUTION {{(pid=96543) _check_effective_sql_mode /opt/stack/data/venv/lib/python3.12/site-packages/oslo_db/sqlalchemy/engines.py:325}}
Jul 24 07:33:53.199258 np0000005822 nova-scheduler[96543]: DEBUG dbcounter [-] [96543] Writer thread running {{(pid=96543) stat_writer /opt/stack/data/venv/lib/python3.12/site-packages/dbcounter.py:102}}
Jul 24 07:33:53.202500 np0000005822 nova-scheduler[96543]: DEBUG nova.service [None req-bbe0b038-2d6b-4694-804b-beeb509ab7da None None] Creating RPC server for service: nova-scheduler on topic: scheduler {{(pid=96543) start /opt/stack/nova/nova/service.py:196}}
Jul 24 07:33:53.210325 np0000005822 nova-scheduler[96534]: DEBUG nova.service [None req-37108efd-29ec-4476-b40b-cace23e32d09 None None] Join ServiceGroup membership for this service scheduler {{(pid=96534) start /opt/stack/nova/nova/service.py:222}}
Jul 24 07:33:53.210562 np0000005822 nova-scheduler[96534]: DEBUG nova.servicegroup.drivers.db [None req-37108efd-29ec-4476-b40b-cace23e32d09 None None] DB_Driver: join new ServiceGroup member np0000005822 to the scheduler group, service = {{(pid=96534) join /opt/stack/nova/nova/servicegroup/drivers/db.py:44}}
Jul 24 07:33:53.211479 np0000005822 nova-scheduler[96532]: DEBUG nova.service [None req-91f330c0-31ca-4f46-ba1b-43dcff1e75a6 None None] Join ServiceGroup membership for this service scheduler {{(pid=96532) start /opt/stack/nova/nova/service.py:222}}
Jul 24 07:33:53.211553 np0000005822 nova-scheduler[96540]: DEBUG nova.service [None req-95576d6e-6b4d-4a0d-a287-726c4f366f60 None None] Join ServiceGroup membership for this service scheduler {{(pid=96540) start /opt/stack/nova/nova/service.py:222}}
Jul 24 07:33:53.211748 np0000005822 nova-scheduler[96532]: DEBUG nova.servicegroup.drivers.db [None req-91f330c0-31ca-4f46-ba1b-43dcff1e75a6 None None] DB_Driver: join new ServiceGroup member np0000005822 to the scheduler group, service = {{(pid=96532) join /opt/stack/nova/nova/servicegroup/drivers/db.py:44}}
Jul 24 07:33:53.211989 np0000005822 nova-scheduler[96540]: DEBUG nova.servicegroup.drivers.db [None req-95576d6e-6b4d-4a0d-a287-726c4f366f60 None None] DB_Driver: join new ServiceGroup member np0000005822 to the scheduler group, service = {{(pid=96540) join /opt/stack/nova/nova/servicegroup/drivers/db.py:44}}
Jul 24 07:33:53.221543 np0000005822 nova-scheduler[96543]: DEBUG nova.service [None req-bbe0b038-2d6b-4694-804b-beeb509ab7da None None] Join ServiceGroup membership for this service scheduler {{(pid=96543) start /opt/stack/nova/nova/service.py:222}}
Jul 24 07:33:53.221724 np0000005822 nova-scheduler[96543]: DEBUG nova.servicegroup.drivers.db [None req-bbe0b038-2d6b-4694-804b-beeb509ab7da None None] DB_Driver: join new ServiceGroup member np0000005822 to the scheduler group, service = {{(pid=96543) join /opt/stack/nova/nova/servicegroup/drivers/db.py:44}}
Jul 24 07:33:56.214123 np0000005822 nova-scheduler[96540]: DEBUG oslo.service.backend._threading.loopingcall [None req-033e4c68-19dd-4b0d-94f2-28e9e5889984 None None] Dynamic interval looping call 'nova.service.Service.periodic_tasks' sleeping for 60.00 seconds {{(pid=96540) _run_loop /opt/stack/data/venv/lib/python3.12/site-packages/oslo_service/backend/_threading/loopingcall.py:125}}
Jul 24 07:33:58.225676 np0000005822 nova-scheduler[96532]: DEBUG oslo.service.backend._threading.loopingcall [-] Fixed interval looping call 'nova.servicegroup.drivers.db.DbDriver._report_state' sleeping for 119.99 seconds {{(pid=96532) _run_loop /opt/stack/data/venv/lib/python3.12/site-packages/oslo_service/backend/_threading/loopingcall.py:125}}
Jul 24 07:33:58.226517 np0000005822 nova-scheduler[96534]: DEBUG oslo.service.backend._threading.loopingcall [-] Fixed interval looping call 'nova.servicegroup.drivers.db.DbDriver._report_state' sleeping for 119.99 seconds {{(pid=96534) _run_loop /opt/stack/data/venv/lib/python3.12/site-packages/oslo_service/backend/_threading/loopingcall.py:125}}
Jul 24 07:33:58.227981 np0000005822 nova-scheduler[96540]: DEBUG oslo.service.backend._threading.loopingcall [-] Fixed interval looping call 'nova.servicegroup.drivers.db.DbDriver._report_state' sleeping for 119.99 seconds {{(pid=96540) _run_loop /opt/stack/data/venv/lib/python3.12/site-packages/oslo_service/backend/_threading/loopingcall.py:125}}
Jul 24 07:33:58.231879 np0000005822 nova-scheduler[96543]: DEBUG oslo.service.backend._threading.loopingcall [-] Fixed interval looping call 'nova.servicegroup.drivers.db.DbDriver._report_state' sleeping for 119.99 seconds {{(pid=96543) _run_loop /opt/stack/data/venv/lib/python3.12/site-packages/oslo_service/backend/_threading/loopingcall.py:125}}
Jul 24 07:34:01.686266 np0000005822 nova-scheduler[95340]: DEBUG dbcounter [-] [95340] Writing DB stats nova_api:SELECT=3 {{(pid=95340) stat_writer /opt/stack/data/venv/lib/python3.12/site-packages/dbcounter.py:115}}
Jul 24 07:34:01.833757 np0000005822 nova-scheduler[95340]: DEBUG dbcounter [-] [95340] Writing DB stats nova_cell1:SELECT=1 {{(pid=95340) stat_writer /opt/stack/data/venv/lib/python3.12/site-packages/dbcounter.py:115}}
Jul 24 07:34:01.838531 np0000005822 nova-scheduler[95340]: DEBUG dbcounter [-] [95340] Writing DB stats nova_cell0:SELECT=1 {{(pid=95340) stat_writer /opt/stack/data/venv/lib/python3.12/site-packages/dbcounter.py:115}}
Jul 24 07:34:08.223249 np0000005822 nova-scheduler[96532]: DEBUG dbcounter [-] [96532] Writing DB stats nova_cell0:SELECT=5,nova_cell0:INSERT=1,nova_cell0:UPDATE=1 {{(pid=96532) stat_writer /opt/stack/data/venv/lib/python3.12/site-packages/dbcounter.py:115}}
Jul 24 07:34:08.227228 np0000005822 nova-scheduler[96534]: DEBUG dbcounter [-] [96534] Writing DB stats nova_cell0:SELECT=4,nova_cell0:INSERT=1,nova_cell0:UPDATE=1 {{(pid=96534) stat_writer /opt/stack/data/venv/lib/python3.12/site-packages/dbcounter.py:115}}
Jul 24 07:34:08.227545 np0000005822 nova-scheduler[96540]: DEBUG dbcounter [-] [96540] Writing DB stats nova_cell0:SELECT=3,nova_cell0:UPDATE=1 {{(pid=96540) stat_writer /opt/stack/data/venv/lib/python3.12/site-packages/dbcounter.py:115}}
Jul 24 07:34:08.229428 np0000005822 nova-scheduler[96543]: DEBUG dbcounter [-] [96543] Writing DB stats nova_cell0:SELECT=3 {{(pid=96543) stat_writer /opt/stack/data/venv/lib/python3.12/site-packages/dbcounter.py:115}}
Jul 24 07:34:12.213660 np0000005822 nova-scheduler[96532]: DEBUG oslo.service.backend._threading.loopingcall [None req-b70b3df8-c97d-4ca7-96d3-972298d4d13b None None] Dynamic interval looping call 'nova.service.Service.periodic_tasks' sleeping for 60.00 seconds {{(pid=96532) _run_loop /opt/stack/data/venv/lib/python3.12/site-packages/oslo_service/backend/_threading/loopingcall.py:125}}
Jul 24 07:34:37.212812 np0000005822 nova-scheduler[96534]: DEBUG oslo.service.backend._threading.loopingcall [None req-5269b3a6-3bb2-4d9a-8fad-dfe633e43df0 None None] Dynamic interval looping call 'nova.service.Service.periodic_tasks' sleeping for 60.00 seconds {{(pid=96534) _run_loop /opt/stack/data/venv/lib/python3.12/site-packages/oslo_service/backend/_threading/loopingcall.py:125}}
Jul 24 07:34:37.223913 np0000005822 nova-scheduler[96543]: DEBUG oslo.service.backend._threading.loopingcall [None req-9f0e61b6-f5e6-4f57-ad71-98d43b6673ee None None] Dynamic interval looping call 'nova.service.Service.periodic_tasks' sleeping for 60.00 seconds {{(pid=96543) _run_loop /opt/stack/data/venv/lib/python3.12/site-packages/oslo_service/backend/_threading/loopingcall.py:125}}
Jul 24 07:34:56.214746 np0000005822 nova-scheduler[96540]: DEBUG oslo.service.backend._threading.loopingcall [None req-033e4c68-19dd-4b0d-94f2-28e9e5889984 None None] Dynamic interval looping call 'nova.service.Service.periodic_tasks' sleeping for 60.00 seconds {{(pid=96540) _run_loop /opt/stack/data/venv/lib/python3.12/site-packages/oslo_service/backend/_threading/loopingcall.py:125}}
Jul 24 07:35:12.214302 np0000005822 nova-scheduler[96532]: DEBUG oslo.service.backend._threading.loopingcall [None req-b70b3df8-c97d-4ca7-96d3-972298d4d13b None None] Dynamic interval looping call 'nova.service.Service.periodic_tasks' sleeping for 60.00 seconds {{(pid=96532) _run_loop /opt/stack/data/venv/lib/python3.12/site-packages/oslo_service/backend/_threading/loopingcall.py:125}}
Jul 24 07:35:37.213453 np0000005822 nova-scheduler[96534]: DEBUG oslo.service.backend._threading.loopingcall [None req-5269b3a6-3bb2-4d9a-8fad-dfe633e43df0 None None] Dynamic interval looping call 'nova.service.Service.periodic_tasks' sleeping for 60.00 seconds {{(pid=96534) _run_loop /opt/stack/data/venv/lib/python3.12/site-packages/oslo_service/backend/_threading/loopingcall.py:125}}
Jul 24 07:35:37.224396 np0000005822 nova-scheduler[96543]: DEBUG oslo.service.backend._threading.loopingcall [None req-9f0e61b6-f5e6-4f57-ad71-98d43b6673ee None None] Dynamic interval looping call 'nova.service.Service.periodic_tasks' sleeping for 60.00 seconds {{(pid=96543) _run_loop /opt/stack/data/venv/lib/python3.12/site-packages/oslo_service/backend/_threading/loopingcall.py:125}}
Jul 24 07:35:56.215093 np0000005822 nova-scheduler[96540]: DEBUG oslo.service.backend._threading.loopingcall [None req-033e4c68-19dd-4b0d-94f2-28e9e5889984 None None] Dynamic interval looping call 'nova.service.Service.periodic_tasks' sleeping for 60.00 seconds {{(pid=96540) _run_loop /opt/stack/data/venv/lib/python3.12/site-packages/oslo_service/backend/_threading/loopingcall.py:125}}
Jul 24 07:35:58.231332 np0000005822 nova-scheduler[96532]: DEBUG oslo.service.backend._threading.loopingcall [-] Fixed interval looping call 'nova.servicegroup.drivers.db.DbDriver._report_state' sleeping for 119.98 seconds {{(pid=96532) _run_loop /opt/stack/data/venv/lib/python3.12/site-packages/oslo_service/backend/_threading/loopingcall.py:125}}
Jul 24 07:35:58.231684 np0000005822 nova-scheduler[96534]: DEBUG oslo.service.backend._threading.loopingcall [-] Fixed interval looping call 'nova.servicegroup.drivers.db.DbDriver._report_state' sleeping for 119.99 seconds {{(pid=96534) _run_loop /opt/stack/data/venv/lib/python3.12/site-packages/oslo_service/backend/_threading/loopingcall.py:125}}
Jul 24 07:35:58.233025 np0000005822 nova-scheduler[96540]: DEBUG oslo.service.backend._threading.loopingcall [-] Fixed interval looping call 'nova.servicegroup.drivers.db.DbDriver._report_state' sleeping for 119.99 seconds {{(pid=96540) _run_loop /opt/stack/data/venv/lib/python3.12/site-packages/oslo_service/backend/_threading/loopingcall.py:125}}
Jul 24 07:35:58.236123 np0000005822 nova-scheduler[96543]: DEBUG oslo.service.backend._threading.loopingcall [-] Fixed interval looping call 'nova.servicegroup.drivers.db.DbDriver._report_state' sleeping for 119.99 seconds {{(pid=96543) _run_loop /opt/stack/data/venv/lib/python3.12/site-packages/oslo_service/backend/_threading/loopingcall.py:125}}
Jul 24 07:36:08.220491 np0000005822 nova-scheduler[96532]: DEBUG dbcounter [-] [96532] Writing DB stats nova_cell0:SELECT=1,nova_cell0:UPDATE=1 {{(pid=96532) stat_writer /opt/stack/data/venv/lib/python3.12/site-packages/dbcounter.py:115}}
Jul 24 07:36:08.221544 np0000005822 nova-scheduler[96540]: DEBUG dbcounter [-] [96540] Writing DB stats nova_cell0:SELECT=1,nova_cell0:UPDATE=1 {{(pid=96540) stat_writer /opt/stack/data/venv/lib/python3.12/site-packages/dbcounter.py:115}}
Jul 24 07:36:08.223113 np0000005822 nova-scheduler[96534]: DEBUG dbcounter [-] [96534] Writing DB stats nova_cell0:SELECT=1,nova_cell0:UPDATE=1 {{(pid=96534) stat_writer /opt/stack/data/venv/lib/python3.12/site-packages/dbcounter.py:115}}
Jul 24 07:36:08.232812 np0000005822 nova-scheduler[96543]: DEBUG dbcounter [-] [96543] Writing DB stats nova_cell0:SELECT=1,nova_cell0:UPDATE=1 {{(pid=96543) stat_writer /opt/stack/data/venv/lib/python3.12/site-packages/dbcounter.py:115}}
Jul 24 07:36:10.433528 np0000005822 nova-scheduler[96534]: DEBUG nova.scheduler.manager [None req-d7e8aff7-3d39-4356-a99c-aa9c4f8fc207 tempest-DeleteServersTestJSON-153308966 tempest-DeleteServersTestJSON-153308966-project-member] Starting to schedule for instances: ['83b03ebb-2f0a-4cfe-86fc-66ab7444f8c1'] {{(pid=96534) select_destinations /opt/stack/nova/nova/scheduler/manager.py:209}}
Jul 24 07:36:10.435654 np0000005822 nova-scheduler[96534]: DEBUG nova.scheduler.request_filter [None req-d7e8aff7-3d39-4356-a99c-aa9c4f8fc207 tempest-DeleteServersTestJSON-153308966 tempest-DeleteServersTestJSON-153308966-project-member] compute_status_filter request filter added forbidden trait COMPUTE_STATUS_DISABLED {{(pid=96534) compute_status_filter /opt/stack/nova/nova/scheduler/request_filter.py:253}}
Jul 24 07:36:10.435894 np0000005822 nova-scheduler[96534]: DEBUG nova.scheduler.request_filter [None req-d7e8aff7-3d39-4356-a99c-aa9c4f8fc207 tempest-DeleteServersTestJSON-153308966 tempest-DeleteServersTestJSON-153308966-project-member] Request filter 'compute_status_filter' took 0.0 seconds {{(pid=96534) wrapper /opt/stack/nova/nova/scheduler/request_filter.py:46}}
Jul 24 07:36:10.436321 np0000005822 nova-scheduler[96534]: DEBUG nova.scheduler.request_filter [None req-d7e8aff7-3d39-4356-a99c-aa9c4f8fc207 tempest-DeleteServersTestJSON-153308966 tempest-DeleteServersTestJSON-153308966-project-member] Request filter 'accelerators_filter' took 0.0 seconds {{(pid=96534) wrapper /opt/stack/nova/nova/scheduler/request_filter.py:46}}
Jul 24 07:36:10.436781 np0000005822 nova-scheduler[96534]: DEBUG nova.scheduler.request_filter [None req-d7e8aff7-3d39-4356-a99c-aa9c4f8fc207 tempest-DeleteServersTestJSON-153308966 tempest-DeleteServersTestJSON-153308966-project-member] Request filter 'packed_virtqueue_filter' took 0.0 seconds {{(pid=96534) wrapper /opt/stack/nova/nova/scheduler/request_filter.py:46}}
Jul 24 07:36:10.436979 np0000005822 nova-scheduler[96534]: DEBUG nova.scheduler.request_filter [None req-d7e8aff7-3d39-4356-a99c-aa9c4f8fc207 tempest-DeleteServersTestJSON-153308966 tempest-DeleteServersTestJSON-153308966-project-member] Request filter 'remote_managed_ports_filter' took 0.0 seconds {{(pid=96534) wrapper /opt/stack/nova/nova/scheduler/request_filter.py:46}}
Jul 24 07:36:10.439529 np0000005822 nova-scheduler[96534]: DEBUG nova.scheduler.request_filter [None req-d7e8aff7-3d39-4356-a99c-aa9c4f8fc207 tempest-DeleteServersTestJSON-153308966 tempest-DeleteServersTestJSON-153308966-project-member] ephemeral_encryption_filter skipped {{(pid=96534) ephemeral_encryption_filter /opt/stack/nova/nova/scheduler/request_filter.py:426}}
Jul 24 07:36:10.439529 np0000005822 nova-scheduler[96534]: DEBUG nova.scheduler.request_filter [None req-d7e8aff7-3d39-4356-a99c-aa9c4f8fc207 tempest-DeleteServersTestJSON-153308966 tempest-DeleteServersTestJSON-153308966-project-member] virtio_sound_filter skipped {{(pid=96534) virtio_sound_filter /opt/stack/nova/nova/scheduler/request_filter.py:460}}
Jul 24 07:36:10.439529 np0000005822 nova-scheduler[96534]: DEBUG nova.scheduler.request_filter [None req-d7e8aff7-3d39-4356-a99c-aa9c4f8fc207 tempest-DeleteServersTestJSON-153308966 tempest-DeleteServersTestJSON-153308966-project-member] tpm_secret_security_filter skipped {{(pid=96534) tpm_secret_security_filter /opt/stack/nova/nova/scheduler/request_filter.py:477}}
Jul 24 07:36:11.003268 np0000005822 nova-scheduler[96534]: INFO nova.utils [None req-d7e8aff7-3d39-4356-a99c-aa9c4f8fc207 tempest-DeleteServersTestJSON-153308966 tempest-DeleteServersTestJSON-153308966-project-member] The cell worker thread pool ForkProcess-2.cell_worker is initialized
Jul 24 07:36:11.003268 np0000005822 nova-scheduler[96534]: DEBUG oslo_concurrency.lockutils [None req-d7e8aff7-3d39-4356-a99c-aa9c4f8fc207 tempest-DeleteServersTestJSON-153308966 tempest-DeleteServersTestJSON-153308966-project-member] Acquiring lock "8a143d8a-49b3-4ef5-9656-ff7aa4cee148" by "nova.context.set_target_cell..get_or_set_cached_cell_and_set_connections" {{(pid=96534) inner /opt/stack/data/venv/lib/python3.12/site-packages/oslo_concurrency/lockutils.py:512}}
Jul 24 07:36:11.003268 np0000005822 nova-scheduler[96534]: DEBUG oslo_concurrency.lockutils [None req-d7e8aff7-3d39-4356-a99c-aa9c4f8fc207 tempest-DeleteServersTestJSON-153308966 tempest-DeleteServersTestJSON-153308966-project-member] Lock "8a143d8a-49b3-4ef5-9656-ff7aa4cee148" acquired by "nova.context.set_target_cell..get_or_set_cached_cell_and_set_connections" :: waited 0.000s {{(pid=96534) inner /opt/stack/data/venv/lib/python3.12/site-packages/oslo_concurrency/lockutils.py:525}}
Jul 24 07:36:11.004348 np0000005822 nova-scheduler[96534]: DEBUG oslo_concurrency.lockutils [None req-d7e8aff7-3d39-4356-a99c-aa9c4f8fc207 tempest-DeleteServersTestJSON-153308966 tempest-DeleteServersTestJSON-153308966-project-member] Lock "8a143d8a-49b3-4ef5-9656-ff7aa4cee148" "released" by "nova.context.set_target_cell..get_or_set_cached_cell_and_set_connections" :: held 0.001s {{(pid=96534) inner /opt/stack/data/venv/lib/python3.12/site-packages/oslo_concurrency/lockutils.py:544}}
Jul 24 07:36:11.006180 np0000005822 nova-scheduler[96534]: INFO dbcounter [None req-d7e8aff7-3d39-4356-a99c-aa9c4f8fc207 tempest-DeleteServersTestJSON-153308966 tempest-DeleteServersTestJSON-153308966-project-member] Registered counter for database nova_cell1
Jul 24 07:36:11.047499 np0000005822 nova-scheduler[96534]: DEBUG oslo_db.sqlalchemy.engines [None req-d7e8aff7-3d39-4356-a99c-aa9c4f8fc207 tempest-DeleteServersTestJSON-153308966 tempest-DeleteServersTestJSON-153308966-project-member] MySQL server mode set to STRICT_TRANS_TABLES,STRICT_ALL_TABLES,NO_ZERO_IN_DATE,NO_ZERO_DATE,ERROR_FOR_DIVISION_BY_ZERO,TRADITIONAL,NO_ENGINE_SUBSTITUTION {{(pid=96534) _check_effective_sql_mode /opt/stack/data/venv/lib/python3.12/site-packages/oslo_db/sqlalchemy/engines.py:325}}
Jul 24 07:36:11.053131 np0000005822 nova-scheduler[96534]: DEBUG dbcounter [-] [96534] Writer thread running {{(pid=96534) stat_writer /opt/stack/data/venv/lib/python3.12/site-packages/dbcounter.py:102}}
Jul 24 07:36:11.064853 np0000005822 nova-scheduler[96534]: DEBUG oslo_db.sqlalchemy.engines [None req-d7e8aff7-3d39-4356-a99c-aa9c4f8fc207 tempest-DeleteServersTestJSON-153308966 tempest-DeleteServersTestJSON-153308966-project-member] Parent process 95340 forked (96534) with an open database connection, which is being discarded and recreated. {{(pid=96534) checkout /opt/stack/data/venv/lib/python3.12/site-packages/oslo_db/sqlalchemy/engines.py:402}}
Jul 24 07:36:11.108743 np0000005822 nova-scheduler[96534]: DEBUG dbcounter [-] [96534] Writer thread running {{(pid=96534) stat_writer /opt/stack/data/venv/lib/python3.12/site-packages/dbcounter.py:102}}
Jul 24 07:36:11.112093 np0000005822 nova-scheduler[96534]: DEBUG oslo_concurrency.lockutils [None req-d7e8aff7-3d39-4356-a99c-aa9c4f8fc207 tempest-DeleteServersTestJSON-153308966 tempest-DeleteServersTestJSON-153308966-project-member] Acquiring lock "8a143d8a-49b3-4ef5-9656-ff7aa4cee148" by "nova.context.set_target_cell..get_or_set_cached_cell_and_set_connections" {{(pid=96534) inner /opt/stack/data/venv/lib/python3.12/site-packages/oslo_concurrency/lockutils.py:512}}
Jul 24 07:36:11.112466 np0000005822 nova-scheduler[96534]: DEBUG oslo_concurrency.lockutils [None req-d7e8aff7-3d39-4356-a99c-aa9c4f8fc207 tempest-DeleteServersTestJSON-153308966 tempest-DeleteServersTestJSON-153308966-project-member] Lock "8a143d8a-49b3-4ef5-9656-ff7aa4cee148" acquired by "nova.context.set_target_cell..get_or_set_cached_cell_and_set_connections" :: waited 0.000s {{(pid=96534) inner /opt/stack/data/venv/lib/python3.12/site-packages/oslo_concurrency/lockutils.py:525}}
