Jul 21 16:17:45.603503 np0000005579 devstack@g-api.service[99867]: DEBUG glance_store.backend [-] Registering store swift with schemes ('swift+https', 'swift', 'swift+http', 'swift+config') {{(pid=99867) create_stores /opt/stack/data/venv/lib/python3.12/site-packages/glance_store/backend.py:261}}
Jul 21 16:17:45.603601 np0000005579 devstack@g-api.service[99867]: DEBUG glance_store.driver [-] Late loading location class glance_store._drivers.swift.store.StoreLocation {{(pid=99867) get_store_location_class /opt/stack/data/venv/lib/python3.12/site-packages/glance_store/driver.py:134}}
Jul 21 16:17:45.603703 np0000005579 devstack@g-api.service[99867]: DEBUG glance_store.location [-] Registering scheme swift+https with {'store': , 'location_class': , 'store_entry': 'swift'} {{(pid=99867) register_scheme_map /opt/stack/data/venv/lib/python3.12/site-packages/glance_store/location.py:146}}
Jul 21 16:17:45.603786 np0000005579 devstack@g-api.service[99867]: DEBUG glance_store.location [-] Registering scheme swift with {'store': , 'location_class': , 'store_entry': 'swift'} {{(pid=99867) register_scheme_map /opt/stack/data/venv/lib/python3.12/site-packages/glance_store/location.py:146}}
Jul 21 16:17:45.603877 np0000005579 devstack@g-api.service[99867]: DEBUG glance_store.location [-] Registering scheme swift+http with {'store': , 'location_class': , 'store_entry': 'swift'} {{(pid=99867) register_scheme_map /opt/stack/data/venv/lib/python3.12/site-packages/glance_store/location.py:146}}
Jul 21 16:17:45.603971 np0000005579 devstack@g-api.service[99867]: DEBUG glance_store.location [-] Registering scheme swift+config with {'store': , 'location_class': , 'store_entry': 'swift'} {{(pid=99867) register_scheme_map /opt/stack/data/venv/lib/python3.12/site-packages/glance_store/location.py:146}}
Jul 21 16:17:45.604061 np0000005579 devstack@g-api.service[99867]: DEBUG glance_store.backend [-] Attempting to import store http {{(pid=99867) _load_store /opt/stack/data/venv/lib/python3.12/site-packages/glance_store/backend.py:215}}
Jul 21 16:17:45.604323 np0000005579 devstack@g-api.service[99867]: DEBUG glance_store.capabilities [-] Store glance_store._drivers.http.Store doesn't support updating dynamic storage capabilities. Please overwrite 'update_capabilities' method of the store to implement updating logics if needed. {{(pid=99867) update_capabilities /opt/stack/data/venv/lib/python3.12/site-packages/glance_store/capabilities.py:91}}
Jul 21 16:17:45.604397 np0000005579 devstack@g-api.service[99867]: DEBUG glance_store.backend [-] Registering store http with schemes ('http', 'https') {{(pid=99867) create_stores /opt/stack/data/venv/lib/python3.12/site-packages/glance_store/backend.py:261}}
Jul 21 16:17:45.604459 np0000005579 devstack@g-api.service[99867]: DEBUG glance_store.driver [-] Late loading location class glance_store._drivers.http.StoreLocation {{(pid=99867) get_store_location_class /opt/stack/data/venv/lib/python3.12/site-packages/glance_store/driver.py:134}}
Jul 21 16:17:45.604523 np0000005579 devstack@g-api.service[99867]: DEBUG glance_store.location [-] Registering scheme http with {'store': , 'location_class': , 'store_entry': 'http'} {{(pid=99867) register_scheme_map /opt/stack/data/venv/lib/python3.12/site-packages/glance_store/location.py:146}}
Jul 21 16:17:45.605182 np0000005579 devstack@g-api.service[99867]: DEBUG glance_store.location [-] Registering scheme https with {'store': , 'location_class': , 'store_entry': 'http'} {{(pid=99867) register_scheme_map /opt/stack/data/venv/lib/python3.12/site-packages/glance_store/location.py:146}}
Jul 21 16:17:45.605182 np0000005579 devstack@g-api.service[99867]: DEBUG glance_store.backend [-] Attempting to import store swift {{(pid=99867) _load_store /opt/stack/data/venv/lib/python3.12/site-packages/glance_store/backend.py:215}}
Jul 21 16:17:45.605872 np0000005579 devstack@g-api.service[99867]: DEBUG glance_store.capabilities [-] Store glance_store._drivers.swift.store.SingleTenantStore doesn't support updating dynamic storage capabilities. Please overwrite 'update_capabilities' method of the store to implement updating logics if needed. {{(pid=99867) update_capabilities /opt/stack/data/venv/lib/python3.12/site-packages/glance_store/capabilities.py:91}}
Jul 21 16:17:45.605952 np0000005579 devstack@g-api.service[99867]: DEBUG glance_store.driver [-] Late loading location class glance_store._drivers.swift.store.StoreLocation {{(pid=99867) get_store_location_class /opt/stack/data/venv/lib/python3.12/site-packages/glance_store/driver.py:134}}
Jul 21 16:17:45.606017 np0000005579 devstack@g-api.service[99867]: DEBUG glance_store.location [-] Registering scheme swift+https with {'store': , 'location_class': , 'store_entry': 'swift'} {{(pid=99867) register_scheme_map /opt/stack/data/venv/lib/python3.12/site-packages/glance_store/location.py:146}}
Jul 21 16:17:45.606092 np0000005579 devstack@g-api.service[99867]: DEBUG glance_store.location [-] Registering scheme swift+https with {'store': , 'location_class': , 'store_entry': 'swift'} {{(pid=99867) register_scheme_map /opt/stack/data/venv/lib/python3.12/site-packages/glance_store/location.py:146}}
Jul 21 16:17:45.606092 np0000005579 devstack@g-api.service[99867]: DEBUG glance_store.location [-] Registering scheme swift with {'store': , 'location_class': , 'store_entry': 'swift'} {{(pid=99867) register_scheme_map /opt/stack/data/venv/lib/python3.12/site-packages/glance_store/location.py:146}}
Jul 21 16:17:45.606222 np0000005579 devstack@g-api.service[99867]: DEBUG glance_store.location [-] Registering scheme swift+https with {'store': , 'location_class': , 'store_entry': 'swift'} {{(pid=99867) register_scheme_map /opt/stack/data/venv/lib/python3.12/site-packages/glance_store/location.py:146}}
Jul 21 16:17:45.606222 np0000005579 devstack@g-api.service[99867]: DEBUG glance_store.location [-] Registering scheme swift with {'store': , 'location_class': , 'store_entry': 'swift'} {{(pid=99867) register_scheme_map /opt/stack/data/venv/lib/python3.12/site-packages/glance_store/location.py:146}}
Jul 21 16:17:45.606222 np0000005579 devstack@g-api.service[99867]: DEBUG glance_store.location [-] Registering scheme swift+http with {'store': , 'location_class': , 'store_entry': 'swift'} {{(pid=99867) register_scheme_map /opt/stack/data/venv/lib/python3.12/site-packages/glance_store/location.py:146}}
Jul 21 16:17:45.606419 np0000005579 devstack@g-api.service[99867]: DEBUG glance_store.location [-] Registering scheme swift+https with {'store': , 'location_class': , 'store_entry': 'swift'} {{(pid=99867) register_scheme_map /opt/stack/data/venv/lib/python3.12/site-packages/glance_store/location.py:146}}
Jul 21 16:17:45.606419 np0000005579 devstack@g-api.service[99867]: DEBUG glance_store.location [-] Registering scheme swift with {'store': , 'location_class': , 'store_entry': 'swift'} {{(pid=99867) register_scheme_map /opt/stack/data/venv/lib/python3.12/site-packages/glance_store/location.py:146}}
Jul 21 16:17:45.606419 np0000005579 devstack@g-api.service[99867]: DEBUG glance_store.location [-] Registering scheme swift+http with {'store': , 'location_class': , 'store_entry': 'swift'} {{(pid=99867) register_scheme_map /opt/stack/data/venv/lib/python3.12/site-packages/glance_store/location.py:146}}
Jul 21 16:17:45.606419 np0000005579 devstack@g-api.service[99867]: DEBUG glance_store.location [-] Registering scheme swift+config with {'store': , 'location_class': , 'store_entry': 'swift'} {{(pid=99867) register_scheme_map /opt/stack/data/venv/lib/python3.12/site-packages/glance_store/location.py:146}}
Jul 21 16:17:45.606691 np0000005579 devstack@g-api.service[99867]: DEBUG glance.sqlite_migration [-] SQLite caching database not located, skipping migration {{(pid=99867) get_db_path /opt/stack/glance/glance/sqlite_migration.py:68}}
Jul 21 16:17:45.606877 np0000005579 devstack@g-api.service[99867]: WARNING glance.common.wsgi_app [-] Import methods are enabled but staging directory /tmp/staging/ does not exist; Imports will fail!
Jul 21 16:17:45.715261 np0000005579 devstack@g-api.service[99866]: DEBUG glance.common.config [None req-75f36fb2-d764-477b-a1ae-a93e32195d4f None None] Loading glance-api-keystone+cachemanagement from /etc/glance/glance-api-paste.ini {{(pid=99866) load_paste_app /opt/stack/glance/glance/common/config.py:765}}
Jul 21 16:17:45.719461 np0000005579 devstack@g-api.service[99865]: DEBUG glance.common.config [None req-c96ffec3-c357-4551-91a9-4799ac8fb605 None None] Loading glance-api-keystone+cachemanagement from /etc/glance/glance-api-paste.ini {{(pid=99865) load_paste_app /opt/stack/glance/glance/common/config.py:765}}
Jul 21 16:17:45.752330 np0000005579 devstack@g-api.service[99867]: DEBUG glance.common.config [None req-50c70a2f-d55f-49eb-93ea-3fd289179bc7 None None] Loading glance-api-keystone+cachemanagement from /etc/glance/glance-api-paste.ini {{(pid=99867) load_paste_app /opt/stack/glance/glance/common/config.py:765}}
Jul 21 16:17:46.387838 np0000005579 devstack@g-api.service[99865]: INFO glance.image_cache [None req-c96ffec3-c357-4551-91a9-4799ac8fb605 None None] Image cache loaded driver 'centralized_db'.
Jul 21 16:17:46.397036 np0000005579 devstack@g-api.service[99866]: INFO glance.image_cache [None req-75f36fb2-d764-477b-a1ae-a93e32195d4f None None] Image cache loaded driver 'centralized_db'.
Jul 21 16:17:46.414555 np0000005579 devstack@g-api.service[99867]: INFO glance.image_cache [None req-50c70a2f-d55f-49eb-93ea-3fd289179bc7 None None] Image cache loaded driver 'centralized_db'.
Jul 21 16:17:46.431815 np0000005579 devstack@g-api.service[99865]: INFO dbcounter [None req-c96ffec3-c357-4551-91a9-4799ac8fb605 None None] Registered counter for database glance
Jul 21 16:17:46.458139 np0000005579 devstack@g-api.service[99866]: INFO dbcounter [None req-75f36fb2-d764-477b-a1ae-a93e32195d4f None None] Registered counter for database glance
Jul 21 16:17:46.460311 np0000005579 devstack@g-api.service[99867]: INFO dbcounter [None req-50c70a2f-d55f-49eb-93ea-3fd289179bc7 None None] Registered counter for database glance
Jul 21 16:17:46.469256 np0000005579 devstack@g-api.service[99865]: DEBUG oslo_db.sqlalchemy.engines [None req-c96ffec3-c357-4551-91a9-4799ac8fb605 None None] MySQL server mode set to STRICT_TRANS_TABLES,STRICT_ALL_TABLES,NO_ZERO_IN_DATE,NO_ZERO_DATE,ERROR_FOR_DIVISION_BY_ZERO,TRADITIONAL,NO_ENGINE_SUBSTITUTION {{(pid=99865) _check_effective_sql_mode /opt/stack/data/venv/lib/python3.12/site-packages/oslo_db/sqlalchemy/engines.py:325}}
Jul 21 16:17:46.489130 np0000005579 devstack@g-api.service[99865]: DEBUG dbcounter [-] [99865] Writer thread running {{(pid=99865) stat_writer /opt/stack/data/venv/lib/python3.12/site-packages/dbcounter.py:102}}
Jul 21 16:17:46.499377 np0000005579 devstack@g-api.service[99867]: DEBUG oslo_db.sqlalchemy.engines [None req-50c70a2f-d55f-49eb-93ea-3fd289179bc7 None None] MySQL server mode set to STRICT_TRANS_TABLES,STRICT_ALL_TABLES,NO_ZERO_IN_DATE,NO_ZERO_DATE,ERROR_FOR_DIVISION_BY_ZERO,TRADITIONAL,NO_ENGINE_SUBSTITUTION {{(pid=99867) _check_effective_sql_mode /opt/stack/data/venv/lib/python3.12/site-packages/oslo_db/sqlalchemy/engines.py:325}}
Jul 21 16:17:46.502954 np0000005579 devstack@g-api.service[99866]: DEBUG oslo_db.sqlalchemy.engines [None req-75f36fb2-d764-477b-a1ae-a93e32195d4f None None] MySQL server mode set to STRICT_TRANS_TABLES,STRICT_ALL_TABLES,NO_ZERO_IN_DATE,NO_ZERO_DATE,ERROR_FOR_DIVISION_BY_ZERO,TRADITIONAL,NO_ENGINE_SUBSTITUTION {{(pid=99866) _check_effective_sql_mode /opt/stack/data/venv/lib/python3.12/site-packages/oslo_db/sqlalchemy/engines.py:325}}
Jul 21 16:17:46.521345 np0000005579 devstack@g-api.service[99867]: DEBUG dbcounter [-] [99867] Writer thread running {{(pid=99867) stat_writer /opt/stack/data/venv/lib/python3.12/site-packages/dbcounter.py:102}}
Jul 21 16:17:46.524628 np0000005579 devstack@g-api.service[99867]: DEBUG glance.image_cache.drivers.centralized_db [None req-50c70a2f-d55f-49eb-93ea-3fd289179bc7 None None] Node reference is already recorded, ignoring it {{(pid=99867) configure /opt/stack/glance/glance/image_cache/drivers/centralized_db.py:71}}
Jul 21 16:17:46.524786 np0000005579 devstack@g-api.service[99866]: DEBUG dbcounter [-] [99866] Writer thread running {{(pid=99866) stat_writer /opt/stack/data/venv/lib/python3.12/site-packages/dbcounter.py:102}}
Jul 21 16:17:46.527873 np0000005579 devstack@g-api.service[99866]: DEBUG glance.image_cache.drivers.centralized_db [None req-75f36fb2-d764-477b-a1ae-a93e32195d4f None None] Node reference is already recorded, ignoring it {{(pid=99866) configure /opt/stack/glance/glance/image_cache/drivers/centralized_db.py:71}}
Jul 21 16:17:46.533015 np0000005579 devstack@g-api.service[99867]: INFO glance.image_cache [None req-50c70a2f-d55f-49eb-93ea-3fd289179bc7 None None] Image cache loaded driver 'centralized_db'.
Jul 21 16:17:46.594926 np0000005579 devstack@g-api.service[99865]: INFO glance.image_cache [None req-c96ffec3-c357-4551-91a9-4799ac8fb605 None None] Image cache loaded driver 'centralized_db'.
Jul 21 16:17:46.602482 np0000005579 devstack@g-api.service[99865]: DEBUG glance.image_cache.drivers.centralized_db [None req-c96ffec3-c357-4551-91a9-4799ac8fb605 None None] Node reference is already recorded, ignoring it {{(pid=99865) configure /opt/stack/glance/glance/image_cache/drivers/centralized_db.py:71}}
Jul 21 16:17:46.607399 np0000005579 devstack@g-api.service[99865]: DEBUG glance.api.v2.cached_images [None req-c96ffec3-c357-4551-91a9-4799ac8fb605 None None] Started cache worker thread {{(pid=99865) __init__ /opt/stack/glance/glance/api/v2/cached_images.py:71}}
Jul 21 16:17:46.608158 np0000005579 devstack@g-api.service[99865]: INFO glance.image_cache [None req-c96ffec3-c357-4551-91a9-4799ac8fb605 None None] Image cache loaded driver 'centralized_db'.
Jul 21 16:17:46.615705 np0000005579 devstack@g-api.service[99865]: DEBUG glance.image_cache.drivers.centralized_db [None req-c96ffec3-c357-4551-91a9-4799ac8fb605 None None] Node reference is already recorded, ignoring it {{(pid=99865) configure /opt/stack/glance/glance/image_cache/drivers/centralized_db.py:71}}
Jul 21 16:17:46.620084 np0000005579 devstack@g-api.service[99865]: INFO glance.api.middleware.cache_manage [None req-c96ffec3-c357-4551-91a9-4799ac8fb605 None None] Initialized image cache management middleware
Jul 21 16:17:46.620252 np0000005579 devstack@g-api.service[99865]: INFO glance.image_cache [None req-c96ffec3-c357-4551-91a9-4799ac8fb605 None None] Image cache loaded driver 'centralized_db'.
Jul 21 16:17:46.627303 np0000005579 devstack@g-api.service[99865]: DEBUG glance.image_cache.drivers.centralized_db [None req-c96ffec3-c357-4551-91a9-4799ac8fb605 None None] Node reference is already recorded, ignoring it {{(pid=99865) configure /opt/stack/glance/glance/image_cache/drivers/centralized_db.py:71}}
Jul 21 16:17:46.628870 np0000005579 devstack@g-api.service[99866]: INFO glance.image_cache [None req-75f36fb2-d764-477b-a1ae-a93e32195d4f None None] Image cache loaded driver 'centralized_db'.
Jul 21 16:17:46.631405 np0000005579 devstack@g-api.service[99867]: DEBUG glance.image_cache.drivers.centralized_db [None req-50c70a2f-d55f-49eb-93ea-3fd289179bc7 None None] Node reference is already recorded, ignoring it {{(pid=99867) configure /opt/stack/glance/glance/image_cache/drivers/centralized_db.py:71}}
Jul 21 16:17:46.632611 np0000005579 devstack@g-api.service[99865]: INFO glance.api.middleware.cache [None req-c96ffec3-c357-4551-91a9-4799ac8fb605 None None] Initialized image cache middleware
Jul 21 16:17:46.636275 np0000005579 devstack@g-api.service[99866]: DEBUG glance.image_cache.drivers.centralized_db [None req-75f36fb2-d764-477b-a1ae-a93e32195d4f None None] Node reference is already recorded, ignoring it {{(pid=99866) configure /opt/stack/glance/glance/image_cache/drivers/centralized_db.py:71}}
Jul 21 16:17:46.636604 np0000005579 devstack@g-api.service[99867]: DEBUG glance.api.v2.cached_images [None req-50c70a2f-d55f-49eb-93ea-3fd289179bc7 None None] Started cache worker thread {{(pid=99867) __init__ /opt/stack/glance/glance/api/v2/cached_images.py:71}}
Jul 21 16:17:46.637382 np0000005579 devstack@g-api.service[99867]: INFO glance.image_cache [None req-50c70a2f-d55f-49eb-93ea-3fd289179bc7 None None] Image cache loaded driver 'centralized_db'.
Jul 21 16:17:46.641364 np0000005579 devstack@g-api.service[99866]: DEBUG glance.api.v2.cached_images [None req-75f36fb2-d764-477b-a1ae-a93e32195d4f None None] Started cache worker thread {{(pid=99866) __init__ /opt/stack/glance/glance/api/v2/cached_images.py:71}}
Jul 21 16:17:46.642096 np0000005579 devstack@g-api.service[99866]: INFO glance.image_cache [None req-75f36fb2-d764-477b-a1ae-a93e32195d4f None None] Image cache loaded driver 'centralized_db'.
Jul 21 16:17:46.643622 np0000005579 devstack@g-api.service[99865]: DEBUG glance.common.config [None req-c96ffec3-c357-4551-91a9-4799ac8fb605 None None] ******************************************************************************** {{(pid=99865) log_opt_values /opt/stack/data/venv/lib/python3.12/site-packages/oslo_config/cfg.py:3226}}
Jul 21 16:17:46.643708 np0000005579 devstack@g-api.service[99865]: DEBUG glance.common.config [None req-c96ffec3-c357-4551-91a9-4799ac8fb605 None None] Configuration options gathered from: {{(pid=99865) log_opt_values /opt/stack/data/venv/lib/python3.12/site-packages/oslo_config/cfg.py:3227}}
Jul 21 16:17:46.643979 np0000005579 devstack@g-api.service[99865]: DEBUG glance.common.config [None req-c96ffec3-c357-4551-91a9-4799ac8fb605 None None] command line args: [] {{(pid=99865) log_opt_values /opt/stack/data/venv/lib/python3.12/site-packages/oslo_config/cfg.py:3228}}
Jul 21 16:17:46.644109 np0000005579 devstack@g-api.service[99865]: DEBUG glance.common.config [None req-c96ffec3-c357-4551-91a9-4799ac8fb605 None None] config files: ['/etc/glance/glance-image-import.conf', '/etc/glance/glance-api.conf'] {{(pid=99865) log_opt_values /opt/stack/data/venv/lib/python3.12/site-packages/oslo_config/cfg.py:3229}}
Jul 21 16:17:46.644182 np0000005579 devstack@g-api.service[99865]: DEBUG glance.common.config [None req-c96ffec3-c357-4551-91a9-4799ac8fb605 None None] ================================================================================ {{(pid=99865) log_opt_values /opt/stack/data/venv/lib/python3.12/site-packages/oslo_config/cfg.py:3234}}
Jul 21 16:17:46.644320 np0000005579 devstack@g-api.service[99865]: DEBUG glance.common.config [None req-c96ffec3-c357-4551-91a9-4799ac8fb605 None None] allow_anonymous_access = False {{(pid=99865) log_opt_values /opt/stack/data/venv/lib/python3.12/site-packages/oslo_config/cfg.py:3242}}
Jul 21 16:17:46.644415 np0000005579 devstack@g-api.service[99865]: DEBUG glance.common.config [None req-c96ffec3-c357-4551-91a9-4799ac8fb605 None None] api_limit_max = 1000 {{(pid=99865) log_opt_values /opt/stack/data/venv/lib/python3.12/site-packages/oslo_config/cfg.py:3242}}
Jul 21 16:17:46.644541 np0000005579 devstack@g-api.service[99865]: DEBUG glance.common.config [None req-c96ffec3-c357-4551-91a9-4799ac8fb605 None None] config_dir = [] {{(pid=99865) log_opt_values /opt/stack/data/venv/lib/python3.12/site-packages/oslo_config/cfg.py:3242}}
Jul 21 16:17:46.644639 np0000005579 devstack@g-api.service[99865]: DEBUG glance.common.config [None req-c96ffec3-c357-4551-91a9-4799ac8fb605 None None] config_file = ['/etc/glance/glance-image-import.conf', '/etc/glance/glance-api.conf'] {{(pid=99865) log_opt_values /opt/stack/data/venv/lib/python3.12/site-packages/oslo_config/cfg.py:3242}}
Jul 21 16:17:46.644746 np0000005579 devstack@g-api.service[99865]: DEBUG glance.common.config [None req-c96ffec3-c357-4551-91a9-4799ac8fb605 None None] config_source = [] {{(pid=99865) log_opt_values /opt/stack/data/venv/lib/python3.12/site-packages/oslo_config/cfg.py:3242}}
Jul 21 16:17:46.644895 np0000005579 devstack@g-api.service[99865]: DEBUG glance.common.config [None req-c96ffec3-c357-4551-91a9-4799ac8fb605 None None] control_exchange = glance {{(pid=99865) log_opt_values /opt/stack/data/venv/lib/python3.12/site-packages/oslo_config/cfg.py:3242}}
Jul 21 16:17:46.644971 np0000005579 devstack@g-api.service[99867]: DEBUG glance.image_cache.drivers.centralized_db [None req-50c70a2f-d55f-49eb-93ea-3fd289179bc7 None None] Node reference is already recorded, ignoring it {{(pid=99867) configure /opt/stack/glance/glance/image_cache/drivers/centralized_db.py:71}}
Jul 21 16:17:46.645044 np0000005579 devstack@g-api.service[99865]: DEBUG glance.common.config [None req-c96ffec3-c357-4551-91a9-4799ac8fb605 None None] debug = True {{(pid=99865) log_opt_values /opt/stack/data/venv/lib/python3.12/site-packages/oslo_config/cfg.py:3242}}
Jul 21 16:17:46.645136 np0000005579 devstack@g-api.service[99865]: DEBUG glance.common.config [None req-c96ffec3-c357-4551-91a9-4799ac8fb605 None None] default_log_levels = ['amqp=WARN', 'boto=WARN', 'sqlalchemy=WARN', 'suds=INFO', 'oslo.messaging=INFO', 'oslo_messaging=INFO', 'iso8601=WARN', 'requests.packages.urllib3.connectionpool=WARN', 'urllib3.connectionpool=WARN', 'websocket=WARN', 'requests.packages.urllib3.util.retry=WARN', 'urllib3.util.retry=WARN', 'keystonemiddleware=WARN', 'routes.middleware=WARN', 'stevedore=WARN', 'taskflow=WARN', 'keystoneauth=WARN', 'oslo.cache=INFO', 'oslo_policy=INFO', 'dogpile.core.dogpile=INFO'] {{(pid=99865) log_opt_values /opt/stack/data/venv/lib/python3.12/site-packages/oslo_config/cfg.py:3242}}
Jul 21 16:17:46.645273 np0000005579 devstack@g-api.service[99865]: DEBUG glance.common.config [None req-c96ffec3-c357-4551-91a9-4799ac8fb605 None None] default_publisher_id = image.localhost {{(pid=99865) log_opt_values /opt/stack/data/venv/lib/python3.12/site-packages/oslo_config/cfg.py:3242}}
Jul 21 16:17:46.645348 np0000005579 devstack@g-api.service[99865]: DEBUG glance.common.config [None req-c96ffec3-c357-4551-91a9-4799ac8fb605 None None] delayed_delete = False {{(pid=99865) log_opt_values /opt/stack/data/venv/lib/python3.12/site-packages/oslo_config/cfg.py:3242}}
Jul 21 16:17:46.645431 np0000005579 devstack@g-api.service[99865]: DEBUG glance.common.config [None req-c96ffec3-c357-4551-91a9-4799ac8fb605 None None] digest_algorithm = sha256 {{(pid=99865) log_opt_values /opt/stack/data/venv/lib/python3.12/site-packages/oslo_config/cfg.py:3242}}
Jul 21 16:17:46.645519 np0000005579 devstack@g-api.service[99865]: DEBUG glance.common.config [None req-c96ffec3-c357-4551-91a9-4799ac8fb605 None None] disabled_notifications = [] {{(pid=99865) log_opt_values /opt/stack/data/venv/lib/python3.12/site-packages/oslo_config/cfg.py:3242}}
Jul 21 16:17:46.645608 np0000005579 devstack@g-api.service[99865]: DEBUG glance.common.config [None req-c96ffec3-c357-4551-91a9-4799ac8fb605 None None] do_secure_hash = True {{(pid=99865) log_opt_values /opt/stack/data/venv/lib/python3.12/site-packages/oslo_config/cfg.py:3242}}
Jul 21 16:17:46.645698 np0000005579 devstack@g-api.service[99865]: DEBUG glance.common.config [None req-c96ffec3-c357-4551-91a9-4799ac8fb605 None None] enabled_backends = None {{(pid=99865) log_opt_values /opt/stack/data/venv/lib/python3.12/site-packages/oslo_config/cfg.py:3242}}
Jul 21 16:17:46.645803 np0000005579 devstack@g-api.service[99865]: DEBUG glance.common.config [None req-c96ffec3-c357-4551-91a9-4799ac8fb605 None None] enabled_import_methods = ['glance-direct', 'web-download', 'copy-image'] {{(pid=99865) log_opt_values /opt/stack/data/venv/lib/python3.12/site-packages/oslo_config/cfg.py:3242}}
Jul 21 16:17:46.645890 np0000005579 devstack@g-api.service[99865]: DEBUG glance.common.config [None req-c96ffec3-c357-4551-91a9-4799ac8fb605 None None] fatal_deprecations = False {{(pid=99865) log_opt_values /opt/stack/data/venv/lib/python3.12/site-packages/oslo_config/cfg.py:3242}}
Jul 21 16:17:46.645971 np0000005579 devstack@g-api.service[99865]: DEBUG glance.common.config [None req-c96ffec3-c357-4551-91a9-4799ac8fb605 None None] hashing_algorithm = sha512 {{(pid=99865) log_opt_values /opt/stack/data/venv/lib/python3.12/site-packages/oslo_config/cfg.py:3242}}
Jul 21 16:17:46.646061 np0000005579 devstack@g-api.service[99865]: DEBUG glance.common.config [None req-c96ffec3-c357-4551-91a9-4799ac8fb605 None None] http_retries = 3 {{(pid=99865) log_opt_values /opt/stack/data/venv/lib/python3.12/site-packages/oslo_config/cfg.py:3242}}
Jul 21 16:17:46.646166 np0000005579 devstack@g-api.service[99865]: DEBUG glance.common.config [None req-c96ffec3-c357-4551-91a9-4799ac8fb605 None None] image_cache_dir = /opt/stack/data/glance/cache/ {{(pid=99865) log_opt_values /opt/stack/data/venv/lib/python3.12/site-packages/oslo_config/cfg.py:3242}}
Jul 21 16:17:46.646289 np0000005579 devstack@g-api.service[99865]: DEBUG glance.common.config [None req-c96ffec3-c357-4551-91a9-4799ac8fb605 None None] image_cache_driver = centralized_db {{(pid=99865) log_opt_values /opt/stack/data/venv/lib/python3.12/site-packages/oslo_config/cfg.py:3242}}
Jul 21 16:17:46.646391 np0000005579 devstack@g-api.service[99865]: DEBUG glance.common.config [None req-c96ffec3-c357-4551-91a9-4799ac8fb605 None None] image_cache_max_size = 10737418240 {{(pid=99865) log_opt_values /opt/stack/data/venv/lib/python3.12/site-packages/oslo_config/cfg.py:3242}}
Jul 21 16:17:46.646485 np0000005579 devstack@g-api.service[99865]: DEBUG glance.common.config [None req-c96ffec3-c357-4551-91a9-4799ac8fb605 None None] image_cache_sqlite_db = cache.db {{(pid=99865) log_opt_values /opt/stack/data/venv/lib/python3.12/site-packages/oslo_config/cfg.py:3242}}
Jul 21 16:17:46.646572 np0000005579 devstack@g-api.service[99865]: DEBUG glance.common.config [None req-c96ffec3-c357-4551-91a9-4799ac8fb605 None None] image_cache_stall_time = 86400 {{(pid=99865) log_opt_values /opt/stack/data/venv/lib/python3.12/site-packages/oslo_config/cfg.py:3242}}
Jul 21 16:17:46.646650 np0000005579 devstack@g-api.service[99865]: DEBUG glance.common.config [None req-c96ffec3-c357-4551-91a9-4799ac8fb605 None None] image_location_quota = 10 {{(pid=99865) log_opt_values /opt/stack/data/venv/lib/python3.12/site-packages/oslo_config/cfg.py:3242}}
Jul 21 16:17:46.646736 np0000005579 devstack@g-api.service[99865]: DEBUG glance.common.config [None req-c96ffec3-c357-4551-91a9-4799ac8fb605 None None] image_member_quota = 128 {{(pid=99865) log_opt_values /opt/stack/data/venv/lib/python3.12/site-packages/oslo_config/cfg.py:3242}}
Jul 21 16:17:46.646824 np0000005579 devstack@g-api.service[99865]: DEBUG glance.common.config [None req-c96ffec3-c357-4551-91a9-4799ac8fb605 None None] image_property_quota = 128 {{(pid=99865) log_opt_values /opt/stack/data/venv/lib/python3.12/site-packages/oslo_config/cfg.py:3242}}
Jul 21 16:17:46.646913 np0000005579 devstack@g-api.service[99865]: DEBUG glance.common.config [None req-c96ffec3-c357-4551-91a9-4799ac8fb605 None None] image_size_cap = 1099511627776 {{(pid=99865) log_opt_values /opt/stack/data/venv/lib/python3.12/site-packages/oslo_config/cfg.py:3242}}
Jul 21 16:17:46.647016 np0000005579 devstack@g-api.service[99865]: DEBUG glance.common.config [None req-c96ffec3-c357-4551-91a9-4799ac8fb605 None None] image_tag_quota = 128 {{(pid=99865) log_opt_values /opt/stack/data/venv/lib/python3.12/site-packages/oslo_config/cfg.py:3242}}
Jul 21 16:17:46.647120 np0000005579 devstack@g-api.service[99865]: DEBUG glance.common.config [None req-c96ffec3-c357-4551-91a9-4799ac8fb605 None None] instance_format = [instance: %(uuid)s] {{(pid=99865) log_opt_values /opt/stack/data/venv/lib/python3.12/site-packages/oslo_config/cfg.py:3242}}
Jul 21 16:17:46.647223 np0000005579 devstack@g-api.service[99865]: DEBUG glance.common.config [None req-c96ffec3-c357-4551-91a9-4799ac8fb605 None None] instance_uuid_format = [instance: %(uuid)s] {{(pid=99865) log_opt_values /opt/stack/data/venv/lib/python3.12/site-packages/oslo_config/cfg.py:3242}}
Jul 21 16:17:46.647349 np0000005579 devstack@g-api.service[99865]: DEBUG glance.common.config [None req-c96ffec3-c357-4551-91a9-4799ac8fb605 None None] limit_param_default = 25 {{(pid=99865) log_opt_values /opt/stack/data/venv/lib/python3.12/site-packages/oslo_config/cfg.py:3242}}
Jul 21 16:17:46.647449 np0000005579 devstack@g-api.service[99865]: DEBUG glance.common.config [None req-c96ffec3-c357-4551-91a9-4799ac8fb605 None None] log_color = False {{(pid=99865) log_opt_values /opt/stack/data/venv/lib/python3.12/site-packages/oslo_config/cfg.py:3242}}
Jul 21 16:17:46.647595 np0000005579 devstack@g-api.service[99865]: DEBUG glance.common.config [None req-c96ffec3-c357-4551-91a9-4799ac8fb605 None None] log_config_append = None {{(pid=99865) log_opt_values /opt/stack/data/venv/lib/python3.12/site-packages/oslo_config/cfg.py:3242}}
Jul 21 16:17:46.647707 np0000005579 devstack@g-api.service[99865]: DEBUG glance.common.config [None req-c96ffec3-c357-4551-91a9-4799ac8fb605 None None] log_date_format = %Y-%m-%d %H:%M:%S {{(pid=99865) log_opt_values /opt/stack/data/venv/lib/python3.12/site-packages/oslo_config/cfg.py:3242}}
Jul 21 16:17:46.647788 np0000005579 devstack@g-api.service[99865]: DEBUG glance.common.config [None req-c96ffec3-c357-4551-91a9-4799ac8fb605 None None] log_dir = None {{(pid=99865) log_opt_values /opt/stack/data/venv/lib/python3.12/site-packages/oslo_config/cfg.py:3242}}
Jul 21 16:17:46.647882 np0000005579 devstack@g-api.service[99865]: DEBUG glance.common.config [None req-c96ffec3-c357-4551-91a9-4799ac8fb605 None None] log_file = None {{(pid=99865) log_opt_values /opt/stack/data/venv/lib/python3.12/site-packages/oslo_config/cfg.py:3242}}
Jul 21 16:17:46.648013 np0000005579 devstack@g-api.service[99865]: DEBUG glance.common.config [None req-c96ffec3-c357-4551-91a9-4799ac8fb605 None None] log_rotate_interval = 1 {{(pid=99865) log_opt_values /opt/stack/data/venv/lib/python3.12/site-packages/oslo_config/cfg.py:3242}}
Jul 21 16:17:46.648128 np0000005579 devstack@g-api.service[99865]: DEBUG glance.common.config [None req-c96ffec3-c357-4551-91a9-4799ac8fb605 None None] log_rotate_interval_type = days {{(pid=99865) log_opt_values /opt/stack/data/venv/lib/python3.12/site-packages/oslo_config/cfg.py:3242}}
Jul 21 16:17:46.648225 np0000005579 devstack@g-api.service[99865]: DEBUG glance.common.config [None req-c96ffec3-c357-4551-91a9-4799ac8fb605 None None] log_rotation_type = none {{(pid=99865) log_opt_values /opt/stack/data/venv/lib/python3.12/site-packages/oslo_config/cfg.py:3242}}
Jul 21 16:17:46.648356 np0000005579 devstack@g-api.service[99865]: DEBUG glance.common.config [None req-c96ffec3-c357-4551-91a9-4799ac8fb605 None None] logging_context_format_string = %(color)s%(levelname)s %(name)s [%(global_request_id)s %(request_id)s %(project_name)s %(user_name)s%(color)s] %(instance)s%(color)s%(message)s {{(pid=99865) log_opt_values /opt/stack/data/venv/lib/python3.12/site-packages/oslo_config/cfg.py:3242}}
Jul 21 16:17:46.648546 np0000005579 devstack@g-api.service[99865]: DEBUG glance.common.config [None req-c96ffec3-c357-4551-91a9-4799ac8fb605 None None] logging_debug_format_suffix = {{(pid=%(process)d) %(funcName)s %(pathname)s:%(lineno)d}} {{(pid=99865) log_opt_values /opt/stack/data/venv/lib/python3.12/site-packages/oslo_config/cfg.py:3242}}
Jul 21 16:17:46.648638 np0000005579 devstack@g-api.service[99865]: DEBUG glance.common.config [None req-c96ffec3-c357-4551-91a9-4799ac8fb605 None None] logging_default_format_string = %(color)s%(levelname)s %(name)s [-%(color)s] %(instance)s%(color)s%(message)s {{(pid=99865) log_opt_values /opt/stack/data/venv/lib/python3.12/site-packages/oslo_config/cfg.py:3242}}
Jul 21 16:17:46.648712 np0000005579 devstack@g-api.service[99865]: DEBUG glance.common.config [None req-c96ffec3-c357-4551-91a9-4799ac8fb605 None None] logging_exception_prefix = ERROR %(name)s %(instance)s {{(pid=99865) log_opt_values /opt/stack/data/venv/lib/python3.12/site-packages/oslo_config/cfg.py:3242}}
Jul 21 16:17:46.648773 np0000005579 devstack@g-api.service[99865]: DEBUG glance.common.config [None req-c96ffec3-c357-4551-91a9-4799ac8fb605 None None] logging_user_identity_format = %(user)s %(project)s %(domain)s %(system_scope)s %(user_domain)s %(project_domain)s {{(pid=99865) log_opt_values /opt/stack/data/venv/lib/python3.12/site-packages/oslo_config/cfg.py:3242}}
Jul 21 16:17:46.648858 np0000005579 devstack@g-api.service[99865]: DEBUG glance.common.config [None req-c96ffec3-c357-4551-91a9-4799ac8fb605 None None] max_logfile_count = 30 {{(pid=99865) log_opt_values /opt/stack/data/venv/lib/python3.12/site-packages/oslo_config/cfg.py:3242}}
Jul 21 16:17:46.648943 np0000005579 devstack@g-api.service[99865]: DEBUG glance.common.config [None req-c96ffec3-c357-4551-91a9-4799ac8fb605 None None] max_logfile_size_mb = 200 {{(pid=99865) log_opt_values /opt/stack/data/venv/lib/python3.12/site-packages/oslo_config/cfg.py:3242}}
Jul 21 16:17:46.649031 np0000005579 devstack@g-api.service[99865]: DEBUG glance.common.config [None req-c96ffec3-c357-4551-91a9-4799ac8fb605 None None] max_request_id_length = 64 {{(pid=99865) log_opt_values /opt/stack/data/venv/lib/python3.12/site-packages/oslo_config/cfg.py:3242}}
Jul 21 16:17:46.649125 np0000005579 devstack@g-api.service[99865]: DEBUG glance.common.config [None req-c96ffec3-c357-4551-91a9-4799ac8fb605 None None] metadata_encryption_key = **** {{(pid=99865) log_opt_values /opt/stack/data/venv/lib/python3.12/site-packages/oslo_config/cfg.py:3242}}
Jul 21 16:17:46.649220 np0000005579 devstack@g-api.service[99865]: DEBUG glance.common.config [None req-c96ffec3-c357-4551-91a9-4799ac8fb605 None None] node_staging_uri = file:///tmp/staging/ {{(pid=99865) log_opt_values /opt/stack/data/venv/lib/python3.12/site-packages/oslo_config/cfg.py:3242}}
Jul 21 16:17:46.649323 np0000005579 devstack@g-api.service[99865]: DEBUG glance.common.config [None req-c96ffec3-c357-4551-91a9-4799ac8fb605 None None] property_protection_file = None {{(pid=99865) log_opt_values /opt/stack/data/venv/lib/python3.12/site-packages/oslo_config/cfg.py:3242}}
Jul 21 16:17:46.649421 np0000005579 devstack@g-api.service[99867]: INFO glance.api.middleware.cache_manage [None req-50c70a2f-d55f-49eb-93ea-3fd289179bc7 None None] Initialized image cache management middleware
Jul 21 16:17:46.650218 np0000005579 devstack@g-api.service[99865]: DEBUG glance.common.config [None req-c96ffec3-c357-4551-91a9-4799ac8fb605 None None] property_protection_rule_format = roles {{(pid=99865) log_opt_values /opt/stack/data/venv/lib/python3.12/site-packages/oslo_config/cfg.py:3242}}
Jul 21 16:17:46.650218 np0000005579 devstack@g-api.service[99865]: DEBUG glance.common.config [None req-c96ffec3-c357-4551-91a9-4799ac8fb605 None None] public_endpoint = https://10.4.3.102/image {{(pid=99865) log_opt_values /opt/stack/data/venv/lib/python3.12/site-packages/oslo_config/cfg.py:3242}}
Jul 21 16:17:46.650218 np0000005579 devstack@g-api.service[99865]: DEBUG glance.common.config [None req-c96ffec3-c357-4551-91a9-4799ac8fb605 None None] publish_errors = False {{(pid=99865) log_opt_values /opt/stack/data/venv/lib/python3.12/site-packages/oslo_config/cfg.py:3242}}
Jul 21 16:17:46.650448 np0000005579 devstack@g-api.service[99867]: INFO glance.image_cache [None req-50c70a2f-d55f-49eb-93ea-3fd289179bc7 None None] Image cache loaded driver 'centralized_db'.
Jul 21 16:17:46.650508 np0000005579 devstack@g-api.service[99865]: DEBUG glance.common.config [None req-c96ffec3-c357-4551-91a9-4799ac8fb605 None None] pydev_worker_debug_host = None {{(pid=99865) log_opt_values /opt/stack/data/venv/lib/python3.12/site-packages/oslo_config/cfg.py:3242}}
Jul 21 16:17:46.650508 np0000005579 devstack@g-api.service[99865]: DEBUG glance.common.config [None req-c96ffec3-c357-4551-91a9-4799ac8fb605 None None] pydev_worker_debug_port = 5678 {{(pid=99865) log_opt_values /opt/stack/data/venv/lib/python3.12/site-packages/oslo_config/cfg.py:3242}}
Jul 21 16:17:46.650508 np0000005579 devstack@g-api.service[99865]: DEBUG glance.common.config [None req-c96ffec3-c357-4551-91a9-4799ac8fb605 None None] rate_limit_burst = 0 {{(pid=99865) log_opt_values /opt/stack/data/venv/lib/python3.12/site-packages/oslo_config/cfg.py:3242}}
Jul 21 16:17:46.650508 np0000005579 devstack@g-api.service[99865]: DEBUG glance.common.config [None req-c96ffec3-c357-4551-91a9-4799ac8fb605 None None] rate_limit_except_level = CRITICAL {{(pid=99865) log_opt_values /opt/stack/data/venv/lib/python3.12/site-packages/oslo_config/cfg.py:3242}}
Jul 21 16:17:46.650508 np0000005579 devstack@g-api.service[99865]: DEBUG glance.common.config [None req-c96ffec3-c357-4551-91a9-4799ac8fb605 None None] rate_limit_interval = 0 {{(pid=99865) log_opt_values /opt/stack/data/venv/lib/python3.12/site-packages/oslo_config/cfg.py:3242}}
Jul 21 16:17:46.650508 np0000005579 devstack@g-api.service[99865]: DEBUG glance.common.config [None req-c96ffec3-c357-4551-91a9-4799ac8fb605 None None] scrub_pool_size = 1 {{(pid=99865) log_opt_values /opt/stack/data/venv/lib/python3.12/site-packages/oslo_config/cfg.py:3242}}
Jul 21 16:17:46.650508 np0000005579 devstack@g-api.service[99865]: DEBUG glance.common.config [None req-c96ffec3-c357-4551-91a9-4799ac8fb605 None None] scrub_time = 0 {{(pid=99865) log_opt_values /opt/stack/data/venv/lib/python3.12/site-packages/oslo_config/cfg.py:3242}}
Jul 21 16:17:46.650872 np0000005579 devstack@g-api.service[99865]: DEBUG glance.common.config [None req-c96ffec3-c357-4551-91a9-4799ac8fb605 None None] shell_completion = None {{(pid=99865) log_opt_values /opt/stack/data/venv/lib/python3.12/site-packages/oslo_config/cfg.py:3242}}
Jul 21 16:17:46.650872 np0000005579 devstack@g-api.service[99865]: DEBUG glance.common.config [None req-c96ffec3-c357-4551-91a9-4799ac8fb605 None None] show_image_direct_url = False {{(pid=99865) log_opt_values /opt/stack/data/venv/lib/python3.12/site-packages/oslo_config/cfg.py:3242}}
Jul 21 16:17:46.650872 np0000005579 devstack@g-api.service[99865]: WARNING oslo_config.cfg [None req-c96ffec3-c357-4551-91a9-4799ac8fb605 None None] Deprecated: Option "show_multiple_locations" from group "DEFAULT" is deprecated for removal (Use of this option, deprecated since Newton, is a security risk and will be removed once we figure out a way to satisfy those use cases that currently require it. An earlier announcement that the same functionality can be achieved with greater granularity by using policies is incorrect. You cannot work around this option via policy configuration at the present time, though that is the direction we believe the fix will take. Please keep an eye on the Glance release notes to stay up to date on progress in addressing this issue.). Its value may be silently ignored in the future.
Jul 21 16:17:46.651112 np0000005579 devstack@g-api.service[99865]: DEBUG glance.common.config [None req-c96ffec3-c357-4551-91a9-4799ac8fb605 None None] show_multiple_locations = False {{(pid=99865) log_opt_values /opt/stack/data/venv/lib/python3.12/site-packages/oslo_config/cfg.py:3242}}
Jul 21 16:17:46.651112 np0000005579 devstack@g-api.service[99865]: DEBUG glance.common.config [None req-c96ffec3-c357-4551-91a9-4799ac8fb605 None None] syslog_log_facility = LOG_USER {{(pid=99865) log_opt_values /opt/stack/data/venv/lib/python3.12/site-packages/oslo_config/cfg.py:3242}}
Jul 21 16:17:46.651247 np0000005579 devstack@g-api.service[99865]: DEBUG glance.common.config [None req-c96ffec3-c357-4551-91a9-4799ac8fb605 None None] transport_url = **** {{(pid=99865) log_opt_values /opt/stack/data/venv/lib/python3.12/site-packages/oslo_config/cfg.py:3242}}
Jul 21 16:17:46.651247 np0000005579 devstack@g-api.service[99865]: DEBUG glance.common.config [None req-c96ffec3-c357-4551-91a9-4799ac8fb605 None None] use_journal = False {{(pid=99865) log_opt_values /opt/stack/data/venv/lib/python3.12/site-packages/oslo_config/cfg.py:3242}}
Jul 21 16:17:46.651359 np0000005579 devstack@g-api.service[99865]: DEBUG glance.common.config [None req-c96ffec3-c357-4551-91a9-4799ac8fb605 None None] use_json = False {{(pid=99865) log_opt_values /opt/stack/data/venv/lib/python3.12/site-packages/oslo_config/cfg.py:3242}}
Jul 21 16:17:46.651426 np0000005579 devstack@g-api.service[99865]: DEBUG glance.common.config [None req-c96ffec3-c357-4551-91a9-4799ac8fb605 None None] use_keystone_limits = True {{(pid=99865) log_opt_values /opt/stack/data/venv/lib/python3.12/site-packages/oslo_config/cfg.py:3242}}
Jul 21 16:17:46.651558 np0000005579 devstack@g-api.service[99865]: DEBUG glance.common.config [None req-c96ffec3-c357-4551-91a9-4799ac8fb605 None None] use_stderr = False {{(pid=99865) log_opt_values /opt/stack/data/venv/lib/python3.12/site-packages/oslo_config/cfg.py:3242}}
Jul 21 16:17:46.651646 np0000005579 devstack@g-api.service[99866]: DEBUG glance.image_cache.drivers.centralized_db [None req-75f36fb2-d764-477b-a1ae-a93e32195d4f None None] Node reference is already recorded, ignoring it {{(pid=99866) configure /opt/stack/glance/glance/image_cache/drivers/centralized_db.py:71}}
Jul 21 16:17:46.651711 np0000005579 devstack@g-api.service[99865]: DEBUG glance.common.config [None req-c96ffec3-c357-4551-91a9-4799ac8fb605 None None] use_syslog = False {{(pid=99865) log_opt_values /opt/stack/data/venv/lib/python3.12/site-packages/oslo_config/cfg.py:3242}}
Jul 21 16:17:46.651783 np0000005579 devstack@g-api.service[99865]: DEBUG glance.common.config [None req-c96ffec3-c357-4551-91a9-4799ac8fb605 None None] user_storage_quota = 0 {{(pid=99865) log_opt_values /opt/stack/data/venv/lib/python3.12/site-packages/oslo_config/cfg.py:3242}}
Jul 21 16:17:46.651884 np0000005579 devstack@g-api.service[99865]: DEBUG glance.common.config [None req-c96ffec3-c357-4551-91a9-4799ac8fb605 None None] worker_self_reference_url = http://127.0.0.1:60999 {{(pid=99865) log_opt_values /opt/stack/data/venv/lib/python3.12/site-packages/oslo_config/cfg.py:3242}}
Jul 21 16:17:46.651990 np0000005579 devstack@g-api.service[99865]: DEBUG glance.common.config [None req-c96ffec3-c357-4551-91a9-4799ac8fb605 None None] oslo_concurrency.disable_process_locking = False {{(pid=99865) log_opt_values /opt/stack/data/venv/lib/python3.12/site-packages/oslo_config/cfg.py:3253}}
Jul 21 16:17:46.652101 np0000005579 devstack@g-api.service[99865]: DEBUG glance.common.config [None req-c96ffec3-c357-4551-91a9-4799ac8fb605 None None] oslo_concurrency.lock_path = /opt/stack/data/glance/locks {{(pid=99865) log_opt_values /opt/stack/data/venv/lib/python3.12/site-packages/oslo_config/cfg.py:3253}}
Jul 21 16:17:46.652198 np0000005579 devstack@g-api.service[99865]: DEBUG glance.common.config [None req-c96ffec3-c357-4551-91a9-4799ac8fb605 None None] oslo_middleware.enable_proxy_headers_parsing = False {{(pid=99865) log_opt_values /opt/stack/data/venv/lib/python3.12/site-packages/oslo_config/cfg.py:3253}}
Jul 21 16:17:46.652330 np0000005579 devstack@g-api.service[99865]: DEBUG glance.common.config [None req-c96ffec3-c357-4551-91a9-4799ac8fb605 None None] oslo_middleware.http_basic_auth_user_file = /etc/htpasswd {{(pid=99865) log_opt_values /opt/stack/data/venv/lib/python3.12/site-packages/oslo_config/cfg.py:3253}}
Jul 21 16:17:46.652455 np0000005579 devstack@g-api.service[99865]: DEBUG glance.common.config [None req-c96ffec3-c357-4551-91a9-4799ac8fb605 None None] paste_deploy.config_file = None {{(pid=99865) log_opt_values /opt/stack/data/venv/lib/python3.12/site-packages/oslo_config/cfg.py:3253}}
Jul 21 16:17:46.652577 np0000005579 devstack@g-api.service[99865]: DEBUG glance.common.config [None req-c96ffec3-c357-4551-91a9-4799ac8fb605 None None] paste_deploy.flavor = keystone+cachemanagement {{(pid=99865) log_opt_values /opt/stack/data/venv/lib/python3.12/site-packages/oslo_config/cfg.py:3253}}
Jul 21 16:17:46.652734 np0000005579 devstack@g-api.service[99865]: DEBUG glance.common.config [None req-c96ffec3-c357-4551-91a9-4799ac8fb605 None None] image_format.container_formats = ['ami', 'ari', 'aki', 'bare', 'ovf', 'ova', 'docker', 'compressed'] {{(pid=99865) log_opt_values /opt/stack/data/venv/lib/python3.12/site-packages/oslo_config/cfg.py:3253}}
Jul 21 16:17:46.652862 np0000005579 devstack@g-api.service[99865]: DEBUG glance.common.config [None req-c96ffec3-c357-4551-91a9-4799ac8fb605 None None] image_format.disk_formats = ['ami', 'ari', 'aki', 'vhd', 'vhdx', 'vmdk', 'raw', 'qcow2', 'vdi', 'iso', 'ploop'] {{(pid=99865) log_opt_values /opt/stack/data/venv/lib/python3.12/site-packages/oslo_config/cfg.py:3253}}
Jul 21 16:17:46.652956 np0000005579 devstack@g-api.service[99865]: DEBUG glance.common.config [None req-c96ffec3-c357-4551-91a9-4799ac8fb605 None None] image_format.gpt_safety_checks_nonfatal = [] {{(pid=99865) log_opt_values /opt/stack/data/venv/lib/python3.12/site-packages/oslo_config/cfg.py:3253}}
Jul 21 16:17:46.653055 np0000005579 devstack@g-api.service[99865]: DEBUG glance.common.config [None req-c96ffec3-c357-4551-91a9-4799ac8fb605 None None] image_format.require_image_format_match = True {{(pid=99865) log_opt_values /opt/stack/data/venv/lib/python3.12/site-packages/oslo_config/cfg.py:3253}}
Jul 21 16:17:46.653198 np0000005579 devstack@g-api.service[99865]: DEBUG glance.common.config [None req-c96ffec3-c357-4551-91a9-4799ac8fb605 None None] image_format.vmdk_allowed_types = ['streamOptimized', 'monolithicSparse'] {{(pid=99865) log_opt_values /opt/stack/data/venv/lib/python3.12/site-packages/oslo_config/cfg.py:3253}}
Jul 21 16:17:46.653332 np0000005579 devstack@g-api.service[99865]: DEBUG glance.common.config [None req-c96ffec3-c357-4551-91a9-4799ac8fb605 None None] task.task_executor = taskflow {{(pid=99865) log_opt_values /opt/stack/data/venv/lib/python3.12/site-packages/oslo_config/cfg.py:3253}}
Jul 21 16:17:46.653453 np0000005579 devstack@g-api.service[99865]: DEBUG glance.common.config [None req-c96ffec3-c357-4551-91a9-4799ac8fb605 None None] task.task_time_to_live = 48 {{(pid=99865) log_opt_values /opt/stack/data/venv/lib/python3.12/site-packages/oslo_config/cfg.py:3253}}
Jul 21 16:17:46.653535 np0000005579 devstack@g-api.service[99865]: DEBUG glance.common.config [None req-c96ffec3-c357-4551-91a9-4799ac8fb605 None None] task.work_dir = None {{(pid=99865) log_opt_values /opt/stack/data/venv/lib/python3.12/site-packages/oslo_config/cfg.py:3253}}
Jul 21 16:17:46.653639 np0000005579 devstack@g-api.service[99865]: DEBUG glance.common.config [None req-c96ffec3-c357-4551-91a9-4799ac8fb605 None None] wsgi.python_interpreter = /opt/stack/data/venv/bin/python3 {{(pid=99865) log_opt_values /opt/stack/data/venv/lib/python3.12/site-packages/oslo_config/cfg.py:3253}}
Jul 21 16:17:46.653743 np0000005579 devstack@g-api.service[99865]: DEBUG glance.common.config [None req-c96ffec3-c357-4551-91a9-4799ac8fb605 None None] wsgi.task_pool_threads = 16 {{(pid=99865) log_opt_values /opt/stack/data/venv/lib/python3.12/site-packages/oslo_config/cfg.py:3253}}
Jul 21 16:17:46.653844 np0000005579 devstack@g-api.service[99865]: DEBUG glance.common.config [None req-c96ffec3-c357-4551-91a9-4799ac8fb605 None None] import_filtering_opts.allowed_hosts = [] {{(pid=99865) log_opt_values /opt/stack/data/venv/lib/python3.12/site-packages/oslo_config/cfg.py:3253}}
Jul 21 16:17:46.654015 np0000005579 devstack@g-api.service[99865]: DEBUG glance.common.config [None req-c96ffec3-c357-4551-91a9-4799ac8fb605 None None] import_filtering_opts.allowed_ports = [80, 443] {{(pid=99865) log_opt_values /opt/stack/data/venv/lib/python3.12/site-packages/oslo_config/cfg.py:3253}}
Jul 21 16:17:46.654124 np0000005579 devstack@g-api.service[99865]: DEBUG glance.common.config [None req-c96ffec3-c357-4551-91a9-4799ac8fb605 None None] import_filtering_opts.allowed_schemes = ['http', 'https'] {{(pid=99865) log_opt_values /opt/stack/data/venv/lib/python3.12/site-packages/oslo_config/cfg.py:3253}}
Jul 21 16:17:46.654124 np0000005579 devstack@g-api.service[99865]: DEBUG glance.common.config [None req-c96ffec3-c357-4551-91a9-4799ac8fb605 None None] import_filtering_opts.disallowed_hosts = [] {{(pid=99865) log_opt_values /opt/stack/data/venv/lib/python3.12/site-packages/oslo_config/cfg.py:3253}}
Jul 21 16:17:46.654272 np0000005579 devstack@g-api.service[99865]: DEBUG glance.common.config [None req-c96ffec3-c357-4551-91a9-4799ac8fb605 None None] import_filtering_opts.disallowed_ports = [] {{(pid=99865) log_opt_values /opt/stack/data/venv/lib/python3.12/site-packages/oslo_config/cfg.py:3253}}
Jul 21 16:17:46.654357 np0000005579 devstack@g-api.service[99865]: DEBUG glance.common.config [None req-c96ffec3-c357-4551-91a9-4799ac8fb605 None None] import_filtering_opts.disallowed_schemes = [] {{(pid=99865) log_opt_values /opt/stack/data/venv/lib/python3.12/site-packages/oslo_config/cfg.py:3253}}
Jul 21 16:17:46.654463 np0000005579 devstack@g-api.service[99865]: DEBUG glance.common.config [None req-c96ffec3-c357-4551-91a9-4799ac8fb605 None None] oslo_messaging_metrics.metrics_buffer_size = 1000 {{(pid=99865) log_opt_values /opt/stack/data/venv/lib/python3.12/site-packages/oslo_config/cfg.py:3253}}
Jul 21 16:17:46.654598 np0000005579 devstack@g-api.service[99865]: DEBUG glance.common.config [None req-c96ffec3-c357-4551-91a9-4799ac8fb605 None None] oslo_messaging_metrics.metrics_enabled = False {{(pid=99865) log_opt_values /opt/stack/data/venv/lib/python3.12/site-packages/oslo_config/cfg.py:3253}}
Jul 21 16:17:46.654760 np0000005579 devstack@g-api.service[99865]: DEBUG glance.common.config [None req-c96ffec3-c357-4551-91a9-4799ac8fb605 None None] oslo_messaging_metrics.metrics_process_name = {{(pid=99865) log_opt_values /opt/stack/data/venv/lib/python3.12/site-packages/oslo_config/cfg.py:3253}}
Jul 21 16:17:46.654866 np0000005579 devstack@g-api.service[99865]: DEBUG glance.common.config [None req-c96ffec3-c357-4551-91a9-4799ac8fb605 None None] oslo_messaging_metrics.metrics_socket_file = /var/tmp/metrics_collector.sock {{(pid=99865) log_opt_values /opt/stack/data/venv/lib/python3.12/site-packages/oslo_config/cfg.py:3253}}
Jul 21 16:17:46.654996 np0000005579 devstack@g-api.service[99865]: DEBUG glance.common.config [None req-c96ffec3-c357-4551-91a9-4799ac8fb605 None None] oslo_messaging_metrics.metrics_thread_stop_timeout = 10 {{(pid=99865) log_opt_values /opt/stack/data/venv/lib/python3.12/site-packages/oslo_config/cfg.py:3253}}
