Jul 21 16:18:01.816152 np0000005579 devstack@neutron-api.service[87696]: DEBUG dbcounter [-] [87696] Writing DB stats neutron:UPDATE=1,neutron:SELECT=1 {{(pid=87696) stat_writer /opt/stack/data/venv/lib/python3.12/site-packages/dbcounter.py:115}}
Jul 21 16:18:02.724419 np0000005579 devstack@neutron-api.service[87695]: DEBUG dbcounter [-] [87695] Writing DB stats neutron:UPDATE=1,neutron:SELECT=1 {{(pid=87695) stat_writer /opt/stack/data/venv/lib/python3.12/site-packages/dbcounter.py:115}}
Jul 21 16:18:02.812290 np0000005579 devstack@neutron-api.service[87697]: DEBUG dbcounter [-] [87697] Writing DB stats neutron:UPDATE=1,neutron:SELECT=1 {{(pid=87697) stat_writer /opt/stack/data/venv/lib/python3.12/site-packages/dbcounter.py:115}}
Jul 21 16:18:06.810664 np0000005579 devstack@neutron-api.service[87696]: DEBUG futurist.periodics [-] Submitting periodic callback 'neutron.plugins.ml2.drivers.ovn.mech_driver.ovsdb.maintenance.HashRingHealthCheckPeriodics.touch_hash_ring_node' {{(pid=87696) _process_scheduled /opt/stack/data/venv/lib/python3.12/site-packages/futurist/periodics.py:784}}
Jul 21 16:18:06.811320 np0000005579 devstack@neutron-api.service[87696]: DEBUG neutron.plugins.ml2.drivers.ovn.mech_driver.ovsdb.maintenance [-] Touching Hash Ring node "3322a55be10151f9b5915b42c36ef8f0" from periodic health check thread {{(pid=87696) touch_hash_ring_node /opt/stack/neutron/neutron/plugins/ml2/drivers/ovn/mech_driver/ovsdb/maintenance.py:1417}}
Jul 21 16:18:07.715161 np0000005579 devstack@neutron-api.service[87695]: DEBUG futurist.periodics [-] Submitting periodic callback 'neutron.plugins.ml2.drivers.ovn.mech_driver.ovsdb.maintenance.HashRingHealthCheckPeriodics.touch_hash_ring_node' {{(pid=87695) _process_scheduled /opt/stack/data/venv/lib/python3.12/site-packages/futurist/periodics.py:784}}
Jul 21 16:18:07.715736 np0000005579 devstack@neutron-api.service[87695]: DEBUG neutron.plugins.ml2.drivers.ovn.mech_driver.ovsdb.maintenance [-] Touching Hash Ring node "bdca60c66a845bf9a5cfa524dd9f0a91" from periodic health check thread {{(pid=87695) touch_hash_ring_node /opt/stack/neutron/neutron/plugins/ml2/drivers/ovn/mech_driver/ovsdb/maintenance.py:1417}}
Jul 21 16:18:07.805941 np0000005579 devstack@neutron-api.service[87697]: DEBUG futurist.periodics [-] Submitting periodic callback 'neutron.plugins.ml2.drivers.ovn.mech_driver.ovsdb.maintenance.HashRingHealthCheckPeriodics.touch_hash_ring_node' {{(pid=87697) _process_scheduled /opt/stack/data/venv/lib/python3.12/site-packages/futurist/periodics.py:784}}
Jul 21 16:18:07.806478 np0000005579 devstack@neutron-api.service[87697]: DEBUG neutron.plugins.ml2.drivers.ovn.mech_driver.ovsdb.maintenance [-] Touching Hash Ring node "63d6d4fbd8a05e9a9cd2de7bbe408c60" from periodic health check thread {{(pid=87697) touch_hash_ring_node /opt/stack/neutron/neutron/plugins/ml2/drivers/ovn/mech_driver/ovsdb/maintenance.py:1417}}
Jul 21 16:18:16.818696 np0000005579 devstack@neutron-api.service[87696]: DEBUG dbcounter [-] [87696] Writing DB stats neutron:UPDATE=1,neutron:SELECT=1 {{(pid=87696) stat_writer /opt/stack/data/venv/lib/python3.12/site-packages/dbcounter.py:115}}
Jul 21 16:18:17.721435 np0000005579 devstack@neutron-api.service[87695]: DEBUG dbcounter [-] [87695] Writing DB stats neutron:UPDATE=1,neutron:SELECT=1 {{(pid=87695) stat_writer /opt/stack/data/venv/lib/python3.12/site-packages/dbcounter.py:115}}
Jul 21 16:18:17.812962 np0000005579 devstack@neutron-api.service[87697]: DEBUG dbcounter [-] [87697] Writing DB stats neutron:UPDATE=1,neutron:SELECT=1 {{(pid=87697) stat_writer /opt/stack/data/venv/lib/python3.12/site-packages/dbcounter.py:115}}
Jul 21 16:18:20.748913 np0000005579 devstack@neutron-api.service[87697]: DEBUG neutron.api.wsgi [None req-7a229fd3-28a2-438a-9b3e-523a236416f8 admin admin] Missing Content-Type {{(pid=87697) get_content_type /opt/stack/neutron/neutron/api/wsgi.py:80}}
Jul 21 16:18:20.750145 np0000005579 devstack@neutron-api.service[87697]: DEBUG neutron.api.wsgi [None req-7a229fd3-28a2-438a-9b3e-523a236416f8 admin admin] https://10.4.3.102/networking/v2.0/extensions returned with HTTP 200 {{(pid=87697) __call__ /opt/stack/neutron/neutron/api/wsgi.py:540}}
Jul 21 16:18:20.750674 np0000005579 devstack@neutron-api.service[87697]: [pid: 87697|app: 0|req: 11/34] 10.4.3.102 () {64 vars in 1292 bytes} [Tue Jul 21 16:18:20 2026] GET /networking/v2.0/extensions => generated 16171 bytes in 5 msecs (HTTP/1.1 200) 4 headers in 159 bytes (1 switches on core 0)
Jul 21 16:18:21.057920 np0000005579 devstack@neutron-api.service[87696]: INFO neutron.pecan_wsgi.hooks.translation [None req-30b676ae-b73b-4a70-8440-20d075150e52 admin admin] GET failed (client error): The resource could not be found.
Jul 21 16:18:21.059844 np0000005579 devstack@neutron-api.service[87696]: [pid: 87696|app: 0|req: 13/35] 10.4.3.102 () {64 vars in 1294 bytes} [Tue Jul 21 16:18:21 2026] GET /networking/v2.0/networks/public => generated 108 bytes in 10 msecs (HTTP/1.1 404) 4 headers in 164 bytes (1 switches on core 0)
Jul 21 16:18:21.108325 np0000005579 devstack@neutron-api.service[87695]: DEBUG neutron.pecan_wsgi.hooks.policy_enforcement [None req-3087f9a7-7c34-43db-8dde-af7aa9b05621 admin admin] Attributes excluded by policy engine: ['standard_attr_id'] {{(pid=87695) _exclude_attributes_by_policy /opt/stack/neutron/neutron/pecan_wsgi/hooks/policy_enforcement.py:259}}
Jul 21 16:18:21.109712 np0000005579 devstack@neutron-api.service[87695]: [pid: 87695|app: 0|req: 12/36] 10.4.3.102 () {64 vars in 1309 bytes} [Tue Jul 21 16:18:21 2026] GET /networking/v2.0/networks?name=public => generated 759 bytes in 42 msecs (HTTP/1.1 200) 4 headers in 157 bytes (1 switches on core 0)
Jul 21 16:18:21.366118 np0000005579 devstack@neutron-api.service[87697]: DEBUG neutron.api.v2.base [None req-87aae890-75a3-4024-8f75-4c310768cb43 admin admin] Request body: {'network': {'admin_state_up': True, 'shared': True, 'name': 'shared'}} {{(pid=87697) prepare_request_body /opt/stack/neutron/neutron/api/v2/base.py:727}}
Jul 21 16:18:21.377627 np0000005579 devstack@neutron-api.service[87697]: DEBUG neutron.pecan_wsgi.hooks.quota_enforcement [None req-87aae890-75a3-4024-8f75-4c310768cb43 admin admin] Made reservation on behalf of 28212e02986f4893857eeaa13933f221 for: {'network': 1} {{(pid=87697) before /opt/stack/neutron/neutron/pecan_wsgi/hooks/quota_enforcement.py:66}}
Jul 21 16:18:21.380179 np0000005579 devstack@neutron-api.service[87697]: DEBUG neutron_lib.callbacks.manager [None req-87aae890-75a3-4024-8f75-4c310768cb43 admin admin] Publish callbacks ['neutron.plugins.ml2.plugin.SecurityGroupDbMixin._ensure_default_security_group_handler-236305'] for network (None), before_create {{(pid=87697) _notify_loop /opt/stack/data/venv/lib/python3.12/site-packages/neutron_lib/callbacks/manager.py:184}}
Jul 21 16:18:21.407766 np0000005579 devstack@neutron-api.service[87697]: WARNING neutron.services.revisions.revision_plugin [None req-87aae890-75a3-4024-8f75-4c310768cb43 admin admin] Could not find related network for resource to bump revision.
Jul 21 16:18:21.434138 np0000005579 devstack@neutron-api.service[87697]: DEBUG neutron.plugins.ml2.drivers.helpers [None req-87aae890-75a3-4024-8f75-4c310768cb43 admin admin] geneve segment allocate from pool success with {'geneve_vni': 44526} {{(pid=87697) allocate_partially_specified_segment /opt/stack/neutron/neutron/plugins/ml2/drivers/helpers.py:142}}
Jul 21 16:18:21.446522 np0000005579 devstack@neutron-api.service[87697]: DEBUG neutron_lib.callbacks.manager [None req-87aae890-75a3-4024-8f75-4c310768cb43 admin admin] Publish callbacks ['neutron.plugins.ml2.plugin.Ml2Plugin._handle_segment_change-493477'] for segment (bca1a70f-4a12-4e4a-a5bf-9d484e123391), precommit_create {{(pid=87697) _notify_loop /opt/stack/data/venv/lib/python3.12/site-packages/neutron_lib/callbacks/manager.py:184}}
Jul 21 16:18:21.446658 np0000005579 devstack@neutron-api.service[87697]: INFO neutron.db.segments_db [None req-87aae890-75a3-4024-8f75-4c310768cb43 admin admin] Added segment bca1a70f-4a12-4e4a-a5bf-9d484e123391 of type geneve for network b0399123-0e68-4372-9223-36411cbde920
Jul 21 16:18:21.459836 np0000005579 devstack@neutron-api.service[87697]: DEBUG neutron_lib.callbacks.manager [None req-87aae890-75a3-4024-8f75-4c310768cb43 admin admin] Publish callbacks ['neutron.services.auto_allocate.db._ensure_external_network_default_value_callback-8536535338278'] for network (b0399123-0e68-4372-9223-36411cbde920), precommit_create {{(pid=87697) _notify_loop /opt/stack/data/venv/lib/python3.12/site-packages/neutron_lib/callbacks/manager.py:184}}
Jul 21 16:18:21.470031 np0000005579 devstack@neutron-api.service[87697]: DEBUG neutron.plugins.ml2.drivers.ovn.mech_driver.mech_driver [None req-87aae890-75a3-4024-8f75-4c310768cb43 admin admin] Validating network segment with type geneve, segmentation ID 44526, physical network None {{(pid=87697) _validate_network_segments /opt/stack/neutron/neutron/plugins/ml2/drivers/ovn/mech_driver/mech_driver.py:646}}
Jul 21 16:18:21.470188 np0000005579 devstack@neutron-api.service[87697]: DEBUG neutron.db.ovn_revision_numbers_db [None req-87aae890-75a3-4024-8f75-4c310768cb43 admin admin] create_initial_revision uuid=b0399123-0e68-4372-9223-36411cbde920, type=networks, rev=-1 {{(pid=87697) create_initial_revision /opt/stack/neutron/neutron/db/ovn_revision_numbers_db.py:98}}
Jul 21 16:18:21.477084 np0000005579 devstack@neutron-api.service[87697]: DEBUG neutron_lib.callbacks.manager [None req-87aae890-75a3-4024-8f75-4c310768cb43 admin admin] Publish callbacks ['neutron.plugins.ml2.ovo_rpc._ObjectChangeHandler.handle_event-7361140'] for network (b0399123-0e68-4372-9223-36411cbde920), after_create {{(pid=87697) _notify_loop /opt/stack/data/venv/lib/python3.12/site-packages/neutron_lib/callbacks/manager.py:184}}
Jul 21 16:18:21.489702 np0000005579 devstack@neutron-api.service[87697]: DEBUG neutron.api.rpc.handlers.resources_rpc [None req-87aae890-75a3-4024-8f75-4c310768cb43 admin admin] Pushing event updated for resources: {'Network': ['ID=b0399123-0e68-4372-9223-36411cbde920,revision_number=1']} {{(pid=87697) push /opt/stack/neutron/neutron/api/rpc/handlers/resources_rpc.py:237}}
Jul 21 16:18:21.493821 np0000005579 devstack@neutron-api.service[87697]: DEBUG ovsdbapp.backend.ovs_idl.transaction [None req-c4ae331a-c075-4617-a620-cda8ae5e1f66 None None] Running txn n=1 command(idx=0): CheckLivenessCommand(_result=None) {{(pid=87697) do_commit /opt/stack/data/venv/lib/python3.12/site-packages/ovsdbapp/backend/ovs_idl/transaction.py:89}}
Jul 21 16:18:21.501618 np0000005579 devstack@neutron-api.service[87695]: DEBUG ovsdbapp.backend.ovs_idl.event [None req-32a14755-f25e-416e-9c00-fddb233668c1 None None] Matched UPDATE: ChassisAgentWriteEvent(events=('create', 'update'), table='Chassis_Private', conditions=None, old_conditions=None), priority=20 to row=Chassis_Private(uuid=a7080d79-e779-4aec-9e23-96c4ae74475a, chassis=9a54395d-d34f-4c92-8dc1-ca4dc06c0673, external_ids={'neutron:ovn-bridge': 'br-int', 'neutron:ovn-neutron-agent-id': '6ff59a27-f287-57fe-aebf-7dcdcb6cfa88', 'neutron:ovn-neutron-agent-sb-cfg': '1'}, name='2c86ca3a-973d-4a23-a458-d0b6b0525d61', nb_cfg=2, nb_cfg_timestamp=1784650701497) old=Chassis_Private(uuid=a7080d79-e779-4aec-9e23-96c4ae74475a, nb_cfg=1, nb_cfg_timestamp=1784650619697) {{(pid=87695) matches /opt/stack/data/venv/lib/python3.12/site-packages/ovsdbapp/backend/ovs_idl/event.py:55}}
Jul 21 16:18:21.501882 np0000005579 devstack@neutron-api.service[87696]: DEBUG ovsdbapp.backend.ovs_idl.event [None req-588cf64c-ffb2-4efd-aae4-5f40e3eced10 None None] Matched UPDATE: ChassisAgentWriteEvent(events=('create', 'update'), table='Chassis_Private', conditions=None, old_conditions=None), priority=20 to row=Chassis_Private(uuid=a7080d79-e779-4aec-9e23-96c4ae74475a, chassis=9a54395d-d34f-4c92-8dc1-ca4dc06c0673, external_ids={'neutron:ovn-bridge': 'br-int', 'neutron:ovn-neutron-agent-id': '6ff59a27-f287-57fe-aebf-7dcdcb6cfa88', 'neutron:ovn-neutron-agent-sb-cfg': '1'}, name='2c86ca3a-973d-4a23-a458-d0b6b0525d61', nb_cfg=2, nb_cfg_timestamp=1784650701497) old=Chassis_Private(uuid=a7080d79-e779-4aec-9e23-96c4ae74475a, nb_cfg=1, nb_cfg_timestamp=1784650619697) {{(pid=87696) matches /opt/stack/data/venv/lib/python3.12/site-packages/ovsdbapp/backend/ovs_idl/event.py:55}}
Jul 21 16:18:21.502197 np0000005579 devstack@neutron-api.service[87697]: DEBUG ovsdbapp.backend.ovs_idl.event [None req-6d2b30e5-3fe9-4082-b48b-971455d8fde6 None None] Matched UPDATE: ChassisAgentWriteEvent(events=('create', 'update'), table='Chassis_Private', conditions=None, old_conditions=None), priority=20 to row=Chassis_Private(uuid=a7080d79-e779-4aec-9e23-96c4ae74475a, chassis=9a54395d-d34f-4c92-8dc1-ca4dc06c0673, external_ids={'neutron:ovn-bridge': 'br-int', 'neutron:ovn-neutron-agent-id': '6ff59a27-f287-57fe-aebf-7dcdcb6cfa88', 'neutron:ovn-neutron-agent-sb-cfg': '1'}, name='2c86ca3a-973d-4a23-a458-d0b6b0525d61', nb_cfg=2, nb_cfg_timestamp=1784650701497) old=Chassis_Private(uuid=a7080d79-e779-4aec-9e23-96c4ae74475a, nb_cfg=1, nb_cfg_timestamp=1784650619697) {{(pid=87697) matches /opt/stack/data/venv/lib/python3.12/site-packages/ovsdbapp/backend/ovs_idl/event.py:55}}
Jul 21 16:18:21.509368 np0000005579 devstack@neutron-api.service[87695]: DEBUG neutron.common.ovn.hash_ring_manager [None req-d668e446-3d09-4ee0-a9dc-27ac55829f8c None None] Hash Ring loaded. 3 active nodes. 0 offline nodes {{(pid=87695) _load_hash_ring /opt/stack/neutron/neutron/common/ovn/hash_ring_manager.py:110}}
Jul 21 16:18:21.509701 np0000005579 devstack@neutron-api.service[87695]: DEBUG neutron.plugins.ml2.drivers.ovn.mech_driver.ovsdb.ovsdb_monitor [None req-d668e446-3d09-4ee0-a9dc-27ac55829f8c None None] Hash Ring: Node bdca60c66a845bf9a5cfa524dd9f0a91 (host: np0000005579) handling event "update" for row 8f071972-674e-45f2-84e7-571606df7d0b (table: NB_Global) {{(pid=87695) notify /opt/stack/neutron/neutron/plugins/ml2/drivers/ovn/mech_driver/ovsdb/ovsdb_monitor.py:1013}}
Jul 21 16:18:21.509860 np0000005579 devstack@neutron-api.service[87697]: DEBUG neutron.common.ovn.hash_ring_manager [None req-c4ae331a-c075-4617-a620-cda8ae5e1f66 None None] Hash Ring loaded. 3 active nodes. 0 offline nodes {{(pid=87697) _load_hash_ring /opt/stack/neutron/neutron/common/ovn/hash_ring_manager.py:110}}
Jul 21 16:18:21.510791 np0000005579 devstack@neutron-api.service[87696]: DEBUG neutron.common.ovn.hash_ring_manager [None req-588cf64c-ffb2-4efd-aae4-5f40e3eced10 None None] Hash Ring loaded. 3 active nodes. 0 offline nodes {{(pid=87696) _load_hash_ring /opt/stack/neutron/neutron/common/ovn/hash_ring_manager.py:110}}
Jul 21 16:18:21.511080 np0000005579 devstack@neutron-api.service[87696]: DEBUG neutron.common.ovn.hash_ring_manager [None req-5fc81a17-98e3-4c16-9898-e7237a8eee7e None None] Hash Ring loaded. 3 active nodes. 0 offline nodes {{(pid=87696) _load_hash_ring /opt/stack/neutron/neutron/common/ovn/hash_ring_manager.py:110}}
Jul 21 16:18:21.511793 np0000005579 devstack@neutron-api.service[87695]: DEBUG neutron.plugins.ml2.drivers.ovn.mech_driver.ovsdb.ovsdb_monitor [None req-d668e446-3d09-4ee0-a9dc-27ac55829f8c None None] Hash Ring: Node bdca60c66a845bf9a5cfa524dd9f0a91 (host: np0000005579) handling event "update" for row 8f071972-674e-45f2-84e7-571606df7d0b (table: NB_Global) {{(pid=87695) notify /opt/stack/neutron/neutron/plugins/ml2/drivers/ovn/mech_driver/ovsdb/ovsdb_monitor.py:1013}}
Jul 21 16:18:21.512661 np0000005579 devstack@neutron-api.service[87697]: DEBUG neutron.common.ovn.hash_ring_manager [None req-6d2b30e5-3fe9-4082-b48b-971455d8fde6 None None] Hash Ring loaded. 3 active nodes. 0 offline nodes {{(pid=87697) _load_hash_ring /opt/stack/neutron/neutron/common/ovn/hash_ring_manager.py:110}}
Jul 21 16:18:21.513185 np0000005579 devstack@neutron-api.service[87695]: DEBUG neutron.plugins.ml2.drivers.ovn.mech_driver.ovsdb.ovsdb_monitor [None req-d668e446-3d09-4ee0-a9dc-27ac55829f8c None None] Hash Ring: Node bdca60c66a845bf9a5cfa524dd9f0a91 (host: np0000005579) handling event "update" for row 8f071972-674e-45f2-84e7-571606df7d0b (table: NB_Global) {{(pid=87695) notify /opt/stack/neutron/neutron/plugins/ml2/drivers/ovn/mech_driver/ovsdb/ovsdb_monitor.py:1013}}
Jul 21 16:18:21.513868 np0000005579 devstack@neutron-api.service[87695]: DEBUG neutron.plugins.ml2.drivers.ovn.mech_driver.ovsdb.ovsdb_monitor [None req-d668e446-3d09-4ee0-a9dc-27ac55829f8c None None] Hash Ring: Node bdca60c66a845bf9a5cfa524dd9f0a91 (host: np0000005579) handling event "update" for row 8f071972-674e-45f2-84e7-571606df7d0b (table: NB_Global) {{(pid=87695) notify /opt/stack/neutron/neutron/plugins/ml2/drivers/ovn/mech_driver/ovsdb/ovsdb_monitor.py:1013}}
Jul 21 16:18:21.515154 np0000005579 devstack@neutron-api.service[87695]: DEBUG neutron.common.ovn.hash_ring_manager [None req-32a14755-f25e-416e-9c00-fddb233668c1 None None] Hash Ring loaded. 3 active nodes. 0 offline nodes {{(pid=87695) _load_hash_ring /opt/stack/neutron/neutron/common/ovn/hash_ring_manager.py:110}}
Jul 21 16:18:21.515419 np0000005579 devstack@neutron-api.service[87695]: DEBUG neutron.plugins.ml2.drivers.ovn.mech_driver.ovsdb.ovsdb_monitor [None req-32a14755-f25e-416e-9c00-fddb233668c1 None None] Hash Ring: Node bdca60c66a845bf9a5cfa524dd9f0a91 (host: np0000005579) handling event "update" for row a7080d79-e779-4aec-9e23-96c4ae74475a (table: Chassis_Private) {{(pid=87695) notify /opt/stack/neutron/neutron/plugins/ml2/drivers/ovn/mech_driver/ovsdb/ovsdb_monitor.py:1013}}
Jul 21 16:18:21.524032 np0000005579 devstack@neutron-api.service[87697]: DEBUG ovsdbapp.backend.ovs_idl.transaction [None req-c4ae331a-c075-4617-a620-cda8ae5e1f66 None None] Running txn n=1 command(idx=0): AddNetworkCommand(_result=None, network_uuid=b0399123-0e68-4372-9223-36411cbde920, may_exist=True, columns={'external_ids': {'neutron:network_name': 'shared', 'neutron:mtu': '1372', 'neutron:revision_number': '1', 'neutron:availability_zone_hints': '', 'neutron:provnet-network-type': 'geneve'}, 'other_config': {'mcast_snoop': 'false', 'mcast_flood_unregistered': 'false', 'vlan-passthru': 'false'}}) {{(pid=87697) do_commit /opt/stack/data/venv/lib/python3.12/site-packages/ovsdbapp/backend/ovs_idl/transaction.py:89}}
Jul 21 16:18:21.526749 np0000005579 devstack@neutron-api.service[87696]: DEBUG neutron.plugins.ml2.drivers.ovn.mech_driver.ovsdb.ovsdb_monitor [None req-5fc81a17-98e3-4c16-9898-e7237a8eee7e None None] Hash Ring: Node 3322a55be10151f9b5915b42c36ef8f0 (host: np0000005579) handling event "create" for row b0399123-0e68-4372-9223-36411cbde920 (table: Logical_Switch) {{(pid=87696) notify /opt/stack/neutron/neutron/plugins/ml2/drivers/ovn/mech_driver/ovsdb/ovsdb_monitor.py:1013}}
Jul 21 16:18:21.532776 np0000005579 devstack@neutron-api.service[87697]: DEBUG neutron.plugins.ml2.drivers.ovn.mech_driver.ovsdb.ovsdb_monitor [None req-6d2b30e5-3fe9-4082-b48b-971455d8fde6 None None] Hash Ring: Node 63d6d4fbd8a05e9a9cd2de7bbe408c60 (host: np0000005579) handling event "create" for row 86075992-e412-4392-b32d-fb8bb2c4efef (table: Datapath_Binding) {{(pid=87697) notify /opt/stack/neutron/neutron/plugins/ml2/drivers/ovn/mech_driver/ovsdb/ovsdb_monitor.py:1013}}
Jul 21 16:18:21.547473 np0000005579 devstack@neutron-api.service[87697]: INFO neutron.db.ovn_revision_numbers_db [None req-87aae890-75a3-4024-8f75-4c310768cb43 admin admin] Successfully bumped revision number for resource b0399123-0e68-4372-9223-36411cbde920 (type: networks) to 1
Jul 21 16:18:21.558845 np0000005579 devstack@neutron-api.service[87697]: DEBUG neutron_lib.callbacks.manager [None req-87aae890-75a3-4024-8f75-4c310768cb43 admin admin] Publish callbacks ['neutron.plugins.ml2.plugin.SecurityGroupDbMixin._ensure_default_security_group_handler-236305'] for port (None), before_create {{(pid=87697) _notify_loop /opt/stack/data/venv/lib/python3.12/site-packages/neutron_lib/callbacks/manager.py:184}}
Jul 21 16:18:21.615824 np0000005579 devstack@neutron-api.service[87697]: DEBUG neutron_lib.callbacks.manager [None req-87aae890-75a3-4024-8f75-4c310768cb43 admin admin] Publish callbacks ['neutron.plugins.ml2.drivers.ovn.mech_driver.mech_driver.OVNMechanismDriver._validate_allowed_address_pairs-6809094'] for allowed_address_pair (6e635131-20d3-4d60-ba69-5405e829901c), before_create {{(pid=87697) _notify_loop /opt/stack/data/venv/lib/python3.12/site-packages/neutron_lib/callbacks/manager.py:184}}
Jul 21 16:18:21.616511 np0000005579 devstack@neutron-api.service[87697]: DEBUG neutron_lib.callbacks.manager [None req-87aae890-75a3-4024-8f75-4c310768cb43 admin admin] Publish callbacks [] for port (6e635131-20d3-4d60-ba69-5405e829901c), precommit_create {{(pid=87697) _notify_loop /opt/stack/data/venv/lib/python3.12/site-packages/neutron_lib/callbacks/manager.py:184}}
Jul 21 16:18:21.616715 np0000005579 devstack@neutron-api.service[87697]: DEBUG neutron.plugins.ml2.drivers.ovn.mech_driver.mech_driver [None req-87aae890-75a3-4024-8f75-4c310768cb43 admin admin] No provisioning block for port 6e635131-20d3-4d60-ba69-5405e829901c since it does not have a host {{(pid=87697) _is_port_provisioning_required /opt/stack/neutron/neutron/plugins/ml2/drivers/ovn/mech_driver/mech_driver.py:899}}
Jul 21 16:18:21.616791 np0000005579 devstack@neutron-api.service[87697]: DEBUG neutron.db.ovn_revision_numbers_db [None req-87aae890-75a3-4024-8f75-4c310768cb43 admin admin] create_initial_revision uuid=6e635131-20d3-4d60-ba69-5405e829901c, type=ports, rev=-1 {{(pid=87697) create_initial_revision /opt/stack/neutron/neutron/db/ovn_revision_numbers_db.py:98}}
Jul 21 16:18:21.643261 np0000005579 devstack@neutron-api.service[87697]: DEBUG neutron_lib.callbacks.manager [None req-87aae890-75a3-4024-8f75-4c310768cb43 admin admin] Publish callbacks ['neutron.plugins.ml2.ovo_rpc._ObjectChangeHandler.handle_event-7361093'] for port (6e635131-20d3-4d60-ba69-5405e829901c), after_create {{(pid=87697) _notify_loop /opt/stack/data/venv/lib/python3.12/site-packages/neutron_lib/callbacks/manager.py:184}}
Jul 21 16:18:21.674617 np0000005579 devstack@neutron-api.service[87697]: DEBUG neutron.api.rpc.handlers.resources_rpc [None req-87aae890-75a3-4024-8f75-4c310768cb43 admin admin] Pushing event updated for resources: {'Port': ['ID=6e635131-20d3-4d60-ba69-5405e829901c,revision_number=1']} {{(pid=87697) push /opt/stack/neutron/neutron/api/rpc/handlers/resources_rpc.py:237}}
Jul 21 16:18:21.681142 np0000005579 devstack@neutron-api.service[87697]: DEBUG neutron.plugins.ml2.drivers.ovn.mech_driver.ovsdb.commands [None req-87aae890-75a3-4024-8f75-4c310768cb43 admin admin] Converting tag [] to a tag_request {{(pid=87697) _tag_column_to_tag_request /opt/stack/neutron/neutron/plugins/ml2/drivers/ovn/mech_driver/ovsdb/commands.py:205}}
Jul 21 16:18:21.681934 np0000005579 devstack@neutron-api.service[87697]: DEBUG ovsdbapp.backend.ovs_idl.transaction [None req-c4ae331a-c075-4617-a620-cda8ae5e1f66 None None] Running txn n=1 command(idx=0): AddLSwitchPortCommand(_result=None, lport=6e635131-20d3-4d60-ba69-5405e829901c, lswitch=neutron-b0399123-0e68-4372-9223-36411cbde920, may_exist=True, network_uuid=b0399123-0e68-4372-9223-36411cbde920, columns={'addresses': ['fa:16:3e:47:30:7e'], 'external_ids': {'neutron:port_name': '', 'neutron:device_id': 'ovnmeta-b0399123-0e68-4372-9223-36411cbde920', 'neutron:project_id': '28212e02986f4893857eeaa13933f221', 'neutron:cidrs': '', 'neutron:device_owner': 'network:distributed', 'neutron:subnet_pool_addr_scope4': '', 'neutron:subnet_pool_addr_scope6': '', 'neutron:network_name': 'neutron-b0399123-0e68-4372-9223-36411cbde920', 'neutron:security_group_ids': '', 'neutron:revision_number': '1', 'neutron:vnic_type': 'normal', 'neutron:port_capabilities': '', 'neutron:mtu': '1372'}, 'parent_name': [], 'enabled': True, 'options': {}, 'type': 'localport', 'port_security': [], 'dhcpv4_options': [], 'dhcpv6_options': [], 'tag_request': []}) {{(pid=87697) do_commit /opt/stack/data/venv/lib/python3.12/site-packages/ovsdbapp/backend/ovs_idl/transaction.py:89}}
Jul 21 16:18:21.682586 np0000005579 devstack@neutron-api.service[87697]: DEBUG ovsdbapp.backend.ovs_idl.transaction [None req-c4ae331a-c075-4617-a620-cda8ae5e1f66 None None] Running txn n=1 command(idx=1): QoSDelCommand(_result=None, switch=neutron-b0399123-0e68-4372-9223-36411cbde920, conditions=[('direction', '=', 'to-lport'), ('priority', '=', 2002), ('match', '=', 'outport == "6e635131-20d3-4d60-ba69-5405e829901c"')], if_exists=True) {{(pid=87697) do_commit /opt/stack/data/venv/lib/python3.12/site-packages/ovsdbapp/backend/ovs_idl/transaction.py:89}}
Jul 21 16:18:21.682794 np0000005579 devstack@neutron-api.service[87697]: DEBUG ovsdbapp.backend.ovs_idl.transaction [None req-c4ae331a-c075-4617-a620-cda8ae5e1f66 None None] Running txn n=1 command(idx=2): QoSDelCommand(_result=None, switch=neutron-b0399123-0e68-4372-9223-36411cbde920, conditions=[('direction', '=', 'from-lport'), ('priority', '=', 2002), ('match', '=', 'inport == "6e635131-20d3-4d60-ba69-5405e829901c"')], if_exists=True) {{(pid=87697) do_commit /opt/stack/data/venv/lib/python3.12/site-packages/ovsdbapp/backend/ovs_idl/transaction.py:89}}
Jul 21 16:18:21.690042 np0000005579 devstack@neutron-api.service[87695]: DEBUG neutron.plugins.ml2.drivers.ovn.mech_driver.ovsdb.ovsdb_monitor [None req-d668e446-3d09-4ee0-a9dc-27ac55829f8c None None] Hash Ring: Node bdca60c66a845bf9a5cfa524dd9f0a91 (host: np0000005579) handling event "create" for row e04e1f13-8f62-4d9c-90c1-391c45320c8c (table: Logical_Switch_Port) {{(pid=87695) notify /opt/stack/neutron/neutron/plugins/ml2/drivers/ovn/mech_driver/ovsdb/ovsdb_monitor.py:1013}}
Jul 21 16:18:21.690178 np0000005579 devstack@neutron-api.service[87696]: DEBUG neutron.plugins.ml2.drivers.ovn.mech_driver.ovsdb.ovsdb_monitor [None req-5fc81a17-98e3-4c16-9898-e7237a8eee7e None None] Hash Ring: Node 3322a55be10151f9b5915b42c36ef8f0 (host: np0000005579) handling event "update" for row b0399123-0e68-4372-9223-36411cbde920 (table: Logical_Switch) {{(pid=87696) notify /opt/stack/neutron/neutron/plugins/ml2/drivers/ovn/mech_driver/ovsdb/ovsdb_monitor.py:1013}}
Jul 21 16:18:21.691568 np0000005579 devstack@neutron-api.service[87695]: DEBUG ovsdbapp.backend.ovs_idl.event [None req-d668e446-3d09-4ee0-a9dc-27ac55829f8c None None] Matched CREATE: LogicalSwitchPortCreateEvent(events=('create',), table='Logical_Switch_Port', conditions=[], old_conditions=None), priority=20 to row=Logical_Switch_Port(uuid=e04e1f13-8f62-4d9c-90c1-391c45320c8c, addresses=['fa:16:3e:47:30:7e'], dhcpv4_options=[], dhcpv6_options=[], dynamic_addresses=[], enabled=True, external_ids={'neutron:cidrs': '', 'neutron:device_id': 'ovnmeta-b0399123-0e68-4372-9223-36411cbde920', 'neutron:device_owner': 'network:distributed', 'neutron:mtu': '1372', 'neutron:network_name': 'neutron-b0399123-0e68-4372-9223-36411cbde920', 'neutron:port_capabilities': '', 'neutron:port_name': '', 'neutron:project_id': '28212e02986f4893857eeaa13933f221', 'neutron:revision_number': '1', 'neutron:security_group_ids': '', 'neutron:subnet_pool_addr_scope4': '', 'neutron:subnet_pool_addr_scope6': '', 'neutron:vnic_type': 'normal'}, ha_chassis_group=[], mirror_rules=[], name='6e635131-20d3-4d60-ba69-5405e829901c', options={}, parent_name=[], port_security=[], tag=[], tag_request=[], type='localport', up=[]) old= {{(pid=87695) matches /opt/stack/data/venv/lib/python3.12/site-packages/ovsdbapp/backend/ovs_idl/event.py:55}}
Jul 21 16:18:21.693173 np0000005579 devstack@neutron-api.service[87695]: INFO neutron.plugins.ml2.drivers.ovn.mech_driver.mech_driver [None req-cc294075-dd8d-4c8f-b486-19c1b512648e None None] OVN reports status down for port: 6e635131-20d3-4d60-ba69-5405e829901c
Jul 21 16:18:21.694681 np0000005579 devstack@neutron-api.service[87695]: DEBUG neutron.plugins.ml2.drivers.ovn.mech_driver.ovsdb.ovsdb_monitor [None req-d668e446-3d09-4ee0-a9dc-27ac55829f8c None None] Hash Ring: Node bdca60c66a845bf9a5cfa524dd9f0a91 (host: np0000005579) handling event "update" for row e04e1f13-8f62-4d9c-90c1-391c45320c8c (table: Logical_Switch_Port) {{(pid=87695) notify /opt/stack/neutron/neutron/plugins/ml2/drivers/ovn/mech_driver/ovsdb/ovsdb_monitor.py:1013}}
Jul 21 16:18:21.695906 np0000005579 devstack@neutron-api.service[87695]: DEBUG neutron.plugins.ml2.drivers.ovn.mech_driver.ovsdb.ovsdb_monitor [None req-32a14755-f25e-416e-9c00-fddb233668c1 None None] Hash Ring: Node bdca60c66a845bf9a5cfa524dd9f0a91 (host: np0000005579) handling event "create" for row 19510579-1b2d-4976-a303-35aa36f577c7 (table: Port_Binding) {{(pid=87695) notify /opt/stack/neutron/neutron/plugins/ml2/drivers/ovn/mech_driver/ovsdb/ovsdb_monitor.py:1013}}
Jul 21 16:18:21.719274 np0000005579 devstack@neutron-api.service[87695]: DEBUG neutron.db.provisioning_blocks [None req-cc294075-dd8d-4c8f-b486-19c1b512648e None None] Transition to ACTIVE for port object 6e635131-20d3-4d60-ba69-5405e829901c will not be triggered until provisioned by entity L2. {{(pid=87695) add_provisioning_component /opt/stack/neutron/neutron/db/provisioning_blocks.py:74}}
Jul 21 16:18:21.726181 np0000005579 devstack@neutron-api.service[87697]: INFO neutron.db.ovn_revision_numbers_db [None req-87aae890-75a3-4024-8f75-4c310768cb43 admin admin] Successfully bumped revision number for resource 6e635131-20d3-4d60-ba69-5405e829901c (type: ports) to 1
Jul 21 16:18:21.737864 np0000005579 devstack@neutron-api.service[87695]: DEBUG neutron.plugins.ml2.plugin [None req-cc294075-dd8d-4c8f-b486-19c1b512648e None None] Current status of the port 6e635131-20d3-4d60-ba69-5405e829901c is: DOWN; New status is: DOWN {{(pid=87695) _update_individual_port_db_status /opt/stack/neutron/neutron/plugins/ml2/plugin.py:2473}}
Jul 21 16:18:21.739038 np0000005579 devstack@neutron-api.service[87695]: DEBUG ovsdbapp.backend.ovs_idl.transaction [None req-d668e446-3d09-4ee0-a9dc-27ac55829f8c None None] Running txn n=1 command(idx=0): DbRemoveCommand(_result=None, table=Logical_Switch_Port, record=6e635131-20d3-4d60-ba69-5405e829901c, column=external_ids, values=('neutron:host_id',), keyvalues={}, if_exists=True) {{(pid=87695) do_commit /opt/stack/data/venv/lib/python3.12/site-packages/ovsdbapp/backend/ovs_idl/transaction.py:89}}
Jul 21 16:18:21.739210 np0000005579 devstack@neutron-api.service[87697]: DEBUG neutron.pecan_wsgi.hooks.policy_enforcement [None req-87aae890-75a3-4024-8f75-4c310768cb43 admin admin] Attributes excluded by policy engine: ['standard_attr_id'] {{(pid=87697) _exclude_attributes_by_policy /opt/stack/neutron/neutron/pecan_wsgi/hooks/policy_enforcement.py:259}}
Jul 21 16:18:21.739623 np0000005579 devstack@neutron-api.service[87697]: DEBUG neutron_lib.callbacks.manager [None req-87aae890-75a3-4024-8f75-4c310768cb43 admin admin] Publish callbacks [] for network (None), before_response {{(pid=87697) _notify_loop /opt/stack/data/venv/lib/python3.12/site-packages/neutron_lib/callbacks/manager.py:184}}
Jul 21 16:18:21.750906 np0000005579 devstack@neutron-api.service[87697]: [pid: 87697|app: 0|req: 12/37] 10.4.3.102 () {68 vars in 1326 bytes} [Tue Jul 21 16:18:21 2026] POST /networking/v2.0/networks => generated 679 bytes in 387 msecs (HTTP/1.1 201) 4 headers in 162 bytes (1 switches on core 0)
Jul 21 16:18:21.811261 np0000005579 devstack@neutron-api.service[87696]: DEBUG futurist.periodics [-] Submitting periodic callback 'neutron.plugins.ml2.drivers.ovn.mech_driver.ovsdb.maintenance.HashRingHealthCheckPeriodics.touch_hash_ring_node' {{(pid=87696) _process_scheduled /opt/stack/data/venv/lib/python3.12/site-packages/futurist/periodics.py:784}}
Jul 21 16:18:21.811673 np0000005579 devstack@neutron-api.service[87696]: DEBUG neutron.plugins.ml2.drivers.ovn.mech_driver.ovsdb.maintenance [-] Touching Hash Ring node "3322a55be10151f9b5915b42c36ef8f0" from periodic health check thread {{(pid=87696) touch_hash_ring_node /opt/stack/neutron/neutron/plugins/ml2/drivers/ovn/mech_driver/ovsdb/maintenance.py:1417}}
Jul 21 16:18:21.981989 np0000005579 devstack@neutron-api.service[87696]: INFO neutron.pecan_wsgi.hooks.translation [None req-ad655f99-0fe6-4960-9430-ffdc7aa81431 admin admin] GET failed (client error): The resource could not be found.
Jul 21 16:18:21.982689 np0000005579 devstack@neutron-api.service[87696]: [pid: 87696|app: 0|req: 14/38] 10.4.3.102 () {64 vars in 1294 bytes} [Tue Jul 21 16:18:21 2026] GET /networking/v2.0/networks/shared => generated 108 bytes in 8 msecs (HTTP/1.1 404) 4 headers in 164 bytes (1 switches on core 0)
Jul 21 16:18:22.017692 np0000005579 devstack@neutron-api.service[87695]: DEBUG neutron.pecan_wsgi.hooks.policy_enforcement [None req-790d3a45-2792-42aa-9732-b712219cd80c admin admin] Attributes excluded by policy engine: ['standard_attr_id'] {{(pid=87695) _exclude_attributes_by_policy /opt/stack/neutron/neutron/pecan_wsgi/hooks/policy_enforcement.py:259}}
Jul 21 16:18:22.018848 np0000005579 devstack@neutron-api.service[87695]: [pid: 87695|app: 0|req: 13/39] 10.4.3.102 () {64 vars in 1309 bytes} [Tue Jul 21 16:18:21 2026] GET /networking/v2.0/networks?name=shared => generated 663 bytes in 28 msecs (HTTP/1.1 200) 4 headers in 157 bytes (1 switches on core 0)
Jul 21 16:18:22.030446 np0000005579 devstack@neutron-api.service[87697]: DEBUG neutron.api.v2.base [None req-71b05690-0283-444d-902a-0e9f4d0d0e4f admin admin] Request body: {'subnet': {'description': 'shared-subnet', 'network_id': 'b0399123-0e68-4372-9223-36411cbde920', 'cidr': '192.168.233.0/24', 'ip_version': 4, 'name': 'shared-subnet'}} {{(pid=87697) prepare_request_body /opt/stack/neutron/neutron/api/v2/base.py:727}}
Jul 21 16:18:22.044410 np0000005579 devstack@neutron-api.service[87697]: DEBUG neutron.pecan_wsgi.hooks.quota_enforcement [None req-71b05690-0283-444d-902a-0e9f4d0d0e4f admin admin] Made reservation on behalf of 28212e02986f4893857eeaa13933f221 for: {'subnet': 1} {{(pid=87697) before /opt/stack/neutron/neutron/pecan_wsgi/hooks/quota_enforcement.py:66}}
Jul 21 16:18:22.046801 np0000005579 devstack@neutron-api.service[87697]: DEBUG neutron_lib.callbacks.manager [None req-71b05690-0283-444d-902a-0e9f4d0d0e4f admin admin] Publish callbacks [] for subnet (None), before_create {{(pid=87697) _notify_loop /opt/stack/data/venv/lib/python3.12/site-packages/neutron_lib/callbacks/manager.py:184}}
Jul 21 16:18:22.101266 np0000005579 devstack@neutron-api.service[87697]: DEBUG neutron.db.ovn_revision_numbers_db [None req-71b05690-0283-444d-902a-0e9f4d0d0e4f admin admin] create_initial_revision uuid=99e3d63c-4323-473b-a0b3-f867ea3f923d, type=subnets, rev=-1 {{(pid=87697) create_initial_revision /opt/stack/neutron/neutron/db/ovn_revision_numbers_db.py:98}}
Jul 21 16:18:22.104746 np0000005579 devstack@neutron-api.service[87697]: DEBUG neutron_lib.callbacks.manager [None req-71b05690-0283-444d-902a-0e9f4d0d0e4f admin admin] Publish callbacks ['neutron.plugins.ml2.ovo_rpc._ObjectChangeHandler.handle_event-7361088'] for subnet (99e3d63c-4323-473b-a0b3-f867ea3f923d), after_create {{(pid=87697) _notify_loop /opt/stack/data/venv/lib/python3.12/site-packages/neutron_lib/callbacks/manager.py:184}}
Jul 21 16:18:22.116729 np0000005579 devstack@neutron-api.service[87697]: DEBUG neutron.api.rpc.handlers.resources_rpc [None req-71b05690-0283-444d-902a-0e9f4d0d0e4f admin admin] Pushing event updated for resources: {'Subnet': ['ID=99e3d63c-4323-473b-a0b3-f867ea3f923d,revision_number=0']} {{(pid=87697) push /opt/stack/neutron/neutron/api/rpc/handlers/resources_rpc.py:237}}
Jul 21 16:18:22.166656 np0000005579 devstack@neutron-api.service[87697]: DEBUG neutron_lib.callbacks.manager [None req-71b05690-0283-444d-902a-0e9f4d0d0e4f admin admin] Publish callbacks ['neutron.plugins.ml2.plugin.SecurityGroupDbMixin._ensure_default_security_group_handler-236305', 'neutron.services.ovn_l3.plugin.OVNL3RouterPlugin._port_update-8536535345846', 'neutron.db.l3_db.L3_NAT_dbonly_mixin._prevent_internal_ip_change_for_fip-8536537175714'] for port (6e635131-20d3-4d60-ba69-5405e829901c), before_update {{(pid=87697) _notify_loop /opt/stack/data/venv/lib/python3.12/site-packages/neutron_lib/callbacks/manager.py:184}}
Jul 21 16:18:22.254703 np0000005579 devstack@neutron-api.service[87697]: DEBUG neutron.db.db_base_plugin_common [None req-71b05690-0283-444d-902a-0e9f4d0d0e4f admin admin] Allocated IP 192.168.233.2 (b0399123-0e68-4372-9223-36411cbde920/99e3d63c-4323-473b-a0b3-f867ea3f923d/6e635131-20d3-4d60-ba69-5405e829901c) {{(pid=87697) _store_ip_allocation /opt/stack/neutron/neutron/db/db_base_plugin_common.py:131}}
Jul 21 16:18:22.323226 np0000005579 devstack@neutron-api.service[87697]: DEBUG neutron_lib.callbacks.manager [None req-71b05690-0283-444d-902a-0e9f4d0d0e4f admin admin] Publish callbacks [] for port (6e635131-20d3-4d60-ba69-5405e829901c), precommit_update {{(pid=87697) _notify_loop /opt/stack/data/venv/lib/python3.12/site-packages/neutron_lib/callbacks/manager.py:184}}
Jul 21 16:18:22.323475 np0000005579 devstack@neutron-api.service[87697]: DEBUG neutron.plugins.ml2.drivers.ovn.mech_driver.mech_driver [None req-71b05690-0283-444d-902a-0e9f4d0d0e4f admin admin] No provisioning block for port 6e635131-20d3-4d60-ba69-5405e829901c since it does not have a host {{(pid=87697) _is_port_provisioning_required /opt/stack/neutron/neutron/plugins/ml2/drivers/ovn/mech_driver/mech_driver.py:899}}
Jul 21 16:18:22.334481 np0000005579 devstack@neutron-api.service[87697]: DEBUG neutron_lib.callbacks.manager [None req-71b05690-0283-444d-902a-0e9f4d0d0e4f admin admin] Publish callbacks ['neutron.plugins.ml2.ovo_rpc._ObjectChangeHandler.handle_event-7361093', 'neutron.services.ovn_l3.plugin.OVNL3RouterPlugin._port_update-8536535345846'] for port (6e635131-20d3-4d60-ba69-5405e829901c), after_update {{(pid=87697) _notify_loop /opt/stack/data/venv/lib/python3.12/site-packages/neutron_lib/callbacks/manager.py:184}}
Jul 21 16:18:22.364978 np0000005579 devstack@neutron-api.service[87697]: DEBUG neutron.api.rpc.handlers.resources_rpc [None req-71b05690-0283-444d-902a-0e9f4d0d0e4f admin admin] Pushing event updated for resources: {'Port': ['ID=6e635131-20d3-4d60-ba69-5405e829901c,revision_number=2']} {{(pid=87697) push /opt/stack/neutron/neutron/api/rpc/handlers/resources_rpc.py:237}}
Jul 21 16:18:22.463187 np0000005579 devstack@neutron-api.service[87697]: DEBUG neutron.plugins.ml2.drivers.ovn.mech_driver.ovsdb.commands [None req-71b05690-0283-444d-902a-0e9f4d0d0e4f admin admin] Converting tag [] to a tag_request {{(pid=87697) _tag_column_to_tag_request /opt/stack/neutron/neutron/plugins/ml2/drivers/ovn/mech_driver/ovsdb/commands.py:205}}
Jul 21 16:18:22.464246 np0000005579 devstack@neutron-api.service[87697]: DEBUG ovsdbapp.backend.ovs_idl.transaction [None req-c4ae331a-c075-4617-a620-cda8ae5e1f66 None None] Running txn n=1 command(idx=0): CheckRevisionNumberCommand(_result=None, name=6e635131-20d3-4d60-ba69-5405e829901c, resource={'id': '6e635131-20d3-4d60-ba69-5405e829901c', 'name': '', 'network_id': 'b0399123-0e68-4372-9223-36411cbde920', 'project_id': '28212e02986f4893857eeaa13933f221', 'mac_address': 'fa:16:3e:47:30:7e', 'admin_state_up': True, 'status': 'DOWN', 'device_id': 'ovnmeta-b0399123-0e68-4372-9223-36411cbde920', 'device_owner': 'network:distributed', 'standard_attr_id': 28, 'fixed_ips': [{'subnet_id': '99e3d63c-4323-473b-a0b3-f867ea3f923d', 'ip_address': '192.168.233.2'}], 'allowed_address_pairs': [], 'extra_dhcp_opts': [], 'security_groups': [], 'description': '', 'binding:vnic_type': 'normal', 'binding:profile': {}, 'binding:host_id': '', 'binding:vif_type': 'unbound', 'binding:vif_details': {}, 'port_security_enabled': False, 'tags': [], 'created_at': '2026-07-21T16:18:21Z', 'updated_at': '2026-07-21T16:18:22Z', 'revision_number': 2, 'tenant_id': '28212e02986f4893857eeaa13933f221', 'network': {'id': 'b0399123-0e68-4372-9223-36411cbde920', 'name': 'shared', 'tenant_id': '28212e02986f4893857eeaa13933f221', 'project_id': '28212e02986f4893857eeaa13933f221', 'admin_state_up': True, 'mtu': 1372, 'status': 'ACTIVE', 'subnets': ['99e3d63c-4323-473b-a0b3-f867ea3f923d'], 'standard_attr_id': 26, 'shared': True, 'availability_zone_hints': [], 'availability_zones': [], 'ipv4_address_scope': None, 'ipv6_address_scope': None, 'router:external': False, 'qinq': False, 'vlan_transparent': False, 'description': '', 'port_security_enabled': True, 'tags': [], 'created_at': '2026-07-21T16:18:21Z', 'updated_at': '2026-07-21T16:18:22Z', 'revision_number': 2, 'provider:network_type': 'geneve', 'provider:physical_network': None, 'provider:segmentation_id': 44526}}, resource_type=ports, if_exists=True) {{(pid=87697) do_commit /opt/stack/data/venv/lib/python3.12/site-packages/ovsdbapp/backend/ovs_idl/transaction.py:89}}
Jul 21 16:18:22.464653 np0000005579 devstack@neutron-api.service[87697]: DEBUG ovsdbapp.backend.ovs_idl.transaction [None req-c4ae331a-c075-4617-a620-cda8ae5e1f66 None None] Running txn n=1 command(idx=1): AddDHCPOptionsCommand(_result=None, columns={'cidr': '192.168.233.0/24', 'options': {'server_id': '192.168.233.1', 'lease_time': '43200', 'mtu': '1372', 'router': '192.168.233.1', 'server_mac': 'fa:16:3e:fc:bd:f9', 'dns_server': '{127.0.0.53}', 'classless_static_route': '{169.254.169.254/32,192.168.233.2, 0.0.0.0/0,192.168.233.1}'}, 'external_ids': {'subnet_id': '99e3d63c-4323-473b-a0b3-f867ea3f923d', 'neutron:network_id': 'b0399123-0e68-4372-9223-36411cbde920', 'neutron:revision_number': '0'}}, may_exist=True, subnet_id=99e3d63c-4323-473b-a0b3-f867ea3f923d, port_id=None, new_insert=False) {{(pid=87697) do_commit /opt/stack/data/venv/lib/python3.12/site-packages/ovsdbapp/backend/ovs_idl/transaction.py:89}}
Jul 21 16:18:22.464968 np0000005579 devstack@neutron-api.service[87697]: DEBUG ovsdbapp.backend.ovs_idl.transaction [None req-c4ae331a-c075-4617-a620-cda8ae5e1f66 None None] Running txn n=1 command(idx=2): SetLSwitchPortCommand(_result=None, lport=6e635131-20d3-4d60-ba69-5405e829901c, external_ids_update=None, columns={'external_ids': {'neutron:port_name': '', 'neutron:device_id': 'ovnmeta-b0399123-0e68-4372-9223-36411cbde920', 'neutron:project_id': '28212e02986f4893857eeaa13933f221', 'neutron:cidrs': '192.168.233.2/24', 'neutron:device_owner': 'network:distributed', 'neutron:subnet_pool_addr_scope4': '', 'neutron:subnet_pool_addr_scope6': '', 'neutron:network_name': 'neutron-b0399123-0e68-4372-9223-36411cbde920', 'neutron:security_group_ids': '', 'neutron:revision_number': '2', 'neutron:vnic_type': 'normal', 'neutron:port_capabilities': '', 'neutron:mtu': '1372'}, 'parent_name': [], 'options': {}, 'enabled': True, 'port_security': [], 'dhcpv4_options': [], 'dhcpv6_options': [], 'type': 'localport', 'addresses': ['fa:16:3e:47:30:7e 192.168.233.2'], 'ha_chassis_group': [], 'tag_request': []}, if_exists=False) {{(pid=87697) do_commit /opt/stack/data/venv/lib/python3.12/site-packages/ovsdbapp/backend/ovs_idl/transaction.py:89}}
Jul 21 16:18:22.465651 np0000005579 devstack@neutron-api.service[87697]: DEBUG ovsdbapp.backend.ovs_idl.transaction [None req-c4ae331a-c075-4617-a620-cda8ae5e1f66 None None] Running txn n=1 command(idx=3): PgDelPortCommand(_result=None, port_group=neutron_pg_drop, lsp=['6e635131-20d3-4d60-ba69-5405e829901c'], if_exists=False) {{(pid=87697) do_commit /opt/stack/data/venv/lib/python3.12/site-packages/ovsdbapp/backend/ovs_idl/transaction.py:89}}
Jul 21 16:18:22.472617 np0000005579 devstack@neutron-api.service[87695]: DEBUG neutron.plugins.ml2.drivers.ovn.mech_driver.ovsdb.ovsdb_monitor [None req-32a14755-f25e-416e-9c00-fddb233668c1 None None] Hash Ring: Node bdca60c66a845bf9a5cfa524dd9f0a91 (host: np0000005579) handling event "update" for row 19510579-1b2d-4976-a303-35aa36f577c7 (table: Port_Binding) {{(pid=87695) notify /opt/stack/neutron/neutron/plugins/ml2/drivers/ovn/mech_driver/ovsdb/ovsdb_monitor.py:1013}}
Jul 21 16:18:22.474015 np0000005579 devstack@neutron-api.service[87695]: DEBUG neutron.plugins.ml2.drivers.ovn.mech_driver.ovsdb.ovsdb_monitor [None req-d668e446-3d09-4ee0-a9dc-27ac55829f8c None None] Hash Ring: Node bdca60c66a845bf9a5cfa524dd9f0a91 (host: np0000005579) handling event "create" for row ceaead84-2269-4ddc-ba7f-9945a430b73e (table: DHCP_Options) {{(pid=87695) notify /opt/stack/neutron/neutron/plugins/ml2/drivers/ovn/mech_driver/ovsdb/ovsdb_monitor.py:1013}}
Jul 21 16:18:22.474015 np0000005579 devstack@neutron-api.service[87695]: DEBUG neutron.plugins.ml2.drivers.ovn.mech_driver.ovsdb.ovsdb_monitor [None req-d668e446-3d09-4ee0-a9dc-27ac55829f8c None None] Hash Ring: Node bdca60c66a845bf9a5cfa524dd9f0a91 (host: np0000005579) handling event "update" for row e04e1f13-8f62-4d9c-90c1-391c45320c8c (table: Logical_Switch_Port) {{(pid=87695) notify /opt/stack/neutron/neutron/plugins/ml2/drivers/ovn/mech_driver/ovsdb/ovsdb_monitor.py:1013}}
Jul 21 16:18:22.496257 np0000005579 devstack@neutron-api.service[87697]: INFO neutron.db.ovn_revision_numbers_db [None req-71b05690-0283-444d-902a-0e9f4d0d0e4f admin admin] Successfully bumped revision number for resource 6e635131-20d3-4d60-ba69-5405e829901c (type: ports) to 2
Jul 21 16:18:22.507556 np0000005579 devstack@neutron-api.service[87697]: DEBUG neutron.plugins.ml2.plugin [None req-71b05690-0283-444d-902a-0e9f4d0d0e4f admin admin] In _notify_port_updated(), no bound segment for port 6e635131-20d3-4d60-ba69-5405e829901c on network b0399123-0e68-4372-9223-36411cbde920 {{(pid=87697) _notify_port_updated /opt/stack/neutron/neutron/plugins/ml2/plugin.py:1041}}
Jul 21 16:18:22.525192 np0000005579 devstack@neutron-api.service[87697]: INFO neutron.db.ovn_revision_numbers_db [None req-71b05690-0283-444d-902a-0e9f4d0d0e4f admin admin] Successfully bumped revision number for resource 99e3d63c-4323-473b-a0b3-f867ea3f923d (type: subnets) to 0
Jul 21 16:18:22.526591 np0000005579 devstack@neutron-api.service[87697]: DEBUG neutron.pecan_wsgi.hooks.policy_enforcement [None req-71b05690-0283-444d-902a-0e9f4d0d0e4f admin admin] Attributes excluded by policy engine: ['standard_attr_id', 'shared', 'network'] {{(pid=87697) _exclude_attributes_by_policy /opt/stack/neutron/neutron/pecan_wsgi/hooks/policy_enforcement.py:259}}
Jul 21 16:18:22.526889 np0000005579 devstack@neutron-api.service[87697]: DEBUG neutron_lib.callbacks.manager [None req-71b05690-0283-444d-902a-0e9f4d0d0e4f admin admin] Publish callbacks [] for subnet (None), before_response {{(pid=87697) _notify_loop /opt/stack/data/venv/lib/python3.12/site-packages/neutron_lib/callbacks/manager.py:184}}
Jul 21 16:18:22.536393 np0000005579 devstack@neutron-api.service[87697]: [pid: 87697|app: 0|req: 13/40] 10.4.3.102 () {68 vars in 1324 bytes} [Tue Jul 21 16:18:22 2026] POST /networking/v2.0/subnets => generated 665 bytes in 508 msecs (HTTP/1.1 201) 4 headers in 162 bytes (1 switches on core 0)
Jul 21 16:18:22.715742 np0000005579 devstack@neutron-api.service[87695]: DEBUG futurist.periodics [-] Submitting periodic callback 'neutron.plugins.ml2.drivers.ovn.mech_driver.ovsdb.maintenance.HashRingHealthCheckPeriodics.touch_hash_ring_node' {{(pid=87695) _process_scheduled /opt/stack/data/venv/lib/python3.12/site-packages/futurist/periodics.py:784}}
Jul 21 16:18:22.716181 np0000005579 devstack@neutron-api.service[87695]: DEBUG neutron.plugins.ml2.drivers.ovn.mech_driver.ovsdb.maintenance [-] Touching Hash Ring node "bdca60c66a845bf9a5cfa524dd9f0a91" from periodic health check thread {{(pid=87695) touch_hash_ring_node /opt/stack/neutron/neutron/plugins/ml2/drivers/ovn/mech_driver/ovsdb/maintenance.py:1417}}
Jul 21 16:18:22.806470 np0000005579 devstack@neutron-api.service[87697]: DEBUG futurist.periodics [-] Submitting periodic callback 'neutron.plugins.ml2.drivers.ovn.mech_driver.ovsdb.maintenance.HashRingHealthCheckPeriodics.touch_hash_ring_node' {{(pid=87697) _process_scheduled /opt/stack/data/venv/lib/python3.12/site-packages/futurist/periodics.py:784}}
Jul 21 16:18:22.806876 np0000005579 devstack@neutron-api.service[87697]: DEBUG neutron.plugins.ml2.drivers.ovn.mech_driver.ovsdb.maintenance [-] Touching Hash Ring node "63d6d4fbd8a05e9a9cd2de7bbe408c60" from periodic health check thread {{(pid=87697) touch_hash_ring_node /opt/stack/neutron/neutron/plugins/ml2/drivers/ovn/mech_driver/ovsdb/maintenance.py:1417}}
Jul 21 16:18:24.507352 np0000005579 devstack@neutron-api.service[87696]: DEBUG ovsdbapp.backend.ovs_idl.event [None req-588cf64c-ffb2-4efd-aae4-5f40e3eced10 None None] Matched UPDATE: ChassisOVNAgentWriteEvent(events=('create', 'update'), table='Chassis_Private', conditions=None, old_conditions=None), priority=20 to row=Chassis_Private(uuid=a7080d79-e779-4aec-9e23-96c4ae74475a, chassis=9a54395d-d34f-4c92-8dc1-ca4dc06c0673, external_ids={'neutron:ovn-bridge': 'br-int', 'neutron:ovn-neutron-agent-id': '6ff59a27-f287-57fe-aebf-7dcdcb6cfa88', 'neutron:ovn-neutron-agent-sb-cfg': '2'}, name='2c86ca3a-973d-4a23-a458-d0b6b0525d61', nb_cfg=2, nb_cfg_timestamp=1784650701497) old=Chassis_Private(uuid=a7080d79-e779-4aec-9e23-96c4ae74475a, external_ids={'neutron:ovn-bridge': 'br-int', 'neutron:ovn-neutron-agent-id': '6ff59a27-f287-57fe-aebf-7dcdcb6cfa88', 'neutron:ovn-neutron-agent-sb-cfg': '1'}) {{(pid=87696) matches /opt/stack/data/venv/lib/python3.12/site-packages/ovsdbapp/backend/ovs_idl/event.py:55}}
