May 21 06:24:46.688994 np0000001133 nova-scheduler[95729]: DEBUG cotyledon.oslo_config_glue [-] oslo_limit.auth_section = None {{(pid=95729) log_opt_values /opt/stack/data/venv/lib/python3.12/site-packages/oslo_config/cfg.py:3256}}
May 21 06:24:46.688994 np0000001133 nova-scheduler[95729]: DEBUG cotyledon.oslo_config_glue [-] oslo_limit.auth_type = None {{(pid=95729) log_opt_values /opt/stack/data/venv/lib/python3.12/site-packages/oslo_config/cfg.py:3256}}
May 21 06:24:46.688994 np0000001133 nova-scheduler[95729]: DEBUG cotyledon.oslo_config_glue [-] oslo_limit.cafile = None {{(pid=95729) log_opt_values /opt/stack/data/venv/lib/python3.12/site-packages/oslo_config/cfg.py:3256}}
May 21 06:24:46.689307 np0000001133 nova-scheduler[95729]: DEBUG cotyledon.oslo_config_glue [-] oslo_limit.certfile = None {{(pid=95729) log_opt_values /opt/stack/data/venv/lib/python3.12/site-packages/oslo_config/cfg.py:3256}}
May 21 06:24:46.689307 np0000001133 nova-scheduler[95729]: DEBUG cotyledon.oslo_config_glue [-] oslo_limit.collect_timing = False {{(pid=95729) log_opt_values /opt/stack/data/venv/lib/python3.12/site-packages/oslo_config/cfg.py:3256}}
May 21 06:24:46.689307 np0000001133 nova-scheduler[95729]: DEBUG cotyledon.oslo_config_glue [-] oslo_limit.connect_retries = None {{(pid=95729) log_opt_values /opt/stack/data/venv/lib/python3.12/site-packages/oslo_config/cfg.py:3256}}
May 21 06:24:46.689307 np0000001133 nova-scheduler[95729]: DEBUG cotyledon.oslo_config_glue [-] oslo_limit.connect_retry_delay = None {{(pid=95729) log_opt_values /opt/stack/data/venv/lib/python3.12/site-packages/oslo_config/cfg.py:3256}}
May 21 06:24:46.689307 np0000001133 nova-scheduler[95729]: DEBUG cotyledon.oslo_config_glue [-] oslo_limit.endpoint_id = None {{(pid=95729) log_opt_values /opt/stack/data/venv/lib/python3.12/site-packages/oslo_config/cfg.py:3256}}
May 21 06:24:46.689307 np0000001133 nova-scheduler[95729]: DEBUG cotyledon.oslo_config_glue [-] oslo_limit.endpoint_interface = public {{(pid=95729) log_opt_values /opt/stack/data/venv/lib/python3.12/site-packages/oslo_config/cfg.py:3256}}
May 21 06:24:46.689307 np0000001133 nova-scheduler[95729]: DEBUG cotyledon.oslo_config_glue [-] oslo_limit.endpoint_override = None {{(pid=95729) log_opt_values /opt/stack/data/venv/lib/python3.12/site-packages/oslo_config/cfg.py:3256}}
May 21 06:24:46.689307 np0000001133 nova-scheduler[95729]: DEBUG cotyledon.oslo_config_glue [-] oslo_limit.endpoint_region_name = None {{(pid=95729) log_opt_values /opt/stack/data/venv/lib/python3.12/site-packages/oslo_config/cfg.py:3256}}
May 21 06:24:46.689307 np0000001133 nova-scheduler[95729]: DEBUG cotyledon.oslo_config_glue [-] oslo_limit.endpoint_service_name = None {{(pid=95729) log_opt_values /opt/stack/data/venv/lib/python3.12/site-packages/oslo_config/cfg.py:3256}}
May 21 06:24:46.689587 np0000001133 nova-scheduler[95729]: DEBUG cotyledon.oslo_config_glue [-] oslo_limit.endpoint_service_type = None {{(pid=95729) log_opt_values /opt/stack/data/venv/lib/python3.12/site-packages/oslo_config/cfg.py:3256}}
May 21 06:24:46.689587 np0000001133 nova-scheduler[95729]: DEBUG cotyledon.oslo_config_glue [-] oslo_limit.insecure = False {{(pid=95729) log_opt_values /opt/stack/data/venv/lib/python3.12/site-packages/oslo_config/cfg.py:3256}}
May 21 06:24:46.689587 np0000001133 nova-scheduler[95729]: DEBUG cotyledon.oslo_config_glue [-] oslo_limit.keyfile = None {{(pid=95729) log_opt_values /opt/stack/data/venv/lib/python3.12/site-packages/oslo_config/cfg.py:3256}}
May 21 06:24:46.689587 np0000001133 nova-scheduler[95729]: DEBUG cotyledon.oslo_config_glue [-] oslo_limit.max_version = None {{(pid=95729) log_opt_values /opt/stack/data/venv/lib/python3.12/site-packages/oslo_config/cfg.py:3256}}
May 21 06:24:46.689587 np0000001133 nova-scheduler[95729]: DEBUG cotyledon.oslo_config_glue [-] oslo_limit.min_version = None {{(pid=95729) log_opt_values /opt/stack/data/venv/lib/python3.12/site-packages/oslo_config/cfg.py:3256}}
May 21 06:24:46.689587 np0000001133 nova-scheduler[95729]: DEBUG cotyledon.oslo_config_glue [-] oslo_limit.region_name = None {{(pid=95729) log_opt_values /opt/stack/data/venv/lib/python3.12/site-packages/oslo_config/cfg.py:3256}}
May 21 06:24:46.689587 np0000001133 nova-scheduler[95729]: DEBUG cotyledon.oslo_config_glue [-] oslo_limit.retriable_status_codes = None {{(pid=95729) log_opt_values /opt/stack/data/venv/lib/python3.12/site-packages/oslo_config/cfg.py:3256}}
May 21 06:24:46.689587 np0000001133 nova-scheduler[95729]: DEBUG cotyledon.oslo_config_glue [-] oslo_limit.service_name = None {{(pid=95729) log_opt_values /opt/stack/data/venv/lib/python3.12/site-packages/oslo_config/cfg.py:3256}}
May 21 06:24:46.689587 np0000001133 nova-scheduler[95729]: DEBUG cotyledon.oslo_config_glue [-] oslo_limit.service_type = None {{(pid=95729) log_opt_values /opt/stack/data/venv/lib/python3.12/site-packages/oslo_config/cfg.py:3256}}
May 21 06:24:46.689774 np0000001133 nova-scheduler[95729]: DEBUG cotyledon.oslo_config_glue [-] oslo_limit.split_loggers = False {{(pid=95729) log_opt_values /opt/stack/data/venv/lib/python3.12/site-packages/oslo_config/cfg.py:3256}}
May 21 06:24:46.689774 np0000001133 nova-scheduler[95729]: DEBUG cotyledon.oslo_config_glue [-] oslo_limit.status_code_retries = None {{(pid=95729) log_opt_values /opt/stack/data/venv/lib/python3.12/site-packages/oslo_config/cfg.py:3256}}
May 21 06:24:46.689774 np0000001133 nova-scheduler[95729]: DEBUG cotyledon.oslo_config_glue [-] oslo_limit.status_code_retry_delay = None {{(pid=95729) log_opt_values /opt/stack/data/venv/lib/python3.12/site-packages/oslo_config/cfg.py:3256}}
May 21 06:24:46.689774 np0000001133 nova-scheduler[95729]: DEBUG cotyledon.oslo_config_glue [-] oslo_limit.timeout = None {{(pid=95729) log_opt_values /opt/stack/data/venv/lib/python3.12/site-packages/oslo_config/cfg.py:3256}}
May 21 06:24:46.689774 np0000001133 nova-scheduler[95729]: DEBUG cotyledon.oslo_config_glue [-] oslo_limit.valid_interfaces = None {{(pid=95729) log_opt_values /opt/stack/data/venv/lib/python3.12/site-packages/oslo_config/cfg.py:3256}}
May 21 06:24:46.689774 np0000001133 nova-scheduler[95729]: DEBUG cotyledon.oslo_config_glue [-] oslo_limit.version = None {{(pid=95729) log_opt_values /opt/stack/data/venv/lib/python3.12/site-packages/oslo_config/cfg.py:3256}}
May 21 06:24:46.689774 np0000001133 nova-scheduler[95729]: DEBUG cotyledon.oslo_config_glue [-] oslo_reports.file_event_handler = None {{(pid=95729) log_opt_values /opt/stack/data/venv/lib/python3.12/site-packages/oslo_config/cfg.py:3256}}
May 21 06:24:46.689774 np0000001133 nova-scheduler[95729]: DEBUG cotyledon.oslo_config_glue [-] oslo_reports.file_event_handler_interval = 1 {{(pid=95729) log_opt_values /opt/stack/data/venv/lib/python3.12/site-packages/oslo_config/cfg.py:3256}}
May 21 06:24:46.689774 np0000001133 nova-scheduler[95729]: DEBUG cotyledon.oslo_config_glue [-] oslo_reports.log_dir = None {{(pid=95729) log_opt_values /opt/stack/data/venv/lib/python3.12/site-packages/oslo_config/cfg.py:3256}}
May 21 06:24:46.690030 np0000001133 nova-scheduler[95729]: DEBUG cotyledon.oslo_config_glue [-] ******************************************************************************** {{(pid=95729) log_opt_values /opt/stack/data/venv/lib/python3.12/site-packages/oslo_config/cfg.py:3263}}
May 21 06:24:46.690030 np0000001133 nova-scheduler[95729]: DEBUG cotyledon._service_worker [-] Run service ServiceWrapper(2) [95729] {{(pid=95729) wait_forever /opt/stack/data/venv/lib/python3.12/site-packages/cotyledon/_service_worker.py:218}}
May 21 06:24:46.690030 np0000001133 nova-scheduler[95729]: INFO nova.service [-] Starting scheduler node (version 33.1.0)
May 21 06:24:46.690111 np0000001133 nova-scheduler[95727]: INFO dbcounter [None req-5950b802-2fa8-423d-a032-6235b373bd45 None None] Registered counter for database nova_cell0
May 21 06:24:46.690137 np0000001133 nova-scheduler[95729]: INFO dbcounter [None req-48459fdd-0e2c-4e36-9500-1ddfd8f755c4 None None] Registered counter for database nova_cell0
May 21 06:24:46.690160 np0000001133 nova-scheduler[95725]: DEBUG dbcounter [-] [95725] Writer thread running {{(pid=95725) stat_writer /opt/stack/data/venv/lib/python3.12/site-packages/dbcounter.py:102}}
May 21 06:24:46.690187 np0000001133 nova-scheduler[95727]: DEBUG oslo_db.sqlalchemy.engines [None req-5950b802-2fa8-423d-a032-6235b373bd45 None None] MySQL server mode set to STRICT_TRANS_TABLES,STRICT_ALL_TABLES,NO_ZERO_IN_DATE,NO_ZERO_DATE,ERROR_FOR_DIVISION_BY_ZERO,TRADITIONAL,NO_ENGINE_SUBSTITUTION {{(pid=95727) _check_effective_sql_mode /opt/stack/data/venv/lib/python3.12/site-packages/oslo_db/sqlalchemy/engines.py:325}}
May 21 06:24:46.690222 np0000001133 nova-scheduler[95729]: DEBUG oslo_db.sqlalchemy.engines [None req-48459fdd-0e2c-4e36-9500-1ddfd8f755c4 None None] MySQL server mode set to STRICT_TRANS_TABLES,STRICT_ALL_TABLES,NO_ZERO_IN_DATE,NO_ZERO_DATE,ERROR_FOR_DIVISION_BY_ZERO,TRADITIONAL,NO_ENGINE_SUBSTITUTION {{(pid=95729) _check_effective_sql_mode /opt/stack/data/venv/lib/python3.12/site-packages/oslo_db/sqlalchemy/engines.py:325}}
May 21 06:24:46.694633 np0000001133 nova-scheduler[95729]: DEBUG dbcounter [-] [95729] Writer thread running {{(pid=95729) stat_writer /opt/stack/data/venv/lib/python3.12/site-packages/dbcounter.py:102}}
May 21 06:24:46.698126 np0000001133 nova-scheduler[95727]: DEBUG dbcounter [-] [95727] Writer thread running {{(pid=95727) stat_writer /opt/stack/data/venv/lib/python3.12/site-packages/dbcounter.py:102}}
May 21 06:24:46.702127 np0000001133 nova-scheduler[95725]: DEBUG nova.service [None req-a78a0316-71e3-4596-8df2-01b51f4a4668 None None] Creating RPC server for service: nova-scheduler on topic: scheduler {{(pid=95725) start /opt/stack/nova/nova/service.py:195}}
May 21 06:24:46.712770 np0000001133 nova-scheduler[95729]: DEBUG nova.service [None req-48459fdd-0e2c-4e36-9500-1ddfd8f755c4 None None] Creating RPC server for service: nova-scheduler on topic: scheduler {{(pid=95729) start /opt/stack/nova/nova/service.py:195}}
May 21 06:24:46.717999 np0000001133 nova-scheduler[95727]: DEBUG nova.service [None req-5950b802-2fa8-423d-a032-6235b373bd45 None None] Creating RPC server for service: nova-scheduler on topic: scheduler {{(pid=95727) start /opt/stack/nova/nova/service.py:195}}
May 21 06:24:46.743613 np0000001133 nova-scheduler[95725]: DEBUG nova.service [None req-a78a0316-71e3-4596-8df2-01b51f4a4668 None None] Join ServiceGroup membership for this service scheduler {{(pid=95725) start /opt/stack/nova/nova/service.py:221}}
May 21 06:24:46.743802 np0000001133 nova-scheduler[95725]: DEBUG nova.servicegroup.drivers.db [None req-a78a0316-71e3-4596-8df2-01b51f4a4668 None None] DB_Driver: join new ServiceGroup member np0000001133 to the scheduler group, service = {{(pid=95725) join /opt/stack/nova/nova/servicegroup/drivers/db.py:44}}
May 21 06:24:46.748290 np0000001133 nova-scheduler[95729]: DEBUG nova.service [None req-48459fdd-0e2c-4e36-9500-1ddfd8f755c4 None None] Join ServiceGroup membership for this service scheduler {{(pid=95729) start /opt/stack/nova/nova/service.py:221}}
May 21 06:24:46.748458 np0000001133 nova-scheduler[95729]: DEBUG nova.servicegroup.drivers.db [None req-48459fdd-0e2c-4e36-9500-1ddfd8f755c4 None None] DB_Driver: join new ServiceGroup member np0000001133 to the scheduler group, service = {{(pid=95729) join /opt/stack/nova/nova/servicegroup/drivers/db.py:44}}
May 21 06:24:46.753596 np0000001133 nova-scheduler[95727]: DEBUG nova.service [None req-5950b802-2fa8-423d-a032-6235b373bd45 None None] Join ServiceGroup membership for this service scheduler {{(pid=95727) start /opt/stack/nova/nova/service.py:221}}
May 21 06:24:46.753737 np0000001133 nova-scheduler[95727]: DEBUG nova.servicegroup.drivers.db [None req-5950b802-2fa8-423d-a032-6235b373bd45 None None] DB_Driver: join new ServiceGroup member np0000001133 to the scheduler group, service = {{(pid=95727) join /opt/stack/nova/nova/servicegroup/drivers/db.py:44}}
May 21 06:24:49.755419 np0000001133 nova-scheduler[95727]: DEBUG oslo.service.backend._threading.loopingcall [None req-a76a8880-f2c0-4abc-bb1d-6f623fba993c None None] Dynamic interval looping call 'nova.service.Service.periodic_tasks' sleeping for 60.00 seconds {{(pid=95727) _run_loop /opt/stack/data/venv/lib/python3.12/site-packages/oslo_service/backend/_threading/loopingcall.py:125}}
May 21 06:24:51.779329 np0000001133 nova-scheduler[95725]: DEBUG oslo.service.backend._threading.loopingcall [-] Fixed interval looping call 'nova.servicegroup.drivers.db.DbDriver._report_state' sleeping for 119.97 seconds {{(pid=95725) _run_loop /opt/stack/data/venv/lib/python3.12/site-packages/oslo_service/backend/_threading/loopingcall.py:125}}
May 21 06:24:51.779919 np0000001133 nova-scheduler[95729]: DEBUG oslo.service.backend._threading.loopingcall [-] Fixed interval looping call 'nova.servicegroup.drivers.db.DbDriver._report_state' sleeping for 119.97 seconds {{(pid=95729) _run_loop /opt/stack/data/venv/lib/python3.12/site-packages/oslo_service/backend/_threading/loopingcall.py:125}}
May 21 06:24:51.780948 np0000001133 nova-scheduler[95727]: DEBUG oslo.service.backend._threading.loopingcall [-] Fixed interval looping call 'nova.servicegroup.drivers.db.DbDriver._report_state' sleeping for 119.97 seconds {{(pid=95727) _run_loop /opt/stack/data/venv/lib/python3.12/site-packages/oslo_service/backend/_threading/loopingcall.py:125}}
May 21 06:24:55.375134 np0000001133 nova-scheduler[94534]: DEBUG dbcounter [-] [94534] Writing DB stats nova_api:SELECT=3 {{(pid=94534) stat_writer /opt/stack/data/venv/lib/python3.12/site-packages/dbcounter.py:115}}
May 21 06:24:55.475791 np0000001133 nova-scheduler[94534]: DEBUG dbcounter [-] [94534] Writing DB stats nova_cell0:SELECT=1 {{(pid=94534) stat_writer /opt/stack/data/venv/lib/python3.12/site-packages/dbcounter.py:115}}
May 21 06:24:55.478516 np0000001133 nova-scheduler[94534]: DEBUG dbcounter [-] [94534] Writing DB stats nova_cell1:SELECT=1 {{(pid=94534) stat_writer /opt/stack/data/venv/lib/python3.12/site-packages/dbcounter.py:115}}
May 21 06:24:59.745489 np0000001133 nova-scheduler[95725]: DEBUG oslo.service.backend._threading.loopingcall [None req-4628acf4-1313-4919-9de0-c88ba37e015f None None] Dynamic interval looping call 'nova.service.Service.periodic_tasks' sleeping for 60.00 seconds {{(pid=95725) _run_loop /opt/stack/data/venv/lib/python3.12/site-packages/oslo_service/backend/_threading/loopingcall.py:125}}
May 21 06:25:01.752493 np0000001133 nova-scheduler[95725]: DEBUG dbcounter [-] [95725] Writing DB stats nova_cell0:SELECT=4,nova_cell0:INSERT=1,nova_cell0:UPDATE=1 {{(pid=95725) stat_writer /opt/stack/data/venv/lib/python3.12/site-packages/dbcounter.py:115}}
May 21 06:25:01.755667 np0000001133 nova-scheduler[95729]: DEBUG dbcounter [-] [95729] Writing DB stats nova_cell0:SELECT=4,nova_cell0:INSERT=1,nova_cell0:UPDATE=1 {{(pid=95729) stat_writer /opt/stack/data/venv/lib/python3.12/site-packages/dbcounter.py:115}}
May 21 06:25:01.760656 np0000001133 nova-scheduler[95727]: DEBUG dbcounter [-] [95727] Writing DB stats nova_cell0:SELECT=4,nova_cell0:INSERT=1,nova_cell0:UPDATE=1 {{(pid=95727) stat_writer /opt/stack/data/venv/lib/python3.12/site-packages/dbcounter.py:115}}
May 21 06:25:06.750839 np0000001133 nova-scheduler[95729]: DEBUG oslo.service.backend._threading.loopingcall [None req-8f4bb04b-72fa-413d-adf0-3bab4f64e94d None None] Dynamic interval looping call 'nova.service.Service.periodic_tasks' sleeping for 60.00 seconds {{(pid=95729) _run_loop /opt/stack/data/venv/lib/python3.12/site-packages/oslo_service/backend/_threading/loopingcall.py:125}}
May 21 06:25:49.755923 np0000001133 nova-scheduler[95727]: DEBUG oslo.service.backend._threading.loopingcall [None req-a76a8880-f2c0-4abc-bb1d-6f623fba993c None None] Dynamic interval looping call 'nova.service.Service.periodic_tasks' sleeping for 60.00 seconds {{(pid=95727) _run_loop /opt/stack/data/venv/lib/python3.12/site-packages/oslo_service/backend/_threading/loopingcall.py:125}}
May 21 06:25:59.745998 np0000001133 nova-scheduler[95725]: DEBUG oslo.service.backend._threading.loopingcall [None req-4628acf4-1313-4919-9de0-c88ba37e015f None None] Dynamic interval looping call 'nova.service.Service.periodic_tasks' sleeping for 60.00 seconds {{(pid=95725) _run_loop /opt/stack/data/venv/lib/python3.12/site-packages/oslo_service/backend/_threading/loopingcall.py:125}}
May 21 06:26:06.751514 np0000001133 nova-scheduler[95729]: DEBUG oslo.service.backend._threading.loopingcall [None req-8f4bb04b-72fa-413d-adf0-3bab4f64e94d None None] Dynamic interval looping call 'nova.service.Service.periodic_tasks' sleeping for 60.00 seconds {{(pid=95729) _run_loop /opt/stack/data/venv/lib/python3.12/site-packages/oslo_service/backend/_threading/loopingcall.py:125}}
May 21 06:26:49.756395 np0000001133 nova-scheduler[95727]: DEBUG oslo.service.backend._threading.loopingcall [None req-a76a8880-f2c0-4abc-bb1d-6f623fba993c None None] Dynamic interval looping call 'nova.service.Service.periodic_tasks' sleeping for 60.00 seconds {{(pid=95727) _run_loop /opt/stack/data/venv/lib/python3.12/site-packages/oslo_service/backend/_threading/loopingcall.py:125}}
May 21 06:26:51.765696 np0000001133 nova-scheduler[95725]: DEBUG oslo.service.backend._threading.loopingcall [-] Fixed interval looping call 'nova.servicegroup.drivers.db.DbDriver._report_state' sleeping for 119.98 seconds {{(pid=95725) _run_loop /opt/stack/data/venv/lib/python3.12/site-packages/oslo_service/backend/_threading/loopingcall.py:125}}
May 21 06:26:51.767136 np0000001133 nova-scheduler[95729]: DEBUG oslo.service.backend._threading.loopingcall [-] Fixed interval looping call 'nova.servicegroup.drivers.db.DbDriver._report_state' sleeping for 119.98 seconds {{(pid=95729) _run_loop /opt/stack/data/venv/lib/python3.12/site-packages/oslo_service/backend/_threading/loopingcall.py:125}}
May 21 06:26:51.767909 np0000001133 nova-scheduler[95727]: DEBUG oslo.service.backend._threading.loopingcall [-] Fixed interval looping call 'nova.servicegroup.drivers.db.DbDriver._report_state' sleeping for 119.98 seconds {{(pid=95727) _run_loop /opt/stack/data/venv/lib/python3.12/site-packages/oslo_service/backend/_threading/loopingcall.py:125}}
May 21 06:26:59.746523 np0000001133 nova-scheduler[95725]: DEBUG oslo.service.backend._threading.loopingcall [None req-4628acf4-1313-4919-9de0-c88ba37e015f None None] Dynamic interval looping call 'nova.service.Service.periodic_tasks' sleeping for 60.00 seconds {{(pid=95725) _run_loop /opt/stack/data/venv/lib/python3.12/site-packages/oslo_service/backend/_threading/loopingcall.py:125}}
May 21 06:27:01.753067 np0000001133 nova-scheduler[95725]: DEBUG dbcounter [-] [95725] Writing DB stats nova_cell0:SELECT=1,nova_cell0:UPDATE=1 {{(pid=95725) stat_writer /opt/stack/data/venv/lib/python3.12/site-packages/dbcounter.py:115}}
May 21 06:27:01.753990 np0000001133 nova-scheduler[95729]: DEBUG dbcounter [-] [95729] Writing DB stats nova_cell0:SELECT=1,nova_cell0:UPDATE=1 {{(pid=95729) stat_writer /opt/stack/data/venv/lib/python3.12/site-packages/dbcounter.py:115}}
May 21 06:27:01.754580 np0000001133 nova-scheduler[95727]: DEBUG dbcounter [-] [95727] Writing DB stats nova_cell0:SELECT=1,nova_cell0:UPDATE=1 {{(pid=95727) stat_writer /opt/stack/data/venv/lib/python3.12/site-packages/dbcounter.py:115}}
May 21 06:27:06.751993 np0000001133 nova-scheduler[95729]: DEBUG oslo.service.backend._threading.loopingcall [None req-8f4bb04b-72fa-413d-adf0-3bab4f64e94d None None] Dynamic interval looping call 'nova.service.Service.periodic_tasks' sleeping for 60.00 seconds {{(pid=95729) _run_loop /opt/stack/data/venv/lib/python3.12/site-packages/oslo_service/backend/_threading/loopingcall.py:125}}
May 21 06:27:30.817653 np0000001133 nova-scheduler[95725]: DEBUG nova.scheduler.manager [None req-d5c3c107-525a-4f63-8237-baa368697c40 tempest-AttachVolumeMultiAttachTest-799212202 tempest-AttachVolumeMultiAttachTest-799212202-project-member] Starting to schedule for instances: ['a8ec2105-c723-4d9d-9287-81f07f268f2a'] {{(pid=95725) select_destinations /opt/stack/nova/nova/scheduler/manager.py:210}}
May 21 06:27:30.818923 np0000001133 nova-scheduler[95725]: DEBUG nova.scheduler.request_filter [None req-d5c3c107-525a-4f63-8237-baa368697c40 tempest-AttachVolumeMultiAttachTest-799212202 tempest-AttachVolumeMultiAttachTest-799212202-project-member] compute_status_filter request filter added forbidden trait COMPUTE_STATUS_DISABLED {{(pid=95725) compute_status_filter /opt/stack/nova/nova/scheduler/request_filter.py:253}}
May 21 06:27:30.818923 np0000001133 nova-scheduler[95725]: DEBUG nova.scheduler.request_filter [None req-d5c3c107-525a-4f63-8237-baa368697c40 tempest-AttachVolumeMultiAttachTest-799212202 tempest-AttachVolumeMultiAttachTest-799212202-project-member] Request filter 'compute_status_filter' took 0.0 seconds {{(pid=95725) wrapper /opt/stack/nova/nova/scheduler/request_filter.py:46}}
May 21 06:27:30.818923 np0000001133 nova-scheduler[95725]: DEBUG nova.scheduler.request_filter [None req-d5c3c107-525a-4f63-8237-baa368697c40 tempest-AttachVolumeMultiAttachTest-799212202 tempest-AttachVolumeMultiAttachTest-799212202-project-member] Request filter 'accelerators_filter' took 0.0 seconds {{(pid=95725) wrapper /opt/stack/nova/nova/scheduler/request_filter.py:46}}
May 21 06:27:30.818923 np0000001133 nova-scheduler[95725]: DEBUG nova.scheduler.request_filter [None req-d5c3c107-525a-4f63-8237-baa368697c40 tempest-AttachVolumeMultiAttachTest-799212202 tempest-AttachVolumeMultiAttachTest-799212202-project-member] Request filter 'packed_virtqueue_filter' took 0.0 seconds {{(pid=95725) wrapper /opt/stack/nova/nova/scheduler/request_filter.py:46}}
May 21 06:27:30.819154 np0000001133 nova-scheduler[95725]: DEBUG nova.scheduler.request_filter [None req-d5c3c107-525a-4f63-8237-baa368697c40 tempest-AttachVolumeMultiAttachTest-799212202 tempest-AttachVolumeMultiAttachTest-799212202-project-member] Request filter 'remote_managed_ports_filter' took 0.0 seconds {{(pid=95725) wrapper /opt/stack/nova/nova/scheduler/request_filter.py:46}}
May 21 06:27:30.819341 np0000001133 nova-scheduler[95725]: DEBUG nova.scheduler.request_filter [None req-d5c3c107-525a-4f63-8237-baa368697c40 tempest-AttachVolumeMultiAttachTest-799212202 tempest-AttachVolumeMultiAttachTest-799212202-project-member] ephemeral_encryption_filter skipped {{(pid=95725) ephemeral_encryption_filter /opt/stack/nova/nova/scheduler/request_filter.py:426}}
May 21 06:27:30.819406 np0000001133 nova-scheduler[95725]: DEBUG nova.scheduler.request_filter [None req-d5c3c107-525a-4f63-8237-baa368697c40 tempest-AttachVolumeMultiAttachTest-799212202 tempest-AttachVolumeMultiAttachTest-799212202-project-member] virtio_sound_filter skipped {{(pid=95725) virtio_sound_filter /opt/stack/nova/nova/scheduler/request_filter.py:460}}
May 21 06:27:30.819600 np0000001133 nova-scheduler[95725]: DEBUG nova.scheduler.request_filter [None req-d5c3c107-525a-4f63-8237-baa368697c40 tempest-AttachVolumeMultiAttachTest-799212202 tempest-AttachVolumeMultiAttachTest-799212202-project-member] tpm_secret_security_filter skipped {{(pid=95725) tpm_secret_security_filter /opt/stack/nova/nova/scheduler/request_filter.py:477}}
May 21 06:27:30.901838 np0000001133 nova-scheduler[95729]: DEBUG nova.scheduler.manager [None req-0a8453a4-9eed-4cf0-a53c-b01db781ed4b tempest-AttachSCSIVolumeTestJSON-1853335928 tempest-AttachSCSIVolumeTestJSON-1853335928-project-member] Starting to schedule for instances: ['fdc97257-3fdf-4f8c-a938-0c7b426ef08d'] {{(pid=95729) select_destinations /opt/stack/nova/nova/scheduler/manager.py:210}}
May 21 06:27:30.903290 np0000001133 nova-scheduler[95729]: DEBUG nova.scheduler.request_filter [None req-0a8453a4-9eed-4cf0-a53c-b01db781ed4b tempest-AttachSCSIVolumeTestJSON-1853335928 tempest-AttachSCSIVolumeTestJSON-1853335928-project-member] compute_status_filter request filter added forbidden trait COMPUTE_STATUS_DISABLED {{(pid=95729) compute_status_filter /opt/stack/nova/nova/scheduler/request_filter.py:253}}
May 21 06:27:30.903290 np0000001133 nova-scheduler[95729]: DEBUG nova.scheduler.request_filter [None req-0a8453a4-9eed-4cf0-a53c-b01db781ed4b tempest-AttachSCSIVolumeTestJSON-1853335928 tempest-AttachSCSIVolumeTestJSON-1853335928-project-member] Request filter 'compute_status_filter' took 0.0 seconds {{(pid=95729) wrapper /opt/stack/nova/nova/scheduler/request_filter.py:46}}
May 21 06:27:30.903290 np0000001133 nova-scheduler[95729]: DEBUG nova.scheduler.request_filter [None req-0a8453a4-9eed-4cf0-a53c-b01db781ed4b tempest-AttachSCSIVolumeTestJSON-1853335928 tempest-AttachSCSIVolumeTestJSON-1853335928-project-member] Request filter 'accelerators_filter' took 0.0 seconds {{(pid=95729) wrapper /opt/stack/nova/nova/scheduler/request_filter.py:46}}
May 21 06:27:30.903290 np0000001133 nova-scheduler[95729]: DEBUG nova.scheduler.request_filter [None req-0a8453a4-9eed-4cf0-a53c-b01db781ed4b tempest-AttachSCSIVolumeTestJSON-1853335928 tempest-AttachSCSIVolumeTestJSON-1853335928-project-member] Request filter 'packed_virtqueue_filter' took 0.0 seconds {{(pid=95729) wrapper /opt/stack/nova/nova/scheduler/request_filter.py:46}}
May 21 06:27:30.903901 np0000001133 nova-scheduler[95729]: DEBUG nova.scheduler.request_filter [None req-0a8453a4-9eed-4cf0-a53c-b01db781ed4b tempest-AttachSCSIVolumeTestJSON-1853335928 tempest-AttachSCSIVolumeTestJSON-1853335928-project-member] Request filter 'remote_managed_ports_filter' took 0.0 seconds {{(pid=95729) wrapper /opt/stack/nova/nova/scheduler/request_filter.py:46}}
May 21 06:27:30.904110 np0000001133 nova-scheduler[95729]: DEBUG nova.scheduler.request_filter [None req-0a8453a4-9eed-4cf0-a53c-b01db781ed4b tempest-AttachSCSIVolumeTestJSON-1853335928 tempest-AttachSCSIVolumeTestJSON-1853335928-project-member] ephemeral_encryption_filter skipped {{(pid=95729) ephemeral_encryption_filter /opt/stack/nova/nova/scheduler/request_filter.py:426}}
May 21 06:27:30.904651 np0000001133 nova-scheduler[95729]: DEBUG nova.scheduler.request_filter [None req-0a8453a4-9eed-4cf0-a53c-b01db781ed4b tempest-AttachSCSIVolumeTestJSON-1853335928 tempest-AttachSCSIVolumeTestJSON-1853335928-project-member] virtio_sound_filter skipped {{(pid=95729) virtio_sound_filter /opt/stack/nova/nova/scheduler/request_filter.py:460}}
May 21 06:27:30.904805 np0000001133 nova-scheduler[95729]: DEBUG nova.scheduler.request_filter [None req-0a8453a4-9eed-4cf0-a53c-b01db781ed4b tempest-AttachSCSIVolumeTestJSON-1853335928 tempest-AttachSCSIVolumeTestJSON-1853335928-project-member] tpm_secret_security_filter skipped {{(pid=95729) tpm_secret_security_filter /opt/stack/nova/nova/scheduler/request_filter.py:477}}
May 21 06:27:31.371618 np0000001133 nova-scheduler[95729]: INFO nova.utils [None req-0a8453a4-9eed-4cf0-a53c-b01db781ed4b tempest-AttachSCSIVolumeTestJSON-1853335928 tempest-AttachSCSIVolumeTestJSON-1853335928-project-member] The cell worker thread pool ForkProcess-3.cell_worker is initialized
May 21 06:27:31.372117 np0000001133 nova-scheduler[95729]: DEBUG oslo_concurrency.lockutils [None req-0a8453a4-9eed-4cf0-a53c-b01db781ed4b tempest-AttachSCSIVolumeTestJSON-1853335928 tempest-AttachSCSIVolumeTestJSON-1853335928-project-member] Acquiring lock "c62b4f4d-a633-4af3-ab8f-01e79daac432" by "nova.context.set_target_cell..get_or_set_cached_cell_and_set_connections" {{(pid=95729) inner /opt/stack/data/venv/lib/python3.12/site-packages/oslo_concurrency/lockutils.py:511}}
May 21 06:27:31.372701 np0000001133 nova-scheduler[95729]: DEBUG oslo_concurrency.lockutils [None req-0a8453a4-9eed-4cf0-a53c-b01db781ed4b tempest-AttachSCSIVolumeTestJSON-1853335928 tempest-AttachSCSIVolumeTestJSON-1853335928-project-member] Lock "c62b4f4d-a633-4af3-ab8f-01e79daac432" acquired by "nova.context.set_target_cell..get_or_set_cached_cell_and_set_connections" :: waited 0.000s {{(pid=95729) inner /opt/stack/data/venv/lib/python3.12/site-packages/oslo_concurrency/lockutils.py:524}}
May 21 06:27:31.374754 np0000001133 nova-scheduler[95729]: DEBUG oslo_concurrency.lockutils [None req-0a8453a4-9eed-4cf0-a53c-b01db781ed4b tempest-AttachSCSIVolumeTestJSON-1853335928 tempest-AttachSCSIVolumeTestJSON-1853335928-project-member] Lock "c62b4f4d-a633-4af3-ab8f-01e79daac432" "released" by "nova.context.set_target_cell..get_or_set_cached_cell_and_set_connections" :: held 0.002s {{(pid=95729) inner /opt/stack/data/venv/lib/python3.12/site-packages/oslo_concurrency/lockutils.py:543}}
May 21 06:27:31.377097 np0000001133 nova-scheduler[95729]: INFO dbcounter [None req-0a8453a4-9eed-4cf0-a53c-b01db781ed4b tempest-AttachSCSIVolumeTestJSON-1853335928 tempest-AttachSCSIVolumeTestJSON-1853335928-project-member] Registered counter for database nova_cell1
May 21 06:27:31.390983 np0000001133 nova-scheduler[95729]: DEBUG oslo_db.sqlalchemy.engines [None req-0a8453a4-9eed-4cf0-a53c-b01db781ed4b tempest-AttachSCSIVolumeTestJSON-1853335928 tempest-AttachSCSIVolumeTestJSON-1853335928-project-member] MySQL server mode set to STRICT_TRANS_TABLES,STRICT_ALL_TABLES,NO_ZERO_IN_DATE,NO_ZERO_DATE,ERROR_FOR_DIVISION_BY_ZERO,TRADITIONAL,NO_ENGINE_SUBSTITUTION {{(pid=95729) _check_effective_sql_mode /opt/stack/data/venv/lib/python3.12/site-packages/oslo_db/sqlalchemy/engines.py:325}}
May 21 06:27:31.397438 np0000001133 nova-scheduler[95729]: DEBUG dbcounter [-] [95729] Writer thread running {{(pid=95729) stat_writer /opt/stack/data/venv/lib/python3.12/site-packages/dbcounter.py:102}}
May 21 06:27:31.411209 np0000001133 nova-scheduler[95729]: DEBUG oslo_db.sqlalchemy.engines [None req-0a8453a4-9eed-4cf0-a53c-b01db781ed4b tempest-AttachSCSIVolumeTestJSON-1853335928 tempest-AttachSCSIVolumeTestJSON-1853335928-project-member] Parent process 94534 forked (95729) with an open database connection, which is being discarded and recreated. {{(pid=95729) checkout /opt/stack/data/venv/lib/python3.12/site-packages/oslo_db/sqlalchemy/engines.py:402}}
May 21 06:27:31.417337 np0000001133 nova-scheduler[95729]: DEBUG dbcounter [-] [95729] Writer thread running {{(pid=95729) stat_writer /opt/stack/data/venv/lib/python3.12/site-packages/dbcounter.py:102}}
May 21 06:27:31.420349 np0000001133 nova-scheduler[95729]: DEBUG oslo_concurrency.lockutils [None req-0a8453a4-9eed-4cf0-a53c-b01db781ed4b tempest-AttachSCSIVolumeTestJSON-1853335928 tempest-AttachSCSIVolumeTestJSON-1853335928-project-member] Acquiring lock "c62b4f4d-a633-4af3-ab8f-01e79daac432" by "nova.context.set_target_cell..get_or_set_cached_cell_and_set_connections" {{(pid=95729) inner /opt/stack/data/venv/lib/python3.12/site-packages/oslo_concurrency/lockutils.py:511}}
May 21 06:27:31.420537 np0000001133 nova-scheduler[95729]: DEBUG oslo_concurrency.lockutils [None req-0a8453a4-9eed-4cf0-a53c-b01db781ed4b tempest-AttachSCSIVolumeTestJSON-1853335928 tempest-AttachSCSIVolumeTestJSON-1853335928-project-member] Lock "c62b4f4d-a633-4af3-ab8f-01e79daac432" acquired by "nova.context.set_target_cell..get_or_set_cached_cell_and_set_connections" :: waited 0.000s {{(pid=95729) inner /opt/stack/data/venv/lib/python3.12/site-packages/oslo_concurrency/lockutils.py:524}}
May 21 06:27:31.420663 np0000001133 nova-scheduler[95729]: DEBUG oslo_concurrency.lockutils [None req-0a8453a4-9eed-4cf0-a53c-b01db781ed4b tempest-AttachSCSIVolumeTestJSON-1853335928 tempest-AttachSCSIVolumeTestJSON-1853335928-project-member] Lock "c62b4f4d-a633-4af3-ab8f-01e79daac432" "released" by "nova.context.set_target_cell..get_or_set_cached_cell_and_set_connections" :: held 0.000s {{(pid=95729) inner /opt/stack/data/venv/lib/python3.12/site-packages/oslo_concurrency/lockutils.py:543}}
May 21 06:27:31.428338 np0000001133 nova-scheduler[95729]: DEBUG oslo_concurrency.lockutils [None req-0a8453a4-9eed-4cf0-a53c-b01db781ed4b tempest-AttachSCSIVolumeTestJSON-1853335928 tempest-AttachSCSIVolumeTestJSON-1853335928-project-member] Acquiring lock "('np0000001133', 'np0000001133')" by "nova.scheduler.host_manager.HostState.update.._locked_update" {{(pid=95729) inner /opt/stack/data/venv/lib/python3.12/site-packages/oslo_concurrency/lockutils.py:511}}
May 21 06:27:31.428596 np0000001133 nova-scheduler[95729]: DEBUG oslo_concurrency.lockutils [None req-0a8453a4-9eed-4cf0-a53c-b01db781ed4b tempest-AttachSCSIVolumeTestJSON-1853335928 tempest-AttachSCSIVolumeTestJSON-1853335928-project-member] Lock "('np0000001133', 'np0000001133')" acquired by "nova.scheduler.host_manager.HostState.update.._locked_update" :: waited 0.000s {{(pid=95729) inner /opt/stack/data/venv/lib/python3.12/site-packages/oslo_concurrency/lockutils.py:524}}
May 21 06:27:31.430183 np0000001133 nova-scheduler[95729]: DEBUG nova.scheduler.host_manager [None req-0a8453a4-9eed-4cf0-a53c-b01db781ed4b tempest-AttachSCSIVolumeTestJSON-1853335928 tempest-AttachSCSIVolumeTestJSON-1853335928-project-member] Update host state from compute node: ComputeNode(cpu_allocation_ratio=4.0,cpu_info='{"arch": "x86_64", "model": "EPYC-Milan", "vendor": "AMD", "topology": {"cells": 1, "sockets": 12, "cores": 1, "threads": 1}, "maxphysaddr": {"mode": "emulate", "bits": 40}, "features": ["fpu", "fsrm", "cmp_legacy", "skip-l1dfl-vmentry", "null-sel-clr-base", "sse4.2", "mmx", "amd-psfd", "svme-addr-chk", "vmcb-clean", "pclmuldq", "clflush", "xgetbv1", "mce", "ibpb", "ibrs", "sse4.1", "misalignsse", "ssbd", "lahf_lm", "mmxext", "pni", "rdrand", "amd-ssbd", "sep", "pat", "lm", "umip", "3dnowprefetch", "virt-ssbd", "lfence-always-serializing", "pku", "avx2", "vpclmulqdq", "abm", "npt", "pse36", "invpcid", "bmi2", "fsgsbase", "erms", "topoext", "amd-stibp", "rdseed", "ssse3", "pae", "osvw", "sse2", "stibp", "flushbyasid", "cx8", "fma", "xsavec", "spec-ctrl", "v-vmsave-vmload", "tsc-scale", "lbrv", "gds-no", "popcnt", "avx", "tsc_adjust", "de", "pdpe1gb", "movbe", "vgif", "wbnoinvd", "xsaves", "clflushopt", "mtrr", "adx", "xsaveerptr", "pause-filter", "svm", "cx16", "xsaveopt", "f16c", "rdctl-no", "smep", "sse4a", "stibp-always-on", "tsc-deadline", "perfctr_core", "x2apic", "cr8legacy", "cmov", "apic", "arch-capabilities", "clzero", "pschange-mc-no", "mds-no", "no-nested-data-bp", "vme", "syscall", "nx", "hypervisor", "xsave", "vaes", "bmi1", "rdpid", "clwb", "pse", "sse", "mca", "pcid", "pge", "pfthreshold", "fxsr_opt", "sha-ni", "nrip-save", "fxsr", "aes", "arat", "rdtscp", "msr", "smap", "tsc"]}',created_at=2026-05-21T06:25:12Z,current_workload=0,deleted=False,deleted_at=None,disk_allocation_ratio=1.0,disk_available_least=74,free_disk_gb=95,free_ram_mb=23518,host='np0000001133',host_ip=10.4.3.200,hypervisor_hostname='np0000001133',hypervisor_type='QEMU',hypervisor_version=8002002,id=1,local_gb=95,local_gb_used=0,mapped=1,memory_mb=24030,memory_mb_used=512,metrics='[]',numa_topology='{"nova_object.name": "NUMATopology", "nova_object.namespace": "nova", "nova_object.version": "1.2", "nova_object.data": {"cells": [{"nova_object.name": "NUMACell", "nova_object.namespace": "nova", "nova_object.version": "1.5", "nova_object.data": {"id": 0, "cpuset": [0, 1, 2, 3, 4, 5, 6, 7, 8, 9, 10, 11], "pcpuset": [0, 1, 2, 3, 4, 5, 6, 7, 8, 9, 10, 11], "memory": 24030, "cpu_usage": 0, "memory_usage": 0, "pinned_cpus": [], "siblings": [[6], [2], [5], [11], [8], [4], [1], [7], [10], [0], [3], [9]], "mempages": [{"nova_object.name": "NUMAPagesTopology", "nova_object.namespace": "nova", "nova_object.version": "1.1", "nova_object.data": {"size_kb": 4, "total": 6151798, "used": 0, "reserved": 0}, "nova_object.changes": ["total", "reserved", "used", "size_kb"]}, {"nova_object.name": "NUMAPagesTopology", "nova_object.namespace": "nova", "nova_object.version": "1.1", "nova_object.data": {"size_kb": 2048, "total": 0, "used": 0, "reserved": 0}, "nova_object.changes": ["total", "reserved", "used", "size_kb"]}, {"nova_object.name": "NUMAPagesTopology", "nova_object.namespace": "nova", "nova_object.version": "1.1", "nova_object.data": {"size_kb": 1048576, "total": 0, "used": 0, "reserved": 0}, "nova_object.changes": ["total", "reserved", "used", "size_kb"]}], "network_metadata": {"nova_object.name": "NetworkMetadata", "nova_object.namespace": "nova", "nova_object.version": "1.0", "nova_object.data": {"physnets": [], "tunneled": false}, "nova_object.changes": ["tunneled", "physnets"]}, "socket": null}, "nova_object.changes": ["id", "cpuset", "pinned_cpus", "memory_usage", "cpu_usage", "pcpuset", "network_metadata", "socket", "siblings", "memory", "mempages"]}]}, "nova_object.changes": ["cells"]}',pci_device_pools=PciDevicePoolList,ram_allocation_ratio=1.0,running_vms=0,service_id=4,stats={failed_builds='0',uptime=' 06:26:57 up 26 min, 2 users, load average: 2.06, 1.73, 0.99
May 21 06:27:31.430183 np0000001133 nova-scheduler[95729]: '},supported_hv_specs=[HVSpec,HVSpec,HVSpec,HVSpec,HVSpec,HVSpec,HVSpec,HVSpec,HVSpec,HVSpec,HVSpec,HVSpec,HVSpec,HVSpec,HVSpec,HVSpec,HVSpec,HVSpec,HVSpec,HVSpec,HVSpec,HVSpec,HVSpec,HVSpec,HVSpec],updated_at=2026-05-21T06:26:59Z,uuid=199f2330-c98b-4217-90b2-7ea828684c42,vcpus=12,vcpus_used=0) {{(pid=95729) _locked_update /opt/stack/nova/nova/scheduler/host_manager.py:168}}
May 21 06:27:31.431255 np0000001133 nova-scheduler[95729]: DEBUG nova.scheduler.host_manager [None req-0a8453a4-9eed-4cf0-a53c-b01db781ed4b tempest-AttachSCSIVolumeTestJSON-1853335928 tempest-AttachSCSIVolumeTestJSON-1853335928-project-member] Update host state with aggregates: [] {{(pid=95729) _locked_update /opt/stack/nova/nova/scheduler/host_manager.py:171}}
May 21 06:27:31.431397 np0000001133 nova-scheduler[95729]: DEBUG nova.scheduler.host_manager [None req-0a8453a4-9eed-4cf0-a53c-b01db781ed4b tempest-AttachSCSIVolumeTestJSON-1853335928 tempest-AttachSCSIVolumeTestJSON-1853335928-project-member] Update host state with service dict: {'id': 4, 'uuid': 'ca9ef9b9-b04f-43d1-a83a-76c8f28190de', 'host': 'np0000001133', 'binary': 'nova-compute', 'topic': 'compute', 'report_count': 2, 'disabled': False, 'disabled_reason': None, 'last_seen_up': datetime.datetime(2026, 5, 21, 6, 27, 20, tzinfo=datetime.timezone.utc), 'forced_down': False, 'version': 72, 'created_at': datetime.datetime(2026, 5, 21, 6, 25, 10, tzinfo=datetime.timezone.utc), 'updated_at': datetime.datetime(2026, 5, 21, 6, 27, 20, tzinfo=datetime.timezone.utc), 'deleted_at': None, 'deleted': False} {{(pid=95729) _locked_update /opt/stack/nova/nova/scheduler/host_manager.py:174}}
May 21 06:27:31.431541 np0000001133 nova-scheduler[95729]: DEBUG nova.scheduler.host_manager [None req-0a8453a4-9eed-4cf0-a53c-b01db781ed4b tempest-AttachSCSIVolumeTestJSON-1853335928 tempest-AttachSCSIVolumeTestJSON-1853335928-project-member] Update host state with instances: [] {{(pid=95729) _locked_update /opt/stack/nova/nova/scheduler/host_manager.py:177}}
May 21 06:27:31.431680 np0000001133 nova-scheduler[95729]: DEBUG oslo_concurrency.lockutils [None req-0a8453a4-9eed-4cf0-a53c-b01db781ed4b tempest-AttachSCSIVolumeTestJSON-1853335928 tempest-AttachSCSIVolumeTestJSON-1853335928-project-member] Lock "('np0000001133', 'np0000001133')" "released" by "nova.scheduler.host_manager.HostState.update.._locked_update" :: held 0.003s {{(pid=95729) inner /opt/stack/data/venv/lib/python3.12/site-packages/oslo_concurrency/lockutils.py:543}}
May 21 06:27:31.432373 np0000001133 nova-scheduler[95729]: DEBUG nova.filters [None req-0a8453a4-9eed-4cf0-a53c-b01db781ed4b tempest-AttachSCSIVolumeTestJSON-1853335928 tempest-AttachSCSIVolumeTestJSON-1853335928-project-member] Starting with 1 host(s) {{(pid=95729) get_filtered_objects /opt/stack/nova/nova/filters.py:70}}
May 21 06:27:31.433135 np0000001133 nova-scheduler[95729]: DEBUG nova.filters [None req-0a8453a4-9eed-4cf0-a53c-b01db781ed4b tempest-AttachSCSIVolumeTestJSON-1853335928 tempest-AttachSCSIVolumeTestJSON-1853335928-project-member] Filter ComputeFilter returned 1 host(s) {{(pid=95729) get_filtered_objects /opt/stack/nova/nova/filters.py:102}}
May 21 06:27:31.433349 np0000001133 nova-scheduler[95729]: DEBUG nova.filters [None req-0a8453a4-9eed-4cf0-a53c-b01db781ed4b tempest-AttachSCSIVolumeTestJSON-1853335928 tempest-AttachSCSIVolumeTestJSON-1853335928-project-member] Filter ComputeCapabilitiesFilter returned 1 host(s) {{(pid=95729) get_filtered_objects /opt/stack/nova/nova/filters.py:102}}
May 21 06:27:31.433633 np0000001133 nova-scheduler[95729]: DEBUG nova.filters [None req-0a8453a4-9eed-4cf0-a53c-b01db781ed4b tempest-AttachSCSIVolumeTestJSON-1853335928 tempest-AttachSCSIVolumeTestJSON-1853335928-project-member] Filter ImagePropertiesFilter returned 1 host(s) {{(pid=95729) get_filtered_objects /opt/stack/nova/nova/filters.py:102}}
May 21 06:27:31.433895 np0000001133 nova-scheduler[95729]: DEBUG nova.filters [None req-0a8453a4-9eed-4cf0-a53c-b01db781ed4b tempest-AttachSCSIVolumeTestJSON-1853335928 tempest-AttachSCSIVolumeTestJSON-1853335928-project-member] Filter ServerGroupAntiAffinityFilter returned 1 host(s) {{(pid=95729) get_filtered_objects /opt/stack/nova/nova/filters.py:102}}
May 21 06:27:31.433936 np0000001133 nova-scheduler[95729]: DEBUG nova.filters [None req-0a8453a4-9eed-4cf0-a53c-b01db781ed4b tempest-AttachSCSIVolumeTestJSON-1853335928 tempest-AttachSCSIVolumeTestJSON-1853335928-project-member] Filter ServerGroupAffinityFilter returned 1 host(s) {{(pid=95729) get_filtered_objects /opt/stack/nova/nova/filters.py:102}}
May 21 06:27:31.434085 np0000001133 nova-scheduler[95729]: DEBUG nova.filters [None req-0a8453a4-9eed-4cf0-a53c-b01db781ed4b tempest-AttachSCSIVolumeTestJSON-1853335928 tempest-AttachSCSIVolumeTestJSON-1853335928-project-member] Filter SameHostFilter returned 1 host(s) {{(pid=95729) get_filtered_objects /opt/stack/nova/nova/filters.py:102}}
May 21 06:27:31.434242 np0000001133 nova-scheduler[95729]: DEBUG nova.filters [None req-0a8453a4-9eed-4cf0-a53c-b01db781ed4b tempest-AttachSCSIVolumeTestJSON-1853335928 tempest-AttachSCSIVolumeTestJSON-1853335928-project-member] Filter DifferentHostFilter returned 1 host(s) {{(pid=95729) get_filtered_objects /opt/stack/nova/nova/filters.py:102}}
May 21 06:27:31.434382 np0000001133 nova-scheduler[95729]: DEBUG nova.scheduler.manager [None req-0a8453a4-9eed-4cf0-a53c-b01db781ed4b tempest-AttachSCSIVolumeTestJSON-1853335928 tempest-AttachSCSIVolumeTestJSON-1853335928-project-member] Filtered [(np0000001133, np0000001133) ram: 23518MB disk: 75776MB io_ops: 0 instances: 0, allocation_candidates: 1] {{(pid=95729) _get_sorted_hosts /opt/stack/nova/nova/scheduler/manager.py:743}}
May 21 06:27:31.434697 np0000001133 nova-scheduler[95729]: DEBUG nova.scheduler.manager [None req-0a8453a4-9eed-4cf0-a53c-b01db781ed4b tempest-AttachSCSIVolumeTestJSON-1853335928 tempest-AttachSCSIVolumeTestJSON-1853335928-project-member] Weighed [WeighedHost [host: (np0000001133, np0000001133) ram: 23518MB disk: 75776MB io_ops: 0 instances: 0, allocation_candidates: 1, weight: 0.0]] {{(pid=95729) _get_sorted_hosts /opt/stack/nova/nova/scheduler/manager.py:765}}
May 21 06:27:31.434908 np0000001133 nova-scheduler[95729]: DEBUG nova.scheduler.utils [None req-0a8453a4-9eed-4cf0-a53c-b01db781ed4b tempest-AttachSCSIVolumeTestJSON-1853335928 tempest-AttachSCSIVolumeTestJSON-1853335928-project-member] Attempting to claim resources in the placement API for instance fdc97257-3fdf-4f8c-a938-0c7b426ef08d {{(pid=95729) claim_resources /opt/stack/nova/nova/scheduler/utils.py:1304}}
May 21 06:27:31.457933 np0000001133 nova-scheduler[95725]: INFO nova.utils [None req-d5c3c107-525a-4f63-8237-baa368697c40 tempest-AttachVolumeMultiAttachTest-799212202 tempest-AttachVolumeMultiAttachTest-799212202-project-member] The cell worker thread pool ForkProcess-1.cell_worker is initialized
May 21 06:27:31.458579 np0000001133 nova-scheduler[95725]: DEBUG oslo_concurrency.lockutils [None req-d5c3c107-525a-4f63-8237-baa368697c40 tempest-AttachVolumeMultiAttachTest-799212202 tempest-AttachVolumeMultiAttachTest-799212202-project-member] Acquiring lock "c62b4f4d-a633-4af3-ab8f-01e79daac432" by "nova.context.set_target_cell..get_or_set_cached_cell_and_set_connections" {{(pid=95725) inner /opt/stack/data/venv/lib/python3.12/site-packages/oslo_concurrency/lockutils.py:511}}
May 21 06:27:31.459027 np0000001133 nova-scheduler[95725]: DEBUG oslo_concurrency.lockutils [None req-d5c3c107-525a-4f63-8237-baa368697c40 tempest-AttachVolumeMultiAttachTest-799212202 tempest-AttachVolumeMultiAttachTest-799212202-project-member] Lock "c62b4f4d-a633-4af3-ab8f-01e79daac432" acquired by "nova.context.set_target_cell..get_or_set_cached_cell_and_set_connections" :: waited 0.000s {{(pid=95725) inner /opt/stack/data/venv/lib/python3.12/site-packages/oslo_concurrency/lockutils.py:524}}
May 21 06:27:31.461897 np0000001133 nova-scheduler[95725]: DEBUG oslo_concurrency.lockutils [None req-d5c3c107-525a-4f63-8237-baa368697c40 tempest-AttachVolumeMultiAttachTest-799212202 tempest-AttachVolumeMultiAttachTest-799212202-project-member] Lock "c62b4f4d-a633-4af3-ab8f-01e79daac432" "released" by "nova.context.set_target_cell..get_or_set_cached_cell_and_set_connections" :: held 0.003s {{(pid=95725) inner /opt/stack/data/venv/lib/python3.12/site-packages/oslo_concurrency/lockutils.py:543}}
May 21 06:27:31.464208 np0000001133 nova-scheduler[95725]: INFO dbcounter [None req-d5c3c107-525a-4f63-8237-baa368697c40 tempest-AttachVolumeMultiAttachTest-799212202 tempest-AttachVolumeMultiAttachTest-799212202-project-member] Registered counter for database nova_cell1
May 21 06:27:31.472427 np0000001133 nova-scheduler[95725]: DEBUG oslo_db.sqlalchemy.engines [None req-d5c3c107-525a-4f63-8237-baa368697c40 tempest-AttachVolumeMultiAttachTest-799212202 tempest-AttachVolumeMultiAttachTest-799212202-project-member] MySQL server mode set to STRICT_TRANS_TABLES,STRICT_ALL_TABLES,NO_ZERO_IN_DATE,NO_ZERO_DATE,ERROR_FOR_DIVISION_BY_ZERO,TRADITIONAL,NO_ENGINE_SUBSTITUTION {{(pid=95725) _check_effective_sql_mode /opt/stack/data/venv/lib/python3.12/site-packages/oslo_db/sqlalchemy/engines.py:325}}
May 21 06:27:31.479479 np0000001133 nova-scheduler[95725]: DEBUG dbcounter [-] [95725] Writer thread running {{(pid=95725) stat_writer /opt/stack/data/venv/lib/python3.12/site-packages/dbcounter.py:102}}
May 21 06:27:31.510682 np0000001133 nova-scheduler[95725]: DEBUG dbcounter [-] [95725] Writer thread running {{(pid=95725) stat_writer /opt/stack/data/venv/lib/python3.12/site-packages/dbcounter.py:102}}
May 21 06:27:31.513756 np0000001133 nova-scheduler[95725]: DEBUG oslo_concurrency.lockutils [None req-d5c3c107-525a-4f63-8237-baa368697c40 tempest-AttachVolumeMultiAttachTest-799212202 tempest-AttachVolumeMultiAttachTest-799212202-project-member] Acquiring lock "c62b4f4d-a633-4af3-ab8f-01e79daac432" by "nova.context.set_target_cell..get_or_set_cached_cell_and_set_connections" {{(pid=95725) inner /opt/stack/data/venv/lib/python3.12/site-packages/oslo_concurrency/lockutils.py:511}}
May 21 06:27:31.514134 np0000001133 nova-scheduler[95725]: DEBUG oslo_concurrency.lockutils [None req-d5c3c107-525a-4f63-8237-baa368697c40 tempest-AttachVolumeMultiAttachTest-799212202 tempest-AttachVolumeMultiAttachTest-799212202-project-member] Lock "c62b4f4d-a633-4af3-ab8f-01e79daac432" acquired by "nova.context.set_target_cell..get_or_set_cached_cell_and_set_connections" :: waited 0.000s {{(pid=95725) inner /opt/stack/data/venv/lib/python3.12/site-packages/oslo_concurrency/lockutils.py:524}}
May 21 06:27:31.514419 np0000001133 nova-scheduler[95725]: DEBUG oslo_concurrency.lockutils [None req-d5c3c107-525a-4f63-8237-baa368697c40 tempest-AttachVolumeMultiAttachTest-799212202 tempest-AttachVolumeMultiAttachTest-799212202-project-member] Lock "c62b4f4d-a633-4af3-ab8f-01e79daac432" "released" by "nova.context.set_target_cell..get_or_set_cached_cell_and_set_connections" :: held 0.000s {{(pid=95725) inner /opt/stack/data/venv/lib/python3.12/site-packages/oslo_concurrency/lockutils.py:543}}
May 21 06:27:31.518676 np0000001133 nova-scheduler[95725]: DEBUG oslo_concurrency.lockutils [None req-d5c3c107-525a-4f63-8237-baa368697c40 tempest-AttachVolumeMultiAttachTest-799212202 tempest-AttachVolumeMultiAttachTest-799212202-project-member] Acquiring lock "('np0000001133', 'np0000001133')" by "nova.scheduler.host_manager.HostState.update.._locked_update" {{(pid=95725) inner /opt/stack/data/venv/lib/python3.12/site-packages/oslo_concurrency/lockutils.py:511}}
May 21 06:27:31.519023 np0000001133 nova-scheduler[95725]: DEBUG oslo_concurrency.lockutils [None req-d5c3c107-525a-4f63-8237-baa368697c40 tempest-AttachVolumeMultiAttachTest-799212202 tempest-AttachVolumeMultiAttachTest-799212202-project-member] Lock "('np0000001133', 'np0000001133')" acquired by "nova.scheduler.host_manager.HostState.update.._locked_update" :: waited 0.000s {{(pid=95725) inner /opt/stack/data/venv/lib/python3.12/site-packages/oslo_concurrency/lockutils.py:524}}
