May 21 06:24:28.074457 np0000001133 devstack@neutron-api.service[90026]: DEBUG neutron.plugins.ml2.drivers.ovn.mech_driver.ovsdb.ovsdb_monitor [-] Hash Ring: Node 8ccfe977b6225e0c9b0b6892f007937a (host: np0000001133) handling event "create" for row cdb5173d-aab9-4400-96e8-40fa52fdfe4a (table: ACL) {{(pid=90026) notify /opt/stack/neutron/neutron/plugins/ml2/drivers/ovn/mech_driver/ovsdb/ovsdb_monitor.py:986}}
May 21 06:24:28.074581 np0000001133 devstack@neutron-api.service[90026]: DEBUG neutron.plugins.ml2.drivers.ovn.mech_driver.ovsdb.ovsdb_monitor [-] Hash Ring: Node 8ccfe977b6225e0c9b0b6892f007937a (host: np0000001133) handling event "create" for row 101b6549-f4e3-4222-a0c3-7b67ad65481f (table: Port_Group) {{(pid=90026) notify /opt/stack/neutron/neutron/plugins/ml2/drivers/ovn/mech_driver/ovsdb/ovsdb_monitor.py:986}}
May 21 06:24:28.075305 np0000001133 devstack@neutron-api.service[90027]: DEBUG neutron.plugins.ml2.drivers.ovn.mech_driver.ovsdb.ovsdb_monitor [-] Hash Ring: Node 7e76b460d78e5313b4774228c92331df (host: np0000001133) handling event "create" for row c82ea3e6-9bc8-4fb5-9097-78f951fe6f45 (table: ACL) {{(pid=90027) notify /opt/stack/neutron/neutron/plugins/ml2/drivers/ovn/mech_driver/ovsdb/ovsdb_monitor.py:986}}
May 21 06:24:28.098435 np0000001133 devstack@neutron-api.service[90025]: INFO neutron.db.ovn_revision_numbers_db [None req-3ac85179-70cc-42dd-89dd-bbcf4eca6804 admin admin] Successfully bumped revision number for resource 072120ca-e2b1-4f80-9ea5-51ec494cdae0 (type: security_groups) to 1
May 21 06:24:28.114835 np0000001133 devstack@neutron-api.service[90025]: INFO neutron.db.ovn_revision_numbers_db [None req-3ac85179-70cc-42dd-89dd-bbcf4eca6804 admin admin] Successfully bumped revision number for resource 11dd491b-4ffc-460e-9f44-953d9d9c4bf7 (type: security_group_rules) to 0
May 21 06:24:28.126311 np0000001133 devstack@neutron-api.service[90025]: INFO neutron.db.ovn_revision_numbers_db [None req-3ac85179-70cc-42dd-89dd-bbcf4eca6804 admin admin] Successfully bumped revision number for resource 19646b4d-86bd-4b49-b3cf-826e5d29e3d5 (type: security_group_rules) to 0
May 21 06:24:28.138063 np0000001133 devstack@neutron-api.service[90025]: INFO neutron.db.ovn_revision_numbers_db [None req-3ac85179-70cc-42dd-89dd-bbcf4eca6804 admin admin] Successfully bumped revision number for resource 99be8719-9e92-414f-8d58-8543bbafba6b (type: security_group_rules) to 0
May 21 06:24:28.148843 np0000001133 devstack@neutron-api.service[90025]: INFO neutron.db.ovn_revision_numbers_db [None req-3ac85179-70cc-42dd-89dd-bbcf4eca6804 admin admin] Successfully bumped revision number for resource f02f8c31-1d32-4801-87cc-752b983b2dfd (type: security_group_rules) to 0
May 21 06:24:28.167526 np0000001133 devstack@neutron-api.service[90025]: DEBUG neutron.api.rpc.handlers.resources_rpc [None req-3ac85179-70cc-42dd-89dd-bbcf4eca6804 admin admin] Pushing event updated for resources: {'SecurityGroup': ['ID=072120ca-e2b1-4f80-9ea5-51ec494cdae0,revision_number=1']} {{(pid=90025) push /opt/stack/neutron/neutron/api/rpc/handlers/resources_rpc.py:237}}
May 21 06:24:28.173746 np0000001133 devstack@neutron-api.service[90025]: DEBUG ovsdbapp.backend.ovs_idl.transaction [-] Running txn n=1 command(idx=0): CheckLivenessCommand(_result=None) {{(pid=90025) do_commit /opt/stack/data/venv/lib/python3.12/site-packages/ovsdbapp/backend/ovs_idl/transaction.py:89}}
May 21 06:24:28.175365 np0000001133 devstack@neutron-api.service[90025]: DEBUG neutron.plugins.ml2.drivers.ovn.mech_driver.ovsdb.ovsdb_monitor [-] Hash Ring: Node 8e69647918b85218ba3c808a11e355a5 (host: np0000001133) handling event "update" for row 7147c20a-a6f9-4d69-adfb-4f9568ac2c14 (table: NB_Global) {{(pid=90025) notify /opt/stack/neutron/neutron/plugins/ml2/drivers/ovn/mech_driver/ovsdb/ovsdb_monitor.py:986}}
May 21 06:24:28.175719 np0000001133 devstack@neutron-api.service[90026]: DEBUG neutron.plugins.ml2.drivers.ovn.mech_driver.ovsdb.ovsdb_monitor [-] Hash Ring: Node 8ccfe977b6225e0c9b0b6892f007937a (host: np0000001133) handling event "update" for row 7147c20a-a6f9-4d69-adfb-4f9568ac2c14 (table: NB_Global) {{(pid=90026) notify /opt/stack/neutron/neutron/plugins/ml2/drivers/ovn/mech_driver/ovsdb/ovsdb_monitor.py:986}}
May 21 06:24:28.175846 np0000001133 devstack@neutron-api.service[90027]: DEBUG neutron.plugins.ml2.drivers.ovn.mech_driver.ovsdb.ovsdb_monitor [-] Hash Ring: Node 7e76b460d78e5313b4774228c92331df (host: np0000001133) handling event "update" for row 7147c20a-a6f9-4d69-adfb-4f9568ac2c14 (table: NB_Global) {{(pid=90027) notify /opt/stack/neutron/neutron/plugins/ml2/drivers/ovn/mech_driver/ovsdb/ovsdb_monitor.py:986}}
May 21 06:24:28.175967 np0000001133 devstack@neutron-api.service[90025]: DEBUG neutron.plugins.ml2.drivers.ovn.mech_driver.ovsdb.ovsdb_monitor [-] Hash Ring: Node 8e69647918b85218ba3c808a11e355a5 (host: np0000001133) handling event "update" for row 7147c20a-a6f9-4d69-adfb-4f9568ac2c14 (table: NB_Global) {{(pid=90025) notify /opt/stack/neutron/neutron/plugins/ml2/drivers/ovn/mech_driver/ovsdb/ovsdb_monitor.py:986}}
May 21 06:24:28.176396 np0000001133 devstack@neutron-api.service[90026]: DEBUG neutron.plugins.ml2.drivers.ovn.mech_driver.ovsdb.ovsdb_monitor [-] Hash Ring: Node 8ccfe977b6225e0c9b0b6892f007937a (host: np0000001133) handling event "update" for row 7147c20a-a6f9-4d69-adfb-4f9568ac2c14 (table: NB_Global) {{(pid=90026) notify /opt/stack/neutron/neutron/plugins/ml2/drivers/ovn/mech_driver/ovsdb/ovsdb_monitor.py:986}}
May 21 06:24:28.176553 np0000001133 devstack@neutron-api.service[90027]: DEBUG neutron.plugins.ml2.drivers.ovn.mech_driver.ovsdb.ovsdb_monitor [-] Hash Ring: Node 7e76b460d78e5313b4774228c92331df (host: np0000001133) handling event "update" for row 7147c20a-a6f9-4d69-adfb-4f9568ac2c14 (table: NB_Global) {{(pid=90027) notify /opt/stack/neutron/neutron/plugins/ml2/drivers/ovn/mech_driver/ovsdb/ovsdb_monitor.py:986}}
May 21 06:24:28.177431 np0000001133 devstack@neutron-api.service[90026]: DEBUG neutron.plugins.ml2.drivers.ovn.mech_driver.ovsdb.ovsdb_monitor [-] ChassisAgentWriteEvent : Matched Chassis_Private, update, None None {{(pid=90026) matches /opt/stack/neutron/neutron/plugins/ml2/drivers/ovn/mech_driver/ovsdb/ovsdb_monitor.py:64}}
May 21 06:24:28.177659 np0000001133 devstack@neutron-api.service[90027]: DEBUG neutron.plugins.ml2.drivers.ovn.mech_driver.ovsdb.ovsdb_monitor [-] ChassisAgentWriteEvent : Matched Chassis_Private, update, None None {{(pid=90027) matches /opt/stack/neutron/neutron/plugins/ml2/drivers/ovn/mech_driver/ovsdb/ovsdb_monitor.py:64}}
May 21 06:24:28.177838 np0000001133 devstack@neutron-api.service[90025]: DEBUG neutron.api.rpc.callbacks.version_manager [None req-3ac85179-70cc-42dd-89dd-bbcf4eca6804 admin admin] Tracked resource versions report:
May 21 06:24:28.177838 np0000001133 devstack@neutron-api.service[90025]: pushed versions:
May 21 06:24:28.177838 np0000001133 devstack@neutron-api.service[90025]: { 'AddressGroup': {'1.2'},
May 21 06:24:28.177838 np0000001133 devstack@neutron-api.service[90025]: 'Agent': {'1.1'},
May 21 06:24:28.177838 np0000001133 devstack@neutron-api.service[90025]: 'ConntrackHelper': {'1.0'},
May 21 06:24:28.177838 np0000001133 devstack@neutron-api.service[90025]: 'LocalIPAssociation': {'1.0'},
May 21 06:24:28.177838 np0000001133 devstack@neutron-api.service[90025]: 'Log': {'1.0'},
May 21 06:24:28.177838 np0000001133 devstack@neutron-api.service[90025]: 'NDPProxy': {'1.0'},
May 21 06:24:28.177838 np0000001133 devstack@neutron-api.service[90025]: 'Network': {'1.2'},
May 21 06:24:28.177838 np0000001133 devstack@neutron-api.service[90025]: 'Port': {'1.10'},
May 21 06:24:28.177838 np0000001133 devstack@neutron-api.service[90025]: 'PortForwarding': {'1.3'},
May 21 06:24:28.177838 np0000001133 devstack@neutron-api.service[90025]: 'QosPolicy': {'1.10'},
May 21 06:24:28.177838 np0000001133 devstack@neutron-api.service[90025]: 'SecurityGroup': {'1.6'},
May 21 06:24:28.177838 np0000001133 devstack@neutron-api.service[90025]: 'SecurityGroupRule': {'1.3'},
May 21 06:24:28.177838 np0000001133 devstack@neutron-api.service[90025]: 'SubPort': {'1.0'},
May 21 06:24:28.177838 np0000001133 devstack@neutron-api.service[90025]: 'Subnet': {'1.2'},
May 21 06:24:28.177838 np0000001133 devstack@neutron-api.service[90025]: 'Trunk': {'1.1'}}
May 21 06:24:28.177838 np0000001133 devstack@neutron-api.service[90025]: consumer versions:
May 21 06:24:28.177838 np0000001133 devstack@neutron-api.service[90025]: {}
May 21 06:24:28.177838 np0000001133 devstack@neutron-api.service[90025]: {{(pid=90025) report /opt/stack/neutron/neutron/api/rpc/callbacks/version_manager.py:183}}
May 21 06:24:28.178412 np0000001133 devstack@neutron-api.service[90027]: DEBUG neutron.plugins.ml2.drivers.ovn.mech_driver.ovsdb.ovsdb_monitor [-] Hash Ring: Node 7e76b460d78e5313b4774228c92331df (host: np0000001133) handling event "update" for row c67f40b5-72da-4f10-9095-77a4fe03834b (table: Chassis_Private) {{(pid=90027) notify /opt/stack/neutron/neutron/plugins/ml2/drivers/ovn/mech_driver/ovsdb/ovsdb_monitor.py:986}}
May 21 06:24:28.179020 np0000001133 devstack@neutron-api.service[90026]: DEBUG neutron.plugins.ml2.drivers.ovn.mech_driver.ovsdb.ovsdb_monitor [-] Hash Ring: Node 8ccfe977b6225e0c9b0b6892f007937a (host: np0000001133) handling event "update" for row 7147c20a-a6f9-4d69-adfb-4f9568ac2c14 (table: NB_Global) {{(pid=90026) notify /opt/stack/neutron/neutron/plugins/ml2/drivers/ovn/mech_driver/ovsdb/ovsdb_monitor.py:986}}
May 21 06:24:28.179592 np0000001133 devstack@neutron-api.service[90026]: DEBUG neutron.plugins.ml2.drivers.ovn.mech_driver.ovsdb.ovsdb_monitor [-] Hash Ring: Node 8ccfe977b6225e0c9b0b6892f007937a (host: np0000001133) handling event "update" for row 7147c20a-a6f9-4d69-adfb-4f9568ac2c14 (table: NB_Global) {{(pid=90026) notify /opt/stack/neutron/neutron/plugins/ml2/drivers/ovn/mech_driver/ovsdb/ovsdb_monitor.py:986}}
May 21 06:24:28.179723 np0000001133 devstack@neutron-api.service[90027]: DEBUG neutron.plugins.ml2.drivers.ovn.mech_driver.ovsdb.ovsdb_monitor [-] Hash Ring: Node 7e76b460d78e5313b4774228c92331df (host: np0000001133) handling event "update" for row 7147c20a-a6f9-4d69-adfb-4f9568ac2c14 (table: NB_Global) {{(pid=90027) notify /opt/stack/neutron/neutron/plugins/ml2/drivers/ovn/mech_driver/ovsdb/ovsdb_monitor.py:986}}
May 21 06:24:28.180490 np0000001133 devstack@neutron-api.service[90027]: DEBUG neutron.plugins.ml2.drivers.ovn.mech_driver.ovsdb.ovsdb_monitor [-] Hash Ring: Node 7e76b460d78e5313b4774228c92331df (host: np0000001133) handling event "update" for row 7147c20a-a6f9-4d69-adfb-4f9568ac2c14 (table: NB_Global) {{(pid=90027) notify /opt/stack/neutron/neutron/plugins/ml2/drivers/ovn/mech_driver/ovsdb/ovsdb_monitor.py:986}}
May 21 06:24:28.181526 np0000001133 devstack@neutron-api.service[90026]: DEBUG neutron.plugins.ml2.drivers.ovn.mech_driver.ovsdb.ovsdb_monitor [-] ChassisOVNAgentWriteEvent : Matched Chassis_Private, update, None None {{(pid=90026) matches /opt/stack/neutron/neutron/plugins/ml2/drivers/ovn/mech_driver/ovsdb/ovsdb_monitor.py:64}}
May 21 06:24:28.181923 np0000001133 devstack@neutron-api.service[90027]: DEBUG neutron.plugins.ml2.drivers.ovn.mech_driver.ovsdb.ovsdb_monitor [-] ChassisOVNAgentWriteEvent : Matched Chassis_Private, update, None None {{(pid=90027) matches /opt/stack/neutron/neutron/plugins/ml2/drivers/ovn/mech_driver/ovsdb/ovsdb_monitor.py:64}}
May 21 06:24:28.182211 np0000001133 devstack@neutron-api.service[90027]: DEBUG neutron.plugins.ml2.drivers.ovn.mech_driver.ovsdb.ovsdb_monitor [-] Hash Ring: Node 7e76b460d78e5313b4774228c92331df (host: np0000001133) handling event "update" for row c67f40b5-72da-4f10-9095-77a4fe03834b (table: Chassis_Private) {{(pid=90027) notify /opt/stack/neutron/neutron/plugins/ml2/drivers/ovn/mech_driver/ovsdb/ovsdb_monitor.py:986}}
May 21 06:24:28.183301 np0000001133 devstack@neutron-api.service[90025]: DEBUG neutron.plugins.ml2.drivers.ovn.mech_driver.ovsdb.ovsdb_monitor [-] ChassisAgentWriteEvent : Matched Chassis_Private, update, None None {{(pid=90025) matches /opt/stack/neutron/neutron/plugins/ml2/drivers/ovn/mech_driver/ovsdb/ovsdb_monitor.py:64}}
May 21 06:24:28.184560 np0000001133 devstack@neutron-api.service[90025]: DEBUG neutron.plugins.ml2.drivers.ovn.mech_driver.ovsdb.ovsdb_monitor [-] Hash Ring: Node 8e69647918b85218ba3c808a11e355a5 (host: np0000001133) handling event "update" for row 7147c20a-a6f9-4d69-adfb-4f9568ac2c14 (table: NB_Global) {{(pid=90025) notify /opt/stack/neutron/neutron/plugins/ml2/drivers/ovn/mech_driver/ovsdb/ovsdb_monitor.py:986}}
May 21 06:24:28.189314 np0000001133 devstack@neutron-api.service[90025]: DEBUG neutron.plugins.ml2.drivers.ovn.mech_driver.ovsdb.ovsdb_monitor [-] Hash Ring: Node 8e69647918b85218ba3c808a11e355a5 (host: np0000001133) handling event "update" for row 7147c20a-a6f9-4d69-adfb-4f9568ac2c14 (table: NB_Global) {{(pid=90025) notify /opt/stack/neutron/neutron/plugins/ml2/drivers/ovn/mech_driver/ovsdb/ovsdb_monitor.py:986}}
May 21 06:24:28.190398 np0000001133 devstack@neutron-api.service[90025]: DEBUG neutron.common.ovn.hash_ring_manager [-] Allow caching, nodes 3>=3 {{(pid=90025) _wait_startup_before_caching /opt/stack/neutron/neutron/common/ovn/hash_ring_manager.py:65}}
May 21 06:24:28.190542 np0000001133 devstack@neutron-api.service[90025]: DEBUG neutron.plugins.ml2.drivers.ovn.mech_driver.ovsdb.ovsdb_monitor [-] Hash Ring: Node 8e69647918b85218ba3c808a11e355a5 (host: np0000001133) handling event "update" for row c67f40b5-72da-4f10-9095-77a4fe03834b (table: Chassis_Private) {{(pid=90025) notify /opt/stack/neutron/neutron/plugins/ml2/drivers/ovn/mech_driver/ovsdb/ovsdb_monitor.py:986}}
May 21 06:24:28.191689 np0000001133 devstack@neutron-api.service[90025]: DEBUG neutron.plugins.ml2.drivers.ovn.mech_driver.ovsdb.ovsdb_monitor [-] ChassisOVNAgentWriteEvent : Matched Chassis_Private, update, None None {{(pid=90025) matches /opt/stack/neutron/neutron/plugins/ml2/drivers/ovn/mech_driver/ovsdb/ovsdb_monitor.py:64}}
May 21 06:24:28.192003 np0000001133 devstack@neutron-api.service[90025]: DEBUG neutron.plugins.ml2.drivers.ovn.mech_driver.ovsdb.ovsdb_monitor [-] Hash Ring: Node 8e69647918b85218ba3c808a11e355a5 (host: np0000001133) handling event "update" for row c67f40b5-72da-4f10-9095-77a4fe03834b (table: Chassis_Private) {{(pid=90025) notify /opt/stack/neutron/neutron/plugins/ml2/drivers/ovn/mech_driver/ovsdb/ovsdb_monitor.py:986}}
May 21 06:24:28.228227 np0000001133 devstack@neutron-api.service[90025]: DEBUG neutron.plugins.ml2.drivers.helpers [None req-3ac85179-70cc-42dd-89dd-bbcf4eca6804 admin admin] geneve segment allocate from pool success with {'geneve_vni': 22579} {{(pid=90025) allocate_partially_specified_segment /opt/stack/neutron/neutron/plugins/ml2/drivers/helpers.py:142}}
May 21 06:24:28.241943 np0000001133 devstack@neutron-api.service[90025]: DEBUG neutron_lib.callbacks.manager [None req-3ac85179-70cc-42dd-89dd-bbcf4eca6804 admin admin] Publish callbacks ['neutron.services.segments.db._add_segment_host_mapping_for_segment-7739296643676', 'neutron.plugins.ml2.plugin.Ml2Plugin._handle_segment_change-1270345'] for segment (03e26732-6c61-43ab-96e7-0fa88402fd3f), precommit_create {{(pid=90025) _notify_loop /opt/stack/data/venv/lib/python3.12/site-packages/neutron_lib/callbacks/manager.py:184}}
May 21 06:24:28.242226 np0000001133 devstack@neutron-api.service[90025]: INFO neutron.db.segments_db [None req-3ac85179-70cc-42dd-89dd-bbcf4eca6804 admin admin] Added segment 03e26732-6c61-43ab-96e7-0fa88402fd3f of type geneve for network cecddc1d-773f-4db4-b69f-6f21d8fc79e1
May 21 06:24:28.290989 np0000001133 devstack@neutron-api.service[90025]: DEBUG neutron_lib.callbacks.manager [None req-3ac85179-70cc-42dd-89dd-bbcf4eca6804 admin admin] Publish callbacks ['neutron.services.auto_allocate.db._ensure_external_network_default_value_callback-7739294938656'] for network (cecddc1d-773f-4db4-b69f-6f21d8fc79e1), precommit_create {{(pid=90025) _notify_loop /opt/stack/data/venv/lib/python3.12/site-packages/neutron_lib/callbacks/manager.py:184}}
May 21 06:24:28.308711 np0000001133 devstack@neutron-api.service[90025]: DEBUG neutron.plugins.ml2.drivers.ovn.mech_driver.mech_driver [None req-3ac85179-70cc-42dd-89dd-bbcf4eca6804 admin admin] Validating network segment with type geneve, segmentation ID 22579, physical network None {{(pid=90025) _validate_network_segments /opt/stack/neutron/neutron/plugins/ml2/drivers/ovn/mech_driver/mech_driver.py:641}}
May 21 06:24:28.308907 np0000001133 devstack@neutron-api.service[90025]: DEBUG neutron.db.ovn_revision_numbers_db [None req-3ac85179-70cc-42dd-89dd-bbcf4eca6804 admin admin] create_initial_revision uuid=cecddc1d-773f-4db4-b69f-6f21d8fc79e1, type=networks, rev=-1 {{(pid=90025) create_initial_revision /opt/stack/neutron/neutron/db/ovn_revision_numbers_db.py:98}}
May 21 06:24:28.328434 np0000001133 devstack@neutron-api.service[90025]: DEBUG neutron_lib.callbacks.manager [None req-3ac85179-70cc-42dd-89dd-bbcf4eca6804 admin admin] Publish callbacks ['neutron.plugins.ml2.ovo_rpc._ObjectChangeHandler.handle_event-66184838'] for network (cecddc1d-773f-4db4-b69f-6f21d8fc79e1), after_create {{(pid=90025) _notify_loop /opt/stack/data/venv/lib/python3.12/site-packages/neutron_lib/callbacks/manager.py:184}}
May 21 06:24:28.374081 np0000001133 devstack@neutron-api.service[90025]: DEBUG neutron.api.rpc.handlers.resources_rpc [None req-3ac85179-70cc-42dd-89dd-bbcf4eca6804 admin admin] Pushing event updated for resources: {'Network': ['ID=cecddc1d-773f-4db4-b69f-6f21d8fc79e1,revision_number=1']} {{(pid=90025) push /opt/stack/neutron/neutron/api/rpc/handlers/resources_rpc.py:237}}
May 21 06:24:28.381207 np0000001133 devstack@neutron-api.service[90025]: DEBUG ovsdbapp.backend.ovs_idl.transaction [-] Running txn n=1 command(idx=0): AddNetworkCommand(_result=None, network_uuid=cecddc1d-773f-4db4-b69f-6f21d8fc79e1, may_exist=True, columns={'external_ids': {'neutron:network_name': 'private', 'neutron:mtu': '1372', 'neutron:revision_number': '1', 'neutron:availability_zone_hints': '', 'neutron:provnet-network-type': 'geneve'}, 'other_config': {'mcast_snoop': 'false', 'mcast_flood_unregistered': 'false', 'vlan-passthru': 'false'}}) {{(pid=90025) do_commit /opt/stack/data/venv/lib/python3.12/site-packages/ovsdbapp/backend/ovs_idl/transaction.py:89}}
May 21 06:24:28.381400 np0000001133 devstack@neutron-api.service[90025]: DEBUG neutron.common.ovn.utils [-] OVS persist_uuid supported=True {{(pid=90025) ovs_persist_uuid_supported /opt/stack/neutron/neutron/common/ovn/utils.py:1537}}
May 21 06:24:28.383827 np0000001133 devstack@neutron-api.service[90025]: DEBUG neutron.plugins.ml2.drivers.ovn.mech_driver.ovsdb.ovsdb_monitor [-] Hash Ring: Node 8e69647918b85218ba3c808a11e355a5 (host: np0000001133) handling event "create" for row cecddc1d-773f-4db4-b69f-6f21d8fc79e1 (table: Logical_Switch) {{(pid=90025) notify /opt/stack/neutron/neutron/plugins/ml2/drivers/ovn/mech_driver/ovsdb/ovsdb_monitor.py:986}}
May 21 06:24:28.383875 np0000001133 devstack@neutron-api.service[90027]: DEBUG neutron.plugins.ml2.drivers.ovn.mech_driver.ovsdb.ovsdb_monitor [-] Hash Ring: Node 7e76b460d78e5313b4774228c92331df (host: np0000001133) handling event "create" for row cecddc1d-773f-4db4-b69f-6f21d8fc79e1 (table: Logical_Switch) {{(pid=90027) notify /opt/stack/neutron/neutron/plugins/ml2/drivers/ovn/mech_driver/ovsdb/ovsdb_monitor.py:986}}
May 21 06:24:28.389128 np0000001133 devstack@neutron-api.service[90026]: DEBUG neutron.plugins.ml2.drivers.ovn.mech_driver.ovsdb.ovsdb_monitor [-] Hash Ring: Node 8ccfe977b6225e0c9b0b6892f007937a (host: np0000001133) handling event "create" for row 5e0b2c80-fd6b-4d0c-9522-395cfdde7e1e (table: Datapath_Binding) {{(pid=90026) notify /opt/stack/neutron/neutron/plugins/ml2/drivers/ovn/mech_driver/ovsdb/ovsdb_monitor.py:986}}
May 21 06:24:28.394162 np0000001133 devstack@neutron-api.service[90025]: DEBUG neutron.plugins.ml2.drivers.ovn.mech_driver.ovsdb.ovsdb_monitor [-] Hash Ring: Node 8e69647918b85218ba3c808a11e355a5 (host: np0000001133) handling event "create" for row 5e0b2c80-fd6b-4d0c-9522-395cfdde7e1e (table: Datapath_Binding) {{(pid=90025) notify /opt/stack/neutron/neutron/plugins/ml2/drivers/ovn/mech_driver/ovsdb/ovsdb_monitor.py:986}}
May 21 06:24:28.410229 np0000001133 devstack@neutron-api.service[90025]: INFO neutron.db.ovn_revision_numbers_db [None req-3ac85179-70cc-42dd-89dd-bbcf4eca6804 admin admin] Successfully bumped revision number for resource cecddc1d-773f-4db4-b69f-6f21d8fc79e1 (type: networks) to 1
May 21 06:24:28.465449 np0000001133 devstack@neutron-api.service[90025]: DEBUG neutron_lib.callbacks.manager [None req-3ac85179-70cc-42dd-89dd-bbcf4eca6804 admin admin] Publish callbacks ['neutron.plugins.ml2.plugin.SecurityGroupDbMixin._ensure_default_security_group_handler-1099145'] for port (None), before_create {{(pid=90025) _notify_loop /opt/stack/data/venv/lib/python3.12/site-packages/neutron_lib/callbacks/manager.py:184}}
May 21 06:24:28.561859 np0000001133 devstack@neutron-api.service[90025]: DEBUG neutron_lib.callbacks.manager [None req-3ac85179-70cc-42dd-89dd-bbcf4eca6804 admin admin] Publish callbacks ['neutron.plugins.ml2.drivers.ovn.mech_driver.mech_driver.OVNMechanismDriver._validate_allowed_address_pairs-349454'] for allowed_address_pair (ad81c17c-3b82-4bdb-8154-f15ecc6a34a5), before_create {{(pid=90025) _notify_loop /opt/stack/data/venv/lib/python3.12/site-packages/neutron_lib/callbacks/manager.py:184}}
May 21 06:24:28.562442 np0000001133 devstack@neutron-api.service[90025]: DEBUG neutron_lib.callbacks.manager [None req-3ac85179-70cc-42dd-89dd-bbcf4eca6804 admin admin] Publish callbacks [] for port (ad81c17c-3b82-4bdb-8154-f15ecc6a34a5), precommit_create {{(pid=90025) _notify_loop /opt/stack/data/venv/lib/python3.12/site-packages/neutron_lib/callbacks/manager.py:184}}
May 21 06:24:28.562612 np0000001133 devstack@neutron-api.service[90025]: DEBUG neutron.plugins.ml2.drivers.ovn.mech_driver.mech_driver [None req-3ac85179-70cc-42dd-89dd-bbcf4eca6804 admin admin] No provisioning block for port ad81c17c-3b82-4bdb-8154-f15ecc6a34a5 since it does not have a host {{(pid=90025) _is_port_provisioning_required /opt/stack/neutron/neutron/plugins/ml2/drivers/ovn/mech_driver/mech_driver.py:894}}
May 21 06:24:28.562740 np0000001133 devstack@neutron-api.service[90025]: DEBUG neutron.db.ovn_revision_numbers_db [None req-3ac85179-70cc-42dd-89dd-bbcf4eca6804 admin admin] create_initial_revision uuid=ad81c17c-3b82-4bdb-8154-f15ecc6a34a5, type=ports, rev=-1 {{(pid=90025) create_initial_revision /opt/stack/neutron/neutron/db/ovn_revision_numbers_db.py:98}}
May 21 06:24:28.616490 np0000001133 devstack@neutron-api.service[90025]: DEBUG neutron_lib.callbacks.manager [None req-3ac85179-70cc-42dd-89dd-bbcf4eca6804 admin admin] Publish callbacks ['neutron.plugins.ml2.ovo_rpc._ObjectChangeHandler.handle_event-66184855'] for port (ad81c17c-3b82-4bdb-8154-f15ecc6a34a5), after_create {{(pid=90025) _notify_loop /opt/stack/data/venv/lib/python3.12/site-packages/neutron_lib/callbacks/manager.py:184}}
May 21 06:24:28.669588 np0000001133 devstack@neutron-api.service[90025]: DEBUG neutron.api.rpc.handlers.resources_rpc [None req-3ac85179-70cc-42dd-89dd-bbcf4eca6804 admin admin] Pushing event updated for resources: {'Port': ['ID=ad81c17c-3b82-4bdb-8154-f15ecc6a34a5,revision_number=1']} {{(pid=90025) push /opt/stack/neutron/neutron/api/rpc/handlers/resources_rpc.py:237}}
May 21 06:24:28.700389 np0000001133 devstack@neutron-api.service[90025]: DEBUG ovsdbapp.backend.ovs_idl.transaction [-] Running txn n=1 command(idx=0): AddLSwitchPortCommand(_result=None, lport=ad81c17c-3b82-4bdb-8154-f15ecc6a34a5, lswitch=neutron-cecddc1d-773f-4db4-b69f-6f21d8fc79e1, may_exist=True, network_uuid=cecddc1d-773f-4db4-b69f-6f21d8fc79e1, columns={'addresses': ['fa:16:3e:77:9a:82'], 'external_ids': {'neutron:port_name': '', 'neutron:device_id': 'ovnmeta-cecddc1d-773f-4db4-b69f-6f21d8fc79e1', 'neutron:project_id': 'a1e5ba8974d84c21bf2a203c53f9967f', 'neutron:cidrs': '', 'neutron:device_owner': 'network:distributed', 'neutron:subnet_pool_addr_scope4': '', 'neutron:subnet_pool_addr_scope6': '', 'neutron:network_name': 'neutron-cecddc1d-773f-4db4-b69f-6f21d8fc79e1', 'neutron:security_group_ids': '', 'neutron:revision_number': '1', 'neutron:vnic_type': 'normal', 'neutron:port_capabilities': '', 'neutron:mtu': '1372'}, 'parent_name': [], 'tag': [], 'enabled': True, 'options': {}, 'type': 'localport', 'port_security': [], 'dhcpv4_options': [], 'dhcpv6_options': []}) {{(pid=90025) do_commit /opt/stack/data/venv/lib/python3.12/site-packages/ovsdbapp/backend/ovs_idl/transaction.py:89}}
May 21 06:24:28.700786 np0000001133 devstack@neutron-api.service[90025]: DEBUG ovsdbapp.backend.ovs_idl.transaction [-] Running txn n=1 command(idx=1): QoSDelCommand(_result=None, switch=neutron-cecddc1d-773f-4db4-b69f-6f21d8fc79e1, conditions=[('direction', '=', 'to-lport'), ('priority', '=', 2002), ('match', '=', 'outport == "ad81c17c-3b82-4bdb-8154-f15ecc6a34a5"')], if_exists=True) {{(pid=90025) do_commit /opt/stack/data/venv/lib/python3.12/site-packages/ovsdbapp/backend/ovs_idl/transaction.py:89}}
May 21 06:24:28.700950 np0000001133 devstack@neutron-api.service[90025]: DEBUG ovsdbapp.backend.ovs_idl.transaction [-] Running txn n=1 command(idx=2): QoSDelCommand(_result=None, switch=neutron-cecddc1d-773f-4db4-b69f-6f21d8fc79e1, conditions=[('direction', '=', 'from-lport'), ('priority', '=', 2002), ('match', '=', 'inport == "ad81c17c-3b82-4bdb-8154-f15ecc6a34a5"')], if_exists=True) {{(pid=90025) do_commit /opt/stack/data/venv/lib/python3.12/site-packages/ovsdbapp/backend/ovs_idl/transaction.py:89}}
May 21 06:24:28.703138 np0000001133 devstack@neutron-api.service[90025]: DEBUG neutron.plugins.ml2.drivers.ovn.mech_driver.ovsdb.ovsdb_monitor [-] Hash Ring: Node 8e69647918b85218ba3c808a11e355a5 (host: np0000001133) handling event "update" for row cecddc1d-773f-4db4-b69f-6f21d8fc79e1 (table: Logical_Switch) {{(pid=90025) notify /opt/stack/neutron/neutron/plugins/ml2/drivers/ovn/mech_driver/ovsdb/ovsdb_monitor.py:986}}
May 21 06:24:28.703138 np0000001133 devstack@neutron-api.service[90025]: DEBUG neutron.plugins.ml2.drivers.ovn.mech_driver.ovsdb.ovsdb_monitor [-] Hash Ring: Node 8e69647918b85218ba3c808a11e355a5 (host: np0000001133) handling event "create" for row c71d78ef-64c1-41dc-9b8f-34be89cf2d9f (table: Logical_Switch_Port) {{(pid=90025) notify /opt/stack/neutron/neutron/plugins/ml2/drivers/ovn/mech_driver/ovsdb/ovsdb_monitor.py:986}}
May 21 06:24:28.703699 np0000001133 devstack@neutron-api.service[90027]: DEBUG neutron.plugins.ml2.drivers.ovn.mech_driver.ovsdb.ovsdb_monitor [-] Hash Ring: Node 7e76b460d78e5313b4774228c92331df (host: np0000001133) handling event "update" for row cecddc1d-773f-4db4-b69f-6f21d8fc79e1 (table: Logical_Switch) {{(pid=90027) notify /opt/stack/neutron/neutron/plugins/ml2/drivers/ovn/mech_driver/ovsdb/ovsdb_monitor.py:986}}
May 21 06:24:28.704310 np0000001133 devstack@neutron-api.service[90025]: DEBUG ovsdbapp.backend.ovs_idl.event [-] Matched CREATE: LogicalSwitchPortCreateEvent(events=('create',), table='Logical_Switch_Port', conditions=[], old_conditions=None), priority=20 to row=Logical_Switch_Port(uuid=c71d78ef-64c1-41dc-9b8f-34be89cf2d9f, addresses=['fa:16:3e:77:9a:82'], dhcpv4_options=[], dhcpv6_options=[], dynamic_addresses=[], enabled=True, external_ids={'neutron:cidrs': '', 'neutron:device_id': 'ovnmeta-cecddc1d-773f-4db4-b69f-6f21d8fc79e1', 'neutron:device_owner': 'network:distributed', 'neutron:mtu': '1372', 'neutron:network_name': 'neutron-cecddc1d-773f-4db4-b69f-6f21d8fc79e1', 'neutron:port_capabilities': '', 'neutron:port_name': '', 'neutron:project_id': 'a1e5ba8974d84c21bf2a203c53f9967f', 'neutron:revision_number': '1', 'neutron:security_group_ids': '', 'neutron:subnet_pool_addr_scope4': '', 'neutron:subnet_pool_addr_scope6': '', 'neutron:vnic_type': 'normal'}, ha_chassis_group=[], mirror_rules=[], name='ad81c17c-3b82-4bdb-8154-f15ecc6a34a5', options={}, parent_name=[], port_security=[], tag=[], tag_request=[], type='localport', up=[]) old= {{(pid=90025) matches /opt/stack/data/venv/lib/python3.12/site-packages/ovsdbapp/backend/ovs_idl/event.py:55}}
May 21 06:24:28.704940 np0000001133 devstack@neutron-api.service[90026]: DEBUG neutron.plugins.ml2.drivers.ovn.mech_driver.ovsdb.ovsdb_monitor [-] Hash Ring: Node 8ccfe977b6225e0c9b0b6892f007937a (host: np0000001133) handling event "create" for row 72459416-6f39-4c78-b996-c5d3d29e3b91 (table: Port_Binding) {{(pid=90026) notify /opt/stack/neutron/neutron/plugins/ml2/drivers/ovn/mech_driver/ovsdb/ovsdb_monitor.py:986}}
May 21 06:24:28.705058 np0000001133 devstack@neutron-api.service[90025]: INFO neutron.plugins.ml2.drivers.ovn.mech_driver.mech_driver [-] OVN reports status down for port: ad81c17c-3b82-4bdb-8154-f15ecc6a34a5
May 21 06:24:28.705302 np0000001133 devstack@neutron-api.service[90025]: DEBUG neutron.plugins.ml2.drivers.ovn.mech_driver.ovsdb.ovsdb_monitor [-] Hash Ring: Node 8e69647918b85218ba3c808a11e355a5 (host: np0000001133) handling event "update" for row c71d78ef-64c1-41dc-9b8f-34be89cf2d9f (table: Logical_Switch_Port) {{(pid=90025) notify /opt/stack/neutron/neutron/plugins/ml2/drivers/ovn/mech_driver/ovsdb/ovsdb_monitor.py:986}}
May 21 06:24:28.706692 np0000001133 devstack@neutron-api.service[90025]: DEBUG neutron.plugins.ml2.drivers.ovn.mech_driver.ovsdb.ovsdb_monitor [-] Hash Ring: Node 8e69647918b85218ba3c808a11e355a5 (host: np0000001133) handling event "create" for row 72459416-6f39-4c78-b996-c5d3d29e3b91 (table: Port_Binding) {{(pid=90025) notify /opt/stack/neutron/neutron/plugins/ml2/drivers/ovn/mech_driver/ovsdb/ovsdb_monitor.py:986}}
May 21 06:24:28.777857 np0000001133 devstack@neutron-api.service[90025]: DEBUG neutron.db.provisioning_blocks [None req-fad1019c-49f0-4c98-8512-afb1cafdd08b None None] Transition to ACTIVE for port object ad81c17c-3b82-4bdb-8154-f15ecc6a34a5 will not be triggered until provisioned by entity L2. {{(pid=90025) add_provisioning_component /opt/stack/neutron/neutron/db/provisioning_blocks.py:74}}
May 21 06:24:28.796422 np0000001133 devstack@neutron-api.service[90025]: INFO neutron.db.ovn_revision_numbers_db [None req-3ac85179-70cc-42dd-89dd-bbcf4eca6804 admin admin] Successfully bumped revision number for resource ad81c17c-3b82-4bdb-8154-f15ecc6a34a5 (type: ports) to 1
May 21 06:24:28.823144 np0000001133 devstack@neutron-api.service[90025]: DEBUG neutron.pecan_wsgi.hooks.policy_enforcement [None req-3ac85179-70cc-42dd-89dd-bbcf4eca6804 admin admin] Attributes excluded by policy engine: ['standard_attr_id'] {{(pid=90025) _exclude_attributes_by_policy /opt/stack/neutron/neutron/pecan_wsgi/hooks/policy_enforcement.py:256}}
May 21 06:24:28.823527 np0000001133 devstack@neutron-api.service[90025]: DEBUG neutron_lib.callbacks.manager [None req-3ac85179-70cc-42dd-89dd-bbcf4eca6804 admin admin] Publish callbacks [] for network (None), before_response {{(pid=90025) _notify_loop /opt/stack/data/venv/lib/python3.12/site-packages/neutron_lib/callbacks/manager.py:184}}
May 21 06:24:28.824252 np0000001133 devstack@neutron-api.service[90025]: DEBUG neutron.plugins.ml2.plugin [None req-fad1019c-49f0-4c98-8512-afb1cafdd08b None None] Current status of the port ad81c17c-3b82-4bdb-8154-f15ecc6a34a5 is: DOWN; New status is: DOWN {{(pid=90025) _update_individual_port_db_status /opt/stack/neutron/neutron/plugins/ml2/plugin.py:2466}}
May 21 06:24:28.825526 np0000001133 devstack@neutron-api.service[90025]: DEBUG ovsdbapp.backend.ovs_idl.transaction [-] Running txn n=1 command(idx=0): DbRemoveCommand(_result=None, table=Logical_Switch_Port, record=ad81c17c-3b82-4bdb-8154-f15ecc6a34a5, column=external_ids, values=('neutron:host_id',), keyvalues={}, if_exists=True) {{(pid=90025) do_commit /opt/stack/data/venv/lib/python3.12/site-packages/ovsdbapp/backend/ovs_idl/transaction.py:89}}
May 21 06:24:28.841587 np0000001133 devstack@neutron-api.service[90025]: [pid: 90025|app: 0|req: 3/5] 10.4.3.200 () {68 vars in 1326 bytes} [Thu May 21 06:24:27 2026] POST /networking/v2.0/networks => generated 681 bytes in 1350 msecs (HTTP/1.1 201) 4 headers in 162 bytes (1 switches on core 0)
May 21 06:24:29.177992 np0000001133 devstack@neutron-api.service[90027]: DEBUG neutron.pecan_wsgi.hooks.policy_enforcement [None req-ad960cb1-956b-4c3a-9d05-2c5fb7157b10 admin admin] Attributes excluded by policy engine: ['standard_attr_id'] {{(pid=90027) _exclude_attributes_by_policy /opt/stack/neutron/neutron/pecan_wsgi/hooks/policy_enforcement.py:256}}
May 21 06:24:29.179609 np0000001133 devstack@neutron-api.service[90027]: [pid: 90027|app: 0|req: 2/6] 10.4.3.200 () {64 vars in 1384 bytes} [Thu May 21 06:24:29 2026] GET /networking/v2.0/networks/cecddc1d-773f-4db4-b69f-6f21d8fc79e1 => generated 662 bytes in 79 msecs (HTTP/1.1 200) 4 headers in 157 bytes (1 switches on core 0)
May 21 06:24:29.189298 np0000001133 devstack@neutron-api.service[90026]: DEBUG neutron.api.wsgi [None req-14ca1052-62e9-4163-a7ba-6556a085e46f admin admin] Missing Content-Type {{(pid=90026) get_content_type /opt/stack/neutron/neutron/api/wsgi.py:80}}
May 21 06:24:29.197681 np0000001133 devstack@neutron-api.service[90026]: [pid: 90026|app: 0|req: 2/7] 10.4.3.200 () {64 vars in 1393 bytes} [Thu May 21 06:24:29 2026] GET /networking/v2.0/subnetpools/7e54167b-910a-48a1-bd37-7d854ad48763 => generated 533 bytes in 10 msecs (HTTP/1.1 200) 4 headers in 157 bytes (1 switches on core 0)
May 21 06:24:29.207179 np0000001133 devstack@neutron-api.service[90025]: DEBUG neutron.api.v2.base [None req-77a797e8-400d-44e8-9034-2922d3a40eab admin admin] Request body: {'subnet': {'ip_version': 4, 'gateway_ip': '10.1.0.1', 'subnetpool_id': '7e54167b-910a-48a1-bd37-7d854ad48763', 'name': 'private-subnet', 'network_id': 'cecddc1d-773f-4db4-b69f-6f21d8fc79e1'}} {{(pid=90025) prepare_request_body /opt/stack/neutron/neutron/api/v2/base.py:727}}
May 21 06:24:29.222270 np0000001133 devstack@neutron-api.service[90025]: DEBUG neutron.pecan_wsgi.hooks.quota_enforcement [None req-77a797e8-400d-44e8-9034-2922d3a40eab admin admin] Made reservation on behalf of a1e5ba8974d84c21bf2a203c53f9967f for: {'subnet': 1} {{(pid=90025) before /opt/stack/neutron/neutron/pecan_wsgi/hooks/quota_enforcement.py:66}}
May 21 06:24:29.224517 np0000001133 devstack@neutron-api.service[90025]: DEBUG neutron_lib.callbacks.manager [None req-77a797e8-400d-44e8-9034-2922d3a40eab admin admin] Publish callbacks [] for subnet (None), before_create {{(pid=90025) _notify_loop /opt/stack/data/venv/lib/python3.12/site-packages/neutron_lib/callbacks/manager.py:184}}
May 21 06:24:29.542439 np0000001133 devstack@neutron-api.service[90025]: DEBUG neutron.db.ovn_revision_numbers_db [None req-77a797e8-400d-44e8-9034-2922d3a40eab admin admin] create_initial_revision uuid=44f2e4c6-b983-49d4-b345-f1e001845cb4, type=subnets, rev=-1 {{(pid=90025) create_initial_revision /opt/stack/neutron/neutron/db/ovn_revision_numbers_db.py:98}}
May 21 06:24:29.550382 np0000001133 devstack@neutron-api.service[90025]: DEBUG neutron_lib.callbacks.manager [None req-77a797e8-400d-44e8-9034-2922d3a40eab admin admin] Publish callbacks ['neutron.plugins.ml2.ovo_rpc._ObjectChangeHandler.handle_event-66184850'] for subnet (44f2e4c6-b983-49d4-b345-f1e001845cb4), after_create {{(pid=90025) _notify_loop /opt/stack/data/venv/lib/python3.12/site-packages/neutron_lib/callbacks/manager.py:184}}
May 21 06:24:29.563707 np0000001133 devstack@neutron-api.service[90025]: DEBUG neutron.api.rpc.handlers.resources_rpc [None req-77a797e8-400d-44e8-9034-2922d3a40eab admin admin] Pushing event updated for resources: {'Subnet': ['ID=44f2e4c6-b983-49d4-b345-f1e001845cb4,revision_number=0']} {{(pid=90025) push /opt/stack/neutron/neutron/api/rpc/handlers/resources_rpc.py:237}}
May 21 06:24:29.624648 np0000001133 devstack@neutron-api.service[90025]: DEBUG neutron_lib.callbacks.manager [None req-77a797e8-400d-44e8-9034-2922d3a40eab admin admin] Publish callbacks ['neutron.plugins.ml2.plugin.SecurityGroupDbMixin._ensure_default_security_group_handler-1099145', 'neutron.services.ovn_l3.plugin.OVNL3RouterPlugin._port_update-7739294938116', 'neutron.db.l3_db.L3_NAT_dbonly_mixin._prevent_internal_ip_change_for_fip-7739296531530'] for port (ad81c17c-3b82-4bdb-8154-f15ecc6a34a5), before_update {{(pid=90025) _notify_loop /opt/stack/data/venv/lib/python3.12/site-packages/neutron_lib/callbacks/manager.py:184}}
May 21 06:24:29.720944 np0000001133 devstack@neutron-api.service[90025]: DEBUG neutron.db.db_base_plugin_common [None req-77a797e8-400d-44e8-9034-2922d3a40eab admin admin] Allocated IP 10.1.0.2 (cecddc1d-773f-4db4-b69f-6f21d8fc79e1/44f2e4c6-b983-49d4-b345-f1e001845cb4/ad81c17c-3b82-4bdb-8154-f15ecc6a34a5) {{(pid=90025) _store_ip_allocation /opt/stack/neutron/neutron/db/db_base_plugin_common.py:131}}
May 21 06:24:29.801551 np0000001133 devstack@neutron-api.service[90025]: DEBUG neutron_lib.callbacks.manager [None req-77a797e8-400d-44e8-9034-2922d3a40eab admin admin] Publish callbacks [] for port (ad81c17c-3b82-4bdb-8154-f15ecc6a34a5), precommit_update {{(pid=90025) _notify_loop /opt/stack/data/venv/lib/python3.12/site-packages/neutron_lib/callbacks/manager.py:184}}
May 21 06:24:29.801669 np0000001133 devstack@neutron-api.service[90025]: DEBUG neutron.plugins.ml2.drivers.ovn.mech_driver.mech_driver [None req-77a797e8-400d-44e8-9034-2922d3a40eab admin admin] No provisioning block for port ad81c17c-3b82-4bdb-8154-f15ecc6a34a5 since it does not have a host {{(pid=90025) _is_port_provisioning_required /opt/stack/neutron/neutron/plugins/ml2/drivers/ovn/mech_driver/mech_driver.py:894}}
May 21 06:24:29.815448 np0000001133 devstack@neutron-api.service[90025]: DEBUG neutron_lib.callbacks.manager [None req-77a797e8-400d-44e8-9034-2922d3a40eab admin admin] Publish callbacks ['neutron.plugins.ml2.ovo_rpc._ObjectChangeHandler.handle_event-66184855', 'neutron.services.ovn_l3.plugin.OVNL3RouterPlugin._port_update-7739294938116'] for port (ad81c17c-3b82-4bdb-8154-f15ecc6a34a5), after_update {{(pid=90025) _notify_loop /opt/stack/data/venv/lib/python3.12/site-packages/neutron_lib/callbacks/manager.py:184}}
May 21 06:24:29.839846 np0000001133 devstack@neutron-api.service[90025]: DEBUG neutron.api.rpc.handlers.resources_rpc [None req-77a797e8-400d-44e8-9034-2922d3a40eab admin admin] Pushing event updated for resources: {'Port': ['ID=ad81c17c-3b82-4bdb-8154-f15ecc6a34a5,revision_number=2']} {{(pid=90025) push /opt/stack/neutron/neutron/api/rpc/handlers/resources_rpc.py:237}}
May 21 06:24:29.954544 np0000001133 devstack@neutron-api.service[90025]: DEBUG ovsdbapp.backend.ovs_idl.transaction [-] Running txn n=1 command(idx=0): CheckRevisionNumberCommand(_result=None, name=ad81c17c-3b82-4bdb-8154-f15ecc6a34a5, resource={'id': 'ad81c17c-3b82-4bdb-8154-f15ecc6a34a5', 'name': '', 'network_id': 'cecddc1d-773f-4db4-b69f-6f21d8fc79e1', 'project_id': 'a1e5ba8974d84c21bf2a203c53f9967f', 'mac_address': 'fa:16:3e:77:9a:82', 'admin_state_up': True, 'status': 'DOWN', 'device_id': 'ovnmeta-cecddc1d-773f-4db4-b69f-6f21d8fc79e1', 'device_owner': 'network:distributed', 'standard_attr_id': 14, 'fixed_ips': [{'subnet_id': '44f2e4c6-b983-49d4-b345-f1e001845cb4', 'ip_address': '10.1.0.2'}], 'allowed_address_pairs': [], 'extra_dhcp_opts': [], 'security_groups': [], 'description': '', 'binding:vnic_type': 'normal', 'binding:profile': {}, 'binding:host_id': '', 'binding:vif_type': 'unbound', 'binding:vif_details': {}, 'port_security_enabled': False, 'tags': [], 'created_at': '2026-05-21T06:24:28Z', 'updated_at': '2026-05-21T06:24:29Z', 'revision_number': 2, 'tenant_id': 'a1e5ba8974d84c21bf2a203c53f9967f', 'network': {'id': 'cecddc1d-773f-4db4-b69f-6f21d8fc79e1', 'name': 'private', 'tenant_id': 'a1e5ba8974d84c21bf2a203c53f9967f', 'project_id': 'a1e5ba8974d84c21bf2a203c53f9967f', 'admin_state_up': True, 'mtu': 1372, 'status': 'ACTIVE', 'subnets': ['44f2e4c6-b983-49d4-b345-f1e001845cb4'], 'standard_attr_id': 12, 'shared': False, 'availability_zone_hints': [], 'availability_zones': [], 'ipv4_address_scope': None, 'ipv6_address_scope': None, 'router:external': False, 'qinq': False, 'vlan_transparent': False, 'description': '', 'port_security_enabled': True, 'tags': [], 'created_at': '2026-05-21T06:24:28Z', 'updated_at': '2026-05-21T06:24:29Z', 'revision_number': 2, 'provider:network_type': 'geneve', 'provider:physical_network': None, 'provider:segmentation_id': 22579}}, resource_type=ports, if_exists=True) {{(pid=90025) do_commit /opt/stack/data/venv/lib/python3.12/site-packages/ovsdbapp/backend/ovs_idl/transaction.py:89}}
May 21 06:24:29.954754 np0000001133 devstack@neutron-api.service[90025]: DEBUG ovsdbapp.backend.ovs_idl.transaction [-] Running txn n=1 command(idx=1): AddDHCPOptionsCommand(_result=None, columns={'cidr': '10.1.0.0/26', 'options': {'server_id': '10.1.0.1', 'lease_time': '43200', 'mtu': '1372', 'router': '10.1.0.1', 'server_mac': 'fa:16:3e:53:2f:66', 'dns_server': '{127.0.0.53}', 'classless_static_route': '{169.254.169.254/32,10.1.0.2, 0.0.0.0/0,10.1.0.1}'}, 'external_ids': {'subnet_id': '44f2e4c6-b983-49d4-b345-f1e001845cb4', 'neutron:network_id': 'cecddc1d-773f-4db4-b69f-6f21d8fc79e1', 'neutron:revision_number': '0'}}, may_exist=True, subnet_id=44f2e4c6-b983-49d4-b345-f1e001845cb4, port_id=None, new_insert=False) {{(pid=90025) do_commit /opt/stack/data/venv/lib/python3.12/site-packages/ovsdbapp/backend/ovs_idl/transaction.py:89}}
May 21 06:24:29.954967 np0000001133 devstack@neutron-api.service[90025]: DEBUG ovsdbapp.backend.ovs_idl.transaction [-] Running txn n=1 command(idx=2): SetLSwitchPortCommand(_result=None, lport=ad81c17c-3b82-4bdb-8154-f15ecc6a34a5, external_ids_update=None, columns={'external_ids': {'neutron:port_name': '', 'neutron:device_id': 'ovnmeta-cecddc1d-773f-4db4-b69f-6f21d8fc79e1', 'neutron:project_id': 'a1e5ba8974d84c21bf2a203c53f9967f', 'neutron:cidrs': '10.1.0.2/26', 'neutron:device_owner': 'network:distributed', 'neutron:subnet_pool_addr_scope4': '', 'neutron:subnet_pool_addr_scope6': '', 'neutron:network_name': 'neutron-cecddc1d-773f-4db4-b69f-6f21d8fc79e1', 'neutron:security_group_ids': '', 'neutron:revision_number': '2', 'neutron:vnic_type': 'normal', 'neutron:port_capabilities': '', 'neutron:mtu': '1372'}, 'parent_name': [], 'tag': [], 'options': {}, 'enabled': True, 'port_security': [], 'dhcpv4_options': [], 'dhcpv6_options': [], 'type': 'localport', 'addresses': ['fa:16:3e:77:9a:82 10.1.0.2'], 'ha_chassis_group': []}, if_exists=False) {{(pid=90025) do_commit /opt/stack/data/venv/lib/python3.12/site-packages/ovsdbapp/backend/ovs_idl/transaction.py:89}}
May 21 06:24:29.955549 np0000001133 devstack@neutron-api.service[90025]: DEBUG ovsdbapp.backend.ovs_idl.transaction [-] Running txn n=1 command(idx=3): PgDelPortCommand(_result=None, port_group=neutron_pg_drop, lsp=['ad81c17c-3b82-4bdb-8154-f15ecc6a34a5'], if_exists=False) {{(pid=90025) do_commit /opt/stack/data/venv/lib/python3.12/site-packages/ovsdbapp/backend/ovs_idl/transaction.py:89}}
May 21 06:24:29.957889 np0000001133 devstack@neutron-api.service[90025]: DEBUG neutron.plugins.ml2.drivers.ovn.mech_driver.ovsdb.ovsdb_monitor [-] Hash Ring: Node 8e69647918b85218ba3c808a11e355a5 (host: np0000001133) handling event "create" for row 6e4d3ec0-9af9-47b8-ab53-8be961865c1a (table: DHCP_Options) {{(pid=90025) notify /opt/stack/neutron/neutron/plugins/ml2/drivers/ovn/mech_driver/ovsdb/ovsdb_monitor.py:986}}
May 21 06:24:29.957926 np0000001133 devstack@neutron-api.service[90025]: DEBUG neutron.plugins.ml2.drivers.ovn.mech_driver.ovsdb.ovsdb_monitor [-] Hash Ring: Node 8e69647918b85218ba3c808a11e355a5 (host: np0000001133) handling event "update" for row c71d78ef-64c1-41dc-9b8f-34be89cf2d9f (table: Logical_Switch_Port) {{(pid=90025) notify /opt/stack/neutron/neutron/plugins/ml2/drivers/ovn/mech_driver/ovsdb/ovsdb_monitor.py:986}}
May 21 06:24:29.958132 np0000001133 devstack@neutron-api.service[90027]: DEBUG neutron.plugins.ml2.drivers.ovn.mech_driver.ovsdb.ovsdb_monitor [-] Hash Ring: Node 7e76b460d78e5313b4774228c92331df (host: np0000001133) handling event "create" for row 6e4d3ec0-9af9-47b8-ab53-8be961865c1a (table: DHCP_Options) {{(pid=90027) notify /opt/stack/neutron/neutron/plugins/ml2/drivers/ovn/mech_driver/ovsdb/ovsdb_monitor.py:986}}
May 21 06:24:29.959216 np0000001133 devstack@neutron-api.service[90026]: DEBUG neutron.plugins.ml2.drivers.ovn.mech_driver.ovsdb.ovsdb_monitor [-] Hash Ring: Node 8ccfe977b6225e0c9b0b6892f007937a (host: np0000001133) handling event "update" for row 72459416-6f39-4c78-b996-c5d3d29e3b91 (table: Port_Binding) {{(pid=90026) notify /opt/stack/neutron/neutron/plugins/ml2/drivers/ovn/mech_driver/ovsdb/ovsdb_monitor.py:986}}
May 21 06:24:29.960821 np0000001133 devstack@neutron-api.service[90025]: DEBUG neutron.plugins.ml2.drivers.ovn.mech_driver.ovsdb.ovsdb_monitor [-] Hash Ring: Node 8e69647918b85218ba3c808a11e355a5 (host: np0000001133) handling event "update" for row 72459416-6f39-4c78-b996-c5d3d29e3b91 (table: Port_Binding) {{(pid=90025) notify /opt/stack/neutron/neutron/plugins/ml2/drivers/ovn/mech_driver/ovsdb/ovsdb_monitor.py:986}}
May 21 06:24:29.995316 np0000001133 devstack@neutron-api.service[90025]: INFO neutron.db.ovn_revision_numbers_db [None req-77a797e8-400d-44e8-9034-2922d3a40eab admin admin] Successfully bumped revision number for resource ad81c17c-3b82-4bdb-8154-f15ecc6a34a5 (type: ports) to 2
May 21 06:24:30.004834 np0000001133 devstack@neutron-api.service[90025]: DEBUG neutron.plugins.ml2.plugin [None req-77a797e8-400d-44e8-9034-2922d3a40eab admin admin] In _notify_port_updated(), no bound segment for port ad81c17c-3b82-4bdb-8154-f15ecc6a34a5 on network cecddc1d-773f-4db4-b69f-6f21d8fc79e1 {{(pid=90025) _notify_port_updated /opt/stack/neutron/neutron/plugins/ml2/plugin.py:1034}}
May 21 06:24:30.039108 np0000001133 devstack@neutron-api.service[90025]: INFO neutron.db.ovn_revision_numbers_db [None req-77a797e8-400d-44e8-9034-2922d3a40eab admin admin] Successfully bumped revision number for resource 44f2e4c6-b983-49d4-b345-f1e001845cb4 (type: subnets) to 0
May 21 06:24:30.040453 np0000001133 devstack@neutron-api.service[90025]: DEBUG neutron.pecan_wsgi.hooks.policy_enforcement [None req-77a797e8-400d-44e8-9034-2922d3a40eab admin admin] Attributes excluded by policy engine: ['standard_attr_id', 'shared', 'network'] {{(pid=90025) _exclude_attributes_by_policy /opt/stack/neutron/neutron/pecan_wsgi/hooks/policy_enforcement.py:256}}
May 21 06:24:30.040751 np0000001133 devstack@neutron-api.service[90025]: DEBUG neutron_lib.callbacks.manager [None req-77a797e8-400d-44e8-9034-2922d3a40eab admin admin] Publish callbacks [] for subnet (None), before_response {{(pid=90025) _notify_loop /opt/stack/data/venv/lib/python3.12/site-packages/neutron_lib/callbacks/manager.py:184}}
May 21 06:24:30.053929 np0000001133 devstack@neutron-api.service[90025]: [pid: 90025|app: 0|req: 4/8] 10.4.3.200 () {68 vars in 1324 bytes} [Thu May 21 06:24:29 2026] POST /networking/v2.0/subnets => generated 666 bytes in 849 msecs (HTTP/1.1 201) 4 headers in 162 bytes (1 switches on core 0)
May 21 06:24:30.392278 np0000001133 devstack@neutron-api.service[90027]: DEBUG neutron.pecan_wsgi.hooks.policy_enforcement [None req-f37d1c3e-02e4-4b6e-b6ea-dc7713ae1f4c admin admin] Attributes excluded by policy engine: ['standard_attr_id'] {{(pid=90027) _exclude_attributes_by_policy /opt/stack/neutron/neutron/pecan_wsgi/hooks/policy_enforcement.py:256}}
May 21 06:24:30.392976 np0000001133 devstack@neutron-api.service[90027]: [pid: 90027|app: 0|req: 3/9] 10.4.3.200 () {64 vars in 1384 bytes} [Thu May 21 06:24:30 2026] GET /networking/v2.0/networks/cecddc1d-773f-4db4-b69f-6f21d8fc79e1 => generated 700 bytes in 40 msecs (HTTP/1.1 200) 4 headers in 157 bytes (1 switches on core 0)
May 21 06:24:30.402762 np0000001133 devstack@neutron-api.service[90026]: DEBUG neutron.api.wsgi [None req-6561bfb8-64f0-4f15-8906-77018309e76d admin admin] Missing Content-Type {{(pid=90026) get_content_type /opt/stack/neutron/neutron/api/wsgi.py:80}}
May 21 06:24:30.409775 np0000001133 devstack@neutron-api.service[90026]: [pid: 90026|app: 0|req: 3/10] 10.4.3.200 () {64 vars in 1393 bytes} [Thu May 21 06:24:30 2026] GET /networking/v2.0/subnetpools/f7774056-7540-4179-b0e4-f3d8654429d2 => generated 543 bytes in 9 msecs (HTTP/1.1 200) 4 headers in 157 bytes (1 switches on core 0)
May 21 06:24:30.420426 np0000001133 devstack@neutron-api.service[90025]: DEBUG neutron.api.v2.base [None req-49f79aee-351c-46a3-90de-0ac9b1be9f46 admin admin] Request body: {'subnet': {'ip_version': 6, 'ipv6_address_mode': 'slaac', 'subnetpool_id': 'f7774056-7540-4179-b0e4-f3d8654429d2', 'name': 'ipv6-private-subnet', 'ipv6_ra_mode': 'slaac', 'network_id': 'cecddc1d-773f-4db4-b69f-6f21d8fc79e1'}} {{(pid=90025) prepare_request_body /opt/stack/neutron/neutron/api/v2/base.py:727}}
May 21 06:24:30.436129 np0000001133 devstack@neutron-api.service[90025]: DEBUG neutron.pecan_wsgi.hooks.quota_enforcement [None req-49f79aee-351c-46a3-90de-0ac9b1be9f46 admin admin] Made reservation on behalf of a1e5ba8974d84c21bf2a203c53f9967f for: {'subnet': 1} {{(pid=90025) before /opt/stack/neutron/neutron/pecan_wsgi/hooks/quota_enforcement.py:66}}
May 21 06:24:30.438697 np0000001133 devstack@neutron-api.service[90025]: DEBUG neutron_lib.callbacks.manager [None req-49f79aee-351c-46a3-90de-0ac9b1be9f46 admin admin] Publish callbacks [] for subnet (None), before_create {{(pid=90025) _notify_loop /opt/stack/data/venv/lib/python3.12/site-packages/neutron_lib/callbacks/manager.py:184}}
May 21 06:24:30.523601 np0000001133 devstack@neutron-api.service[90025]: DEBUG neutron.db.ovn_revision_numbers_db [None req-49f79aee-351c-46a3-90de-0ac9b1be9f46 admin admin] create_initial_revision uuid=adfaae60-a36e-4686-9fa5-517571c2d763, type=subnets, rev=-1 {{(pid=90025) create_initial_revision /opt/stack/neutron/neutron/db/ovn_revision_numbers_db.py:98}}
