May 21 06:24:22.265830 np0000001133 neutron-periodic-workers[92074]: DEBUG cotyledon.oslo_config_glue [-] ovn.bfd_min_tx = 100 {{(pid=92074) log_opt_values /opt/stack/data/venv/lib/python3.12/site-packages/oslo_config/cfg.py:3256}}
May 21 06:24:22.265885 np0000001133 neutron-periodic-workers[92074]: DEBUG cotyledon.oslo_config_glue [-] ovn.bfd_mult = 3 {{(pid=92074) log_opt_values /opt/stack/data/venv/lib/python3.12/site-packages/oslo_config/cfg.py:3256}}
May 21 06:24:22.265937 np0000001133 neutron-periodic-workers[92074]: DEBUG cotyledon.oslo_config_glue [-] ovn.broadcast_arps_to_all_routers = True {{(pid=92074) log_opt_values /opt/stack/data/venv/lib/python3.12/site-packages/oslo_config/cfg.py:3256}}
May 21 06:24:22.265989 np0000001133 neutron-periodic-workers[92074]: DEBUG cotyledon.oslo_config_glue [-] ovn.dhcp_default_lease_time = 43200 {{(pid=92074) log_opt_values /opt/stack/data/venv/lib/python3.12/site-packages/oslo_config/cfg.py:3256}}
May 21 06:24:22.266051 np0000001133 neutron-periodic-workers[92074]: DEBUG cotyledon.oslo_config_glue [-] ovn.disable_ovn_dhcp_for_baremetal_ports = False {{(pid=92074) log_opt_values /opt/stack/data/venv/lib/python3.12/site-packages/oslo_config/cfg.py:3256}}
May 21 06:24:22.266125 np0000001133 neutron-periodic-workers[92074]: DEBUG cotyledon.oslo_config_glue [-] ovn.dns_records_ovn_owned = False {{(pid=92074) log_opt_values /opt/stack/data/venv/lib/python3.12/site-packages/oslo_config/cfg.py:3256}}
May 21 06:24:22.266177 np0000001133 neutron-periodic-workers[92074]: DEBUG cotyledon.oslo_config_glue [-] ovn.dns_servers = [] {{(pid=92074) log_opt_values /opt/stack/data/venv/lib/python3.12/site-packages/oslo_config/cfg.py:3256}}
May 21 06:24:22.266215 np0000001133 neutron-periodic-workers[92074]: DEBUG cotyledon.oslo_config_glue [-] ovn.enable_distributed_floating_ip = False {{(pid=92074) log_opt_values /opt/stack/data/venv/lib/python3.12/site-packages/oslo_config/cfg.py:3256}}
May 21 06:24:22.266508 np0000001133 neutron-periodic-workers[92074]: DEBUG cotyledon.oslo_config_glue [-] ovn.fdb_age_threshold = 300 {{(pid=92074) log_opt_values /opt/stack/data/venv/lib/python3.12/site-packages/oslo_config/cfg.py:3256}}
May 21 06:24:22.266508 np0000001133 neutron-periodic-workers[92074]: DEBUG cotyledon.oslo_config_glue [-] ovn.ha_failover_strategy = normal {{(pid=92074) log_opt_values /opt/stack/data/venv/lib/python3.12/site-packages/oslo_config/cfg.py:3256}}
May 21 06:24:22.266508 np0000001133 neutron-periodic-workers[92074]: DEBUG cotyledon.oslo_config_glue [-] ovn.live_migration_activation_strategy = rarp {{(pid=92074) log_opt_values /opt/stack/data/venv/lib/python3.12/site-packages/oslo_config/cfg.py:3256}}
May 21 06:24:22.266508 np0000001133 neutron-periodic-workers[92074]: DEBUG cotyledon.oslo_config_glue [-] ovn.localnet_learn_fdb = False {{(pid=92074) log_opt_values /opt/stack/data/venv/lib/python3.12/site-packages/oslo_config/cfg.py:3256}}
May 21 06:24:22.266508 np0000001133 neutron-periodic-workers[92074]: DEBUG cotyledon.oslo_config_glue [-] ovn.mac_binding_age_threshold = 300 {{(pid=92074) log_opt_values /opt/stack/data/venv/lib/python3.12/site-packages/oslo_config/cfg.py:3256}}
May 21 06:24:22.266508 np0000001133 neutron-periodic-workers[92074]: DEBUG cotyledon.oslo_config_glue [-] ovn.neutron_sync_mode = log {{(pid=92074) log_opt_values /opt/stack/data/venv/lib/python3.12/site-packages/oslo_config/cfg.py:3256}}
May 21 06:24:22.266700 np0000001133 neutron-periodic-workers[92074]: DEBUG cotyledon.oslo_config_glue [-] ovn.ovn_dhcp4_global_options = {} {{(pid=92074) log_opt_values /opt/stack/data/venv/lib/python3.12/site-packages/oslo_config/cfg.py:3256}}
May 21 06:24:22.266700 np0000001133 neutron-periodic-workers[92074]: DEBUG cotyledon.oslo_config_glue [-] ovn.ovn_dhcp6_global_options = {} {{(pid=92074) log_opt_values /opt/stack/data/venv/lib/python3.12/site-packages/oslo_config/cfg.py:3256}}
May 21 06:24:22.266700 np0000001133 neutron-periodic-workers[92074]: DEBUG cotyledon.oslo_config_glue [-] ovn.ovn_l3_scheduler = leastloaded {{(pid=92074) log_opt_values /opt/stack/data/venv/lib/python3.12/site-packages/oslo_config/cfg.py:3256}}
May 21 06:24:22.266784 np0000001133 neutron-periodic-workers[92074]: DEBUG cotyledon.oslo_config_glue [-] ovn.ovn_metadata_enabled = True {{(pid=92074) log_opt_values /opt/stack/data/venv/lib/python3.12/site-packages/oslo_config/cfg.py:3256}}
May 21 06:24:22.267275 np0000001133 neutron-periodic-workers[92074]: DEBUG cotyledon.oslo_config_glue [-] ovn.ovn_nb_ca_cert = /opt/stack/data/CA/int-ca/ca-chain.pem {{(pid=92074) log_opt_values /opt/stack/data/venv/lib/python3.12/site-packages/oslo_config/cfg.py:3256}}
May 21 06:24:22.267275 np0000001133 neutron-periodic-workers[92074]: DEBUG cotyledon.oslo_config_glue [-] ovn.ovn_nb_certificate = /opt/stack/data/CA/int-ca/devstack-cert.crt {{(pid=92074) log_opt_values /opt/stack/data/venv/lib/python3.12/site-packages/oslo_config/cfg.py:3256}}
May 21 06:24:22.267275 np0000001133 neutron-periodic-workers[92074]: DEBUG cotyledon.oslo_config_glue [-] ovn.ovn_nb_connection = ['ssl:10.4.3.200:6641'] {{(pid=92074) log_opt_values /opt/stack/data/venv/lib/python3.12/site-packages/oslo_config/cfg.py:3256}}
May 21 06:24:22.267275 np0000001133 neutron-periodic-workers[92074]: DEBUG cotyledon.oslo_config_glue [-] ovn.ovn_nb_private_key = /opt/stack/data/CA/int-ca/private/devstack-cert.key {{(pid=92074) log_opt_values /opt/stack/data/venv/lib/python3.12/site-packages/oslo_config/cfg.py:3256}}
May 21 06:24:22.267275 np0000001133 neutron-periodic-workers[92074]: DEBUG cotyledon.oslo_config_glue [-] ovn.ovn_router_indirect_snat = False {{(pid=92074) log_opt_values /opt/stack/data/venv/lib/python3.12/site-packages/oslo_config/cfg.py:3256}}
May 21 06:24:22.267275 np0000001133 neutron-periodic-workers[92074]: DEBUG cotyledon.oslo_config_glue [-] ovn.ovn_sb_ca_cert = /opt/stack/data/CA/int-ca/ca-chain.pem {{(pid=92074) log_opt_values /opt/stack/data/venv/lib/python3.12/site-packages/oslo_config/cfg.py:3256}}
May 21 06:24:22.267275 np0000001133 neutron-periodic-workers[92074]: DEBUG cotyledon.oslo_config_glue [-] ovn.ovn_sb_certificate = /opt/stack/data/CA/int-ca/devstack-cert.crt {{(pid=92074) log_opt_values /opt/stack/data/venv/lib/python3.12/site-packages/oslo_config/cfg.py:3256}}
May 21 06:24:22.267275 np0000001133 neutron-periodic-workers[92074]: DEBUG cotyledon.oslo_config_glue [-] ovn.ovn_sb_connection = ['ssl:10.4.3.200:6642'] {{(pid=92074) log_opt_values /opt/stack/data/venv/lib/python3.12/site-packages/oslo_config/cfg.py:3256}}
May 21 06:24:22.267445 np0000001133 neutron-periodic-workers[92074]: DEBUG cotyledon.oslo_config_glue [-] ovn.ovn_sb_private_key = /opt/stack/data/CA/int-ca/private/devstack-cert.key {{(pid=92074) log_opt_values /opt/stack/data/venv/lib/python3.12/site-packages/oslo_config/cfg.py:3256}}
May 21 06:24:22.267445 np0000001133 neutron-periodic-workers[92074]: DEBUG cotyledon.oslo_config_glue [-] ovn.ovs_create_tap = False {{(pid=92074) log_opt_values /opt/stack/data/venv/lib/python3.12/site-packages/oslo_config/cfg.py:3256}}
May 21 06:24:22.267445 np0000001133 neutron-periodic-workers[92074]: DEBUG cotyledon.oslo_config_glue [-] ovn.ovsdb_connection_timeout = 180 {{(pid=92074) log_opt_values /opt/stack/data/venv/lib/python3.12/site-packages/oslo_config/cfg.py:3256}}
May 21 06:24:22.267445 np0000001133 neutron-periodic-workers[92074]: DEBUG cotyledon.oslo_config_glue [-] ovn.ovsdb_log_level = INFO {{(pid=92074) log_opt_values /opt/stack/data/venv/lib/python3.12/site-packages/oslo_config/cfg.py:3256}}
May 21 06:24:22.267539 np0000001133 neutron-periodic-workers[92074]: DEBUG cotyledon.oslo_config_glue [-] ovn.ovsdb_probe_interval = 60000 {{(pid=92074) log_opt_values /opt/stack/data/venv/lib/python3.12/site-packages/oslo_config/cfg.py:3256}}
May 21 06:24:22.267539 np0000001133 neutron-periodic-workers[92074]: DEBUG cotyledon.oslo_config_glue [-] ovn.ovsdb_retry_max_interval = 180 {{(pid=92074) log_opt_values /opt/stack/data/venv/lib/python3.12/site-packages/oslo_config/cfg.py:3256}}
May 21 06:24:22.267586 np0000001133 neutron-periodic-workers[92074]: DEBUG cotyledon.oslo_config_glue [-] ovn.stateless_nat_enabled = False {{(pid=92074) log_opt_values /opt/stack/data/venv/lib/python3.12/site-packages/oslo_config/cfg.py:3256}}
May 21 06:24:22.267627 np0000001133 neutron-periodic-workers[92074]: DEBUG cotyledon.oslo_config_glue [-] ovn.vhost_sock_dir = /var/run/openvswitch {{(pid=92074) log_opt_values /opt/stack/data/venv/lib/python3.12/site-packages/oslo_config/cfg.py:3256}}
May 21 06:24:22.267701 np0000001133 neutron-periodic-workers[92074]: DEBUG cotyledon.oslo_config_glue [-] OVS.bridge_mac_table_size = 50000 {{(pid=92074) log_opt_values /opt/stack/data/venv/lib/python3.12/site-packages/oslo_config/cfg.py:3256}}
May 21 06:24:22.267776 np0000001133 neutron-periodic-workers[92074]: DEBUG cotyledon.oslo_config_glue [-] OVS.igmp_flood = False {{(pid=92074) log_opt_values /opt/stack/data/venv/lib/python3.12/site-packages/oslo_config/cfg.py:3256}}
May 21 06:24:22.267828 np0000001133 neutron-periodic-workers[92074]: DEBUG cotyledon.oslo_config_glue [-] OVS.igmp_flood_reports = True {{(pid=92074) log_opt_values /opt/stack/data/venv/lib/python3.12/site-packages/oslo_config/cfg.py:3256}}
May 21 06:24:22.267878 np0000001133 neutron-periodic-workers[92074]: DEBUG cotyledon.oslo_config_glue [-] OVS.igmp_flood_unregistered = False {{(pid=92074) log_opt_values /opt/stack/data/venv/lib/python3.12/site-packages/oslo_config/cfg.py:3256}}
May 21 06:24:22.267934 np0000001133 neutron-periodic-workers[92074]: DEBUG cotyledon.oslo_config_glue [-] OVS.igmp_snooping_enable = False {{(pid=92074) log_opt_values /opt/stack/data/venv/lib/python3.12/site-packages/oslo_config/cfg.py:3256}}
May 21 06:24:22.267982 np0000001133 neutron-periodic-workers[92074]: DEBUG cotyledon.oslo_config_glue [-] OVS.ovsdb_timeout = 10 {{(pid=92074) log_opt_values /opt/stack/data/venv/lib/python3.12/site-packages/oslo_config/cfg.py:3256}}
May 21 06:24:22.268056 np0000001133 neutron-periodic-workers[92074]: DEBUG cotyledon.oslo_config_glue [-] ovn_nb_global.fdb_removal_limit = 0 {{(pid=92074) log_opt_values /opt/stack/data/venv/lib/python3.12/site-packages/oslo_config/cfg.py:3256}}
May 21 06:24:22.268119 np0000001133 neutron-periodic-workers[92074]: DEBUG cotyledon.oslo_config_glue [-] ovn_nb_global.ignore_lsp_down = False {{(pid=92074) log_opt_values /opt/stack/data/venv/lib/python3.12/site-packages/oslo_config/cfg.py:3256}}
May 21 06:24:22.268180 np0000001133 neutron-periodic-workers[92074]: DEBUG cotyledon.oslo_config_glue [-] ovn_nb_global.mac_binding_removal_limit = 0 {{(pid=92074) log_opt_values /opt/stack/data/venv/lib/python3.12/site-packages/oslo_config/cfg.py:3256}}
May 21 06:24:22.268240 np0000001133 neutron-periodic-workers[92074]: DEBUG cotyledon.oslo_config_glue [-] ******************************************************************************** {{(pid=92074) log_opt_values /opt/stack/data/venv/lib/python3.12/site-packages/oslo_config/cfg.py:3263}}
May 21 06:24:22.268857 np0000001133 neutron-periodic-workers[92074]: DEBUG cotyledon._service_worker [-] Run service ServiceWrapper(0) [92074] {{(pid=92074) wait_forever /opt/stack/data/venv/lib/python3.12/site-packages/cotyledon/_service_worker.py:218}}
May 21 06:24:31.923862 np0000001133 neutron-periodic-workers[91040]: DEBUG dbcounter [-] [91040] Writing DB stats neutron:SELECT=4 {{(pid=91040) stat_writer /opt/stack/data/venv/lib/python3.12/site-packages/dbcounter.py:115}}
May 21 06:25:21.259850 np0000001133 neutron-periodic-workers[92056]: DEBUG oslo_db.sqlalchemy.engines [None req-8129b1e3-9d10-4b6e-801d-4947e3262068 None None] Parent process 91040 forked (92056) with an open database connection, which is being discarded and recreated. {{(pid=92056) checkout /opt/stack/data/venv/lib/python3.12/site-packages/oslo_db/sqlalchemy/engines.py:402}}
May 21 06:25:21.266153 np0000001133 neutron-periodic-workers[92056]: DEBUG dbcounter [-] [92056] Writer thread running {{(pid=92056) stat_writer /opt/stack/data/venv/lib/python3.12/site-packages/dbcounter.py:102}}
May 21 06:25:21.269105 np0000001133 neutron-periodic-workers[92056]: DEBUG neutron.db.agents_db [None req-8129b1e3-9d10-4b6e-801d-4947e3262068 None None] Agent healthcheck: found 0 active agents {{(pid=92056) agent_health_check /opt/stack/neutron/neutron/db/agents_db.py:322}}
May 21 06:25:21.269359 np0000001133 neutron-periodic-workers[92056]: DEBUG oslo.service.backend._threading.loopingcall [None req-8129b1e3-9d10-4b6e-801d-4947e3262068 None None] Fixed interval looping call 'neutron.plugins.ml2.plugin.AgentDbMixin.agent_health_check' sleeping for 36.99 seconds {{(pid=92056) _run_loop /opt/stack/data/venv/lib/python3.12/site-packages/oslo_service/backend/_threading/loopingcall.py:125}}
May 21 06:25:26.235381 np0000001133 neutron-periodic-workers[92050]: DEBUG dbcounter [-] [92050] Writer thread running {{(pid=92050) stat_writer /opt/stack/data/venv/lib/python3.12/site-packages/dbcounter.py:102}}
May 21 06:25:26.242436 np0000001133 neutron-periodic-workers[92050]: DEBUG oslo.service.backend._threading.loopingcall [None req-acec460e-f227-4e71-8534-8f77a48280d8 None None] Fixed interval looping call 'neutron.plugins.ml2.plugin.DhcpAgentSchedulerDbMixin.remove_networks_from_down_agents' sleeping for 36.98 seconds {{(pid=92050) _run_loop /opt/stack/data/venv/lib/python3.12/site-packages/oslo_service/backend/_threading/loopingcall.py:125}}
May 21 06:25:31.266578 np0000001133 neutron-periodic-workers[92056]: DEBUG dbcounter [-] [92056] Writing DB stats neutron:SELECT=1 {{(pid=92056) stat_writer /opt/stack/data/venv/lib/python3.12/site-packages/dbcounter.py:115}}
May 21 06:25:36.241486 np0000001133 neutron-periodic-workers[92050]: DEBUG dbcounter [-] [92050] Writing DB stats neutron:SELECT=3 {{(pid=92050) stat_writer /opt/stack/data/venv/lib/python3.12/site-packages/dbcounter.py:115}}
May 21 06:25:58.262324 np0000001133 neutron-periodic-workers[92056]: DEBUG neutron.db.agents_db [None req-8129b1e3-9d10-4b6e-801d-4947e3262068 None None] Agent healthcheck: found 0 active agents {{(pid=92056) agent_health_check /opt/stack/neutron/neutron/db/agents_db.py:322}}
May 21 06:25:58.262700 np0000001133 neutron-periodic-workers[92056]: DEBUG oslo.service.backend._threading.loopingcall [None req-8129b1e3-9d10-4b6e-801d-4947e3262068 None None] Fixed interval looping call 'neutron.plugins.ml2.plugin.AgentDbMixin.agent_health_check' sleeping for 37.00 seconds {{(pid=92056) _run_loop /opt/stack/data/venv/lib/python3.12/site-packages/oslo_service/backend/_threading/loopingcall.py:125}}
May 21 06:26:03.228215 np0000001133 neutron-periodic-workers[92050]: DEBUG oslo.service.backend._threading.loopingcall [None req-acec460e-f227-4e71-8534-8f77a48280d8 None None] Fixed interval looping call 'neutron.plugins.ml2.plugin.DhcpAgentSchedulerDbMixin.remove_networks_from_down_agents' sleeping for 36.99 seconds {{(pid=92050) _run_loop /opt/stack/data/venv/lib/python3.12/site-packages/oslo_service/backend/_threading/loopingcall.py:125}}
May 21 06:26:08.261478 np0000001133 neutron-periodic-workers[92056]: DEBUG dbcounter [-] [92056] Writing DB stats neutron:SELECT=1 {{(pid=92056) stat_writer /opt/stack/data/venv/lib/python3.12/site-packages/dbcounter.py:115}}
May 21 06:26:13.227385 np0000001133 neutron-periodic-workers[92050]: DEBUG dbcounter [-] [92050] Writing DB stats neutron:SELECT=3 {{(pid=92050) stat_writer /opt/stack/data/venv/lib/python3.12/site-packages/dbcounter.py:115}}
May 21 06:26:22.282204 np0000001133 neutron-periodic-workers[92074]: DEBUG dbcounter [-] [92074] Writer thread running {{(pid=92074) stat_writer /opt/stack/data/venv/lib/python3.12/site-packages/dbcounter.py:102}}
May 21 06:26:22.283663 np0000001133 neutron-periodic-workers[92074]: DEBUG oslo.service.backend._threading.loopingcall [None req-fd7dfce0-b0db-4d09-a010-04f09d32bbf9 None None] Fixed interval looping call 'neutron.db.quota.driver_nolock.DbQuotaNoLockDriver._remove_expired_reservations' sleeping for 119.99 seconds {{(pid=92074) _run_loop /opt/stack/data/venv/lib/python3.12/site-packages/oslo_service/backend/_threading/loopingcall.py:125}}
May 21 06:26:32.282581 np0000001133 neutron-periodic-workers[92074]: DEBUG dbcounter [-] [92074] Writing DB stats neutron:DELETE=1 {{(pid=92074) stat_writer /opt/stack/data/venv/lib/python3.12/site-packages/dbcounter.py:115}}
May 21 06:26:35.265418 np0000001133 neutron-periodic-workers[92056]: DEBUG neutron.db.agents_db [None req-8129b1e3-9d10-4b6e-801d-4947e3262068 None None] Agent healthcheck: found 0 active agents {{(pid=92056) agent_health_check /opt/stack/neutron/neutron/db/agents_db.py:322}}
May 21 06:26:35.265828 np0000001133 neutron-periodic-workers[92056]: DEBUG oslo.service.backend._threading.loopingcall [None req-8129b1e3-9d10-4b6e-801d-4947e3262068 None None] Fixed interval looping call 'neutron.plugins.ml2.plugin.AgentDbMixin.agent_health_check' sleeping for 37.00 seconds {{(pid=92056) _run_loop /opt/stack/data/venv/lib/python3.12/site-packages/oslo_service/backend/_threading/loopingcall.py:125}}
May 21 06:26:40.224059 np0000001133 neutron-periodic-workers[92050]: DEBUG oslo.service.backend._threading.loopingcall [None req-acec460e-f227-4e71-8534-8f77a48280d8 None None] Fixed interval looping call 'neutron.plugins.ml2.plugin.DhcpAgentSchedulerDbMixin.remove_networks_from_down_agents' sleeping for 36.99 seconds {{(pid=92050) _run_loop /opt/stack/data/venv/lib/python3.12/site-packages/oslo_service/backend/_threading/loopingcall.py:125}}
May 21 06:26:45.264610 np0000001133 neutron-periodic-workers[92056]: DEBUG dbcounter [-] [92056] Writing DB stats neutron:SELECT=1 {{(pid=92056) stat_writer /opt/stack/data/venv/lib/python3.12/site-packages/dbcounter.py:115}}
May 21 06:26:50.223120 np0000001133 neutron-periodic-workers[92050]: DEBUG dbcounter [-] [92050] Writing DB stats neutron:SELECT=3 {{(pid=92050) stat_writer /opt/stack/data/venv/lib/python3.12/site-packages/dbcounter.py:115}}
May 21 06:27:12.283145 np0000001133 neutron-periodic-workers[92056]: DEBUG neutron.db.agents_db [None req-8129b1e3-9d10-4b6e-801d-4947e3262068 None None] Agent healthcheck: found 0 active agents {{(pid=92056) agent_health_check /opt/stack/neutron/neutron/db/agents_db.py:322}}
May 21 06:27:12.283885 np0000001133 neutron-periodic-workers[92056]: DEBUG oslo.service.backend._threading.loopingcall [None req-8129b1e3-9d10-4b6e-801d-4947e3262068 None None] Fixed interval looping call 'neutron.plugins.ml2.plugin.AgentDbMixin.agent_health_check' sleeping for 36.99 seconds {{(pid=92056) _run_loop /opt/stack/data/venv/lib/python3.12/site-packages/oslo_service/backend/_threading/loopingcall.py:125}}
May 21 06:27:17.235129 np0000001133 neutron-periodic-workers[92050]: DEBUG oslo.service.backend._threading.loopingcall [None req-acec460e-f227-4e71-8534-8f77a48280d8 None None] Fixed interval looping call 'neutron.plugins.ml2.plugin.DhcpAgentSchedulerDbMixin.remove_networks_from_down_agents' sleeping for 36.98 seconds {{(pid=92050) _run_loop /opt/stack/data/venv/lib/python3.12/site-packages/oslo_service/backend/_threading/loopingcall.py:125}}
May 21 06:27:22.281788 np0000001133 neutron-periodic-workers[92056]: DEBUG dbcounter [-] [92056] Writing DB stats neutron:SELECT=1 {{(pid=92056) stat_writer /opt/stack/data/venv/lib/python3.12/site-packages/dbcounter.py:115}}
May 21 06:27:27.224390 np0000001133 neutron-periodic-workers[92050]: DEBUG dbcounter [-] [92050] Writing DB stats neutron:SELECT=3 {{(pid=92050) stat_writer /opt/stack/data/venv/lib/python3.12/site-packages/dbcounter.py:115}}
May 21 06:27:49.280779 np0000001133 neutron-periodic-workers[92056]: DEBUG neutron.db.agents_db [None req-8129b1e3-9d10-4b6e-801d-4947e3262068 None None] Agent healthcheck: found 0 active agents {{(pid=92056) agent_health_check /opt/stack/neutron/neutron/db/agents_db.py:322}}
May 21 06:27:49.281174 np0000001133 neutron-periodic-workers[92056]: DEBUG oslo.service.backend._threading.loopingcall [None req-8129b1e3-9d10-4b6e-801d-4947e3262068 None None] Fixed interval looping call 'neutron.plugins.ml2.plugin.AgentDbMixin.agent_health_check' sleeping for 36.99 seconds {{(pid=92056) _run_loop /opt/stack/data/venv/lib/python3.12/site-packages/oslo_service/backend/_threading/loopingcall.py:125}}
May 21 06:27:54.232572 np0000001133 neutron-periodic-workers[92050]: DEBUG oslo.service.backend._threading.loopingcall [None req-acec460e-f227-4e71-8534-8f77a48280d8 None None] Fixed interval looping call 'neutron.plugins.ml2.plugin.DhcpAgentSchedulerDbMixin.remove_networks_from_down_agents' sleeping for 36.98 seconds {{(pid=92050) _run_loop /opt/stack/data/venv/lib/python3.12/site-packages/oslo_service/backend/_threading/loopingcall.py:125}}
May 21 06:27:59.277651 np0000001133 neutron-periodic-workers[92056]: DEBUG dbcounter [-] [92056] Writing DB stats neutron:SELECT=1 {{(pid=92056) stat_writer /opt/stack/data/venv/lib/python3.12/site-packages/dbcounter.py:115}}
May 21 06:28:04.228348 np0000001133 neutron-periodic-workers[92050]: DEBUG dbcounter [-] [92050] Writing DB stats neutron:SELECT=3 {{(pid=92050) stat_writer /opt/stack/data/venv/lib/python3.12/site-packages/dbcounter.py:115}}
May 21 06:28:22.279524 np0000001133 neutron-periodic-workers[92074]: DEBUG oslo.service.backend._threading.loopingcall [None req-fd7dfce0-b0db-4d09-a010-04f09d32bbf9 None None] Fixed interval looping call 'neutron.db.quota.driver_nolock.DbQuotaNoLockDriver._remove_expired_reservations' sleeping for 119.99 seconds {{(pid=92074) _run_loop /opt/stack/data/venv/lib/python3.12/site-packages/oslo_service/backend/_threading/loopingcall.py:125}}
May 21 06:28:26.275628 np0000001133 neutron-periodic-workers[92056]: DEBUG neutron.db.agents_db [None req-8129b1e3-9d10-4b6e-801d-4947e3262068 None None] Agent healthcheck: found 0 active agents {{(pid=92056) agent_health_check /opt/stack/neutron/neutron/db/agents_db.py:322}}
May 21 06:28:26.276122 np0000001133 neutron-periodic-workers[92056]: DEBUG oslo.service.backend._threading.loopingcall [None req-8129b1e3-9d10-4b6e-801d-4947e3262068 None None] Fixed interval looping call 'neutron.plugins.ml2.plugin.AgentDbMixin.agent_health_check' sleeping for 37.00 seconds {{(pid=92056) _run_loop /opt/stack/data/venv/lib/python3.12/site-packages/oslo_service/backend/_threading/loopingcall.py:125}}
May 21 06:28:31.228297 np0000001133 neutron-periodic-workers[92050]: DEBUG oslo.service.backend._threading.loopingcall [None req-acec460e-f227-4e71-8534-8f77a48280d8 None None] Fixed interval looping call 'neutron.plugins.ml2.plugin.DhcpAgentSchedulerDbMixin.remove_networks_from_down_agents' sleeping for 36.99 seconds {{(pid=92050) _run_loop /opt/stack/data/venv/lib/python3.12/site-packages/oslo_service/backend/_threading/loopingcall.py:125}}
May 21 06:28:32.278295 np0000001133 neutron-periodic-workers[92074]: DEBUG dbcounter [-] [92074] Writing DB stats neutron:DELETE=1 {{(pid=92074) stat_writer /opt/stack/data/venv/lib/python3.12/site-packages/dbcounter.py:115}}
May 21 06:28:36.274362 np0000001133 neutron-periodic-workers[92056]: DEBUG dbcounter [-] [92056] Writing DB stats neutron:SELECT=1 {{(pid=92056) stat_writer /opt/stack/data/venv/lib/python3.12/site-packages/dbcounter.py:115}}
May 21 06:28:41.225056 np0000001133 neutron-periodic-workers[92050]: DEBUG dbcounter [-] [92050] Writing DB stats neutron:SELECT=3 {{(pid=92050) stat_writer /opt/stack/data/venv/lib/python3.12/site-packages/dbcounter.py:115}}
May 21 06:28:55.266389 np0000001133 neutron-periodic-workers[92042]: DEBUG dbcounter [-] [92042] Writer thread running {{(pid=92042) stat_writer /opt/stack/data/venv/lib/python3.12/site-packages/dbcounter.py:102}}
May 21 06:28:55.281836 np0000001133 neutron-periodic-workers[92042]: DEBUG oslo.service.backend._threading.loopingcall [None req-46f48c02-7a4d-40b2-b5a9-9ca325681cd2 None None] Fixed interval looping call 'neutron.services.ovn_l3.plugin.L3_NAT_dbonly_mixin._clean_garbage' sleeping for 299.94 seconds {{(pid=92042) _run_loop /opt/stack/data/venv/lib/python3.12/site-packages/oslo_service/backend/_threading/loopingcall.py:125}}
May 21 06:29:03.281726 np0000001133 neutron-periodic-workers[92056]: DEBUG neutron.db.agents_db [None req-8129b1e3-9d10-4b6e-801d-4947e3262068 None None] Agent healthcheck: found 0 active agents {{(pid=92056) agent_health_check /opt/stack/neutron/neutron/db/agents_db.py:322}}
May 21 06:29:03.282284 np0000001133 neutron-periodic-workers[92056]: DEBUG oslo.service.backend._threading.loopingcall [None req-8129b1e3-9d10-4b6e-801d-4947e3262068 None None] Fixed interval looping call 'neutron.plugins.ml2.plugin.AgentDbMixin.agent_health_check' sleeping for 36.99 seconds {{(pid=92056) _run_loop /opt/stack/data/venv/lib/python3.12/site-packages/oslo_service/backend/_threading/loopingcall.py:125}}
May 21 06:29:05.267415 np0000001133 neutron-periodic-workers[92042]: DEBUG dbcounter [-] [92042] Writing DB stats neutron:SELECT=1 {{(pid=92042) stat_writer /opt/stack/data/venv/lib/python3.12/site-packages/dbcounter.py:115}}
May 21 06:29:08.234864 np0000001133 neutron-periodic-workers[92050]: DEBUG oslo.service.backend._threading.loopingcall [None req-acec460e-f227-4e71-8534-8f77a48280d8 None None] Fixed interval looping call 'neutron.plugins.ml2.plugin.DhcpAgentSchedulerDbMixin.remove_networks_from_down_agents' sleeping for 36.98 seconds {{(pid=92050) _run_loop /opt/stack/data/venv/lib/python3.12/site-packages/oslo_service/backend/_threading/loopingcall.py:125}}
May 21 06:29:13.279518 np0000001133 neutron-periodic-workers[92056]: DEBUG dbcounter [-] [92056] Writing DB stats neutron:SELECT=1 {{(pid=92056) stat_writer /opt/stack/data/venv/lib/python3.12/site-packages/dbcounter.py:115}}
May 21 06:29:18.233037 np0000001133 neutron-periodic-workers[92050]: DEBUG dbcounter [-] [92050] Writing DB stats neutron:SELECT=3 {{(pid=92050) stat_writer /opt/stack/data/venv/lib/python3.12/site-packages/dbcounter.py:115}}
May 21 06:29:40.277081 np0000001133 neutron-periodic-workers[92056]: DEBUG neutron.db.agents_db [None req-8129b1e3-9d10-4b6e-801d-4947e3262068 None None] Agent healthcheck: found 0 active agents {{(pid=92056) agent_health_check /opt/stack/neutron/neutron/db/agents_db.py:322}}
May 21 06:29:40.277483 np0000001133 neutron-periodic-workers[92056]: DEBUG oslo.service.backend._threading.loopingcall [None req-8129b1e3-9d10-4b6e-801d-4947e3262068 None None] Fixed interval looping call 'neutron.plugins.ml2.plugin.AgentDbMixin.agent_health_check' sleeping for 37.00 seconds {{(pid=92056) _run_loop /opt/stack/data/venv/lib/python3.12/site-packages/oslo_service/backend/_threading/loopingcall.py:125}}
May 21 06:29:45.231917 np0000001133 neutron-periodic-workers[92050]: DEBUG oslo.service.backend._threading.loopingcall [None req-acec460e-f227-4e71-8534-8f77a48280d8 None None] Fixed interval looping call 'neutron.plugins.ml2.plugin.DhcpAgentSchedulerDbMixin.remove_networks_from_down_agents' sleeping for 36.99 seconds {{(pid=92050) _run_loop /opt/stack/data/venv/lib/python3.12/site-packages/oslo_service/backend/_threading/loopingcall.py:125}}
May 21 06:29:50.275291 np0000001133 neutron-periodic-workers[92056]: DEBUG dbcounter [-] [92056] Writing DB stats neutron:SELECT=1 {{(pid=92056) stat_writer /opt/stack/data/venv/lib/python3.12/site-packages/dbcounter.py:115}}
May 21 06:29:55.229445 np0000001133 neutron-periodic-workers[92050]: DEBUG dbcounter [-] [92050] Writing DB stats neutron:SELECT=3 {{(pid=92050) stat_writer /opt/stack/data/venv/lib/python3.12/site-packages/dbcounter.py:115}}
May 21 06:30:17.283772 np0000001133 neutron-periodic-workers[92056]: DEBUG neutron.db.agents_db [None req-8129b1e3-9d10-4b6e-801d-4947e3262068 None None] Agent healthcheck: found 0 active agents {{(pid=92056) agent_health_check /opt/stack/neutron/neutron/db/agents_db.py:322}}
May 21 06:30:17.284126 np0000001133 neutron-periodic-workers[92056]: DEBUG oslo.service.backend._threading.loopingcall [None req-8129b1e3-9d10-4b6e-801d-4947e3262068 None None] Fixed interval looping call 'neutron.plugins.ml2.plugin.AgentDbMixin.agent_health_check' sleeping for 37.00 seconds {{(pid=92056) _run_loop /opt/stack/data/venv/lib/python3.12/site-packages/oslo_service/backend/_threading/loopingcall.py:125}}
May 21 06:30:22.238587 np0000001133 neutron-periodic-workers[92050]: DEBUG oslo.service.backend._threading.loopingcall [None req-acec460e-f227-4e71-8534-8f77a48280d8 None None] Fixed interval looping call 'neutron.plugins.ml2.plugin.DhcpAgentSchedulerDbMixin.remove_networks_from_down_agents' sleeping for 36.98 seconds {{(pid=92050) _run_loop /opt/stack/data/venv/lib/python3.12/site-packages/oslo_service/backend/_threading/loopingcall.py:125}}
May 21 06:30:22.273934 np0000001133 neutron-periodic-workers[92074]: DEBUG oslo.service.backend._threading.loopingcall [None req-fd7dfce0-b0db-4d09-a010-04f09d32bbf9 None None] Fixed interval looping call 'neutron.db.quota.driver_nolock.DbQuotaNoLockDriver._remove_expired_reservations' sleeping for 120.00 seconds {{(pid=92074) _run_loop /opt/stack/data/venv/lib/python3.12/site-packages/oslo_service/backend/_threading/loopingcall.py:125}}
May 21 06:30:27.283873 np0000001133 neutron-periodic-workers[92056]: DEBUG dbcounter [-] [92056] Writing DB stats neutron:SELECT=1 {{(pid=92056) stat_writer /opt/stack/data/venv/lib/python3.12/site-packages/dbcounter.py:115}}
May 21 06:30:32.232812 np0000001133 neutron-periodic-workers[92050]: DEBUG dbcounter [-] [92050] Writing DB stats neutron:SELECT=3 {{(pid=92050) stat_writer /opt/stack/data/venv/lib/python3.12/site-packages/dbcounter.py:115}}
May 21 06:30:32.273205 np0000001133 neutron-periodic-workers[92074]: DEBUG dbcounter [-] [92074] Writing DB stats neutron:DELETE=1 {{(pid=92074) stat_writer /opt/stack/data/venv/lib/python3.12/site-packages/dbcounter.py:115}}
May 21 06:30:54.321067 np0000001133 neutron-periodic-workers[92056]: DEBUG neutron.db.agents_db [None req-8129b1e3-9d10-4b6e-801d-4947e3262068 None None] Agent healthcheck: found 0 active agents {{(pid=92056) agent_health_check /opt/stack/neutron/neutron/db/agents_db.py:322}}
May 21 06:30:54.321529 np0000001133 neutron-periodic-workers[92056]: DEBUG oslo.service.backend._threading.loopingcall [None req-8129b1e3-9d10-4b6e-801d-4947e3262068 None None] Fixed interval looping call 'neutron.plugins.ml2.plugin.AgentDbMixin.agent_health_check' sleeping for 36.96 seconds {{(pid=92056) _run_loop /opt/stack/data/venv/lib/python3.12/site-packages/oslo_service/backend/_threading/loopingcall.py:125}}
May 21 06:30:59.231277 np0000001133 neutron-periodic-workers[92050]: DEBUG oslo.service.backend._threading.loopingcall [None req-acec460e-f227-4e71-8534-8f77a48280d8 None None] Fixed interval looping call 'neutron.plugins.ml2.plugin.DhcpAgentSchedulerDbMixin.remove_networks_from_down_agents' sleeping for 36.99 seconds {{(pid=92050) _run_loop /opt/stack/data/venv/lib/python3.12/site-packages/oslo_service/backend/_threading/loopingcall.py:125}}
May 21 06:31:04.291130 np0000001133 neutron-periodic-workers[92056]: DEBUG dbcounter [-] [92056] Writing DB stats neutron:SELECT=1 {{(pid=92056) stat_writer /opt/stack/data/venv/lib/python3.12/site-packages/dbcounter.py:115}}
May 21 06:31:09.235068 np0000001133 neutron-periodic-workers[92050]: DEBUG dbcounter [-] [92050] Writing DB stats neutron:SELECT=3 {{(pid=92050) stat_writer /opt/stack/data/venv/lib/python3.12/site-packages/dbcounter.py:115}}
May 21 06:31:31.286809 np0000001133 neutron-periodic-workers[92056]: DEBUG neutron.db.agents_db [None req-8129b1e3-9d10-4b6e-801d-4947e3262068 None None] Agent healthcheck: found 0 active agents {{(pid=92056) agent_health_check /opt/stack/neutron/neutron/db/agents_db.py:322}}
May 21 06:31:31.286809 np0000001133 neutron-periodic-workers[92056]: DEBUG oslo.service.backend._threading.loopingcall [None req-8129b1e3-9d10-4b6e-801d-4947e3262068 None None] Fixed interval looping call 'neutron.plugins.ml2.plugin.AgentDbMixin.agent_health_check' sleeping for 37.00 seconds {{(pid=92056) _run_loop /opt/stack/data/venv/lib/python3.12/site-packages/oslo_service/backend/_threading/loopingcall.py:125}}
May 21 06:31:36.238186 np0000001133 neutron-periodic-workers[92050]: DEBUG oslo.service.backend._threading.loopingcall [None req-acec460e-f227-4e71-8534-8f77a48280d8 None None] Fixed interval looping call 'neutron.plugins.ml2.plugin.DhcpAgentSchedulerDbMixin.remove_networks_from_down_agents' sleeping for 36.98 seconds {{(pid=92050) _run_loop /opt/stack/data/venv/lib/python3.12/site-packages/oslo_service/backend/_threading/loopingcall.py:125}}
May 21 06:31:41.285614 np0000001133 neutron-periodic-workers[92056]: DEBUG dbcounter [-] [92056] Writing DB stats neutron:SELECT=1 {{(pid=92056) stat_writer /opt/stack/data/venv/lib/python3.12/site-packages/dbcounter.py:115}}
May 21 06:31:46.234730 np0000001133 neutron-periodic-workers[92050]: DEBUG dbcounter [-] [92050] Writing DB stats neutron:SELECT=3 {{(pid=92050) stat_writer /opt/stack/data/venv/lib/python3.12/site-packages/dbcounter.py:115}}
May 21 06:32:08.295876 np0000001133 neutron-periodic-workers[92056]: DEBUG neutron.db.agents_db [None req-8129b1e3-9d10-4b6e-801d-4947e3262068 None None] Agent healthcheck: found 0 active agents {{(pid=92056) agent_health_check /opt/stack/neutron/neutron/db/agents_db.py:322}}
May 21 06:32:08.295876 np0000001133 neutron-periodic-workers[92056]: DEBUG oslo.service.backend._threading.loopingcall [None req-8129b1e3-9d10-4b6e-801d-4947e3262068 None None] Fixed interval looping call 'neutron.plugins.ml2.plugin.AgentDbMixin.agent_health_check' sleeping for 36.99 seconds {{(pid=92056) _run_loop /opt/stack/data/venv/lib/python3.12/site-packages/oslo_service/backend/_threading/loopingcall.py:125}}
May 21 06:32:13.242154 np0000001133 neutron-periodic-workers[92050]: DEBUG oslo.service.backend._threading.loopingcall [None req-acec460e-f227-4e71-8534-8f77a48280d8 None None] Fixed interval looping call 'neutron.plugins.ml2.plugin.DhcpAgentSchedulerDbMixin.remove_networks_from_down_agents' sleeping for 36.98 seconds {{(pid=92050) _run_loop /opt/stack/data/venv/lib/python3.12/site-packages/oslo_service/backend/_threading/loopingcall.py:125}}
May 21 06:32:18.288063 np0000001133 neutron-periodic-workers[92056]: DEBUG dbcounter [-] [92056] Writing DB stats neutron:SELECT=1 {{(pid=92056) stat_writer /opt/stack/data/venv/lib/python3.12/site-packages/dbcounter.py:115}}
May 21 06:32:22.277590 np0000001133 neutron-periodic-workers[92074]: DEBUG oslo.service.backend._threading.loopingcall [None req-fd7dfce0-b0db-4d09-a010-04f09d32bbf9 None None] Fixed interval looping call 'neutron.db.quota.driver_nolock.DbQuotaNoLockDriver._remove_expired_reservations' sleeping for 120.00 seconds {{(pid=92074) _run_loop /opt/stack/data/venv/lib/python3.12/site-packages/oslo_service/backend/_threading/loopingcall.py:125}}
May 21 06:32:23.239242 np0000001133 neutron-periodic-workers[92050]: DEBUG dbcounter [-] [92050] Writing DB stats neutron:SELECT=3 {{(pid=92050) stat_writer /opt/stack/data/venv/lib/python3.12/site-packages/dbcounter.py:115}}
May 21 06:32:32.276488 np0000001133 neutron-periodic-workers[92074]: DEBUG dbcounter [-] [92074] Writing DB stats neutron:DELETE=1 {{(pid=92074) stat_writer /opt/stack/data/venv/lib/python3.12/site-packages/dbcounter.py:115}}
May 21 06:32:45.291632 np0000001133 neutron-periodic-workers[92056]: DEBUG neutron.db.agents_db [None req-8129b1e3-9d10-4b6e-801d-4947e3262068 None None] Agent healthcheck: found 0 active agents {{(pid=92056) agent_health_check /opt/stack/neutron/neutron/db/agents_db.py:322}}
May 21 06:32:45.291632 np0000001133 neutron-periodic-workers[92056]: DEBUG oslo.service.backend._threading.loopingcall [None req-8129b1e3-9d10-4b6e-801d-4947e3262068 None None] Fixed interval looping call 'neutron.plugins.ml2.plugin.AgentDbMixin.agent_health_check' sleeping for 37.00 seconds {{(pid=92056) _run_loop /opt/stack/data/venv/lib/python3.12/site-packages/oslo_service/backend/_threading/loopingcall.py:125}}
May 21 06:32:50.235491 np0000001133 neutron-periodic-workers[92050]: DEBUG oslo.service.backend._threading.loopingcall [None req-acec460e-f227-4e71-8534-8f77a48280d8 None None] Fixed interval looping call 'neutron.plugins.ml2.plugin.DhcpAgentSchedulerDbMixin.remove_networks_from_down_agents' sleeping for 36.99 seconds {{(pid=92050) _run_loop /opt/stack/data/venv/lib/python3.12/site-packages/oslo_service/backend/_threading/loopingcall.py:125}}
May 21 06:32:55.289132 np0000001133 neutron-periodic-workers[92056]: DEBUG dbcounter [-] [92056] Writing DB stats neutron:SELECT=1 {{(pid=92056) stat_writer /opt/stack/data/venv/lib/python3.12/site-packages/dbcounter.py:115}}
May 21 06:33:00.229619 np0000001133 neutron-periodic-workers[92050]: DEBUG dbcounter [-] [92050] Writing DB stats neutron:SELECT=3 {{(pid=92050) stat_writer /opt/stack/data/venv/lib/python3.12/site-packages/dbcounter.py:115}}
May 21 06:33:22.296361 np0000001133 neutron-periodic-workers[92056]: DEBUG neutron.db.agents_db [None req-8129b1e3-9d10-4b6e-801d-4947e3262068 None None] Agent healthcheck: found 0 active agents {{(pid=92056) agent_health_check /opt/stack/neutron/neutron/db/agents_db.py:322}}
May 21 06:33:22.297059 np0000001133 neutron-periodic-workers[92056]: DEBUG oslo.service.backend._threading.loopingcall [None req-8129b1e3-9d10-4b6e-801d-4947e3262068 None None] Fixed interval looping call 'neutron.plugins.ml2.plugin.AgentDbMixin.agent_health_check' sleeping for 36.99 seconds {{(pid=92056) _run_loop /opt/stack/data/venv/lib/python3.12/site-packages/oslo_service/backend/_threading/loopingcall.py:125}}
May 21 06:33:27.232157 np0000001133 neutron-periodic-workers[92050]: DEBUG oslo.service.backend._threading.loopingcall [None req-acec460e-f227-4e71-8534-8f77a48280d8 None None] Fixed interval looping call 'neutron.plugins.ml2.plugin.DhcpAgentSchedulerDbMixin.remove_networks_from_down_agents' sleeping for 36.99 seconds {{(pid=92050) _run_loop /opt/stack/data/venv/lib/python3.12/site-packages/oslo_service/backend/_threading/loopingcall.py:125}}
May 21 06:33:32.293847 np0000001133 neutron-periodic-workers[92056]: DEBUG dbcounter [-] [92056] Writing DB stats neutron:SELECT=1 {{(pid=92056) stat_writer /opt/stack/data/venv/lib/python3.12/site-packages/dbcounter.py:115}}
May 21 06:33:37.230905 np0000001133 neutron-periodic-workers[92050]: DEBUG dbcounter [-] [92050] Writing DB stats neutron:SELECT=3 {{(pid=92050) stat_writer /opt/stack/data/venv/lib/python3.12/site-packages/dbcounter.py:115}}
May 21 06:33:55.230902 np0000001133 neutron-periodic-workers[92042]: DEBUG oslo.service.backend._threading.loopingcall [None req-46f48c02-7a4d-40b2-b5a9-9ca325681cd2 None None] Fixed interval looping call 'neutron.services.ovn_l3.plugin.L3_NAT_dbonly_mixin._clean_garbage' sleeping for 299.99 seconds {{(pid=92042) _run_loop /opt/stack/data/venv/lib/python3.12/site-packages/oslo_service/backend/_threading/loopingcall.py:125}}
May 21 06:33:59.294340 np0000001133 neutron-periodic-workers[92056]: DEBUG neutron.db.agents_db [None req-8129b1e3-9d10-4b6e-801d-4947e3262068 None None] Agent healthcheck: found 0 active agents {{(pid=92056) agent_health_check /opt/stack/neutron/neutron/db/agents_db.py:322}}
May 21 06:33:59.294819 np0000001133 neutron-periodic-workers[92056]: DEBUG oslo.service.backend._threading.loopingcall [None req-8129b1e3-9d10-4b6e-801d-4947e3262068 None None] Fixed interval looping call 'neutron.plugins.ml2.plugin.AgentDbMixin.agent_health_check' sleeping for 36.99 seconds {{(pid=92056) _run_loop /opt/stack/data/venv/lib/python3.12/site-packages/oslo_service/backend/_threading/loopingcall.py:125}}
May 21 06:34:04.228956 np0000001133 neutron-periodic-workers[92050]: DEBUG oslo.service.backend._threading.loopingcall [None req-acec460e-f227-4e71-8534-8f77a48280d8 None None] Fixed interval looping call 'neutron.plugins.ml2.plugin.DhcpAgentSchedulerDbMixin.remove_networks_from_down_agents' sleeping for 36.99 seconds {{(pid=92050) _run_loop /opt/stack/data/venv/lib/python3.12/site-packages/oslo_service/backend/_threading/loopingcall.py:125}}
May 21 06:34:05.225195 np0000001133 neutron-periodic-workers[92042]: DEBUG dbcounter [-] [92042] Writing DB stats neutron:SELECT=1 {{(pid=92042) stat_writer /opt/stack/data/venv/lib/python3.12/site-packages/dbcounter.py:115}}
May 21 06:34:09.293802 np0000001133 neutron-periodic-workers[92056]: DEBUG dbcounter [-] [92056] Writing DB stats neutron:SELECT=1 {{(pid=92056) stat_writer /opt/stack/data/venv/lib/python3.12/site-packages/dbcounter.py:115}}
May 21 06:34:14.228129 np0000001133 neutron-periodic-workers[92050]: DEBUG dbcounter [-] [92050] Writing DB stats neutron:SELECT=3 {{(pid=92050) stat_writer /opt/stack/data/venv/lib/python3.12/site-packages/dbcounter.py:115}}
May 21 06:34:22.292086 np0000001133 neutron-periodic-workers[92074]: DEBUG oslo.service.backend._threading.loopingcall [None req-fd7dfce0-b0db-4d09-a010-04f09d32bbf9 None None] Fixed interval looping call 'neutron.db.quota.driver_nolock.DbQuotaNoLockDriver._remove_expired_reservations' sleeping for 119.99 seconds {{(pid=92074) _run_loop /opt/stack/data/venv/lib/python3.12/site-packages/oslo_service/backend/_threading/loopingcall.py:125}}
May 21 06:34:32.286761 np0000001133 neutron-periodic-workers[92074]: DEBUG dbcounter [-] [92074] Writing DB stats neutron:DELETE=1 {{(pid=92074) stat_writer /opt/stack/data/venv/lib/python3.12/site-packages/dbcounter.py:115}}
May 21 06:34:36.288781 np0000001133 neutron-periodic-workers[92056]: DEBUG neutron.db.agents_db [None req-8129b1e3-9d10-4b6e-801d-4947e3262068 None None] Agent healthcheck: found 0 active agents {{(pid=92056) agent_health_check /opt/stack/neutron/neutron/db/agents_db.py:322}}
May 21 06:34:36.289299 np0000001133 neutron-periodic-workers[92056]: DEBUG oslo.service.backend._threading.loopingcall [None req-8129b1e3-9d10-4b6e-801d-4947e3262068 None None] Fixed interval looping call 'neutron.plugins.ml2.plugin.AgentDbMixin.agent_health_check' sleeping for 37.00 seconds {{(pid=92056) _run_loop /opt/stack/data/venv/lib/python3.12/site-packages/oslo_service/backend/_threading/loopingcall.py:125}}
May 21 06:34:41.225406 np0000001133 neutron-periodic-workers[92050]: DEBUG oslo.service.backend._threading.loopingcall [None req-acec460e-f227-4e71-8534-8f77a48280d8 None None] Fixed interval looping call 'neutron.plugins.ml2.plugin.DhcpAgentSchedulerDbMixin.remove_networks_from_down_agents' sleeping for 36.99 seconds {{(pid=92050) _run_loop /opt/stack/data/venv/lib/python3.12/site-packages/oslo_service/backend/_threading/loopingcall.py:125}}
May 21 06:34:46.287224 np0000001133 neutron-periodic-workers[92056]: DEBUG dbcounter [-] [92056] Writing DB stats neutron:SELECT=1 {{(pid=92056) stat_writer /opt/stack/data/venv/lib/python3.12/site-packages/dbcounter.py:115}}
May 21 06:34:51.227114 np0000001133 neutron-periodic-workers[92050]: DEBUG dbcounter [-] [92050] Writing DB stats neutron:SELECT=3 {{(pid=92050) stat_writer /opt/stack/data/venv/lib/python3.12/site-packages/dbcounter.py:115}}
May 21 06:35:13.294880 np0000001133 neutron-periodic-workers[92056]: DEBUG neutron.db.agents_db [None req-8129b1e3-9d10-4b6e-801d-4947e3262068 None None] Agent healthcheck: found 0 active agents {{(pid=92056) agent_health_check /opt/stack/neutron/neutron/db/agents_db.py:322}}
May 21 06:35:13.295218 np0000001133 neutron-periodic-workers[92056]: DEBUG oslo.service.backend._threading.loopingcall [None req-8129b1e3-9d10-4b6e-801d-4947e3262068 None None] Fixed interval looping call 'neutron.plugins.ml2.plugin.AgentDbMixin.agent_health_check' sleeping for 36.99 seconds {{(pid=92056) _run_loop /opt/stack/data/venv/lib/python3.12/site-packages/oslo_service/backend/_threading/loopingcall.py:125}}
May 21 06:35:18.229150 np0000001133 neutron-periodic-workers[92050]: DEBUG oslo.service.backend._threading.loopingcall [None req-acec460e-f227-4e71-8534-8f77a48280d8 None None] Fixed interval looping call 'neutron.plugins.ml2.plugin.DhcpAgentSchedulerDbMixin.remove_networks_from_down_agents' sleeping for 36.99 seconds {{(pid=92050) _run_loop /opt/stack/data/venv/lib/python3.12/site-packages/oslo_service/backend/_threading/loopingcall.py:125}}
May 21 06:35:23.294748 np0000001133 neutron-periodic-workers[92056]: DEBUG dbcounter [-] [92056] Writing DB stats neutron:SELECT=1 {{(pid=92056) stat_writer /opt/stack/data/venv/lib/python3.12/site-packages/dbcounter.py:115}}
May 21 06:35:28.225680 np0000001133 neutron-periodic-workers[92050]: DEBUG dbcounter [-] [92050] Writing DB stats neutron:SELECT=3 {{(pid=92050) stat_writer /opt/stack/data/venv/lib/python3.12/site-packages/dbcounter.py:115}}
May 21 06:35:50.293493 np0000001133 neutron-periodic-workers[92056]: DEBUG neutron.db.agents_db [None req-8129b1e3-9d10-4b6e-801d-4947e3262068 None None] Agent healthcheck: found 0 active agents {{(pid=92056) agent_health_check /opt/stack/neutron/neutron/db/agents_db.py:322}}
May 21 06:35:50.293879 np0000001133 neutron-periodic-workers[92056]: DEBUG oslo.service.backend._threading.loopingcall [None req-8129b1e3-9d10-4b6e-801d-4947e3262068 None None] Fixed interval looping call 'neutron.plugins.ml2.plugin.AgentDbMixin.agent_health_check' sleeping for 36.99 seconds {{(pid=92056) _run_loop /opt/stack/data/venv/lib/python3.12/site-packages/oslo_service/backend/_threading/loopingcall.py:125}}
May 21 06:35:55.224596 np0000001133 neutron-periodic-workers[92050]: DEBUG oslo.service.backend._threading.loopingcall [None req-acec460e-f227-4e71-8534-8f77a48280d8 None None] Fixed interval looping call 'neutron.plugins.ml2.plugin.DhcpAgentSchedulerDbMixin.remove_networks_from_down_agents' sleeping for 36.99 seconds {{(pid=92050) _run_loop /opt/stack/data/venv/lib/python3.12/site-packages/oslo_service/backend/_threading/loopingcall.py:125}}
May 21 06:36:00.288294 np0000001133 neutron-periodic-workers[92056]: DEBUG dbcounter [-] [92056] Writing DB stats neutron:SELECT=1 {{(pid=92056) stat_writer /opt/stack/data/venv/lib/python3.12/site-packages/dbcounter.py:115}}
May 21 06:36:05.225211 np0000001133 neutron-periodic-workers[92050]: DEBUG dbcounter [-] [92050] Writing DB stats neutron:SELECT=3 {{(pid=92050) stat_writer /opt/stack/data/venv/lib/python3.12/site-packages/dbcounter.py:115}}
May 21 06:36:22.286151 np0000001133 neutron-periodic-workers[92074]: DEBUG oslo.service.backend._threading.loopingcall [None req-fd7dfce0-b0db-4d09-a010-04f09d32bbf9 None None] Fixed interval looping call 'neutron.db.quota.driver_nolock.DbQuotaNoLockDriver._remove_expired_reservations' sleeping for 120.00 seconds {{(pid=92074) _run_loop /opt/stack/data/venv/lib/python3.12/site-packages/oslo_service/backend/_threading/loopingcall.py:125}}
May 21 06:36:27.286764 np0000001133 neutron-periodic-workers[92056]: DEBUG neutron.db.agents_db [None req-8129b1e3-9d10-4b6e-801d-4947e3262068 None None] Agent healthcheck: found 0 active agents {{(pid=92056) agent_health_check /opt/stack/neutron/neutron/db/agents_db.py:322}}
May 21 06:36:27.287338 np0000001133 neutron-periodic-workers[92056]: DEBUG oslo.service.backend._threading.loopingcall [None req-8129b1e3-9d10-4b6e-801d-4947e3262068 None None] Fixed interval looping call 'neutron.plugins.ml2.plugin.AgentDbMixin.agent_health_check' sleeping for 37.00 seconds {{(pid=92056) _run_loop /opt/stack/data/venv/lib/python3.12/site-packages/oslo_service/backend/_threading/loopingcall.py:125}}
May 21 06:36:32.219695 np0000001133 neutron-periodic-workers[92050]: DEBUG oslo.service.backend._threading.loopingcall [None req-acec460e-f227-4e71-8534-8f77a48280d8 None None] Fixed interval looping call 'neutron.plugins.ml2.plugin.DhcpAgentSchedulerDbMixin.remove_networks_from_down_agents' sleeping for 37.00 seconds {{(pid=92050) _run_loop /opt/stack/data/venv/lib/python3.12/site-packages/oslo_service/backend/_threading/loopingcall.py:125}}
May 21 06:36:32.285211 np0000001133 neutron-periodic-workers[92074]: DEBUG dbcounter [-] [92074] Writing DB stats neutron:DELETE=1 {{(pid=92074) stat_writer /opt/stack/data/venv/lib/python3.12/site-packages/dbcounter.py:115}}
May 21 06:36:37.286165 np0000001133 neutron-periodic-workers[92056]: DEBUG dbcounter [-] [92056] Writing DB stats neutron:SELECT=1 {{(pid=92056) stat_writer /opt/stack/data/venv/lib/python3.12/site-packages/dbcounter.py:115}}
May 21 06:36:42.221131 np0000001133 neutron-periodic-workers[92050]: DEBUG dbcounter [-] [92050] Writing DB stats neutron:SELECT=3 {{(pid=92050) stat_writer /opt/stack/data/venv/lib/python3.12/site-packages/dbcounter.py:115}}
May 21 06:37:04.300166 np0000001133 neutron-periodic-workers[92056]: DEBUG neutron.db.agents_db [None req-8129b1e3-9d10-4b6e-801d-4947e3262068 None None] Agent healthcheck: found 0 active agents {{(pid=92056) agent_health_check /opt/stack/neutron/neutron/db/agents_db.py:322}}
May 21 06:37:04.300615 np0000001133 neutron-periodic-workers[92056]: DEBUG oslo.service.backend._threading.loopingcall [None req-8129b1e3-9d10-4b6e-801d-4947e3262068 None None] Fixed interval looping call 'neutron.plugins.ml2.plugin.AgentDbMixin.agent_health_check' sleeping for 36.99 seconds {{(pid=92056) _run_loop /opt/stack/data/venv/lib/python3.12/site-packages/oslo_service/backend/_threading/loopingcall.py:125}}
May 21 06:37:09.237385 np0000001133 neutron-periodic-workers[92050]: DEBUG oslo.service.backend._threading.loopingcall [None req-acec460e-f227-4e71-8534-8f77a48280d8 None None] Fixed interval looping call 'neutron.plugins.ml2.plugin.DhcpAgentSchedulerDbMixin.remove_networks_from_down_agents' sleeping for 36.98 seconds {{(pid=92050) _run_loop /opt/stack/data/venv/lib/python3.12/site-packages/oslo_service/backend/_threading/loopingcall.py:125}}
May 21 06:37:14.299704 np0000001133 neutron-periodic-workers[92056]: DEBUG dbcounter [-] [92056] Writing DB stats neutron:SELECT=1 {{(pid=92056) stat_writer /opt/stack/data/venv/lib/python3.12/site-packages/dbcounter.py:115}}
May 21 06:37:19.236247 np0000001133 neutron-periodic-workers[92050]: DEBUG dbcounter [-] [92050] Writing DB stats neutron:SELECT=3 {{(pid=92050) stat_writer /opt/stack/data/venv/lib/python3.12/site-packages/dbcounter.py:115}}
