Jul 31 17:19:26.329249 np0000006245 devstack@c-api.service[97094]: DEBUG cinder.api.openstack.wsgi [None req-b21e326a-55d5-4bcb-a7ab-29e2d37da416 tempest-VolumesDeleteCascade-1543256608 tempest-VolumesDeleteCascade-1543256608-project-member] Empty body provided in request {{(pid=97094) get_body /opt/stack/cinder/cinder/api/openstack/wsgi.py:725}}
Jul 31 17:19:26.329530 np0000006245 devstack@c-api.service[97094]: DEBUG cinder.api.openstack.wsgi [None req-b21e326a-55d5-4bcb-a7ab-29e2d37da416 tempest-VolumesDeleteCascade-1543256608 tempest-VolumesDeleteCascade-1543256608-project-member] Calling method 'show' {{(pid=97094) _process_stack /opt/stack/cinder/cinder/api/openstack/wsgi.py:878}}
Jul 31 17:19:26.335367 np0000006245 devstack@c-api.service[97093]: INFO cinder.api.openstack.wsgi [None req-116f4edf-a822-4d24-a1b4-ed20066dc8fa tempest-VolumesActionsTest-970543416 tempest-VolumesActionsTest-970543416-project-member] https://10.4.3.118/volume/v3/volumes/687e78c6-9c37-4690-b20b-78a5efd4a82a returned with HTTP 200
Jul 31 17:19:26.336095 np0000006245 devstack@c-api.service[97093]: [pid: 97093|app: 0|req: 132/392] 10.4.3.118 () {66 vars in 1348 bytes} [Fri Jul 31 17:19:26 2026] GET /volume/v3/volumes/687e78c6-9c37-4690-b20b-78a5efd4a82a => generated 817 bytes in 47 msecs (HTTP/1.1 200) 7 headers in 285 bytes (1 switches on core 0)
Jul 31 17:19:26.343450 np0000006245 devstack@c-api.service[97094]: /opt/stack/data/venv/lib/python3.12/site-packages/oslo_context/context.py:102: DeprecationWarning: Policy enforcement is depending on the value of is_admin. This key is deprecated. Please update your policy file to use the standard policy values.
Jul 31 17:19:26.343450 np0000006245 devstack@c-api.service[97094]: warnings.warn(
Jul 31 17:19:26.348458 np0000006245 devstack@c-api.service[97094]: INFO cinder.volume.api [None req-b21e326a-55d5-4bcb-a7ab-29e2d37da416 tempest-VolumesDeleteCascade-1543256608 tempest-VolumesDeleteCascade-1543256608-project-member] Volume info retrieved successfully.
Jul 31 17:19:26.353936 np0000006245 devstack@c-api.service[97094]: INFO cinder.api.openstack.wsgi [None req-b21e326a-55d5-4bcb-a7ab-29e2d37da416 tempest-VolumesDeleteCascade-1543256608 tempest-VolumesDeleteCascade-1543256608-project-member] https://10.4.3.118/volume/v3/volumes/f9a6e0f0-7389-42fa-9c28-8ba0dbbb9cdc returned with HTTP 200
Jul 31 17:19:26.354237 np0000006245 devstack@c-api.service[97094]: [pid: 97094|app: 0|req: 131/393] 10.4.3.118 () {66 vars in 1348 bytes} [Fri Jul 31 17:19:26 2026] GET /volume/v3/volumes/f9a6e0f0-7389-42fa-9c28-8ba0dbbb9cdc => generated 842 bytes in 29 msecs (HTTP/1.1 200) 7 headers in 285 bytes (1 switches on core 0)
Jul 31 17:19:27.355514 np0000006245 devstack@c-api.service[97095]: DEBUG cinder.api.middleware.request_id [None req-0285abd9-1eb0-45a5-b116-62defa1f1396 None None] RequestId filter calling following filter/app {{(pid=97095) _context_setter /opt/stack/cinder/cinder/api/middleware/request_id.py:62}}
Jul 31 17:19:27.361776 np0000006245 devstack@c-api.service[97095]: INFO cinder.api.openstack.wsgi [None req-0285abd9-1eb0-45a5-b116-62defa1f1396 tempest-VolumesActionsTest-970543416 tempest-VolumesActionsTest-970543416-project-member] GET https://10.4.3.118/volume/v3/volumes/687e78c6-9c37-4690-b20b-78a5efd4a82a
Jul 31 17:19:27.362925 np0000006245 devstack@c-api.service[97095]: DEBUG cinder.api.openstack.wsgi [None req-0285abd9-1eb0-45a5-b116-62defa1f1396 tempest-VolumesActionsTest-970543416 tempest-VolumesActionsTest-970543416-project-member] Empty body provided in request {{(pid=97095) get_body /opt/stack/cinder/cinder/api/openstack/wsgi.py:725}}
Jul 31 17:19:27.363305 np0000006245 devstack@c-api.service[97095]: DEBUG cinder.api.openstack.wsgi [None req-0285abd9-1eb0-45a5-b116-62defa1f1396 tempest-VolumesActionsTest-970543416 tempest-VolumesActionsTest-970543416-project-member] Calling method 'show' {{(pid=97095) _process_stack /opt/stack/cinder/cinder/api/openstack/wsgi.py:878}}
Jul 31 17:19:27.371466 np0000006245 devstack@c-api.service[97093]: DEBUG cinder.api.middleware.request_id [None req-f6da8759-570e-43ed-afb9-5473e408f5aa None None] RequestId filter calling following filter/app {{(pid=97093) _context_setter /opt/stack/cinder/cinder/api/middleware/request_id.py:62}}
Jul 31 17:19:27.375585 np0000006245 devstack@c-api.service[97093]: INFO cinder.api.openstack.wsgi [None req-f6da8759-570e-43ed-afb9-5473e408f5aa tempest-VolumesDeleteCascade-1543256608 tempest-VolumesDeleteCascade-1543256608-project-member] GET https://10.4.3.118/volume/v3/volumes/f9a6e0f0-7389-42fa-9c28-8ba0dbbb9cdc
Jul 31 17:19:27.376177 np0000006245 devstack@c-api.service[97093]: DEBUG cinder.api.openstack.wsgi [None req-f6da8759-570e-43ed-afb9-5473e408f5aa tempest-VolumesDeleteCascade-1543256608 tempest-VolumesDeleteCascade-1543256608-project-member] Empty body provided in request {{(pid=97093) get_body /opt/stack/cinder/cinder/api/openstack/wsgi.py:725}}
Jul 31 17:19:27.376265 np0000006245 devstack@c-api.service[97093]: DEBUG cinder.api.openstack.wsgi [None req-f6da8759-570e-43ed-afb9-5473e408f5aa tempest-VolumesDeleteCascade-1543256608 tempest-VolumesDeleteCascade-1543256608-project-member] Calling method 'show' {{(pid=97093) _process_stack /opt/stack/cinder/cinder/api/openstack/wsgi.py:878}}
Jul 31 17:19:27.382954 np0000006245 devstack@c-api.service[97095]: /opt/stack/data/venv/lib/python3.12/site-packages/oslo_context/context.py:102: DeprecationWarning: Policy enforcement is depending on the value of is_admin. This key is deprecated. Please update your policy file to use the standard policy values.
Jul 31 17:19:27.382954 np0000006245 devstack@c-api.service[97095]: warnings.warn(
Jul 31 17:19:27.385865 np0000006245 devstack@c-api.service[97093]: INFO cinder.api.openstack.wsgi [None req-f6da8759-570e-43ed-afb9-5473e408f5aa tempest-VolumesDeleteCascade-1543256608 tempest-VolumesDeleteCascade-1543256608-project-member] https://10.4.3.118/volume/v3/volumes/f9a6e0f0-7389-42fa-9c28-8ba0dbbb9cdc returned with HTTP 404
Jul 31 17:19:27.386557 np0000006245 devstack@c-api.service[97093]: [pid: 97093|app: 0|req: 133/394] 10.4.3.118 () {66 vars in 1348 bytes} [Fri Jul 31 17:19:27 2026] GET /volume/v3/volumes/f9a6e0f0-7389-42fa-9c28-8ba0dbbb9cdc => generated 109 bytes in 16 msecs (HTTP/1.1 404) 7 headers in 292 bytes (1 switches on core 0)
Jul 31 17:19:27.396787 np0000006245 devstack@c-api.service[97094]: DEBUG cinder.api.middleware.request_id [None req-8abb27ab-b3c0-4b2e-8467-43b669821c45 None None] RequestId filter calling following filter/app {{(pid=97094) _context_setter /opt/stack/cinder/cinder/api/middleware/request_id.py:62}}
Jul 31 17:19:27.402196 np0000006245 devstack@c-api.service[97094]: INFO cinder.api.openstack.wsgi [None req-8abb27ab-b3c0-4b2e-8467-43b669821c45 tempest-VolumesDeleteCascade-1543256608 tempest-VolumesDeleteCascade-1543256608-project-member] GET https://10.4.3.118/volume/v3/volumes
Jul 31 17:19:27.402196 np0000006245 devstack@c-api.service[97094]: DEBUG cinder.api.openstack.wsgi [None req-8abb27ab-b3c0-4b2e-8467-43b669821c45 tempest-VolumesDeleteCascade-1543256608 tempest-VolumesDeleteCascade-1543256608-project-member] Empty body provided in request {{(pid=97094) get_body /opt/stack/cinder/cinder/api/openstack/wsgi.py:725}}
Jul 31 17:19:27.402196 np0000006245 devstack@c-api.service[97094]: DEBUG cinder.api.openstack.wsgi [None req-8abb27ab-b3c0-4b2e-8467-43b669821c45 tempest-VolumesDeleteCascade-1543256608 tempest-VolumesDeleteCascade-1543256608-project-member] Calling method 'index' {{(pid=97094) _process_stack /opt/stack/cinder/cinder/api/openstack/wsgi.py:878}}
Jul 31 17:19:27.402840 np0000006245 devstack@c-api.service[97094]: DEBUG cinder.api.api_utils [None req-8abb27ab-b3c0-4b2e-8467-43b669821c45 tempest-VolumesDeleteCascade-1543256608 tempest-VolumesDeleteCascade-1543256608-project-member] Removing options '' from query. {{(pid=97094) remove_invalid_filter_options /opt/stack/cinder/cinder/api/api_utils.py:82}}
Jul 31 17:19:27.405145 np0000006245 devstack@c-api.service[97094]: DEBUG cinder.volume.api [None req-8abb27ab-b3c0-4b2e-8467-43b669821c45 tempest-VolumesDeleteCascade-1543256608 tempest-VolumesDeleteCascade-1543256608-project-member] Searching by: MultiDict([('no_migration_targets', True)]). {{(pid=97094) get_all /opt/stack/cinder/cinder/volume/api.py:664}}
Jul 31 17:19:27.413687 np0000006245 devstack@c-api.service[97095]: INFO cinder.volume.api [None req-0285abd9-1eb0-45a5-b116-62defa1f1396 tempest-VolumesActionsTest-970543416 tempest-VolumesActionsTest-970543416-project-member] Volume info retrieved successfully.
Jul 31 17:19:27.416938 np0000006245 devstack@c-api.service[97094]: INFO cinder.volume.api [None req-8abb27ab-b3c0-4b2e-8467-43b669821c45 tempest-VolumesDeleteCascade-1543256608 tempest-VolumesDeleteCascade-1543256608-project-member] Get all volumes completed successfully.
Jul 31 17:19:27.417635 np0000006245 devstack@c-api.service[97094]: INFO cinder.api.openstack.wsgi [None req-8abb27ab-b3c0-4b2e-8467-43b669821c45 tempest-VolumesDeleteCascade-1543256608 tempest-VolumesDeleteCascade-1543256608-project-member] https://10.4.3.118/volume/v3/volumes returned with HTTP 200
Jul 31 17:19:27.418700 np0000006245 devstack@c-api.service[97094]: [pid: 97094|app: 0|req: 132/395] 10.4.3.118 () {66 vars in 1237 bytes} [Fri Jul 31 17:19:27 2026] GET /volume/v3/volumes => generated 15 bytes in 23 msecs (HTTP/1.1 200) 7 headers in 284 bytes (1 switches on core 0)
Jul 31 17:19:27.423065 np0000006245 devstack@c-api.service[97095]: INFO cinder.api.openstack.wsgi [None req-0285abd9-1eb0-45a5-b116-62defa1f1396 tempest-VolumesActionsTest-970543416 tempest-VolumesActionsTest-970543416-project-member] https://10.4.3.118/volume/v3/volumes/687e78c6-9c37-4690-b20b-78a5efd4a82a returned with HTTP 200
Jul 31 17:19:27.423445 np0000006245 devstack@c-api.service[97095]: [pid: 97095|app: 0|req: 131/396] 10.4.3.118 () {66 vars in 1348 bytes} [Fri Jul 31 17:19:27 2026] GET /volume/v3/volumes/687e78c6-9c37-4690-b20b-78a5efd4a82a => generated 842 bytes in 68 msecs (HTTP/1.1 200) 7 headers in 285 bytes (1 switches on core 0)
Jul 31 17:19:27.431661 np0000006245 devstack@c-api.service[97093]: DEBUG cinder.api.middleware.request_id [None req-86b0795e-370f-4b90-bf8e-c172971269bc None None] RequestId filter calling following filter/app {{(pid=97093) _context_setter /opt/stack/cinder/cinder/api/middleware/request_id.py:62}}
Jul 31 17:19:27.435338 np0000006245 devstack@c-api.service[97093]: INFO cinder.api.openstack.wsgi [None req-86b0795e-370f-4b90-bf8e-c172971269bc tempest-VolumesDeleteCascade-1543256608 tempest-VolumesDeleteCascade-1543256608-project-member] GET https://10.4.3.118/volume/v3/snapshots
Jul 31 17:19:27.435568 np0000006245 devstack@c-api.service[97093]: DEBUG cinder.api.openstack.wsgi [None req-86b0795e-370f-4b90-bf8e-c172971269bc tempest-VolumesDeleteCascade-1543256608 tempest-VolumesDeleteCascade-1543256608-project-member] Empty body provided in request {{(pid=97093) get_body /opt/stack/cinder/cinder/api/openstack/wsgi.py:725}}
Jul 31 17:19:27.435815 np0000006245 devstack@c-api.service[97093]: DEBUG cinder.api.openstack.wsgi [None req-86b0795e-370f-4b90-bf8e-c172971269bc tempest-VolumesDeleteCascade-1543256608 tempest-VolumesDeleteCascade-1543256608-project-member] Calling method 'index' {{(pid=97093) _process_stack /opt/stack/cinder/cinder/api/openstack/wsgi.py:878}}
Jul 31 17:19:27.436718 np0000006245 devstack@c-api.service[97093]: DEBUG cinder.api.api_utils [None req-86b0795e-370f-4b90-bf8e-c172971269bc tempest-VolumesDeleteCascade-1543256608 tempest-VolumesDeleteCascade-1543256608-project-member] Removing options '' from query. {{(pid=97093) remove_invalid_filter_options /opt/stack/cinder/cinder/api/api_utils.py:82}}
Jul 31 17:19:27.437946 np0000006245 devstack@c-api.service[97093]: DEBUG cinder.db.api [None req-86b0795e-370f-4b90-bf8e-c172971269bc tempest-VolumesDeleteCascade-1543256608 tempest-VolumesDeleteCascade-1543256608-project-member] Building query based on filter {{(pid=97093) _process_snaps_filters /opt/stack/cinder/cinder/db/api.py:3942}}
Jul 31 17:19:27.442131 np0000006245 devstack@c-api.service[97094]: DEBUG cinder.api.middleware.request_id [None req-31ad84dd-f38b-445c-9af3-3febf3e28906 None None] RequestId filter calling following filter/app {{(pid=97094) _context_setter /opt/stack/cinder/cinder/api/middleware/request_id.py:62}}
Jul 31 17:19:27.445541 np0000006245 devstack@c-api.service[97094]: INFO cinder.api.openstack.wsgi [None req-31ad84dd-f38b-445c-9af3-3febf3e28906 tempest-VolumesActionsTest-970543416 tempest-VolumesActionsTest-970543416-project-member] POST https://10.4.3.118/volume/v3/volumes/687e78c6-9c37-4690-b20b-78a5efd4a82a/action
Jul 31 17:19:27.446813 np0000006245 devstack@c-api.service[97094]: DEBUG cinder.api.openstack.wsgi [None req-31ad84dd-f38b-445c-9af3-3febf3e28906 tempest-VolumesActionsTest-970543416 tempest-VolumesActionsTest-970543416-project-member] Action body: b'{"os-attach": {"instance_uuid": "36d20dee-493d-43f5-b0f7-2f997867bb18", "mountpoint": "/dev/vdb"}}' {{(pid=97094) get_method /opt/stack/cinder/cinder/api/openstack/wsgi.py:993}}
Jul 31 17:19:27.446813 np0000006245 devstack@c-api.service[97094]: DEBUG cinder.api.openstack.wsgi [None req-31ad84dd-f38b-445c-9af3-3febf3e28906 tempest-VolumesActionsTest-970543416 tempest-VolumesActionsTest-970543416-project-member] Action: 'action', calling method: _attach, body: {"os-attach": {"instance_uuid": "36d20dee-493d-43f5-b0f7-2f997867bb18", "mountpoint": "/dev/vdb"}} {{(pid=97094) _process_stack /opt/stack/cinder/cinder/api/openstack/wsgi.py:876}}
Jul 31 17:19:27.455293 np0000006245 devstack@c-api.service[97093]: INFO cinder.volume.api [None req-86b0795e-370f-4b90-bf8e-c172971269bc tempest-VolumesDeleteCascade-1543256608 tempest-VolumesDeleteCascade-1543256608-project-member] Get all snapshots completed successfully.
Jul 31 17:19:27.455370 np0000006245 devstack@c-api.service[97093]: INFO cinder.api.openstack.wsgi [None req-86b0795e-370f-4b90-bf8e-c172971269bc tempest-VolumesDeleteCascade-1543256608 tempest-VolumesDeleteCascade-1543256608-project-member] https://10.4.3.118/volume/v3/snapshots returned with HTTP 200
Jul 31 17:19:27.456885 np0000006245 devstack@c-api.service[97093]: [pid: 97093|app: 0|req: 134/397] 10.4.3.118 () {66 vars in 1243 bytes} [Fri Jul 31 17:19:27 2026] GET /volume/v3/snapshots => generated 17 bytes in 26 msecs (HTTP/1.1 200) 7 headers in 284 bytes (1 switches on core 0)
Jul 31 17:19:27.466191 np0000006245 devstack@c-api.service[97094]: /opt/stack/data/venv/lib/python3.12/site-packages/oslo_context/context.py:102: DeprecationWarning: Policy enforcement is depending on the value of is_admin. This key is deprecated. Please update your policy file to use the standard policy values.
Jul 31 17:19:27.466191 np0000006245 devstack@c-api.service[97094]: warnings.warn(
Jul 31 17:19:27.466890 np0000006245 devstack@c-api.service[97094]: INFO cinder.volume.api [None req-31ad84dd-f38b-445c-9af3-3febf3e28906 tempest-VolumesActionsTest-970543416 tempest-VolumesActionsTest-970543416-project-member] Volume info retrieved successfully.
Jul 31 17:19:27.472097 np0000006245 devstack@c-api.service[97095]: DEBUG cinder.api.middleware.request_id [None req-0135734c-4d9a-4beb-814b-a07814cc5394 None None] RequestId filter calling following filter/app {{(pid=97095) _context_setter /opt/stack/cinder/cinder/api/middleware/request_id.py:62}}
Jul 31 17:19:27.476258 np0000006245 devstack@c-api.service[97095]: INFO cinder.api.openstack.wsgi [None req-0135734c-4d9a-4beb-814b-a07814cc5394 tempest-VolumesDeleteCascade-1543256608 tempest-VolumesDeleteCascade-1543256608-project-member] DELETE https://10.4.3.118/volume/v3/snapshots/f9d458c1-6d70-47c5-9493-18ccef5066c4
Jul 31 17:19:27.477244 np0000006245 devstack@c-api.service[97095]: DEBUG cinder.api.openstack.wsgi [None req-0135734c-4d9a-4beb-814b-a07814cc5394 tempest-VolumesDeleteCascade-1543256608 tempest-VolumesDeleteCascade-1543256608-project-member] Empty body provided in request {{(pid=97095) get_body /opt/stack/cinder/cinder/api/openstack/wsgi.py:725}}
Jul 31 17:19:27.477244 np0000006245 devstack@c-api.service[97095]: DEBUG cinder.api.openstack.wsgi [None req-0135734c-4d9a-4beb-814b-a07814cc5394 tempest-VolumesDeleteCascade-1543256608 tempest-VolumesDeleteCascade-1543256608-project-member] Calling method 'delete' {{(pid=97095) _process_stack /opt/stack/cinder/cinder/api/openstack/wsgi.py:878}}
Jul 31 17:19:27.477244 np0000006245 devstack@c-api.service[97095]: INFO cinder.api.v3.snapshots [None req-0135734c-4d9a-4beb-814b-a07814cc5394 tempest-VolumesDeleteCascade-1543256608 tempest-VolumesDeleteCascade-1543256608-project-member] Delete snapshot with id: f9d458c1-6d70-47c5-9493-18ccef5066c4
Jul 31 17:19:27.482907 np0000006245 devstack@c-api.service[97094]: INFO cinder.volume.api [None req-31ad84dd-f38b-445c-9af3-3febf3e28906 tempest-VolumesActionsTest-970543416 tempest-VolumesActionsTest-970543416-project-member] Update volume admin metadata completed successfully.
Jul 31 17:19:27.498406 np0000006245 devstack@c-api.service[97095]: INFO cinder.api.openstack.wsgi [None req-0135734c-4d9a-4beb-814b-a07814cc5394 tempest-VolumesDeleteCascade-1543256608 tempest-VolumesDeleteCascade-1543256608-project-member] https://10.4.3.118/volume/v3/snapshots/f9d458c1-6d70-47c5-9493-18ccef5066c4 returned with HTTP 404
Jul 31 17:19:27.500480 np0000006245 devstack@c-api.service[97095]: [pid: 97095|app: 0|req: 132/398] 10.4.3.118 () {66 vars in 1357 bytes} [Fri Jul 31 17:19:27 2026] DELETE /volume/v3/snapshots/f9d458c1-6d70-47c5-9493-18ccef5066c4 => generated 111 bytes in 29 msecs (HTTP/1.1 404) 7 headers in 292 bytes (1 switches on core 0)
Jul 31 17:19:27.516530 np0000006245 devstack@c-api.service[97093]: DEBUG cinder.api.middleware.request_id [None req-50758732-f406-4d10-9deb-1246b87d3f00 None None] RequestId filter calling following filter/app {{(pid=97093) _context_setter /opt/stack/cinder/cinder/api/middleware/request_id.py:62}}
Jul 31 17:19:27.518553 np0000006245 devstack@c-api.service[97093]: INFO cinder.api.openstack.wsgi [None req-50758732-f406-4d10-9deb-1246b87d3f00 tempest-VolumesDeleteCascade-1543256608 tempest-VolumesDeleteCascade-1543256608-project-member] DELETE https://10.4.3.118/volume/v3/snapshots/2065502c-fca4-481a-b37c-7dcec30d5d35
Jul 31 17:19:27.518872 np0000006245 devstack@c-api.service[97093]: DEBUG cinder.api.openstack.wsgi [None req-50758732-f406-4d10-9deb-1246b87d3f00 tempest-VolumesDeleteCascade-1543256608 tempest-VolumesDeleteCascade-1543256608-project-member] Empty body provided in request {{(pid=97093) get_body /opt/stack/cinder/cinder/api/openstack/wsgi.py:725}}
Jul 31 17:19:27.519538 np0000006245 devstack@c-api.service[97093]: DEBUG cinder.api.openstack.wsgi [None req-50758732-f406-4d10-9deb-1246b87d3f00 tempest-VolumesDeleteCascade-1543256608 tempest-VolumesDeleteCascade-1543256608-project-member] Calling method 'delete' {{(pid=97093) _process_stack /opt/stack/cinder/cinder/api/openstack/wsgi.py:878}}
Jul 31 17:19:27.519538 np0000006245 devstack@c-api.service[97093]: INFO cinder.api.v3.snapshots [None req-50758732-f406-4d10-9deb-1246b87d3f00 tempest-VolumesDeleteCascade-1543256608 tempest-VolumesDeleteCascade-1543256608-project-member] Delete snapshot with id: 2065502c-fca4-481a-b37c-7dcec30d5d35
Jul 31 17:19:27.526743 np0000006245 devstack@c-api.service[97093]: INFO cinder.api.openstack.wsgi [None req-50758732-f406-4d10-9deb-1246b87d3f00 tempest-VolumesDeleteCascade-1543256608 tempest-VolumesDeleteCascade-1543256608-project-member] https://10.4.3.118/volume/v3/snapshots/2065502c-fca4-481a-b37c-7dcec30d5d35 returned with HTTP 404
Jul 31 17:19:27.528725 np0000006245 devstack@c-api.service[97093]: [pid: 97093|app: 0|req: 135/399] 10.4.3.118 () {66 vars in 1357 bytes} [Fri Jul 31 17:19:27 2026] DELETE /volume/v3/snapshots/2065502c-fca4-481a-b37c-7dcec30d5d35 => generated 111 bytes in 12 msecs (HTTP/1.1 404) 7 headers in 292 bytes (1 switches on core 0)
Jul 31 17:19:27.537625 np0000006245 devstack@c-api.service[97095]: DEBUG cinder.api.middleware.request_id [None req-d85aa28d-9429-4812-9e94-51c43660cf7e None None] RequestId filter calling following filter/app {{(pid=97095) _context_setter /opt/stack/cinder/cinder/api/middleware/request_id.py:62}}
Jul 31 17:19:27.540000 np0000006245 devstack@c-api.service[97095]: INFO cinder.api.openstack.wsgi [None req-d85aa28d-9429-4812-9e94-51c43660cf7e tempest-VolumesDeleteCascade-1543256608 tempest-VolumesDeleteCascade-1543256608-project-member] GET https://10.4.3.118/volume/v3/volumes/f9a6e0f0-7389-42fa-9c28-8ba0dbbb9cdc
Jul 31 17:19:27.540233 np0000006245 devstack@c-api.service[97095]: DEBUG cinder.api.openstack.wsgi [None req-d85aa28d-9429-4812-9e94-51c43660cf7e tempest-VolumesDeleteCascade-1543256608 tempest-VolumesDeleteCascade-1543256608-project-member] Empty body provided in request {{(pid=97095) get_body /opt/stack/cinder/cinder/api/openstack/wsgi.py:725}}
Jul 31 17:19:27.540366 np0000006245 devstack@c-api.service[97095]: DEBUG cinder.api.openstack.wsgi [None req-d85aa28d-9429-4812-9e94-51c43660cf7e tempest-VolumesDeleteCascade-1543256608 tempest-VolumesDeleteCascade-1543256608-project-member] Calling method 'show' {{(pid=97095) _process_stack /opt/stack/cinder/cinder/api/openstack/wsgi.py:878}}
Jul 31 17:19:27.547183 np0000006245 devstack@c-api.service[97095]: INFO cinder.api.openstack.wsgi [None req-d85aa28d-9429-4812-9e94-51c43660cf7e tempest-VolumesDeleteCascade-1543256608 tempest-VolumesDeleteCascade-1543256608-project-member] https://10.4.3.118/volume/v3/volumes/f9a6e0f0-7389-42fa-9c28-8ba0dbbb9cdc returned with HTTP 404
Jul 31 17:19:27.548139 np0000006245 devstack@c-api.service[97095]: [pid: 97095|app: 0|req: 133/400] 10.4.3.118 () {66 vars in 1348 bytes} [Fri Jul 31 17:19:27 2026] GET /volume/v3/volumes/f9a6e0f0-7389-42fa-9c28-8ba0dbbb9cdc => generated 109 bytes in 11 msecs (HTTP/1.1 404) 7 headers in 292 bytes (1 switches on core 0)
Jul 31 17:19:27.558366 np0000006245 devstack@c-api.service[97093]: DEBUG cinder.api.middleware.request_id [None req-7bbb5e2c-cedf-49ca-88bb-28546b972473 None None] RequestId filter calling following filter/app {{(pid=97093) _context_setter /opt/stack/cinder/cinder/api/middleware/request_id.py:62}}
Jul 31 17:19:27.561686 np0000006245 devstack@c-api.service[97093]: INFO cinder.api.openstack.wsgi [None req-7bbb5e2c-cedf-49ca-88bb-28546b972473 tempest-VolumesDeleteCascade-1543256608 tempest-VolumesDeleteCascade-1543256608-project-member] DELETE https://10.4.3.118/volume/v3/volumes/f9a6e0f0-7389-42fa-9c28-8ba0dbbb9cdc
Jul 31 17:19:27.561686 np0000006245 devstack@c-api.service[97093]: DEBUG cinder.api.openstack.wsgi [None req-7bbb5e2c-cedf-49ca-88bb-28546b972473 tempest-VolumesDeleteCascade-1543256608 tempest-VolumesDeleteCascade-1543256608-project-member] Empty body provided in request {{(pid=97093) get_body /opt/stack/cinder/cinder/api/openstack/wsgi.py:725}}
Jul 31 17:19:27.561686 np0000006245 devstack@c-api.service[97093]: DEBUG cinder.api.openstack.wsgi [None req-7bbb5e2c-cedf-49ca-88bb-28546b972473 tempest-VolumesDeleteCascade-1543256608 tempest-VolumesDeleteCascade-1543256608-project-member] Calling method 'delete' {{(pid=97093) _process_stack /opt/stack/cinder/cinder/api/openstack/wsgi.py:878}}
Jul 31 17:19:27.561686 np0000006245 devstack@c-api.service[97093]: INFO cinder.api.v3.volumes [None req-7bbb5e2c-cedf-49ca-88bb-28546b972473 tempest-VolumesDeleteCascade-1543256608 tempest-VolumesDeleteCascade-1543256608-project-member] Delete volume with id: f9a6e0f0-7389-42fa-9c28-8ba0dbbb9cdc
Jul 31 17:19:27.572769 np0000006245 devstack@c-api.service[97093]: INFO cinder.api.openstack.wsgi [None req-7bbb5e2c-cedf-49ca-88bb-28546b972473 tempest-VolumesDeleteCascade-1543256608 tempest-VolumesDeleteCascade-1543256608-project-member] https://10.4.3.118/volume/v3/volumes/f9a6e0f0-7389-42fa-9c28-8ba0dbbb9cdc returned with HTTP 404
Jul 31 17:19:27.572769 np0000006245 devstack@c-api.service[97093]: [pid: 97093|app: 0|req: 136/401] 10.4.3.118 () {66 vars in 1351 bytes} [Fri Jul 31 17:19:27 2026] DELETE /volume/v3/volumes/f9a6e0f0-7389-42fa-9c28-8ba0dbbb9cdc => generated 109 bytes in 14 msecs (HTTP/1.1 404) 7 headers in 292 bytes (1 switches on core 0)
Jul 31 17:19:27.584284 np0000006245 devstack@c-api.service[97095]: DEBUG cinder.api.middleware.request_id [None req-27cbda78-9729-4051-9ff7-fd17138a9715 None None] RequestId filter calling following filter/app {{(pid=97095) _context_setter /opt/stack/cinder/cinder/api/middleware/request_id.py:62}}
Jul 31 17:19:27.585215 np0000006245 devstack@c-api.service[97094]: INFO cinder.volume.api [None req-31ad84dd-f38b-445c-9af3-3febf3e28906 tempest-VolumesActionsTest-970543416 tempest-VolumesActionsTest-970543416-project-member] Attach volume completed successfully.
Jul 31 17:19:27.585431 np0000006245 devstack@c-api.service[97094]: INFO cinder.api.openstack.wsgi [None req-31ad84dd-f38b-445c-9af3-3febf3e28906 tempest-VolumesActionsTest-970543416 tempest-VolumesActionsTest-970543416-project-member] https://10.4.3.118/volume/v3/volumes/687e78c6-9c37-4690-b20b-78a5efd4a82a/action returned with HTTP 202
Jul 31 17:19:27.586080 np0000006245 devstack@c-api.service[97094]: [pid: 97094|app: 0|req: 133/402] 10.4.3.118 () {68 vars in 1390 bytes} [Fri Jul 31 17:19:27 2026] POST /volume/v3/volumes/687e78c6-9c37-4690-b20b-78a5efd4a82a/action => generated 0 bytes in 145 msecs (HTTP/1.1 202) 7 headers in 289 bytes (1 switches on core 0)
Jul 31 17:19:27.588709 np0000006245 devstack@c-api.service[97095]: INFO cinder.api.openstack.wsgi [None req-27cbda78-9729-4051-9ff7-fd17138a9715 tempest-VolumesDeleteCascade-1543256608 tempest-VolumesDeleteCascade-1543256608-project-member] POST https://10.4.3.118/volume/v3/volumes
Jul 31 17:19:27.589863 np0000006245 devstack@c-api.service[97095]: DEBUG cinder.api.openstack.wsgi [None req-27cbda78-9729-4051-9ff7-fd17138a9715 tempest-VolumesDeleteCascade-1543256608 tempest-VolumesDeleteCascade-1543256608-project-member] Action: 'create', calling method: create, body: {"volume": {"size": 1, "name": "tempest-VolumesDeleteCascade-Volume-1171667575"}} {{(pid=97095) _process_stack /opt/stack/cinder/cinder/api/openstack/wsgi.py:876}}
Jul 31 17:19:27.596969 np0000006245 devstack@c-api.service[97095]: DEBUG cinder.api.v3.volumes [None req-27cbda78-9729-4051-9ff7-fd17138a9715 tempest-VolumesDeleteCascade-1543256608 tempest-VolumesDeleteCascade-1543256608-project-member] Create volume request body: {'volume': {'size': 1, 'name': 'tempest-VolumesDeleteCascade-Volume-1171667575'}} {{(pid=97095) create /opt/stack/cinder/cinder/api/v3/volumes.py:368}}
Jul 31 17:19:27.597183 np0000006245 devstack@c-api.service[97095]: INFO cinder.api.v3.volumes [None req-27cbda78-9729-4051-9ff7-fd17138a9715 tempest-VolumesDeleteCascade-1543256608 tempest-VolumesDeleteCascade-1543256608-project-member] Create volume of 1 GB
Jul 31 17:19:27.599670 np0000006245 devstack@c-api.service[97093]: DEBUG cinder.api.middleware.request_id [None req-afea1552-8f1c-42d0-bab5-e715e3496bbf None None] RequestId filter calling following filter/app {{(pid=97093) _context_setter /opt/stack/cinder/cinder/api/middleware/request_id.py:62}}
Jul 31 17:19:27.602154 np0000006245 devstack@c-api.service[97093]: INFO cinder.api.openstack.wsgi [None req-afea1552-8f1c-42d0-bab5-e715e3496bbf tempest-VolumesActionsTest-970543416 tempest-VolumesActionsTest-970543416-project-member] GET https://10.4.3.118/volume/v3/volumes/687e78c6-9c37-4690-b20b-78a5efd4a82a
Jul 31 17:19:27.602433 np0000006245 devstack@c-api.service[97093]: DEBUG cinder.api.openstack.wsgi [None req-afea1552-8f1c-42d0-bab5-e715e3496bbf tempest-VolumesActionsTest-970543416 tempest-VolumesActionsTest-970543416-project-member] Empty body provided in request {{(pid=97093) get_body /opt/stack/cinder/cinder/api/openstack/wsgi.py:725}}
Jul 31 17:19:27.604585 np0000006245 devstack@c-api.service[97095]: INFO cinder.volume.api [None req-27cbda78-9729-4051-9ff7-fd17138a9715 tempest-VolumesDeleteCascade-1543256608 tempest-VolumesDeleteCascade-1543256608-project-member] Availability Zones retrieved successfully.
Jul 31 17:19:27.605025 np0000006245 devstack@c-api.service[97093]: DEBUG cinder.api.openstack.wsgi [None req-afea1552-8f1c-42d0-bab5-e715e3496bbf tempest-VolumesActionsTest-970543416 tempest-VolumesActionsTest-970543416-project-member] Calling method 'show' {{(pid=97093) _process_stack /opt/stack/cinder/cinder/api/openstack/wsgi.py:878}}
Jul 31 17:19:27.618216 np0000006245 devstack@c-api.service[97095]: DEBUG cinder.volume.api [None req-27cbda78-9729-4051-9ff7-fd17138a9715 tempest-VolumesDeleteCascade-1543256608 tempest-VolumesDeleteCascade-1543256608-project-member] Flow 'volume_create_api' (40546079-ed29-4842-bfce-4d0302d5736a) transitioned into state 'RUNNING' from state 'PENDING' {{(pid=97095) _flow_receiver /opt/stack/data/venv/lib/python3.12/site-packages/taskflow/listeners/logging.py:160}}
Jul 31 17:19:27.622591 np0000006245 devstack@c-api.service[97095]: DEBUG cinder.volume.api [None req-27cbda78-9729-4051-9ff7-fd17138a9715 tempest-VolumesDeleteCascade-1543256608 tempest-VolumesDeleteCascade-1543256608-project-member] Task 'cinder.volume.flows.api.create_volume.ExtractVolumeRequestTask;volume:create' (9d8e7d6b-e7f3-4c81-82bc-3dd47b75abe5) transitioned into state 'RUNNING' from state 'PENDING' {{(pid=97095) _task_receiver /opt/stack/data/venv/lib/python3.12/site-packages/taskflow/listeners/logging.py:242}}
Jul 31 17:19:27.624455 np0000006245 devstack@c-api.service[97095]: DEBUG cinder.volume.flows.api.create_volume [None req-27cbda78-9729-4051-9ff7-fd17138a9715 tempest-VolumesDeleteCascade-1543256608 tempest-VolumesDeleteCascade-1543256608-project-member] Validating volume size '1' using validate_int {{(pid=97095) _extract_size /opt/stack/cinder/cinder/volume/flows/api/create_volume.py:226}}
Jul 31 17:19:27.628997 np0000006245 devstack@c-api.service[97093]: /opt/stack/data/venv/lib/python3.12/site-packages/oslo_context/context.py:102: DeprecationWarning: Policy enforcement is depending on the value of is_admin. This key is deprecated. Please update your policy file to use the standard policy values.
Jul 31 17:19:27.628997 np0000006245 devstack@c-api.service[97093]: warnings.warn(
Jul 31 17:19:27.638820 np0000006245 devstack@c-api.service[97093]: INFO cinder.volume.api [None req-afea1552-8f1c-42d0-bab5-e715e3496bbf tempest-VolumesActionsTest-970543416 tempest-VolumesActionsTest-970543416-project-member] Volume info retrieved successfully.
Jul 31 17:19:27.654076 np0000006245 devstack@c-api.service[97093]: INFO cinder.api.openstack.wsgi [None req-afea1552-8f1c-42d0-bab5-e715e3496bbf tempest-VolumesActionsTest-970543416 tempest-VolumesActionsTest-970543416-project-member] https://10.4.3.118/volume/v3/volumes/687e78c6-9c37-4690-b20b-78a5efd4a82a returned with HTTP 200
Jul 31 17:19:27.655843 np0000006245 devstack@c-api.service[97093]: [pid: 97093|app: 0|req: 137/403] 10.4.3.118 () {66 vars in 1348 bytes} [Fri Jul 31 17:19:27 2026] GET /volume/v3/volumes/687e78c6-9c37-4690-b20b-78a5efd4a82a => generated 1176 bytes in 57 msecs (HTTP/1.1 200) 7 headers in 286 bytes (1 switches on core 0)
Jul 31 17:19:27.681417 np0000006245 devstack@c-api.service[97094]: DEBUG cinder.api.middleware.request_id [None req-b99c09e2-1ade-43f2-8077-83bed14fdfa3 None None] RequestId filter calling following filter/app {{(pid=97094) _context_setter /opt/stack/cinder/cinder/api/middleware/request_id.py:62}}
Jul 31 17:19:27.685166 np0000006245 devstack@c-api.service[97094]: INFO cinder.api.openstack.wsgi [None req-b99c09e2-1ade-43f2-8077-83bed14fdfa3 tempest-VolumesActionsTest-970543416 tempest-VolumesActionsTest-970543416-project-member] GET https://10.4.3.118/volume/v3/volumes/687e78c6-9c37-4690-b20b-78a5efd4a82a
Jul 31 17:19:27.685166 np0000006245 devstack@c-api.service[97094]: DEBUG cinder.api.openstack.wsgi [None req-b99c09e2-1ade-43f2-8077-83bed14fdfa3 tempest-VolumesActionsTest-970543416 tempest-VolumesActionsTest-970543416-project-member] Empty body provided in request {{(pid=97094) get_body /opt/stack/cinder/cinder/api/openstack/wsgi.py:725}}
Jul 31 17:19:27.685890 np0000006245 devstack@c-api.service[97094]: DEBUG cinder.api.openstack.wsgi [None req-b99c09e2-1ade-43f2-8077-83bed14fdfa3 tempest-VolumesActionsTest-970543416 tempest-VolumesActionsTest-970543416-project-member] Calling method 'show' {{(pid=97094) _process_stack /opt/stack/cinder/cinder/api/openstack/wsgi.py:878}}
Jul 31 17:19:27.687548 np0000006245 devstack@c-api.service[97095]: DEBUG cinder.volume.api [None req-27cbda78-9729-4051-9ff7-fd17138a9715 tempest-VolumesDeleteCascade-1543256608 tempest-VolumesDeleteCascade-1543256608-project-member] Task 'cinder.volume.flows.api.create_volume.ExtractVolumeRequestTask;volume:create' (9d8e7d6b-e7f3-4c81-82bc-3dd47b75abe5) transitioned into state 'SUCCESS' from state 'RUNNING' with result '{'size': 1, 'snapshot_id': None, 'source_volid': None, 'volume_type': VolumeType(created_at=2026-07-31T17:15:03Z,deleted=False,deleted_at=None,description=None,extra_specs={volume_backend_name='storpool'},id=309a9c19-cdb7-4c0c-940f-f20b12968356,is_public=True,name='storpool',projects=[],qos_specs=,qos_specs_id=None,updated_at=None), 'volume_type_id': '309a9c19-cdb7-4c0c-940f-f20b12968356', 'encryption_key_id': None, 'qos_specs': None, 'consistencygroup_id': None, 'cgsnapshot_id': None, 'group_id': None, 'replication_status': 'disabled', 'refresh_az': False, 'backup_id': None, 'multiattach': False, 'availability_zones': ['nova']}' {{(pid=97095) _task_receiver /opt/stack/data/venv/lib/python3.12/site-packages/taskflow/listeners/logging.py:218}}
Jul 31 17:19:27.691096 np0000006245 devstack@c-api.service[97095]: DEBUG cinder.volume.api [None req-27cbda78-9729-4051-9ff7-fd17138a9715 tempest-VolumesDeleteCascade-1543256608 tempest-VolumesDeleteCascade-1543256608-project-member] Task 'cinder.volume.flows.api.create_volume.QuotaReserveTask;volume:create' (c32d6ffe-b4e5-4573-adf5-2bfd0d1496ee) transitioned into state 'RUNNING' from state 'PENDING' {{(pid=97095) _task_receiver /opt/stack/data/venv/lib/python3.12/site-packages/taskflow/listeners/logging.py:242}}
Jul 31 17:19:27.701599 np0000006245 devstack@c-api.service[97094]: /opt/stack/data/venv/lib/python3.12/site-packages/oslo_context/context.py:102: DeprecationWarning: Policy enforcement is depending on the value of is_admin. This key is deprecated. Please update your policy file to use the standard policy values.
Jul 31 17:19:27.701599 np0000006245 devstack@c-api.service[97094]: warnings.warn(
Jul 31 17:19:27.708112 np0000006245 devstack@c-api.service[97094]: INFO cinder.volume.api [None req-b99c09e2-1ade-43f2-8077-83bed14fdfa3 tempest-VolumesActionsTest-970543416 tempest-VolumesActionsTest-970543416-project-member] Volume info retrieved successfully.
Jul 31 17:19:27.715353 np0000006245 devstack@c-api.service[97094]: INFO cinder.api.openstack.wsgi [None req-b99c09e2-1ade-43f2-8077-83bed14fdfa3 tempest-VolumesActionsTest-970543416 tempest-VolumesActionsTest-970543416-project-member] https://10.4.3.118/volume/v3/volumes/687e78c6-9c37-4690-b20b-78a5efd4a82a returned with HTTP 200
Jul 31 17:19:27.716247 np0000006245 devstack@c-api.service[97094]: [pid: 97094|app: 0|req: 134/404] 10.4.3.118 () {66 vars in 1348 bytes} [Fri Jul 31 17:19:27 2026] GET /volume/v3/volumes/687e78c6-9c37-4690-b20b-78a5efd4a82a => generated 1176 bytes in 37 msecs (HTTP/1.1 200) 7 headers in 286 bytes (1 switches on core 0)
Jul 31 17:19:27.737551 np0000006245 devstack@c-api.service[97093]: DEBUG cinder.api.middleware.request_id [None req-e4468ecc-9898-495e-b063-22c707dbbb8c None None] RequestId filter calling following filter/app {{(pid=97093) _context_setter /opt/stack/cinder/cinder/api/middleware/request_id.py:62}}
Jul 31 17:19:27.792724 np0000006245 devstack@c-api.service[97095]: DEBUG cinder.quota [None req-27cbda78-9729-4051-9ff7-fd17138a9715 tempest-VolumesDeleteCascade-1543256608 tempest-VolumesDeleteCascade-1543256608-project-member] Created reservations ['f24e8d05-4717-4724-99ef-fc5644f4644c', '0d4f2288-e135-4a7a-897e-b5837c03939e', '92c3d33a-ae6c-4725-a31a-3b3d4d8e85f2', 'a66dcbc0-8dca-4c66-aef8-02574f2f9d80'] {{(pid=97095) reserve /opt/stack/cinder/cinder/quota.py:752}}
Jul 31 17:19:27.792724 np0000006245 devstack@c-api.service[97095]: DEBUG cinder.volume.api [None req-27cbda78-9729-4051-9ff7-fd17138a9715 tempest-VolumesDeleteCascade-1543256608 tempest-VolumesDeleteCascade-1543256608-project-member] Task 'cinder.volume.flows.api.create_volume.QuotaReserveTask;volume:create' (c32d6ffe-b4e5-4573-adf5-2bfd0d1496ee) transitioned into state 'SUCCESS' from state 'RUNNING' with result '{'reservations': ['f24e8d05-4717-4724-99ef-fc5644f4644c', '0d4f2288-e135-4a7a-897e-b5837c03939e', '92c3d33a-ae6c-4725-a31a-3b3d4d8e85f2', 'a66dcbc0-8dca-4c66-aef8-02574f2f9d80']}' {{(pid=97095) _task_receiver /opt/stack/data/venv/lib/python3.12/site-packages/taskflow/listeners/logging.py:218}}
Jul 31 17:19:27.793453 np0000006245 devstack@c-api.service[97095]: DEBUG cinder.volume.api [None req-27cbda78-9729-4051-9ff7-fd17138a9715 tempest-VolumesDeleteCascade-1543256608 tempest-VolumesDeleteCascade-1543256608-project-member] Task 'cinder.volume.flows.api.create_volume.EntryCreateTask;volume:create' (79b87052-10c7-4c39-abb4-17afbf15d70c) transitioned into state 'RUNNING' from state 'PENDING' {{(pid=97095) _task_receiver /opt/stack/data/venv/lib/python3.12/site-packages/taskflow/listeners/logging.py:242}}
Jul 31 17:19:27.833904 np0000006245 devstack@c-api.service[97095]: DEBUG cinder.volume.api [None req-27cbda78-9729-4051-9ff7-fd17138a9715 tempest-VolumesDeleteCascade-1543256608 tempest-VolumesDeleteCascade-1543256608-project-member] Task 'cinder.volume.flows.api.create_volume.EntryCreateTask;volume:create' (79b87052-10c7-4c39-abb4-17afbf15d70c) transitioned into state 'SUCCESS' from state 'RUNNING' with result '{'volume_id': 'ebbfaf27-1230-40c3-830c-c7348dad9e75', 'volume_properties': VolumeProperties(attach_status='detached',availability_zone='nova',cgsnapshot_id=None,consistencygroup_id=None,display_description=None,display_name='tempest-VolumesDeleteCascade-Volume-1171667575',encryption_key_id=None,group_id=None,group_type_id=,metadata={},multiattach=False,project_id='7f7b20ac29e14ea793e8f4dcd3193d27',qos_specs=None,replication_status=,reservations=['f24e8d05-4717-4724-99ef-fc5644f4644c','0d4f2288-e135-4a7a-897e-b5837c03939e','92c3d33a-ae6c-4725-a31a-3b3d4d8e85f2','a66dcbc0-8dca-4c66-aef8-02574f2f9d80'],size=1,snapshot_id=None,source_replicaid=,source_volid=None,status='creating',user_id='a352e670797f46e0a9a88baaa842813c',volume_type_id=309a9c19-cdb7-4c0c-940f-f20b12968356), 'volume': Volume(_name_id=None,admin_metadata=,attach_status='detached',availability_zone='nova',bootable=False,cluster=,cluster_name=None,consistencygroup=,consistencygroup_id=None,created_at=2026-07-31T17:19:27Z,deleted=False,deleted_at=None,display_description=None,display_name='tempest-VolumesDeleteCascade-Volume-1171667575',ec2_id=None,encryption_key_id=None,glance_metadata=,group=,group_id=None,host=None,id=ebbfaf27-1230-40c3-830c-c7348dad9e75,launched_at=None,metadata={},migration_status=None,multiattach=False,previous_status=None,project_id='7f7b20ac29e14ea793e8f4dcd3193d27',provider_auth=None,provider_geometry=None,provider_id=None,provider_location=None,replication_driver_data=None,replication_extended_status=None,replication_status=None,scheduled_at=None,service_uuid=None,shared_targets=True,size=1,snapshot_id=None,snapshots=,source_volid=None,status='creating',terminated_at=None,updated_at=None,use_quota=True,user_id='a352e670797f46e0a9a88baaa842813c',volume_attachment=VolumeAttachmentList,volume_type=VolumeType(309a9c19-cdb7-4c0c-940f-f20b12968356),volume_type_id=309a9c19-cdb7-4c0c-940f-f20b12968356)}' {{(pid=97095) _task_receiver /opt/stack/data/venv/lib/python3.12/site-packages/taskflow/listeners/logging.py:218}}
Jul 31 17:19:27.835076 np0000006245 devstack@c-api.service[97095]: DEBUG cinder.volume.api [None req-27cbda78-9729-4051-9ff7-fd17138a9715 tempest-VolumesDeleteCascade-1543256608 tempest-VolumesDeleteCascade-1543256608-project-member] Task 'cinder.volume.flows.api.create_volume.QuotaCommitTask;volume:create' (295cc952-de8d-411c-8a4d-462faa319e09) transitioned into state 'RUNNING' from state 'PENDING' {{(pid=97095) _task_receiver /opt/stack/data/venv/lib/python3.12/site-packages/taskflow/listeners/logging.py:242}}
Jul 31 17:19:27.873615 np0000006245 devstack@c-api.service[97095]: DEBUG cinder.volume.api [None req-27cbda78-9729-4051-9ff7-fd17138a9715 tempest-VolumesDeleteCascade-1543256608 tempest-VolumesDeleteCascade-1543256608-project-member] Task 'cinder.volume.flows.api.create_volume.QuotaCommitTask;volume:create' (295cc952-de8d-411c-8a4d-462faa319e09) transitioned into state 'SUCCESS' from state 'RUNNING' with result '{'volume_properties': VolumeProperties(attach_status='detached',availability_zone='nova',cgsnapshot_id=None,consistencygroup_id=None,display_description=None,display_name='tempest-VolumesDeleteCascade-Volume-1171667575',encryption_key_id=None,group_id=None,group_type_id=,metadata={},multiattach=False,project_id='7f7b20ac29e14ea793e8f4dcd3193d27',qos_specs=None,replication_status=,reservations=['f24e8d05-4717-4724-99ef-fc5644f4644c','0d4f2288-e135-4a7a-897e-b5837c03939e','92c3d33a-ae6c-4725-a31a-3b3d4d8e85f2','a66dcbc0-8dca-4c66-aef8-02574f2f9d80'],size=1,snapshot_id=None,source_replicaid=,source_volid=None,status='creating',user_id='a352e670797f46e0a9a88baaa842813c',volume_type_id=309a9c19-cdb7-4c0c-940f-f20b12968356)}' {{(pid=97095) _task_receiver /opt/stack/data/venv/lib/python3.12/site-packages/taskflow/listeners/logging.py:218}}
Jul 31 17:19:27.874985 np0000006245 devstack@c-api.service[97095]: DEBUG cinder.volume.api [None req-27cbda78-9729-4051-9ff7-fd17138a9715 tempest-VolumesDeleteCascade-1543256608 tempest-VolumesDeleteCascade-1543256608-project-member] Task 'cinder.volume.flows.api.create_volume.VolumeCastTask;volume:create' (5e541e2e-9dae-46eb-90f4-5066c84de945) transitioned into state 'RUNNING' from state 'PENDING' {{(pid=97095) _task_receiver /opt/stack/data/venv/lib/python3.12/site-packages/taskflow/listeners/logging.py:242}}
Jul 31 17:19:27.905145 np0000006245 devstack@c-api.service[97095]: DEBUG cinder.volume.api [None req-27cbda78-9729-4051-9ff7-fd17138a9715 tempest-VolumesDeleteCascade-1543256608 tempest-VolumesDeleteCascade-1543256608-project-member] Task 'cinder.volume.flows.api.create_volume.VolumeCastTask;volume:create' (5e541e2e-9dae-46eb-90f4-5066c84de945) transitioned into state 'SUCCESS' from state 'RUNNING' with result 'None' {{(pid=97095) _task_receiver /opt/stack/data/venv/lib/python3.12/site-packages/taskflow/listeners/logging.py:218}}
Jul 31 17:19:27.906291 np0000006245 devstack@c-api.service[97095]: DEBUG cinder.volume.api [None req-27cbda78-9729-4051-9ff7-fd17138a9715 tempest-VolumesDeleteCascade-1543256608 tempest-VolumesDeleteCascade-1543256608-project-member] Flow 'volume_create_api' (40546079-ed29-4842-bfce-4d0302d5736a) transitioned into state 'SUCCESS' from state 'RUNNING' {{(pid=97095) _flow_receiver /opt/stack/data/venv/lib/python3.12/site-packages/taskflow/listeners/logging.py:160}}
Jul 31 17:19:27.921082 np0000006245 devstack@c-api.service[97095]: INFO cinder.volume.api [None req-27cbda78-9729-4051-9ff7-fd17138a9715 tempest-VolumesDeleteCascade-1543256608 tempest-VolumesDeleteCascade-1543256608-project-member] Create volume request issued successfully.
Jul 31 17:19:27.925192 np0000006245 devstack@c-api.service[97095]: INFO cinder.api.openstack.wsgi [None req-27cbda78-9729-4051-9ff7-fd17138a9715 tempest-VolumesDeleteCascade-1543256608 tempest-VolumesDeleteCascade-1543256608-project-member] https://10.4.3.118/volume/v3/volumes returned with HTTP 202
Jul 31 17:19:27.929734 np0000006245 devstack@c-api.service[97095]: [pid: 97095|app: 0|req: 134/405] 10.4.3.118 () {68 vars in 1258 bytes} [Fri Jul 31 17:19:27 2026] POST /volume/v3/volumes => generated 751 bytes in 343 msecs (HTTP/1.1 202) 7 headers in 291 bytes (1 switches on core 0)
Jul 31 17:19:27.943755 np0000006245 devstack@c-api.service[97094]: DEBUG cinder.api.middleware.request_id [None req-b5b3e4e3-73d2-4c58-9df0-2164a6209445 None None] RequestId filter calling following filter/app {{(pid=97094) _context_setter /opt/stack/cinder/cinder/api/middleware/request_id.py:62}}
Jul 31 17:19:27.946229 np0000006245 devstack@c-api.service[97094]: INFO cinder.api.openstack.wsgi [None req-b5b3e4e3-73d2-4c58-9df0-2164a6209445 tempest-VolumesDeleteCascade-1543256608 tempest-VolumesDeleteCascade-1543256608-project-member] GET https://10.4.3.118/volume/v3/volumes/ebbfaf27-1230-40c3-830c-c7348dad9e75
Jul 31 17:19:27.946441 np0000006245 devstack@c-api.service[97094]: DEBUG cinder.api.openstack.wsgi [None req-b5b3e4e3-73d2-4c58-9df0-2164a6209445 tempest-VolumesDeleteCascade-1543256608 tempest-VolumesDeleteCascade-1543256608-project-member] Empty body provided in request {{(pid=97094) get_body /opt/stack/cinder/cinder/api/openstack/wsgi.py:725}}
Jul 31 17:19:27.946682 np0000006245 devstack@c-api.service[97094]: DEBUG cinder.api.openstack.wsgi [None req-b5b3e4e3-73d2-4c58-9df0-2164a6209445 tempest-VolumesDeleteCascade-1543256608 tempest-VolumesDeleteCascade-1543256608-project-member] Calling method 'show' {{(pid=97094) _process_stack /opt/stack/cinder/cinder/api/openstack/wsgi.py:878}}
Jul 31 17:19:27.958766 np0000006245 devstack@c-api.service[97094]: /opt/stack/data/venv/lib/python3.12/site-packages/oslo_context/context.py:102: DeprecationWarning: Policy enforcement is depending on the value of is_admin. This key is deprecated. Please update your policy file to use the standard policy values.
Jul 31 17:19:27.958766 np0000006245 devstack@c-api.service[97094]: warnings.warn(
Jul 31 17:19:27.971089 np0000006245 devstack@c-api.service[97094]: INFO cinder.volume.api [None req-b5b3e4e3-73d2-4c58-9df0-2164a6209445 tempest-VolumesDeleteCascade-1543256608 tempest-VolumesDeleteCascade-1543256608-project-member] Volume info retrieved successfully.
Jul 31 17:19:27.984542 np0000006245 devstack@c-api.service[97094]: INFO cinder.api.openstack.wsgi [None req-b5b3e4e3-73d2-4c58-9df0-2164a6209445 tempest-VolumesDeleteCascade-1543256608 tempest-VolumesDeleteCascade-1543256608-project-member] https://10.4.3.118/volume/v3/volumes/ebbfaf27-1230-40c3-830c-c7348dad9e75 returned with HTTP 200
Jul 31 17:19:27.985318 np0000006245 devstack@c-api.service[97094]: [pid: 97094|app: 0|req: 135/406] 10.4.3.118 () {66 vars in 1348 bytes} [Fri Jul 31 17:19:27 2026] GET /volume/v3/volumes/ebbfaf27-1230-40c3-830c-c7348dad9e75 => generated 819 bytes in 42 msecs (HTTP/1.1 200) 7 headers in 285 bytes (1 switches on core 0)
Jul 31 17:19:28.152114 np0000006245 devstack@c-api.service[97093]: INFO cinder.api.openstack.wsgi [None req-e4468ecc-9898-495e-b063-22c707dbbb8c tempest-VolumesActionsTest-1117498021 tempest-VolumesActionsTest-1117498021-project-admin] POST https://10.4.3.118/volume/v3/volumes/687e78c6-9c37-4690-b20b-78a5efd4a82a/action
Jul 31 17:19:28.152576 np0000006245 devstack@c-api.service[97093]: DEBUG cinder.api.openstack.wsgi [None req-e4468ecc-9898-495e-b063-22c707dbbb8c tempest-VolumesActionsTest-1117498021 tempest-VolumesActionsTest-1117498021-project-admin] Action body: b'{"os-reset_status": {"status": "error"}}' {{(pid=97093) get_method /opt/stack/cinder/cinder/api/openstack/wsgi.py:993}}
Jul 31 17:19:28.152576 np0000006245 devstack@c-api.service[97093]: DEBUG cinder.api.openstack.wsgi [None req-e4468ecc-9898-495e-b063-22c707dbbb8c tempest-VolumesActionsTest-1117498021 tempest-VolumesActionsTest-1117498021-project-admin] Action: 'action', calling method: _reset_status, body: {"os-reset_status": {"status": "error"}} {{(pid=97093) _process_stack /opt/stack/cinder/cinder/api/openstack/wsgi.py:876}}
Jul 31 17:19:28.190887 np0000006245 devstack@c-api.service[97093]: /opt/stack/data/venv/lib/python3.12/site-packages/oslo_context/context.py:102: DeprecationWarning: Policy enforcement is depending on the value of is_admin. This key is deprecated. Please update your policy file to use the standard policy values.
Jul 31 17:19:28.190887 np0000006245 devstack@c-api.service[97093]: warnings.warn(
Jul 31 17:19:28.192181 np0000006245 devstack@c-api.service[97093]: DEBUG cinder.api.contrib.admin_actions [None req-e4468ecc-9898-495e-b063-22c707dbbb8c tempest-VolumesActionsTest-1117498021 tempest-VolumesActionsTest-1117498021-project-admin] Updating volume '687e78c6-9c37-4690-b20b-78a5efd4a82a' with '{'status': 'error'}' {{(pid=97093) _reset_status /opt/stack/cinder/cinder/api/contrib/admin_actions.py:109}}
Jul 31 17:19:28.295372 np0000006245 devstack@c-api.service[97093]: INFO cinder.api.openstack.wsgi [None req-e4468ecc-9898-495e-b063-22c707dbbb8c tempest-VolumesActionsTest-1117498021 tempest-VolumesActionsTest-1117498021-project-admin] https://10.4.3.118/volume/v3/volumes/687e78c6-9c37-4690-b20b-78a5efd4a82a/action returned with HTTP 202
Jul 31 17:19:28.296319 np0000006245 devstack@c-api.service[97093]: [pid: 97093|app: 0|req: 138/407] 10.4.3.118 () {68 vars in 1390 bytes} [Fri Jul 31 17:19:27 2026] POST /volume/v3/volumes/687e78c6-9c37-4690-b20b-78a5efd4a82a/action => generated 0 bytes in 559 msecs (HTTP/1.1 202) 7 headers in 289 bytes (2 switches on core 0)
Jul 31 17:19:28.312984 np0000006245 devstack@c-api.service[97095]: DEBUG cinder.api.middleware.request_id [None req-46824bb1-599a-4466-9c68-c4cafba88c6c None None] RequestId filter calling following filter/app {{(pid=97095) _context_setter /opt/stack/cinder/cinder/api/middleware/request_id.py:62}}
Jul 31 17:19:28.319872 np0000006245 devstack@c-api.service[97095]: INFO cinder.api.openstack.wsgi [None req-46824bb1-599a-4466-9c68-c4cafba88c6c tempest-VolumesActionsTest-970543416 tempest-VolumesActionsTest-970543416-project-member] GET https://10.4.3.118/volume/v3/volumes/687e78c6-9c37-4690-b20b-78a5efd4a82a
