Jun 15 06:05:52.890692 np0000002819 devstack@neutron-api.service[90093]: DEBUG neutron.plugins.ml2.drivers.ovn.mech_driver.mech_driver [None req-01b09b68-a574-4a71-93fb-eb452f70406c admin admin] Validating network segment with type geneve, segmentation ID 35022, physical network None {{(pid=90093) _validate_network_segments /opt/stack/neutron/neutron/plugins/ml2/drivers/ovn/mech_driver/mech_driver.py:643}}
Jun 15 06:05:52.890831 np0000002819 devstack@neutron-api.service[90093]: DEBUG neutron.db.ovn_revision_numbers_db [None req-01b09b68-a574-4a71-93fb-eb452f70406c admin admin] create_initial_revision uuid=c9f2425e-2b91-492a-8f51-480184c85239, type=networks, rev=-1 {{(pid=90093) create_initial_revision /opt/stack/neutron/neutron/db/ovn_revision_numbers_db.py:98}}
Jun 15 06:05:52.896549 np0000002819 devstack@neutron-api.service[90093]: DEBUG neutron_lib.callbacks.manager [None req-01b09b68-a574-4a71-93fb-eb452f70406c admin admin] Publish callbacks ['neutron.plugins.ml2.ovo_rpc._ObjectChangeHandler.handle_event-2325264'] for network (c9f2425e-2b91-492a-8f51-480184c85239), after_create {{(pid=90093) _notify_loop /opt/stack/data/venv/lib/python3.12/site-packages/neutron_lib/callbacks/manager.py:184}}
Jun 15 06:05:52.907913 np0000002819 devstack@neutron-api.service[90093]: DEBUG neutron.api.rpc.handlers.resources_rpc [None req-01b09b68-a574-4a71-93fb-eb452f70406c admin admin] Pushing event updated for resources: {'Network': ['ID=c9f2425e-2b91-492a-8f51-480184c85239,revision_number=1']} {{(pid=90093) push /opt/stack/neutron/neutron/api/rpc/handlers/resources_rpc.py:237}}
Jun 15 06:05:52.911280 np0000002819 devstack@neutron-api.service[90093]: DEBUG ovsdbapp.backend.ovs_idl.transaction [None req-ebfaae30-16ac-44ed-b40f-00a360e272ca None None] Running txn n=1 command(idx=0): CheckLivenessCommand(_result=None) {{(pid=90093) do_commit /opt/stack/data/venv/lib/python3.12/site-packages/ovsdbapp/backend/ovs_idl/transaction.py:89}}
Jun 15 06:05:52.927277 np0000002819 devstack@neutron-api.service[90093]: DEBUG neutron.plugins.ml2.drivers.ovn.mech_driver.ovsdb.ovsdb_monitor [None req-947b4abb-6e20-4d28-8a1f-12b85b6ca5df None None] ChassisAgentWriteEvent : Matched Chassis_Private, update, None None {{(pid=90093) matches /opt/stack/neutron/neutron/plugins/ml2/drivers/ovn/mech_driver/ovsdb/ovsdb_monitor.py:64}}
Jun 15 06:05:52.927791 np0000002819 devstack@neutron-api.service[90092]: DEBUG neutron.plugins.ml2.drivers.ovn.mech_driver.ovsdb.ovsdb_monitor [None req-359d93ab-6388-4d61-8871-55484917d55c None None] ChassisAgentWriteEvent : Matched Chassis_Private, update, None None {{(pid=90092) matches /opt/stack/neutron/neutron/plugins/ml2/drivers/ovn/mech_driver/ovsdb/ovsdb_monitor.py:64}}
Jun 15 06:05:52.929796 np0000002819 devstack@neutron-api.service[90094]: DEBUG neutron.plugins.ml2.drivers.ovn.mech_driver.ovsdb.ovsdb_monitor [None req-3ab430c8-351a-4d90-ae8b-b7395ffc6577 None None] ChassisAgentWriteEvent : Matched Chassis_Private, update, None None {{(pid=90094) matches /opt/stack/neutron/neutron/plugins/ml2/drivers/ovn/mech_driver/ovsdb/ovsdb_monitor.py:64}}
Jun 15 06:05:52.935474 np0000002819 devstack@neutron-api.service[90092]: DEBUG neutron.common.ovn.hash_ring_manager [None req-422a4f32-25ff-4057-8262-a7ea41116efc None None] Hash Ring loaded. 3 active nodes. 0 offline nodes {{(pid=90092) _load_hash_ring /opt/stack/neutron/neutron/common/ovn/hash_ring_manager.py:102}}
Jun 15 06:05:52.935819 np0000002819 devstack@neutron-api.service[90092]: DEBUG neutron.common.ovn.hash_ring_manager [None req-359d93ab-6388-4d61-8871-55484917d55c None None] Hash Ring loaded. 3 active nodes. 0 offline nodes {{(pid=90092) _load_hash_ring /opt/stack/neutron/neutron/common/ovn/hash_ring_manager.py:102}}
Jun 15 06:05:52.936122 np0000002819 devstack@neutron-api.service[90094]: DEBUG neutron.common.ovn.hash_ring_manager [None req-6626461a-6433-43a4-ae74-fda09e95a522 None None] Hash Ring loaded. 3 active nodes. 0 offline nodes {{(pid=90094) _load_hash_ring /opt/stack/neutron/neutron/common/ovn/hash_ring_manager.py:102}}
Jun 15 06:05:52.936395 np0000002819 devstack@neutron-api.service[90093]: DEBUG neutron.common.ovn.hash_ring_manager [None req-ebfaae30-16ac-44ed-b40f-00a360e272ca None None] Hash Ring loaded. 3 active nodes. 0 offline nodes {{(pid=90093) _load_hash_ring /opt/stack/neutron/neutron/common/ovn/hash_ring_manager.py:102}}
Jun 15 06:05:52.936710 np0000002819 devstack@neutron-api.service[90093]: DEBUG neutron.plugins.ml2.drivers.ovn.mech_driver.ovsdb.ovsdb_monitor [None req-ebfaae30-16ac-44ed-b40f-00a360e272ca None None] Hash Ring: Node 0e6345da861c50108398365adaf0b301 (host: np0000002819) handling event "update" for row 4e065e35-981f-4650-9d32-f6c2a703f987 (table: NB_Global) {{(pid=90093) notify /opt/stack/neutron/neutron/plugins/ml2/drivers/ovn/mech_driver/ovsdb/ovsdb_monitor.py:1015}}
Jun 15 06:05:52.937706 np0000002819 devstack@neutron-api.service[90094]: DEBUG neutron.common.ovn.hash_ring_manager [None req-3ab430c8-351a-4d90-ae8b-b7395ffc6577 None None] Hash Ring loaded. 3 active nodes. 0 offline nodes {{(pid=90094) _load_hash_ring /opt/stack/neutron/neutron/common/ovn/hash_ring_manager.py:102}}
Jun 15 06:05:52.937782 np0000002819 devstack@neutron-api.service[90093]: DEBUG neutron.common.ovn.hash_ring_manager [None req-947b4abb-6e20-4d28-8a1f-12b85b6ca5df None None] Hash Ring loaded. 3 active nodes. 0 offline nodes {{(pid=90093) _load_hash_ring /opt/stack/neutron/neutron/common/ovn/hash_ring_manager.py:102}}
Jun 15 06:05:52.938261 np0000002819 devstack@neutron-api.service[90093]: DEBUG neutron.plugins.ml2.drivers.ovn.mech_driver.ovsdb.ovsdb_monitor [None req-ebfaae30-16ac-44ed-b40f-00a360e272ca None None] Hash Ring: Node 0e6345da861c50108398365adaf0b301 (host: np0000002819) handling event "update" for row 4e065e35-981f-4650-9d32-f6c2a703f987 (table: NB_Global) {{(pid=90093) notify /opt/stack/neutron/neutron/plugins/ml2/drivers/ovn/mech_driver/ovsdb/ovsdb_monitor.py:1015}}
Jun 15 06:05:52.938470 np0000002819 devstack@neutron-api.service[90093]: DEBUG neutron.plugins.ml2.drivers.ovn.mech_driver.ovsdb.ovsdb_monitor [None req-947b4abb-6e20-4d28-8a1f-12b85b6ca5df None None] Hash Ring: Node 0e6345da861c50108398365adaf0b301 (host: np0000002819) handling event "update" for row 12f8768c-eed9-4336-97ea-92106a3d6047 (table: Chassis_Private) {{(pid=90093) notify /opt/stack/neutron/neutron/plugins/ml2/drivers/ovn/mech_driver/ovsdb/ovsdb_monitor.py:1015}}
Jun 15 06:05:52.939101 np0000002819 devstack@neutron-api.service[90093]: DEBUG neutron.plugins.ml2.drivers.ovn.mech_driver.ovsdb.ovsdb_monitor [None req-ebfaae30-16ac-44ed-b40f-00a360e272ca None None] Hash Ring: Node 0e6345da861c50108398365adaf0b301 (host: np0000002819) handling event "update" for row 4e065e35-981f-4650-9d32-f6c2a703f987 (table: NB_Global) {{(pid=90093) notify /opt/stack/neutron/neutron/plugins/ml2/drivers/ovn/mech_driver/ovsdb/ovsdb_monitor.py:1015}}
Jun 15 06:05:52.939566 np0000002819 devstack@neutron-api.service[90093]: DEBUG neutron.plugins.ml2.drivers.ovn.mech_driver.ovsdb.ovsdb_monitor [None req-ebfaae30-16ac-44ed-b40f-00a360e272ca None None] Hash Ring: Node 0e6345da861c50108398365adaf0b301 (host: np0000002819) handling event "update" for row 4e065e35-981f-4650-9d32-f6c2a703f987 (table: NB_Global) {{(pid=90093) notify /opt/stack/neutron/neutron/plugins/ml2/drivers/ovn/mech_driver/ovsdb/ovsdb_monitor.py:1015}}
Jun 15 06:05:52.941269 np0000002819 devstack@neutron-api.service[90093]: DEBUG neutron.api.rpc.callbacks.version_manager [None req-01b09b68-a574-4a71-93fb-eb452f70406c admin admin] Tracked resource versions report:
Jun 15 06:05:52.941269 np0000002819 devstack@neutron-api.service[90093]: pushed versions:
Jun 15 06:05:52.941269 np0000002819 devstack@neutron-api.service[90093]: { 'AddressGroup': {'1.2'},
Jun 15 06:05:52.941269 np0000002819 devstack@neutron-api.service[90093]: 'Agent': {'1.1'},
Jun 15 06:05:52.941269 np0000002819 devstack@neutron-api.service[90093]: 'ConntrackHelper': {'1.0'},
Jun 15 06:05:52.941269 np0000002819 devstack@neutron-api.service[90093]: 'LocalIPAssociation': {'1.0'},
Jun 15 06:05:52.941269 np0000002819 devstack@neutron-api.service[90093]: 'Log': {'1.0'},
Jun 15 06:05:52.941269 np0000002819 devstack@neutron-api.service[90093]: 'NDPProxy': {'1.0'},
Jun 15 06:05:52.941269 np0000002819 devstack@neutron-api.service[90093]: 'Network': {'1.3'},
Jun 15 06:05:52.941269 np0000002819 devstack@neutron-api.service[90093]: 'Port': {'1.11'},
Jun 15 06:05:52.941269 np0000002819 devstack@neutron-api.service[90093]: 'PortForwarding': {'1.3'},
Jun 15 06:05:52.941269 np0000002819 devstack@neutron-api.service[90093]: 'QosPolicy': {'1.10'},
Jun 15 06:05:52.941269 np0000002819 devstack@neutron-api.service[90093]: 'SecurityGroup': {'1.6'},
Jun 15 06:05:52.941269 np0000002819 devstack@neutron-api.service[90093]: 'SecurityGroupRule': {'1.3'},
Jun 15 06:05:52.941269 np0000002819 devstack@neutron-api.service[90093]: 'SubPort': {'1.0'},
Jun 15 06:05:52.941269 np0000002819 devstack@neutron-api.service[90093]: 'Subnet': {'1.2'},
Jun 15 06:05:52.941269 np0000002819 devstack@neutron-api.service[90093]: 'Trunk': {'1.1'}}
Jun 15 06:05:52.941269 np0000002819 devstack@neutron-api.service[90093]: consumer versions:
Jun 15 06:05:52.941269 np0000002819 devstack@neutron-api.service[90093]: { OVN Neutron agent@np0000002819: {},
Jun 15 06:05:52.941269 np0000002819 devstack@neutron-api.service[90093]: OVN Controller Gateway agent@np0000002819: {}}
Jun 15 06:05:52.941269 np0000002819 devstack@neutron-api.service[90093]: {{(pid=90093) report /opt/stack/neutron/neutron/api/rpc/callbacks/version_manager.py:183}}
Jun 15 06:05:52.948339 np0000002819 devstack@neutron-api.service[90093]: DEBUG ovsdbapp.backend.ovs_idl.transaction [None req-ebfaae30-16ac-44ed-b40f-00a360e272ca None None] Running txn n=1 command(idx=0): AddNetworkCommand(_result=None, network_uuid=c9f2425e-2b91-492a-8f51-480184c85239, may_exist=True, columns={'external_ids': {'neutron:network_name': 'shared', 'neutron:mtu': '1372', 'neutron:revision_number': '1', 'neutron:availability_zone_hints': '', 'neutron:provnet-network-type': 'geneve'}, 'other_config': {'mcast_snoop': 'false', 'mcast_flood_unregistered': 'false', 'vlan-passthru': 'false'}}) {{(pid=90093) do_commit /opt/stack/data/venv/lib/python3.12/site-packages/ovsdbapp/backend/ovs_idl/transaction.py:89}}
Jun 15 06:05:52.951062 np0000002819 devstack@neutron-api.service[90094]: DEBUG neutron.plugins.ml2.drivers.ovn.mech_driver.ovsdb.ovsdb_monitor [None req-6626461a-6433-43a4-ae74-fda09e95a522 None None] Hash Ring: Node bd5cccaeb72552b18051954f18e4314b (host: np0000002819) handling event "create" for row c9f2425e-2b91-492a-8f51-480184c85239 (table: Logical_Switch) {{(pid=90094) notify /opt/stack/neutron/neutron/plugins/ml2/drivers/ovn/mech_driver/ovsdb/ovsdb_monitor.py:1015}}
Jun 15 06:05:52.952936 np0000002819 devstack@neutron-api.service[90094]: DEBUG neutron.plugins.ml2.drivers.ovn.mech_driver.ovsdb.ovsdb_monitor [None req-3ab430c8-351a-4d90-ae8b-b7395ffc6577 None None] Hash Ring: Node bd5cccaeb72552b18051954f18e4314b (host: np0000002819) handling event "create" for row c5198b12-7a26-4426-a2dd-6f47349dcb3f (table: Datapath_Binding) {{(pid=90094) notify /opt/stack/neutron/neutron/plugins/ml2/drivers/ovn/mech_driver/ovsdb/ovsdb_monitor.py:1015}}
Jun 15 06:05:52.969085 np0000002819 devstack@neutron-api.service[90093]: INFO neutron.db.ovn_revision_numbers_db [None req-01b09b68-a574-4a71-93fb-eb452f70406c admin admin] Successfully bumped revision number for resource c9f2425e-2b91-492a-8f51-480184c85239 (type: networks) to 1
Jun 15 06:05:52.979412 np0000002819 devstack@neutron-api.service[90093]: DEBUG neutron_lib.callbacks.manager [None req-01b09b68-a574-4a71-93fb-eb452f70406c admin admin] Publish callbacks ['neutron.plugins.ml2.plugin.SecurityGroupDbMixin._ensure_default_security_group_handler-361024'] for port (None), before_create {{(pid=90093) _notify_loop /opt/stack/data/venv/lib/python3.12/site-packages/neutron_lib/callbacks/manager.py:184}}
Jun 15 06:05:53.035361 np0000002819 devstack@neutron-api.service[90093]: DEBUG neutron_lib.callbacks.manager [None req-01b09b68-a574-4a71-93fb-eb452f70406c admin admin] Publish callbacks ['neutron.plugins.ml2.drivers.ovn.mech_driver.mech_driver.OVNMechanismDriver._validate_allowed_address_pairs-901764'] for allowed_address_pair (d833bed2-f56e-4f69-b91b-f9d587a030eb), before_create {{(pid=90093) _notify_loop /opt/stack/data/venv/lib/python3.12/site-packages/neutron_lib/callbacks/manager.py:184}}
Jun 15 06:05:53.035851 np0000002819 devstack@neutron-api.service[90093]: DEBUG neutron_lib.callbacks.manager [None req-01b09b68-a574-4a71-93fb-eb452f70406c admin admin] Publish callbacks [] for port (d833bed2-f56e-4f69-b91b-f9d587a030eb), precommit_create {{(pid=90093) _notify_loop /opt/stack/data/venv/lib/python3.12/site-packages/neutron_lib/callbacks/manager.py:184}}
Jun 15 06:05:53.035995 np0000002819 devstack@neutron-api.service[90093]: DEBUG neutron.plugins.ml2.drivers.ovn.mech_driver.mech_driver [None req-01b09b68-a574-4a71-93fb-eb452f70406c admin admin] No provisioning block for port d833bed2-f56e-4f69-b91b-f9d587a030eb since it does not have a host {{(pid=90093) _is_port_provisioning_required /opt/stack/neutron/neutron/plugins/ml2/drivers/ovn/mech_driver/mech_driver.py:896}}
Jun 15 06:05:53.036098 np0000002819 devstack@neutron-api.service[90093]: DEBUG neutron.db.ovn_revision_numbers_db [None req-01b09b68-a574-4a71-93fb-eb452f70406c admin admin] create_initial_revision uuid=d833bed2-f56e-4f69-b91b-f9d587a030eb, type=ports, rev=-1 {{(pid=90093) create_initial_revision /opt/stack/neutron/neutron/db/ovn_revision_numbers_db.py:98}}
Jun 15 06:05:53.059938 np0000002819 devstack@neutron-api.service[90093]: DEBUG neutron_lib.callbacks.manager [None req-01b09b68-a574-4a71-93fb-eb452f70406c admin admin] Publish callbacks ['neutron.plugins.ml2.ovo_rpc._ObjectChangeHandler.handle_event-2325219'] for port (d833bed2-f56e-4f69-b91b-f9d587a030eb), after_create {{(pid=90093) _notify_loop /opt/stack/data/venv/lib/python3.12/site-packages/neutron_lib/callbacks/manager.py:184}}
Jun 15 06:05:53.337309 np0000002819 devstack@neutron-api.service[90093]: DEBUG neutron.api.rpc.handlers.resources_rpc [None req-01b09b68-a574-4a71-93fb-eb452f70406c admin admin] Pushing event updated for resources: {'Port': ['ID=d833bed2-f56e-4f69-b91b-f9d587a030eb,revision_number=1']} {{(pid=90093) push /opt/stack/neutron/neutron/api/rpc/handlers/resources_rpc.py:237}}
Jun 15 06:05:53.342172 np0000002819 devstack@neutron-api.service[90093]: DEBUG neutron.plugins.ml2.drivers.ovn.mech_driver.ovsdb.commands [None req-01b09b68-a574-4a71-93fb-eb452f70406c admin admin] Converting tag [] to a tag_request {{(pid=90093) _tag_column_to_tag_request /opt/stack/neutron/neutron/plugins/ml2/drivers/ovn/mech_driver/ovsdb/commands.py:205}}
Jun 15 06:05:53.343262 np0000002819 devstack@neutron-api.service[90093]: DEBUG ovsdbapp.backend.ovs_idl.transaction [None req-ebfaae30-16ac-44ed-b40f-00a360e272ca None None] Running txn n=1 command(idx=0): AddLSwitchPortCommand(_result=None, lport=d833bed2-f56e-4f69-b91b-f9d587a030eb, lswitch=neutron-c9f2425e-2b91-492a-8f51-480184c85239, may_exist=True, network_uuid=c9f2425e-2b91-492a-8f51-480184c85239, columns={'addresses': ['fa:16:3e:53:54:8e'], 'external_ids': {'neutron:port_name': '', 'neutron:device_id': 'ovnmeta-c9f2425e-2b91-492a-8f51-480184c85239', 'neutron:project_id': '1afdb8071a4c413fa472db3c397ec707', 'neutron:cidrs': '', 'neutron:device_owner': 'network:distributed', 'neutron:subnet_pool_addr_scope4': '', 'neutron:subnet_pool_addr_scope6': '', 'neutron:network_name': 'neutron-c9f2425e-2b91-492a-8f51-480184c85239', 'neutron:security_group_ids': '', 'neutron:revision_number': '1', 'neutron:vnic_type': 'normal', 'neutron:port_capabilities': '', 'neutron:mtu': '1372'}, 'parent_name': [], 'enabled': True, 'options': {}, 'type': 'localport', 'port_security': [], 'dhcpv4_options': [], 'dhcpv6_options': [], 'tag_request': []}) {{(pid=90093) do_commit /opt/stack/data/venv/lib/python3.12/site-packages/ovsdbapp/backend/ovs_idl/transaction.py:89}}
Jun 15 06:05:53.343262 np0000002819 devstack@neutron-api.service[90093]: DEBUG ovsdbapp.backend.ovs_idl.transaction [None req-ebfaae30-16ac-44ed-b40f-00a360e272ca None None] Running txn n=1 command(idx=1): QoSDelCommand(_result=None, switch=neutron-c9f2425e-2b91-492a-8f51-480184c85239, conditions=[('direction', '=', 'to-lport'), ('priority', '=', 2002), ('match', '=', 'outport == "d833bed2-f56e-4f69-b91b-f9d587a030eb"')], if_exists=True) {{(pid=90093) do_commit /opt/stack/data/venv/lib/python3.12/site-packages/ovsdbapp/backend/ovs_idl/transaction.py:89}}
Jun 15 06:05:53.343262 np0000002819 devstack@neutron-api.service[90093]: DEBUG ovsdbapp.backend.ovs_idl.transaction [None req-ebfaae30-16ac-44ed-b40f-00a360e272ca None None] Running txn n=1 command(idx=2): QoSDelCommand(_result=None, switch=neutron-c9f2425e-2b91-492a-8f51-480184c85239, conditions=[('direction', '=', 'from-lport'), ('priority', '=', 2002), ('match', '=', 'inport == "d833bed2-f56e-4f69-b91b-f9d587a030eb"')], if_exists=True) {{(pid=90093) do_commit /opt/stack/data/venv/lib/python3.12/site-packages/ovsdbapp/backend/ovs_idl/transaction.py:89}}
Jun 15 06:05:53.345853 np0000002819 devstack@neutron-api.service[90093]: DEBUG neutron.plugins.ml2.drivers.ovn.mech_driver.ovsdb.ovsdb_monitor [None req-ebfaae30-16ac-44ed-b40f-00a360e272ca None None] Hash Ring: Node 0e6345da861c50108398365adaf0b301 (host: np0000002819) handling event "create" for row 79a7c898-d6bc-46b0-b61a-11407cb82655 (table: Logical_Switch_Port) {{(pid=90093) notify /opt/stack/neutron/neutron/plugins/ml2/drivers/ovn/mech_driver/ovsdb/ovsdb_monitor.py:1015}}
Jun 15 06:05:53.346082 np0000002819 devstack@neutron-api.service[90094]: DEBUG neutron.plugins.ml2.drivers.ovn.mech_driver.ovsdb.ovsdb_monitor [None req-6626461a-6433-43a4-ae74-fda09e95a522 None None] Hash Ring: Node bd5cccaeb72552b18051954f18e4314b (host: np0000002819) handling event "update" for row c9f2425e-2b91-492a-8f51-480184c85239 (table: Logical_Switch) {{(pid=90094) notify /opt/stack/neutron/neutron/plugins/ml2/drivers/ovn/mech_driver/ovsdb/ovsdb_monitor.py:1015}}
Jun 15 06:05:53.347298 np0000002819 devstack@neutron-api.service[90093]: DEBUG ovsdbapp.backend.ovs_idl.event [None req-ebfaae30-16ac-44ed-b40f-00a360e272ca None None] Matched CREATE: LogicalSwitchPortCreateEvent(events=('create',), table='Logical_Switch_Port', conditions=[], old_conditions=None), priority=20 to row=Logical_Switch_Port(uuid=79a7c898-d6bc-46b0-b61a-11407cb82655, addresses=['fa:16:3e:53:54:8e'], dhcpv4_options=[], dhcpv6_options=[], dynamic_addresses=[], enabled=True, external_ids={'neutron:cidrs': '', 'neutron:device_id': 'ovnmeta-c9f2425e-2b91-492a-8f51-480184c85239', 'neutron:device_owner': 'network:distributed', 'neutron:mtu': '1372', 'neutron:network_name': 'neutron-c9f2425e-2b91-492a-8f51-480184c85239', 'neutron:port_capabilities': '', 'neutron:port_name': '', 'neutron:project_id': '1afdb8071a4c413fa472db3c397ec707', 'neutron:revision_number': '1', 'neutron:security_group_ids': '', 'neutron:subnet_pool_addr_scope4': '', 'neutron:subnet_pool_addr_scope6': '', 'neutron:vnic_type': 'normal'}, ha_chassis_group=[], mirror_rules=[], name='d833bed2-f56e-4f69-b91b-f9d587a030eb', options={}, parent_name=[], port_security=[], tag=[], tag_request=[], type='localport', up=[]) old= {{(pid=90093) matches /opt/stack/data/venv/lib/python3.12/site-packages/ovsdbapp/backend/ovs_idl/event.py:55}}
Jun 15 06:05:53.347989 np0000002819 devstack@neutron-api.service[90093]: INFO neutron.plugins.ml2.drivers.ovn.mech_driver.mech_driver [None req-1710fadb-c0e9-4037-b6e9-c44545d7d7c4 None None] OVN reports status down for port: d833bed2-f56e-4f69-b91b-f9d587a030eb
Jun 15 06:05:53.348684 np0000002819 devstack@neutron-api.service[90094]: DEBUG neutron.plugins.ml2.drivers.ovn.mech_driver.ovsdb.ovsdb_monitor [None req-3ab430c8-351a-4d90-ae8b-b7395ffc6577 None None] Hash Ring: Node bd5cccaeb72552b18051954f18e4314b (host: np0000002819) handling event "create" for row f4f2f42f-658f-4ae3-9630-9ba7fbfe4c70 (table: Port_Binding) {{(pid=90094) notify /opt/stack/neutron/neutron/plugins/ml2/drivers/ovn/mech_driver/ovsdb/ovsdb_monitor.py:1015}}
Jun 15 06:05:53.349424 np0000002819 devstack@neutron-api.service[90093]: DEBUG neutron.plugins.ml2.drivers.ovn.mech_driver.ovsdb.ovsdb_monitor [None req-ebfaae30-16ac-44ed-b40f-00a360e272ca None None] Hash Ring: Node 0e6345da861c50108398365adaf0b301 (host: np0000002819) handling event "update" for row 79a7c898-d6bc-46b0-b61a-11407cb82655 (table: Logical_Switch_Port) {{(pid=90093) notify /opt/stack/neutron/neutron/plugins/ml2/drivers/ovn/mech_driver/ovsdb/ovsdb_monitor.py:1015}}
Jun 15 06:05:53.381752 np0000002819 devstack@neutron-api.service[90093]: DEBUG neutron.db.provisioning_blocks [None req-1710fadb-c0e9-4037-b6e9-c44545d7d7c4 None None] Transition to ACTIVE for port object d833bed2-f56e-4f69-b91b-f9d587a030eb will not be triggered until provisioned by entity L2. {{(pid=90093) add_provisioning_component /opt/stack/neutron/neutron/db/provisioning_blocks.py:74}}
Jun 15 06:05:53.382042 np0000002819 devstack@neutron-api.service[90093]: INFO neutron.db.ovn_revision_numbers_db [None req-01b09b68-a574-4a71-93fb-eb452f70406c admin admin] Successfully bumped revision number for resource d833bed2-f56e-4f69-b91b-f9d587a030eb (type: ports) to 1
Jun 15 06:05:53.401728 np0000002819 devstack@neutron-api.service[90093]: DEBUG neutron.pecan_wsgi.hooks.policy_enforcement [None req-01b09b68-a574-4a71-93fb-eb452f70406c admin admin] Attributes excluded by policy engine: ['standard_attr_id'] {{(pid=90093) _exclude_attributes_by_policy /opt/stack/neutron/neutron/pecan_wsgi/hooks/policy_enforcement.py:256}}
Jun 15 06:05:53.401970 np0000002819 devstack@neutron-api.service[90093]: DEBUG neutron_lib.callbacks.manager [None req-01b09b68-a574-4a71-93fb-eb452f70406c admin admin] Publish callbacks [] for network (None), before_response {{(pid=90093) _notify_loop /opt/stack/data/venv/lib/python3.12/site-packages/neutron_lib/callbacks/manager.py:184}}
Jun 15 06:05:53.409101 np0000002819 devstack@neutron-api.service[90093]: DEBUG neutron.plugins.ml2.plugin [None req-1710fadb-c0e9-4037-b6e9-c44545d7d7c4 None None] Current status of the port d833bed2-f56e-4f69-b91b-f9d587a030eb is: DOWN; New status is: DOWN {{(pid=90093) _update_individual_port_db_status /opt/stack/neutron/neutron/plugins/ml2/plugin.py:2470}}
Jun 15 06:05:53.410248 np0000002819 devstack@neutron-api.service[90093]: DEBUG ovsdbapp.backend.ovs_idl.transaction [None req-ebfaae30-16ac-44ed-b40f-00a360e272ca None None] Running txn n=1 command(idx=0): DbRemoveCommand(_result=None, table=Logical_Switch_Port, record=d833bed2-f56e-4f69-b91b-f9d587a030eb, column=external_ids, values=('neutron:host_id',), keyvalues={}, if_exists=True) {{(pid=90093) do_commit /opt/stack/data/venv/lib/python3.12/site-packages/ovsdbapp/backend/ovs_idl/transaction.py:89}}
Jun 15 06:05:53.413547 np0000002819 devstack@neutron-api.service[90093]: [pid: 90093|app: 0|req: 12/37] 10.4.3.157 () {68 vars in 1326 bytes} [Mon Jun 15 06:05:52 2026] POST /networking/v2.0/networks => generated 679 bytes in 613 msecs (HTTP/1.1 201) 4 headers in 162 bytes (1 switches on core 0)
Jun 15 06:05:53.588699 np0000002819 devstack@neutron-api.service[90094]: INFO neutron.pecan_wsgi.hooks.translation [None req-64d7421e-f3c9-48f8-9386-406b4915dcb1 admin admin] GET failed (client error): The resource could not be found.
Jun 15 06:05:53.589407 np0000002819 devstack@neutron-api.service[90094]: [pid: 90094|app: 0|req: 14/38] 10.4.3.157 () {64 vars in 1294 bytes} [Mon Jun 15 06:05:53 2026] GET /networking/v2.0/networks/shared => generated 108 bytes in 8 msecs (HTTP/1.1 404) 4 headers in 164 bytes (1 switches on core 0)
Jun 15 06:05:53.620036 np0000002819 devstack@neutron-api.service[90092]: DEBUG neutron.pecan_wsgi.hooks.policy_enforcement [None req-f113432e-e9a3-4ec7-8e80-e9c8f04a26b6 admin admin] Attributes excluded by policy engine: ['standard_attr_id'] {{(pid=90092) _exclude_attributes_by_policy /opt/stack/neutron/neutron/pecan_wsgi/hooks/policy_enforcement.py:256}}
Jun 15 06:05:53.620637 np0000002819 devstack@neutron-api.service[90092]: [pid: 90092|app: 0|req: 13/39] 10.4.3.157 () {64 vars in 1309 bytes} [Mon Jun 15 06:05:53 2026] GET /networking/v2.0/networks?name=shared => generated 663 bytes in 25 msecs (HTTP/1.1 200) 4 headers in 157 bytes (1 switches on core 0)
Jun 15 06:05:53.631027 np0000002819 devstack@neutron-api.service[90093]: DEBUG neutron.api.v2.base [None req-c74446e5-acc9-4be5-af51-6ea62ce81542 admin admin] Request body: {'subnet': {'ip_version': 4, 'name': 'shared-subnet', 'cidr': '192.168.233.0/24', 'network_id': 'c9f2425e-2b91-492a-8f51-480184c85239', 'description': 'shared-subnet'}} {{(pid=90093) prepare_request_body /opt/stack/neutron/neutron/api/v2/base.py:727}}
Jun 15 06:05:53.640963 np0000002819 devstack@neutron-api.service[90093]: DEBUG neutron.pecan_wsgi.hooks.quota_enforcement [None req-c74446e5-acc9-4be5-af51-6ea62ce81542 admin admin] Made reservation on behalf of 1afdb8071a4c413fa472db3c397ec707 for: {'subnet': 1} {{(pid=90093) before /opt/stack/neutron/neutron/pecan_wsgi/hooks/quota_enforcement.py:66}}
Jun 15 06:05:53.643147 np0000002819 devstack@neutron-api.service[90093]: DEBUG neutron_lib.callbacks.manager [None req-c74446e5-acc9-4be5-af51-6ea62ce81542 admin admin] Publish callbacks [] for subnet (None), before_create {{(pid=90093) _notify_loop /opt/stack/data/venv/lib/python3.12/site-packages/neutron_lib/callbacks/manager.py:184}}
Jun 15 06:05:53.693424 np0000002819 devstack@neutron-api.service[90093]: DEBUG neutron.db.ovn_revision_numbers_db [None req-c74446e5-acc9-4be5-af51-6ea62ce81542 admin admin] create_initial_revision uuid=d6c392fd-433d-4460-814a-5f996dfefef5, type=subnets, rev=-1 {{(pid=90093) create_initial_revision /opt/stack/neutron/neutron/db/ovn_revision_numbers_db.py:98}}
Jun 15 06:05:53.696623 np0000002819 devstack@neutron-api.service[90093]: DEBUG neutron_lib.callbacks.manager [None req-c74446e5-acc9-4be5-af51-6ea62ce81542 admin admin] Publish callbacks ['neutron.plugins.ml2.ovo_rpc._ObjectChangeHandler.handle_event-2325276'] for subnet (d6c392fd-433d-4460-814a-5f996dfefef5), after_create {{(pid=90093) _notify_loop /opt/stack/data/venv/lib/python3.12/site-packages/neutron_lib/callbacks/manager.py:184}}
Jun 15 06:05:53.707290 np0000002819 devstack@neutron-api.service[90093]: DEBUG neutron.api.rpc.handlers.resources_rpc [None req-c74446e5-acc9-4be5-af51-6ea62ce81542 admin admin] Pushing event updated for resources: {'Subnet': ['ID=d6c392fd-433d-4460-814a-5f996dfefef5,revision_number=0']} {{(pid=90093) push /opt/stack/neutron/neutron/api/rpc/handlers/resources_rpc.py:237}}
Jun 15 06:05:53.749121 np0000002819 devstack@neutron-api.service[90093]: DEBUG neutron_lib.callbacks.manager [None req-c74446e5-acc9-4be5-af51-6ea62ce81542 admin admin] Publish callbacks ['neutron.plugins.ml2.plugin.SecurityGroupDbMixin._ensure_default_security_group_handler-361024', 'neutron.services.ovn_l3.plugin.OVNL3RouterPlugin._port_update-8575163244364', 'neutron.db.l3_db.L3_NAT_dbonly_mixin._prevent_internal_ip_change_for_fip-8575165127804'] for port (d833bed2-f56e-4f69-b91b-f9d587a030eb), before_update {{(pid=90093) _notify_loop /opt/stack/data/venv/lib/python3.12/site-packages/neutron_lib/callbacks/manager.py:184}}
Jun 15 06:05:53.820211 np0000002819 devstack@neutron-api.service[90093]: DEBUG neutron.db.db_base_plugin_common [None req-c74446e5-acc9-4be5-af51-6ea62ce81542 admin admin] Allocated IP 192.168.233.2 (c9f2425e-2b91-492a-8f51-480184c85239/d6c392fd-433d-4460-814a-5f996dfefef5/d833bed2-f56e-4f69-b91b-f9d587a030eb) {{(pid=90093) _store_ip_allocation /opt/stack/neutron/neutron/db/db_base_plugin_common.py:131}}
Jun 15 06:05:53.874487 np0000002819 devstack@neutron-api.service[90093]: DEBUG neutron_lib.callbacks.manager [None req-c74446e5-acc9-4be5-af51-6ea62ce81542 admin admin] Publish callbacks [] for port (d833bed2-f56e-4f69-b91b-f9d587a030eb), precommit_update {{(pid=90093) _notify_loop /opt/stack/data/venv/lib/python3.12/site-packages/neutron_lib/callbacks/manager.py:184}}
Jun 15 06:05:53.874637 np0000002819 devstack@neutron-api.service[90093]: DEBUG neutron.plugins.ml2.drivers.ovn.mech_driver.mech_driver [None req-c74446e5-acc9-4be5-af51-6ea62ce81542 admin admin] No provisioning block for port d833bed2-f56e-4f69-b91b-f9d587a030eb since it does not have a host {{(pid=90093) _is_port_provisioning_required /opt/stack/neutron/neutron/plugins/ml2/drivers/ovn/mech_driver/mech_driver.py:896}}
Jun 15 06:05:53.882951 np0000002819 devstack@neutron-api.service[90093]: DEBUG neutron_lib.callbacks.manager [None req-c74446e5-acc9-4be5-af51-6ea62ce81542 admin admin] Publish callbacks ['neutron.plugins.ml2.ovo_rpc._ObjectChangeHandler.handle_event-2325219', 'neutron.services.ovn_l3.plugin.OVNL3RouterPlugin._port_update-8575163244364'] for port (d833bed2-f56e-4f69-b91b-f9d587a030eb), after_update {{(pid=90093) _notify_loop /opt/stack/data/venv/lib/python3.12/site-packages/neutron_lib/callbacks/manager.py:184}}
Jun 15 06:05:53.908999 np0000002819 devstack@neutron-api.service[90093]: DEBUG neutron.api.rpc.handlers.resources_rpc [None req-c74446e5-acc9-4be5-af51-6ea62ce81542 admin admin] Pushing event updated for resources: {'Port': ['ID=d833bed2-f56e-4f69-b91b-f9d587a030eb,revision_number=2']} {{(pid=90093) push /opt/stack/neutron/neutron/api/rpc/handlers/resources_rpc.py:237}}
Jun 15 06:05:53.929727 np0000002819 devstack@neutron-api.service[90092]: DEBUG neutron.plugins.ml2.drivers.ovn.mech_driver.ovsdb.ovsdb_monitor [None req-359d93ab-6388-4d61-8871-55484917d55c None None] ChassisOVNAgentWriteEvent : Matched Chassis_Private, update, None None {{(pid=90092) matches /opt/stack/neutron/neutron/plugins/ml2/drivers/ovn/mech_driver/ovsdb/ovsdb_monitor.py:64}}
Jun 15 06:05:53.929813 np0000002819 devstack@neutron-api.service[90094]: DEBUG neutron.plugins.ml2.drivers.ovn.mech_driver.ovsdb.ovsdb_monitor [None req-3ab430c8-351a-4d90-ae8b-b7395ffc6577 None None] ChassisOVNAgentWriteEvent : Matched Chassis_Private, update, None None {{(pid=90094) matches /opt/stack/neutron/neutron/plugins/ml2/drivers/ovn/mech_driver/ovsdb/ovsdb_monitor.py:64}}
Jun 15 06:05:53.932473 np0000002819 devstack@neutron-api.service[90093]: DEBUG neutron.plugins.ml2.drivers.ovn.mech_driver.ovsdb.ovsdb_monitor [None req-947b4abb-6e20-4d28-8a1f-12b85b6ca5df None None] ChassisOVNAgentWriteEvent : Matched Chassis_Private, update, None None {{(pid=90093) matches /opt/stack/neutron/neutron/plugins/ml2/drivers/ovn/mech_driver/ovsdb/ovsdb_monitor.py:64}}
Jun 15 06:05:53.932841 np0000002819 devstack@neutron-api.service[90093]: DEBUG neutron.plugins.ml2.drivers.ovn.mech_driver.ovsdb.ovsdb_monitor [None req-947b4abb-6e20-4d28-8a1f-12b85b6ca5df None None] Hash Ring: Node 0e6345da861c50108398365adaf0b301 (host: np0000002819) handling event "update" for row 12f8768c-eed9-4336-97ea-92106a3d6047 (table: Chassis_Private) {{(pid=90093) notify /opt/stack/neutron/neutron/plugins/ml2/drivers/ovn/mech_driver/ovsdb/ovsdb_monitor.py:1015}}
Jun 15 06:05:53.989583 np0000002819 devstack@neutron-api.service[90093]: DEBUG neutron.plugins.ml2.drivers.ovn.mech_driver.ovsdb.commands [None req-c74446e5-acc9-4be5-af51-6ea62ce81542 admin admin] Converting tag [] to a tag_request {{(pid=90093) _tag_column_to_tag_request /opt/stack/neutron/neutron/plugins/ml2/drivers/ovn/mech_driver/ovsdb/commands.py:205}}
Jun 15 06:05:53.990437 np0000002819 devstack@neutron-api.service[90093]: DEBUG ovsdbapp.backend.ovs_idl.transaction [None req-ebfaae30-16ac-44ed-b40f-00a360e272ca None None] Running txn n=1 command(idx=0): CheckRevisionNumberCommand(_result=None, name=d833bed2-f56e-4f69-b91b-f9d587a030eb, resource={'id': 'd833bed2-f56e-4f69-b91b-f9d587a030eb', 'name': '', 'network_id': 'c9f2425e-2b91-492a-8f51-480184c85239', 'project_id': '1afdb8071a4c413fa472db3c397ec707', 'mac_address': 'fa:16:3e:53:54:8e', 'admin_state_up': True, 'status': 'DOWN', 'device_id': 'ovnmeta-c9f2425e-2b91-492a-8f51-480184c85239', 'device_owner': 'network:distributed', 'standard_attr_id': 28, 'fixed_ips': [{'subnet_id': 'd6c392fd-433d-4460-814a-5f996dfefef5', 'ip_address': '192.168.233.2'}], 'allowed_address_pairs': [], 'extra_dhcp_opts': [], 'security_groups': [], 'description': '', 'binding:vnic_type': 'normal', 'binding:profile': {}, 'binding:host_id': '', 'binding:vif_type': 'unbound', 'binding:vif_details': {}, 'port_security_enabled': False, 'tags': [], 'created_at': '2026-06-15T06:05:52Z', 'updated_at': '2026-06-15T06:05:53Z', 'revision_number': 2, 'tenant_id': '1afdb8071a4c413fa472db3c397ec707', 'network': {'id': 'c9f2425e-2b91-492a-8f51-480184c85239', 'name': 'shared', 'tenant_id': '1afdb8071a4c413fa472db3c397ec707', 'project_id': '1afdb8071a4c413fa472db3c397ec707', 'admin_state_up': True, 'mtu': 1372, 'status': 'ACTIVE', 'subnets': ['d6c392fd-433d-4460-814a-5f996dfefef5'], 'standard_attr_id': 26, 'shared': True, 'availability_zone_hints': [], 'availability_zones': [], 'ipv4_address_scope': None, 'ipv6_address_scope': None, 'router:external': False, 'qinq': False, 'vlan_transparent': False, 'description': '', 'port_security_enabled': True, 'tags': [], 'created_at': '2026-06-15T06:05:52Z', 'updated_at': '2026-06-15T06:05:53Z', 'revision_number': 2, 'provider:network_type': 'geneve', 'provider:physical_network': None, 'provider:segmentation_id': 35022}}, resource_type=ports, if_exists=True) {{(pid=90093) do_commit /opt/stack/data/venv/lib/python3.12/site-packages/ovsdbapp/backend/ovs_idl/transaction.py:89}}
Jun 15 06:05:53.990870 np0000002819 devstack@neutron-api.service[90093]: DEBUG ovsdbapp.backend.ovs_idl.transaction [None req-ebfaae30-16ac-44ed-b40f-00a360e272ca None None] Running txn n=1 command(idx=1): AddDHCPOptionsCommand(_result=None, columns={'cidr': '192.168.233.0/24', 'options': {'server_id': '192.168.233.1', 'lease_time': '43200', 'mtu': '1372', 'router': '192.168.233.1', 'server_mac': 'fa:16:3e:25:94:fc', 'dns_server': '{127.0.0.53}', 'classless_static_route': '{169.254.169.254/32,192.168.233.2, 0.0.0.0/0,192.168.233.1}'}, 'external_ids': {'subnet_id': 'd6c392fd-433d-4460-814a-5f996dfefef5', 'neutron:network_id': 'c9f2425e-2b91-492a-8f51-480184c85239', 'neutron:revision_number': '0'}}, may_exist=True, subnet_id=d6c392fd-433d-4460-814a-5f996dfefef5, port_id=None, new_insert=False) {{(pid=90093) do_commit /opt/stack/data/venv/lib/python3.12/site-packages/ovsdbapp/backend/ovs_idl/transaction.py:89}}
Jun 15 06:05:53.991186 np0000002819 devstack@neutron-api.service[90093]: DEBUG ovsdbapp.backend.ovs_idl.transaction [None req-ebfaae30-16ac-44ed-b40f-00a360e272ca None None] Running txn n=1 command(idx=2): SetLSwitchPortCommand(_result=None, lport=d833bed2-f56e-4f69-b91b-f9d587a030eb, external_ids_update=None, columns={'external_ids': {'neutron:port_name': '', 'neutron:device_id': 'ovnmeta-c9f2425e-2b91-492a-8f51-480184c85239', 'neutron:project_id': '1afdb8071a4c413fa472db3c397ec707', 'neutron:cidrs': '192.168.233.2/24', 'neutron:device_owner': 'network:distributed', 'neutron:subnet_pool_addr_scope4': '', 'neutron:subnet_pool_addr_scope6': '', 'neutron:network_name': 'neutron-c9f2425e-2b91-492a-8f51-480184c85239', 'neutron:security_group_ids': '', 'neutron:revision_number': '2', 'neutron:vnic_type': 'normal', 'neutron:port_capabilities': '', 'neutron:mtu': '1372'}, 'parent_name': [], 'options': {}, 'enabled': True, 'port_security': [], 'dhcpv4_options': [], 'dhcpv6_options': [], 'type': 'localport', 'addresses': ['fa:16:3e:53:54:8e 192.168.233.2'], 'ha_chassis_group': [], 'tag_request': []}, if_exists=False) {{(pid=90093) do_commit /opt/stack/data/venv/lib/python3.12/site-packages/ovsdbapp/backend/ovs_idl/transaction.py:89}}
Jun 15 06:05:53.991808 np0000002819 devstack@neutron-api.service[90093]: DEBUG ovsdbapp.backend.ovs_idl.transaction [None req-ebfaae30-16ac-44ed-b40f-00a360e272ca None None] Running txn n=1 command(idx=3): PgDelPortCommand(_result=None, port_group=neutron_pg_drop, lsp=['d833bed2-f56e-4f69-b91b-f9d587a030eb'], if_exists=False) {{(pid=90093) do_commit /opt/stack/data/venv/lib/python3.12/site-packages/ovsdbapp/backend/ovs_idl/transaction.py:89}}
Jun 15 06:05:54.008992 np0000002819 devstack@neutron-api.service[90092]: DEBUG neutron.plugins.ml2.drivers.ovn.mech_driver.ovsdb.ovsdb_monitor [None req-422a4f32-25ff-4057-8262-a7ea41116efc None None] Hash Ring: Node 761907886cb6520aaa31073d8339dde6 (host: np0000002819) handling event "create" for row 79d1d324-8216-4251-823c-169d69b37a97 (table: DHCP_Options) {{(pid=90092) notify /opt/stack/neutron/neutron/plugins/ml2/drivers/ovn/mech_driver/ovsdb/ovsdb_monitor.py:1015}}
Jun 15 06:05:54.009078 np0000002819 devstack@neutron-api.service[90093]: DEBUG neutron.plugins.ml2.drivers.ovn.mech_driver.ovsdb.ovsdb_monitor [None req-ebfaae30-16ac-44ed-b40f-00a360e272ca None None] Hash Ring: Node 0e6345da861c50108398365adaf0b301 (host: np0000002819) handling event "update" for row 79a7c898-d6bc-46b0-b61a-11407cb82655 (table: Logical_Switch_Port) {{(pid=90093) notify /opt/stack/neutron/neutron/plugins/ml2/drivers/ovn/mech_driver/ovsdb/ovsdb_monitor.py:1015}}
Jun 15 06:05:54.010547 np0000002819 devstack@neutron-api.service[90094]: DEBUG neutron.plugins.ml2.drivers.ovn.mech_driver.ovsdb.ovsdb_monitor [None req-3ab430c8-351a-4d90-ae8b-b7395ffc6577 None None] Hash Ring: Node bd5cccaeb72552b18051954f18e4314b (host: np0000002819) handling event "update" for row f4f2f42f-658f-4ae3-9630-9ba7fbfe4c70 (table: Port_Binding) {{(pid=90094) notify /opt/stack/neutron/neutron/plugins/ml2/drivers/ovn/mech_driver/ovsdb/ovsdb_monitor.py:1015}}
Jun 15 06:05:54.035826 np0000002819 devstack@neutron-api.service[90093]: INFO neutron.db.ovn_revision_numbers_db [None req-c74446e5-acc9-4be5-af51-6ea62ce81542 admin admin] Successfully bumped revision number for resource d833bed2-f56e-4f69-b91b-f9d587a030eb (type: ports) to 2
Jun 15 06:05:54.043638 np0000002819 devstack@neutron-api.service[90093]: DEBUG neutron.plugins.ml2.plugin [None req-c74446e5-acc9-4be5-af51-6ea62ce81542 admin admin] In _notify_port_updated(), no bound segment for port d833bed2-f56e-4f69-b91b-f9d587a030eb on network c9f2425e-2b91-492a-8f51-480184c85239 {{(pid=90093) _notify_port_updated /opt/stack/neutron/neutron/plugins/ml2/plugin.py:1038}}
Jun 15 06:05:54.058401 np0000002819 devstack@neutron-api.service[90093]: INFO neutron.db.ovn_revision_numbers_db [None req-c74446e5-acc9-4be5-af51-6ea62ce81542 admin admin] Successfully bumped revision number for resource d6c392fd-433d-4460-814a-5f996dfefef5 (type: subnets) to 0
Jun 15 06:05:54.059490 np0000002819 devstack@neutron-api.service[90093]: DEBUG neutron.pecan_wsgi.hooks.policy_enforcement [None req-c74446e5-acc9-4be5-af51-6ea62ce81542 admin admin] Attributes excluded by policy engine: ['standard_attr_id', 'shared', 'network'] {{(pid=90093) _exclude_attributes_by_policy /opt/stack/neutron/neutron/pecan_wsgi/hooks/policy_enforcement.py:256}}
Jun 15 06:05:54.059787 np0000002819 devstack@neutron-api.service[90093]: DEBUG neutron_lib.callbacks.manager [None req-c74446e5-acc9-4be5-af51-6ea62ce81542 admin admin] Publish callbacks [] for subnet (None), before_response {{(pid=90093) _notify_loop /opt/stack/data/venv/lib/python3.12/site-packages/neutron_lib/callbacks/manager.py:184}}
Jun 15 06:05:54.072526 np0000002819 devstack@neutron-api.service[90093]: [pid: 90093|app: 0|req: 13/40] 10.4.3.157 () {68 vars in 1324 bytes} [Mon Jun 15 06:05:53 2026] POST /networking/v2.0/subnets => generated 665 bytes in 443 msecs (HTTP/1.1 201) 4 headers in 162 bytes (1 switches on core 0)
Jun 15 06:06:01.581319 np0000002819 devstack@neutron-api.service[90094]: DEBUG futurist.periodics [-] Submitting periodic callback 'neutron.plugins.ml2.drivers.ovn.mech_driver.ovsdb.maintenance.HashRingHealthCheckPeriodics.touch_hash_ring_node' {{(pid=90094) _process_scheduled /opt/stack/data/venv/lib/python3.12/site-packages/futurist/periodics.py:784}}
Jun 15 06:06:01.581765 np0000002819 devstack@neutron-api.service[90094]: DEBUG neutron.plugins.ml2.drivers.ovn.mech_driver.ovsdb.maintenance [-] Touching Hash Ring node "bd5cccaeb72552b18051954f18e4314b" from periodic health check thread {{(pid=90094) touch_hash_ring_node /opt/stack/neutron/neutron/plugins/ml2/drivers/ovn/mech_driver/ovsdb/maintenance.py:1418}}
Jun 15 06:06:02.369080 np0000002819 devstack@neutron-api.service[90092]: DEBUG futurist.periodics [-] Submitting periodic callback 'neutron.plugins.ml2.drivers.ovn.mech_driver.ovsdb.maintenance.HashRingHealthCheckPeriodics.touch_hash_ring_node' {{(pid=90092) _process_scheduled /opt/stack/data/venv/lib/python3.12/site-packages/futurist/periodics.py:784}}
Jun 15 06:06:02.369471 np0000002819 devstack@neutron-api.service[90092]: DEBUG neutron.plugins.ml2.drivers.ovn.mech_driver.ovsdb.maintenance [-] Touching Hash Ring node "761907886cb6520aaa31073d8339dde6" from periodic health check thread {{(pid=90092) touch_hash_ring_node /opt/stack/neutron/neutron/plugins/ml2/drivers/ovn/mech_driver/ovsdb/maintenance.py:1418}}
Jun 15 06:06:02.388877 np0000002819 devstack@neutron-api.service[90093]: DEBUG futurist.periodics [-] Submitting periodic callback 'neutron.plugins.ml2.drivers.ovn.mech_driver.ovsdb.maintenance.HashRingHealthCheckPeriodics.touch_hash_ring_node' {{(pid=90093) _process_scheduled /opt/stack/data/venv/lib/python3.12/site-packages/futurist/periodics.py:784}}
Jun 15 06:06:02.389277 np0000002819 devstack@neutron-api.service[90093]: DEBUG neutron.plugins.ml2.drivers.ovn.mech_driver.ovsdb.maintenance [-] Touching Hash Ring node "0e6345da861c50108398365adaf0b301" from periodic health check thread {{(pid=90093) touch_hash_ring_node /opt/stack/neutron/neutron/plugins/ml2/drivers/ovn/mech_driver/ovsdb/maintenance.py:1418}}
Jun 15 06:06:11.589949 np0000002819 devstack@neutron-api.service[90094]: DEBUG dbcounter [-] [90094] Writing DB stats neutron:UPDATE=2,neutron:SELECT=8 {{(pid=90094) stat_writer /opt/stack/data/venv/lib/python3.12/site-packages/dbcounter.py:115}}
Jun 15 06:06:12.399746 np0000002819 devstack@neutron-api.service[90092]: DEBUG dbcounter [-] [90092] Writing DB stats neutron:UPDATE=2,neutron:SELECT=33 {{(pid=90092) stat_writer /opt/stack/data/venv/lib/python3.12/site-packages/dbcounter.py:115}}
Jun 15 06:06:12.403674 np0000002819 devstack@neutron-api.service[90093]: DEBUG dbcounter [-] [90093] Writing DB stats neutron:UPDATE=16,neutron:SELECT=394,neutron:INSERT=26,neutron:DELETE=4 {{(pid=90093) stat_writer /opt/stack/data/venv/lib/python3.12/site-packages/dbcounter.py:115}}
Jun 15 06:06:16.581867 np0000002819 devstack@neutron-api.service[90094]: DEBUG futurist.periodics [-] Submitting periodic callback 'neutron.plugins.ml2.drivers.ovn.mech_driver.ovsdb.maintenance.HashRingHealthCheckPeriodics.touch_hash_ring_node' {{(pid=90094) _process_scheduled /opt/stack/data/venv/lib/python3.12/site-packages/futurist/periodics.py:784}}
Jun 15 06:06:16.582289 np0000002819 devstack@neutron-api.service[90094]: DEBUG neutron.plugins.ml2.drivers.ovn.mech_driver.ovsdb.maintenance [-] Touching Hash Ring node "bd5cccaeb72552b18051954f18e4314b" from periodic health check thread {{(pid=90094) touch_hash_ring_node /opt/stack/neutron/neutron/plugins/ml2/drivers/ovn/mech_driver/ovsdb/maintenance.py:1418}}
Jun 15 06:06:17.369577 np0000002819 devstack@neutron-api.service[90092]: DEBUG futurist.periodics [-] Submitting periodic callback 'neutron.plugins.ml2.drivers.ovn.mech_driver.ovsdb.maintenance.HashRingHealthCheckPeriodics.touch_hash_ring_node' {{(pid=90092) _process_scheduled /opt/stack/data/venv/lib/python3.12/site-packages/futurist/periodics.py:784}}
Jun 15 06:06:17.369953 np0000002819 devstack@neutron-api.service[90092]: DEBUG neutron.plugins.ml2.drivers.ovn.mech_driver.ovsdb.maintenance [-] Touching Hash Ring node "761907886cb6520aaa31073d8339dde6" from periodic health check thread {{(pid=90092) touch_hash_ring_node /opt/stack/neutron/neutron/plugins/ml2/drivers/ovn/mech_driver/ovsdb/maintenance.py:1418}}
Jun 15 06:06:17.390307 np0000002819 devstack@neutron-api.service[90093]: DEBUG futurist.periodics [-] Submitting periodic callback 'neutron.plugins.ml2.drivers.ovn.mech_driver.ovsdb.maintenance.HashRingHealthCheckPeriodics.touch_hash_ring_node' {{(pid=90093) _process_scheduled /opt/stack/data/venv/lib/python3.12/site-packages/futurist/periodics.py:784}}
Jun 15 06:06:17.390307 np0000002819 devstack@neutron-api.service[90093]: DEBUG neutron.plugins.ml2.drivers.ovn.mech_driver.ovsdb.maintenance [-] Touching Hash Ring node "0e6345da861c50108398365adaf0b301" from periodic health check thread {{(pid=90093) touch_hash_ring_node /opt/stack/neutron/neutron/plugins/ml2/drivers/ovn/mech_driver/ovsdb/maintenance.py:1418}}
Jun 15 06:06:26.593031 np0000002819 devstack@neutron-api.service[90094]: DEBUG dbcounter [-] [90094] Writing DB stats neutron:UPDATE=1,neutron:SELECT=1 {{(pid=90094) stat_writer /opt/stack/data/venv/lib/python3.12/site-packages/dbcounter.py:115}}
Jun 15 06:06:27.376217 np0000002819 devstack@neutron-api.service[90092]: DEBUG dbcounter [-] [90092] Writing DB stats neutron:UPDATE=1,neutron:SELECT=1 {{(pid=90092) stat_writer /opt/stack/data/venv/lib/python3.12/site-packages/dbcounter.py:115}}
Jun 15 06:06:27.396026 np0000002819 devstack@neutron-api.service[90093]: DEBUG dbcounter [-] [90093] Writing DB stats neutron:UPDATE=1,neutron:SELECT=1 {{(pid=90093) stat_writer /opt/stack/data/venv/lib/python3.12/site-packages/dbcounter.py:115}}
Jun 15 06:06:31.582462 np0000002819 devstack@neutron-api.service[90094]: DEBUG futurist.periodics [-] Submitting periodic callback 'neutron.plugins.ml2.drivers.ovn.mech_driver.ovsdb.maintenance.HashRingHealthCheckPeriodics.touch_hash_ring_node' {{(pid=90094) _process_scheduled /opt/stack/data/venv/lib/python3.12/site-packages/futurist/periodics.py:784}}
Jun 15 06:06:31.583240 np0000002819 devstack@neutron-api.service[90094]: DEBUG neutron.plugins.ml2.drivers.ovn.mech_driver.ovsdb.maintenance [-] Touching Hash Ring node "bd5cccaeb72552b18051954f18e4314b" from periodic health check thread {{(pid=90094) touch_hash_ring_node /opt/stack/neutron/neutron/plugins/ml2/drivers/ovn/mech_driver/ovsdb/maintenance.py:1418}}
Jun 15 06:06:32.370103 np0000002819 devstack@neutron-api.service[90092]: DEBUG futurist.periodics [-] Submitting periodic callback 'neutron.plugins.ml2.drivers.ovn.mech_driver.ovsdb.maintenance.HashRingHealthCheckPeriodics.touch_hash_ring_node' {{(pid=90092) _process_scheduled /opt/stack/data/venv/lib/python3.12/site-packages/futurist/periodics.py:784}}
Jun 15 06:06:32.370727 np0000002819 devstack@neutron-api.service[90092]: DEBUG neutron.plugins.ml2.drivers.ovn.mech_driver.ovsdb.maintenance [-] Touching Hash Ring node "761907886cb6520aaa31073d8339dde6" from periodic health check thread {{(pid=90092) touch_hash_ring_node /opt/stack/neutron/neutron/plugins/ml2/drivers/ovn/mech_driver/ovsdb/maintenance.py:1418}}
Jun 15 06:06:32.389763 np0000002819 devstack@neutron-api.service[90093]: DEBUG futurist.periodics [-] Submitting periodic callback 'neutron.plugins.ml2.drivers.ovn.mech_driver.ovsdb.maintenance.HashRingHealthCheckPeriodics.touch_hash_ring_node' {{(pid=90093) _process_scheduled /opt/stack/data/venv/lib/python3.12/site-packages/futurist/periodics.py:784}}
Jun 15 06:06:32.390060 np0000002819 devstack@neutron-api.service[90093]: DEBUG neutron.plugins.ml2.drivers.ovn.mech_driver.ovsdb.maintenance [-] Touching Hash Ring node "0e6345da861c50108398365adaf0b301" from periodic health check thread {{(pid=90093) touch_hash_ring_node /opt/stack/neutron/neutron/plugins/ml2/drivers/ovn/mech_driver/ovsdb/maintenance.py:1418}}
Jun 15 06:06:35.602221 np0000002819 devstack@neutron-api.service[90094]: DEBUG neutron.api.wsgi [None req-2d9fc02c-b76f-42e9-ac08-eb7630ad38f3 tempest-verify_tempest_config-647654770 tempest-verify_tempest_config-647654770-project-member] https://10.4.3.157/networking/v2.0/extensions returned with HTTP 200 {{(pid=90094) __call__ /opt/stack/neutron/neutron/api/wsgi.py:540}}
Jun 15 06:06:35.602697 np0000002819 devstack@neutron-api.service[90094]: [pid: 90094|app: 0|req: 15/41] 10.4.3.157 () {66 vars in 1261 bytes} [Mon Jun 15 06:06:35 2026] GET /networking/v2.0/extensions => generated 15873 bytes in 4 msecs (HTTP/1.1 200) 4 headers in 159 bytes (1 switches on core 0)
Jun 15 06:06:36.263899 np0000002819 devstack@neutron-api.service[90092]: DEBUG neutron_lib.callbacks.manager [None req-319e212a-1ac7-4440-9daf-bf6a82a824a5 admin admin] Publish callbacks [] for security_group (None), before_create {{(pid=90092) _notify_loop /opt/stack/data/venv/lib/python3.12/site-packages/neutron_lib/callbacks/manager.py:184}}
Jun 15 06:06:36.353671 np0000002819 devstack@neutron-api.service[90092]: DEBUG neutron_lib.callbacks.manager [None req-319e212a-1ac7-4440-9daf-bf6a82a824a5 admin admin] Publish callbacks ['neutron.plugins.ml2.drivers.ovn.mech_driver.mech_driver.OVNMechanismDriver._create_security_group_precommit-872774'] for security_group (1e5d1be5-5770-4e7c-8eb0-10ad0132e9ab), precommit_create {{(pid=90092) _notify_loop /opt/stack/data/venv/lib/python3.12/site-packages/neutron_lib/callbacks/manager.py:184}}
Jun 15 06:06:36.353833 np0000002819 devstack@neutron-api.service[90092]: DEBUG neutron.db.ovn_revision_numbers_db [None req-319e212a-1ac7-4440-9daf-bf6a82a824a5 admin admin] create_initial_revision uuid=1e5d1be5-5770-4e7c-8eb0-10ad0132e9ab, type=security_groups, rev=-1 {{(pid=90092) create_initial_revision /opt/stack/neutron/neutron/db/ovn_revision_numbers_db.py:98}}
Jun 15 06:06:36.354863 np0000002819 devstack@neutron-api.service[90092]: DEBUG neutron.db.ovn_revision_numbers_db [None req-319e212a-1ac7-4440-9daf-bf6a82a824a5 admin admin] create_initial_revision uuid=5afe67c6-468c-466b-bd29-32ad087f1f0e, type=security_group_rules, rev=-1 {{(pid=90092) create_initial_revision /opt/stack/neutron/neutron/db/ovn_revision_numbers_db.py:98}}
