May 26 17:22:17.462640 np0000001442 neutron-periodic-workers[91995]: DEBUG cotyledon.oslo_config_glue [-] database.sqlite_synchronous = True {{(pid=91995) log_opt_values /opt/stack/data/venv/lib/python3.12/site-packages/oslo_config/cfg.py:3256}}
May 26 17:22:17.462705 np0000001442 neutron-periodic-workers[91995]: DEBUG cotyledon.oslo_config_glue [-] database.synchronous_reader = True {{(pid=91995) log_opt_values /opt/stack/data/venv/lib/python3.12/site-packages/oslo_config/cfg.py:3256}}
May 26 17:22:17.462765 np0000001442 neutron-periodic-workers[91995]: DEBUG cotyledon.oslo_config_glue [-] database.use_db_reconnect = False {{(pid=91995) log_opt_values /opt/stack/data/venv/lib/python3.12/site-packages/oslo_config/cfg.py:3256}}
May 26 17:22:17.462888 np0000001442 neutron-periodic-workers[91995]: DEBUG cotyledon.oslo_config_glue [-] ovn.bfd_min_rx = 1000 {{(pid=91995) log_opt_values /opt/stack/data/venv/lib/python3.12/site-packages/oslo_config/cfg.py:3256}}
May 26 17:22:17.462951 np0000001442 neutron-periodic-workers[91995]: DEBUG cotyledon.oslo_config_glue [-] ovn.bfd_min_tx = 100 {{(pid=91995) log_opt_values /opt/stack/data/venv/lib/python3.12/site-packages/oslo_config/cfg.py:3256}}
May 26 17:22:17.463054 np0000001442 neutron-periodic-workers[91995]: DEBUG cotyledon.oslo_config_glue [-] ovn.bfd_mult = 3 {{(pid=91995) log_opt_values /opt/stack/data/venv/lib/python3.12/site-packages/oslo_config/cfg.py:3256}}
May 26 17:22:17.463123 np0000001442 neutron-periodic-workers[91995]: DEBUG cotyledon.oslo_config_glue [-] ovn.broadcast_arps_to_all_routers = True {{(pid=91995) log_opt_values /opt/stack/data/venv/lib/python3.12/site-packages/oslo_config/cfg.py:3256}}
May 26 17:22:17.463189 np0000001442 neutron-periodic-workers[91995]: DEBUG cotyledon.oslo_config_glue [-] ovn.dhcp_default_lease_time = 43200 {{(pid=91995) log_opt_values /opt/stack/data/venv/lib/python3.12/site-packages/oslo_config/cfg.py:3256}}
May 26 17:22:17.463282 np0000001442 neutron-periodic-workers[91995]: DEBUG cotyledon.oslo_config_glue [-] ovn.disable_ovn_dhcp_for_baremetal_ports = False {{(pid=91995) log_opt_values /opt/stack/data/venv/lib/python3.12/site-packages/oslo_config/cfg.py:3256}}
May 26 17:22:17.463315 np0000001442 neutron-periodic-workers[91995]: DEBUG cotyledon.oslo_config_glue [-] ovn.dns_records_ovn_owned = False {{(pid=91995) log_opt_values /opt/stack/data/venv/lib/python3.12/site-packages/oslo_config/cfg.py:3256}}
May 26 17:22:17.463364 np0000001442 neutron-periodic-workers[91995]: DEBUG cotyledon.oslo_config_glue [-] ovn.dns_servers = [] {{(pid=91995) log_opt_values /opt/stack/data/venv/lib/python3.12/site-packages/oslo_config/cfg.py:3256}}
May 26 17:22:17.463429 np0000001442 neutron-periodic-workers[91995]: DEBUG cotyledon.oslo_config_glue [-] ovn.enable_distributed_floating_ip = False {{(pid=91995) log_opt_values /opt/stack/data/venv/lib/python3.12/site-packages/oslo_config/cfg.py:3256}}
May 26 17:22:17.463499 np0000001442 neutron-periodic-workers[91995]: DEBUG cotyledon.oslo_config_glue [-] ovn.fdb_age_threshold = 300 {{(pid=91995) log_opt_values /opt/stack/data/venv/lib/python3.12/site-packages/oslo_config/cfg.py:3256}}
May 26 17:22:17.463558 np0000001442 neutron-periodic-workers[91995]: DEBUG cotyledon.oslo_config_glue [-] ovn.ha_failover_strategy = normal {{(pid=91995) log_opt_values /opt/stack/data/venv/lib/python3.12/site-packages/oslo_config/cfg.py:3256}}
May 26 17:22:17.463617 np0000001442 neutron-periodic-workers[91995]: DEBUG cotyledon.oslo_config_glue [-] ovn.live_migration_activation_strategy = rarp {{(pid=91995) log_opt_values /opt/stack/data/venv/lib/python3.12/site-packages/oslo_config/cfg.py:3256}}
May 26 17:22:17.463682 np0000001442 neutron-periodic-workers[91995]: DEBUG cotyledon.oslo_config_glue [-] ovn.localnet_learn_fdb = False {{(pid=91995) log_opt_values /opt/stack/data/venv/lib/python3.12/site-packages/oslo_config/cfg.py:3256}}
May 26 17:22:17.463746 np0000001442 neutron-periodic-workers[91995]: DEBUG cotyledon.oslo_config_glue [-] ovn.mac_binding_age_threshold = 300 {{(pid=91995) log_opt_values /opt/stack/data/venv/lib/python3.12/site-packages/oslo_config/cfg.py:3256}}
May 26 17:22:17.463825 np0000001442 neutron-periodic-workers[91995]: DEBUG cotyledon.oslo_config_glue [-] ovn.neutron_sync_mode = log {{(pid=91995) log_opt_values /opt/stack/data/venv/lib/python3.12/site-packages/oslo_config/cfg.py:3256}}
May 26 17:22:17.463928 np0000001442 neutron-periodic-workers[91995]: DEBUG cotyledon.oslo_config_glue [-] ovn.ovn_dhcp4_global_options = {} {{(pid=91995) log_opt_values /opt/stack/data/venv/lib/python3.12/site-packages/oslo_config/cfg.py:3256}}
May 26 17:22:17.464005 np0000001442 neutron-periodic-workers[91995]: DEBUG cotyledon.oslo_config_glue [-] ovn.ovn_dhcp6_global_options = {} {{(pid=91995) log_opt_values /opt/stack/data/venv/lib/python3.12/site-packages/oslo_config/cfg.py:3256}}
May 26 17:22:17.464177 np0000001442 neutron-periodic-workers[91995]: DEBUG cotyledon.oslo_config_glue [-] ovn.ovn_l3_scheduler = leastloaded {{(pid=91995) log_opt_values /opt/stack/data/venv/lib/python3.12/site-packages/oslo_config/cfg.py:3256}}
May 26 17:22:17.464260 np0000001442 neutron-periodic-workers[91995]: DEBUG cotyledon.oslo_config_glue [-] ovn.ovn_metadata_enabled = True {{(pid=91995) log_opt_values /opt/stack/data/venv/lib/python3.12/site-packages/oslo_config/cfg.py:3256}}
May 26 17:22:17.464338 np0000001442 neutron-periodic-workers[91995]: DEBUG cotyledon.oslo_config_glue [-] ovn.ovn_nb_ca_cert = /opt/stack/data/CA/int-ca/ca-chain.pem {{(pid=91995) log_opt_values /opt/stack/data/venv/lib/python3.12/site-packages/oslo_config/cfg.py:3256}}
May 26 17:22:17.464420 np0000001442 neutron-periodic-workers[91995]: DEBUG cotyledon.oslo_config_glue [-] ovn.ovn_nb_certificate = /opt/stack/data/CA/int-ca/devstack-cert.crt {{(pid=91995) log_opt_values /opt/stack/data/venv/lib/python3.12/site-packages/oslo_config/cfg.py:3256}}
May 26 17:22:17.464517 np0000001442 neutron-periodic-workers[91995]: DEBUG cotyledon.oslo_config_glue [-] ovn.ovn_nb_connection = ['ssl:10.4.3.179:6641'] {{(pid=91995) log_opt_values /opt/stack/data/venv/lib/python3.12/site-packages/oslo_config/cfg.py:3256}}
May 26 17:22:17.464586 np0000001442 neutron-periodic-workers[91995]: DEBUG cotyledon.oslo_config_glue [-] ovn.ovn_nb_private_key = /opt/stack/data/CA/int-ca/private/devstack-cert.key {{(pid=91995) log_opt_values /opt/stack/data/venv/lib/python3.12/site-packages/oslo_config/cfg.py:3256}}
May 26 17:22:17.464653 np0000001442 neutron-periodic-workers[91995]: DEBUG cotyledon.oslo_config_glue [-] ovn.ovn_router_indirect_snat = False {{(pid=91995) log_opt_values /opt/stack/data/venv/lib/python3.12/site-packages/oslo_config/cfg.py:3256}}
May 26 17:22:17.464722 np0000001442 neutron-periodic-workers[91995]: DEBUG cotyledon.oslo_config_glue [-] ovn.ovn_sb_ca_cert = /opt/stack/data/CA/int-ca/ca-chain.pem {{(pid=91995) log_opt_values /opt/stack/data/venv/lib/python3.12/site-packages/oslo_config/cfg.py:3256}}
May 26 17:22:17.464791 np0000001442 neutron-periodic-workers[91995]: DEBUG cotyledon.oslo_config_glue [-] ovn.ovn_sb_certificate = /opt/stack/data/CA/int-ca/devstack-cert.crt {{(pid=91995) log_opt_values /opt/stack/data/venv/lib/python3.12/site-packages/oslo_config/cfg.py:3256}}
May 26 17:22:17.464887 np0000001442 neutron-periodic-workers[91995]: DEBUG cotyledon.oslo_config_glue [-] ovn.ovn_sb_connection = ['ssl:10.4.3.179:6642'] {{(pid=91995) log_opt_values /opt/stack/data/venv/lib/python3.12/site-packages/oslo_config/cfg.py:3256}}
May 26 17:22:17.464955 np0000001442 neutron-periodic-workers[91995]: DEBUG cotyledon.oslo_config_glue [-] ovn.ovn_sb_private_key = /opt/stack/data/CA/int-ca/private/devstack-cert.key {{(pid=91995) log_opt_values /opt/stack/data/venv/lib/python3.12/site-packages/oslo_config/cfg.py:3256}}
May 26 17:22:17.465025 np0000001442 neutron-periodic-workers[91995]: DEBUG cotyledon.oslo_config_glue [-] ovn.ovs_create_tap = False {{(pid=91995) log_opt_values /opt/stack/data/venv/lib/python3.12/site-packages/oslo_config/cfg.py:3256}}
May 26 17:22:17.465093 np0000001442 neutron-periodic-workers[91995]: DEBUG cotyledon.oslo_config_glue [-] ovn.ovsdb_connection_timeout = 180 {{(pid=91995) log_opt_values /opt/stack/data/venv/lib/python3.12/site-packages/oslo_config/cfg.py:3256}}
May 26 17:22:17.465162 np0000001442 neutron-periodic-workers[91995]: DEBUG cotyledon.oslo_config_glue [-] ovn.ovsdb_log_level = INFO {{(pid=91995) log_opt_values /opt/stack/data/venv/lib/python3.12/site-packages/oslo_config/cfg.py:3256}}
May 26 17:22:17.465230 np0000001442 neutron-periodic-workers[91995]: DEBUG cotyledon.oslo_config_glue [-] ovn.ovsdb_probe_interval = 60000 {{(pid=91995) log_opt_values /opt/stack/data/venv/lib/python3.12/site-packages/oslo_config/cfg.py:3256}}
May 26 17:22:17.465297 np0000001442 neutron-periodic-workers[91995]: DEBUG cotyledon.oslo_config_glue [-] ovn.ovsdb_retry_max_interval = 180 {{(pid=91995) log_opt_values /opt/stack/data/venv/lib/python3.12/site-packages/oslo_config/cfg.py:3256}}
May 26 17:22:17.465366 np0000001442 neutron-periodic-workers[91995]: DEBUG cotyledon.oslo_config_glue [-] ovn.stateless_nat_enabled = False {{(pid=91995) log_opt_values /opt/stack/data/venv/lib/python3.12/site-packages/oslo_config/cfg.py:3256}}
May 26 17:22:17.465447 np0000001442 neutron-periodic-workers[91995]: DEBUG cotyledon.oslo_config_glue [-] ovn.vhost_sock_dir = /var/run/openvswitch {{(pid=91995) log_opt_values /opt/stack/data/venv/lib/python3.12/site-packages/oslo_config/cfg.py:3256}}
May 26 17:22:17.465550 np0000001442 neutron-periodic-workers[91995]: DEBUG cotyledon.oslo_config_glue [-] OVS.bridge_mac_table_size = 50000 {{(pid=91995) log_opt_values /opt/stack/data/venv/lib/python3.12/site-packages/oslo_config/cfg.py:3256}}
May 26 17:22:17.465625 np0000001442 neutron-periodic-workers[91995]: DEBUG cotyledon.oslo_config_glue [-] OVS.igmp_flood = False {{(pid=91995) log_opt_values /opt/stack/data/venv/lib/python3.12/site-packages/oslo_config/cfg.py:3256}}
May 26 17:22:17.465697 np0000001442 neutron-periodic-workers[91995]: DEBUG cotyledon.oslo_config_glue [-] OVS.igmp_flood_reports = True {{(pid=91995) log_opt_values /opt/stack/data/venv/lib/python3.12/site-packages/oslo_config/cfg.py:3256}}
May 26 17:22:17.465777 np0000001442 neutron-periodic-workers[91995]: DEBUG cotyledon.oslo_config_glue [-] OVS.igmp_flood_unregistered = False {{(pid=91995) log_opt_values /opt/stack/data/venv/lib/python3.12/site-packages/oslo_config/cfg.py:3256}}
May 26 17:22:17.465845 np0000001442 neutron-periodic-workers[91995]: DEBUG cotyledon.oslo_config_glue [-] OVS.igmp_snooping_enable = False {{(pid=91995) log_opt_values /opt/stack/data/venv/lib/python3.12/site-packages/oslo_config/cfg.py:3256}}
May 26 17:22:17.465936 np0000001442 neutron-periodic-workers[91995]: DEBUG cotyledon.oslo_config_glue [-] OVS.ovsdb_timeout = 10 {{(pid=91995) log_opt_values /opt/stack/data/venv/lib/python3.12/site-packages/oslo_config/cfg.py:3256}}
May 26 17:22:17.466019 np0000001442 neutron-periodic-workers[91995]: DEBUG cotyledon.oslo_config_glue [-] ovn_nb_global.fdb_removal_limit = 0 {{(pid=91995) log_opt_values /opt/stack/data/venv/lib/python3.12/site-packages/oslo_config/cfg.py:3256}}
May 26 17:22:17.466085 np0000001442 neutron-periodic-workers[91995]: DEBUG cotyledon.oslo_config_glue [-] ovn_nb_global.ignore_lsp_down = False {{(pid=91995) log_opt_values /opt/stack/data/venv/lib/python3.12/site-packages/oslo_config/cfg.py:3256}}
May 26 17:22:17.466149 np0000001442 neutron-periodic-workers[91995]: DEBUG cotyledon.oslo_config_glue [-] ovn_nb_global.mac_binding_removal_limit = 0 {{(pid=91995) log_opt_values /opt/stack/data/venv/lib/python3.12/site-packages/oslo_config/cfg.py:3256}}
May 26 17:22:17.466219 np0000001442 neutron-periodic-workers[91995]: DEBUG cotyledon.oslo_config_glue [-] ******************************************************************************** {{(pid=91995) log_opt_values /opt/stack/data/venv/lib/python3.12/site-packages/oslo_config/cfg.py:3263}}
May 26 17:22:17.466459 np0000001442 neutron-periodic-workers[91995]: DEBUG cotyledon._service_worker [-] Run service ServiceWrapper(0) [91995] {{(pid=91995) wait_forever /opt/stack/data/venv/lib/python3.12/site-packages/cotyledon/_service_worker.py:218}}
May 26 17:22:27.096738 np0000001442 neutron-periodic-workers[91054]: DEBUG dbcounter [-] [91054] Writing DB stats neutron:SELECT=4 {{(pid=91054) stat_writer /opt/stack/data/venv/lib/python3.12/site-packages/dbcounter.py:115}}
May 26 17:23:09.451888 np0000001442 neutron-periodic-workers[91973]: DEBUG oslo_db.sqlalchemy.engines [None req-72bf6f6c-95db-48f9-b70d-35be8f177768 None None] Parent process 91054 forked (91973) with an open database connection, which is being discarded and recreated. {{(pid=91973) checkout /opt/stack/data/venv/lib/python3.12/site-packages/oslo_db/sqlalchemy/engines.py:402}}
May 26 17:23:09.492772 np0000001442 neutron-periodic-workers[91973]: DEBUG dbcounter [-] [91973] Writer thread running {{(pid=91973) stat_writer /opt/stack/data/venv/lib/python3.12/site-packages/dbcounter.py:102}}
May 26 17:23:09.495642 np0000001442 neutron-periodic-workers[91973]: DEBUG neutron.db.agents_db [None req-72bf6f6c-95db-48f9-b70d-35be8f177768 None None] Agent healthcheck: found 0 active agents {{(pid=91973) agent_health_check /opt/stack/neutron/neutron/db/agents_db.py:322}}
May 26 17:23:09.496083 np0000001442 neutron-periodic-workers[91973]: DEBUG oslo.service.backend._threading.loopingcall [None req-72bf6f6c-95db-48f9-b70d-35be8f177768 None None] Fixed interval looping call 'neutron.plugins.ml2.plugin.AgentDbMixin.agent_health_check' sleeping for 36.95 seconds {{(pid=91973) _run_loop /opt/stack/data/venv/lib/python3.12/site-packages/oslo_service/backend/_threading/loopingcall.py:125}}
May 26 17:23:19.493200 np0000001442 neutron-periodic-workers[91973]: DEBUG dbcounter [-] [91973] Writing DB stats neutron:SELECT=1 {{(pid=91973) stat_writer /opt/stack/data/venv/lib/python3.12/site-packages/dbcounter.py:115}}
May 26 17:23:22.490021 np0000001442 neutron-periodic-workers[91968]: DEBUG dbcounter [-] [91968] Writer thread running {{(pid=91968) stat_writer /opt/stack/data/venv/lib/python3.12/site-packages/dbcounter.py:102}}
May 26 17:23:22.510694 np0000001442 neutron-periodic-workers[91968]: DEBUG oslo.service.backend._threading.loopingcall [None req-05df2dea-f043-4432-b5fd-57e347eba584 None None] Fixed interval looping call 'neutron.plugins.ml2.plugin.DhcpAgentSchedulerDbMixin.remove_networks_from_down_agents' sleeping for 36.92 seconds {{(pid=91968) _run_loop /opt/stack/data/venv/lib/python3.12/site-packages/oslo_service/backend/_threading/loopingcall.py:125}}
May 26 17:23:32.509066 np0000001442 neutron-periodic-workers[91968]: DEBUG dbcounter [-] [91968] Writing DB stats neutron:SELECT=3 {{(pid=91968) stat_writer /opt/stack/data/venv/lib/python3.12/site-packages/dbcounter.py:115}}
May 26 17:23:46.449934 np0000001442 neutron-periodic-workers[91973]: DEBUG neutron.db.agents_db [None req-72bf6f6c-95db-48f9-b70d-35be8f177768 None None] Agent healthcheck: found 0 active agents {{(pid=91973) agent_health_check /opt/stack/neutron/neutron/db/agents_db.py:322}}
May 26 17:23:46.450339 np0000001442 neutron-periodic-workers[91973]: DEBUG oslo.service.backend._threading.loopingcall [None req-72bf6f6c-95db-48f9-b70d-35be8f177768 None None] Fixed interval looping call 'neutron.plugins.ml2.plugin.AgentDbMixin.agent_health_check' sleeping for 37.00 seconds {{(pid=91973) _run_loop /opt/stack/data/venv/lib/python3.12/site-packages/oslo_service/backend/_threading/loopingcall.py:125}}
May 26 17:23:56.448788 np0000001442 neutron-periodic-workers[91973]: DEBUG dbcounter [-] [91973] Writing DB stats neutron:SELECT=1 {{(pid=91973) stat_writer /opt/stack/data/venv/lib/python3.12/site-packages/dbcounter.py:115}}
May 26 17:23:59.439034 np0000001442 neutron-periodic-workers[91968]: DEBUG oslo.service.backend._threading.loopingcall [None req-05df2dea-f043-4432-b5fd-57e347eba584 None None] Fixed interval looping call 'neutron.plugins.ml2.plugin.DhcpAgentSchedulerDbMixin.remove_networks_from_down_agents' sleeping for 36.99 seconds {{(pid=91968) _run_loop /opt/stack/data/venv/lib/python3.12/site-packages/oslo_service/backend/_threading/loopingcall.py:125}}
May 26 17:24:09.437919 np0000001442 neutron-periodic-workers[91968]: DEBUG dbcounter [-] [91968] Writing DB stats neutron:SELECT=3 {{(pid=91968) stat_writer /opt/stack/data/venv/lib/python3.12/site-packages/dbcounter.py:115}}
May 26 17:24:17.496243 np0000001442 neutron-periodic-workers[91978]: DEBUG dbcounter [-] [91978] Writer thread running {{(pid=91978) stat_writer /opt/stack/data/venv/lib/python3.12/site-packages/dbcounter.py:102}}
May 26 17:24:17.497960 np0000001442 neutron-periodic-workers[91978]: DEBUG oslo.service.backend._threading.loopingcall [None req-be130a62-3b47-49fd-9eab-89e49a44f873 None None] Fixed interval looping call 'neutron.db.quota.driver_nolock.DbQuotaNoLockDriver._remove_expired_reservations' sleeping for 119.95 seconds {{(pid=91978) _run_loop /opt/stack/data/venv/lib/python3.12/site-packages/oslo_service/backend/_threading/loopingcall.py:125}}
May 26 17:24:23.453725 np0000001442 neutron-periodic-workers[91973]: DEBUG neutron.db.agents_db [None req-72bf6f6c-95db-48f9-b70d-35be8f177768 None None] Agent healthcheck: found 0 active agents {{(pid=91973) agent_health_check /opt/stack/neutron/neutron/db/agents_db.py:322}}
May 26 17:24:23.454192 np0000001442 neutron-periodic-workers[91973]: DEBUG oslo.service.backend._threading.loopingcall [None req-72bf6f6c-95db-48f9-b70d-35be8f177768 None None] Fixed interval looping call 'neutron.plugins.ml2.plugin.AgentDbMixin.agent_health_check' sleeping for 37.00 seconds {{(pid=91973) _run_loop /opt/stack/data/venv/lib/python3.12/site-packages/oslo_service/backend/_threading/loopingcall.py:125}}
May 26 17:24:27.496739 np0000001442 neutron-periodic-workers[91978]: DEBUG dbcounter [-] [91978] Writing DB stats neutron:DELETE=1 {{(pid=91978) stat_writer /opt/stack/data/venv/lib/python3.12/site-packages/dbcounter.py:115}}
May 26 17:24:33.452579 np0000001442 neutron-periodic-workers[91973]: DEBUG dbcounter [-] [91973] Writing DB stats neutron:SELECT=1 {{(pid=91973) stat_writer /opt/stack/data/venv/lib/python3.12/site-packages/dbcounter.py:115}}
May 26 17:24:36.435278 np0000001442 neutron-periodic-workers[91968]: DEBUG oslo.service.backend._threading.loopingcall [None req-05df2dea-f043-4432-b5fd-57e347eba584 None None] Fixed interval looping call 'neutron.plugins.ml2.plugin.DhcpAgentSchedulerDbMixin.remove_networks_from_down_agents' sleeping for 36.99 seconds {{(pid=91968) _run_loop /opt/stack/data/venv/lib/python3.12/site-packages/oslo_service/backend/_threading/loopingcall.py:125}}
May 26 17:24:46.434438 np0000001442 neutron-periodic-workers[91968]: DEBUG dbcounter [-] [91968] Writing DB stats neutron:SELECT=3 {{(pid=91968) stat_writer /opt/stack/data/venv/lib/python3.12/site-packages/dbcounter.py:115}}
May 26 17:25:00.457361 np0000001442 neutron-periodic-workers[91973]: DEBUG neutron.db.agents_db [None req-72bf6f6c-95db-48f9-b70d-35be8f177768 None None] Agent healthcheck: found 0 active agents {{(pid=91973) agent_health_check /opt/stack/neutron/neutron/db/agents_db.py:322}}
May 26 17:25:00.457918 np0000001442 neutron-periodic-workers[91973]: DEBUG oslo.service.backend._threading.loopingcall [None req-72bf6f6c-95db-48f9-b70d-35be8f177768 None None] Fixed interval looping call 'neutron.plugins.ml2.plugin.AgentDbMixin.agent_health_check' sleeping for 37.00 seconds {{(pid=91973) _run_loop /opt/stack/data/venv/lib/python3.12/site-packages/oslo_service/backend/_threading/loopingcall.py:125}}
May 26 17:25:10.456256 np0000001442 neutron-periodic-workers[91973]: DEBUG dbcounter [-] [91973] Writing DB stats neutron:SELECT=1 {{(pid=91973) stat_writer /opt/stack/data/venv/lib/python3.12/site-packages/dbcounter.py:115}}
May 26 17:25:13.433573 np0000001442 neutron-periodic-workers[91968]: DEBUG oslo.service.backend._threading.loopingcall [None req-05df2dea-f043-4432-b5fd-57e347eba584 None None] Fixed interval looping call 'neutron.plugins.ml2.plugin.DhcpAgentSchedulerDbMixin.remove_networks_from_down_agents' sleeping for 36.99 seconds {{(pid=91968) _run_loop /opt/stack/data/venv/lib/python3.12/site-packages/oslo_service/backend/_threading/loopingcall.py:125}}
May 26 17:25:23.432410 np0000001442 neutron-periodic-workers[91968]: DEBUG dbcounter [-] [91968] Writing DB stats neutron:SELECT=3 {{(pid=91968) stat_writer /opt/stack/data/venv/lib/python3.12/site-packages/dbcounter.py:115}}
May 26 17:25:37.465631 np0000001442 neutron-periodic-workers[91973]: DEBUG neutron.db.agents_db [None req-72bf6f6c-95db-48f9-b70d-35be8f177768 None None] Agent healthcheck: found 0 active agents {{(pid=91973) agent_health_check /opt/stack/neutron/neutron/db/agents_db.py:322}}
May 26 17:25:37.465631 np0000001442 neutron-periodic-workers[91973]: DEBUG oslo.service.backend._threading.loopingcall [None req-72bf6f6c-95db-48f9-b70d-35be8f177768 None None] Fixed interval looping call 'neutron.plugins.ml2.plugin.AgentDbMixin.agent_health_check' sleeping for 36.99 seconds {{(pid=91973) _run_loop /opt/stack/data/venv/lib/python3.12/site-packages/oslo_service/backend/_threading/loopingcall.py:125}}
May 26 17:25:47.463772 np0000001442 neutron-periodic-workers[91973]: DEBUG dbcounter [-] [91973] Writing DB stats neutron:SELECT=1 {{(pid=91973) stat_writer /opt/stack/data/venv/lib/python3.12/site-packages/dbcounter.py:115}}
May 26 17:25:50.429717 np0000001442 neutron-periodic-workers[91968]: DEBUG oslo.service.backend._threading.loopingcall [None req-05df2dea-f043-4432-b5fd-57e347eba584 None None] Fixed interval looping call 'neutron.plugins.ml2.plugin.DhcpAgentSchedulerDbMixin.remove_networks_from_down_agents' sleeping for 36.99 seconds {{(pid=91968) _run_loop /opt/stack/data/venv/lib/python3.12/site-packages/oslo_service/backend/_threading/loopingcall.py:125}}
May 26 17:26:00.429024 np0000001442 neutron-periodic-workers[91968]: DEBUG dbcounter [-] [91968] Writing DB stats neutron:SELECT=3 {{(pid=91968) stat_writer /opt/stack/data/venv/lib/python3.12/site-packages/dbcounter.py:115}}
May 26 17:26:06.563565 np0000001442 neutron-periodic-workers[91995]: DEBUG dbcounter [-] [91995] Writer thread running {{(pid=91995) stat_writer /opt/stack/data/venv/lib/python3.12/site-packages/dbcounter.py:102}}
May 26 17:26:06.601485 np0000001442 neutron-periodic-workers[91995]: DEBUG oslo.service.backend._threading.loopingcall [None req-b6193e91-db99-428b-8407-33f7bd8fbf97 None None] Fixed interval looping call 'neutron.services.ovn_l3.plugin.L3_NAT_dbonly_mixin._clean_garbage' sleeping for 299.87 seconds {{(pid=91995) _run_loop /opt/stack/data/venv/lib/python3.12/site-packages/oslo_service/backend/_threading/loopingcall.py:125}}
May 26 17:26:14.461404 np0000001442 neutron-periodic-workers[91973]: DEBUG neutron.db.agents_db [None req-72bf6f6c-95db-48f9-b70d-35be8f177768 None None] Agent healthcheck: found 0 active agents {{(pid=91973) agent_health_check /opt/stack/neutron/neutron/db/agents_db.py:322}}
May 26 17:26:14.462192 np0000001442 neutron-periodic-workers[91973]: DEBUG oslo.service.backend._threading.loopingcall [None req-72bf6f6c-95db-48f9-b70d-35be8f177768 None None] Fixed interval looping call 'neutron.plugins.ml2.plugin.AgentDbMixin.agent_health_check' sleeping for 36.99 seconds {{(pid=91973) _run_loop /opt/stack/data/venv/lib/python3.12/site-packages/oslo_service/backend/_threading/loopingcall.py:125}}
May 26 17:26:16.602360 np0000001442 neutron-periodic-workers[91995]: DEBUG dbcounter [-] [91995] Writing DB stats neutron:SELECT=10 {{(pid=91995) stat_writer /opt/stack/data/venv/lib/python3.12/site-packages/dbcounter.py:115}}
May 26 17:26:17.465637 np0000001442 neutron-periodic-workers[91978]: DEBUG oslo.service.backend._threading.loopingcall [None req-be130a62-3b47-49fd-9eab-89e49a44f873 None None] Fixed interval looping call 'neutron.db.quota.driver_nolock.DbQuotaNoLockDriver._remove_expired_reservations' sleeping for 119.98 seconds {{(pid=91978) _run_loop /opt/stack/data/venv/lib/python3.12/site-packages/oslo_service/backend/_threading/loopingcall.py:125}}
May 26 17:26:24.462398 np0000001442 neutron-periodic-workers[91973]: DEBUG dbcounter [-] [91973] Writing DB stats neutron:SELECT=1 {{(pid=91973) stat_writer /opt/stack/data/venv/lib/python3.12/site-packages/dbcounter.py:115}}
May 26 17:26:27.426752 np0000001442 neutron-periodic-workers[91968]: DEBUG oslo.service.backend._threading.loopingcall [None req-05df2dea-f043-4432-b5fd-57e347eba584 None None] Fixed interval looping call 'neutron.plugins.ml2.plugin.DhcpAgentSchedulerDbMixin.remove_networks_from_down_agents' sleeping for 36.99 seconds {{(pid=91968) _run_loop /opt/stack/data/venv/lib/python3.12/site-packages/oslo_service/backend/_threading/loopingcall.py:125}}
May 26 17:26:27.464026 np0000001442 neutron-periodic-workers[91978]: DEBUG dbcounter [-] [91978] Writing DB stats neutron:DELETE=1 {{(pid=91978) stat_writer /opt/stack/data/venv/lib/python3.12/site-packages/dbcounter.py:115}}
May 26 17:26:37.426006 np0000001442 neutron-periodic-workers[91968]: DEBUG dbcounter [-] [91968] Writing DB stats neutron:SELECT=3 {{(pid=91968) stat_writer /opt/stack/data/venv/lib/python3.12/site-packages/dbcounter.py:115}}
May 26 17:26:51.455091 np0000001442 neutron-periodic-workers[91973]: DEBUG neutron.db.agents_db [None req-72bf6f6c-95db-48f9-b70d-35be8f177768 None None] Agent healthcheck: found 0 active agents {{(pid=91973) agent_health_check /opt/stack/neutron/neutron/db/agents_db.py:322}}
May 26 17:26:51.455475 np0000001442 neutron-periodic-workers[91973]: DEBUG oslo.service.backend._threading.loopingcall [None req-72bf6f6c-95db-48f9-b70d-35be8f177768 None None] Fixed interval looping call 'neutron.plugins.ml2.plugin.AgentDbMixin.agent_health_check' sleeping for 37.00 seconds {{(pid=91973) _run_loop /opt/stack/data/venv/lib/python3.12/site-packages/oslo_service/backend/_threading/loopingcall.py:125}}
May 26 17:27:01.453811 np0000001442 neutron-periodic-workers[91973]: DEBUG dbcounter [-] [91973] Writing DB stats neutron:SELECT=1 {{(pid=91973) stat_writer /opt/stack/data/venv/lib/python3.12/site-packages/dbcounter.py:115}}
May 26 17:27:04.424728 np0000001442 neutron-periodic-workers[91968]: DEBUG oslo.service.backend._threading.loopingcall [None req-05df2dea-f043-4432-b5fd-57e347eba584 None None] Fixed interval looping call 'neutron.plugins.ml2.plugin.DhcpAgentSchedulerDbMixin.remove_networks_from_down_agents' sleeping for 36.99 seconds {{(pid=91968) _run_loop /opt/stack/data/venv/lib/python3.12/site-packages/oslo_service/backend/_threading/loopingcall.py:125}}
May 26 17:27:14.423335 np0000001442 neutron-periodic-workers[91968]: DEBUG dbcounter [-] [91968] Writing DB stats neutron:SELECT=3 {{(pid=91968) stat_writer /opt/stack/data/venv/lib/python3.12/site-packages/dbcounter.py:115}}
May 26 17:27:28.459489 np0000001442 neutron-periodic-workers[91973]: DEBUG neutron.db.agents_db [None req-72bf6f6c-95db-48f9-b70d-35be8f177768 None None] Agent healthcheck: found 0 active agents {{(pid=91973) agent_health_check /opt/stack/neutron/neutron/db/agents_db.py:322}}
May 26 17:27:28.459952 np0000001442 neutron-periodic-workers[91973]: DEBUG oslo.service.backend._threading.loopingcall [None req-72bf6f6c-95db-48f9-b70d-35be8f177768 None None] Fixed interval looping call 'neutron.plugins.ml2.plugin.AgentDbMixin.agent_health_check' sleeping for 37.00 seconds {{(pid=91973) _run_loop /opt/stack/data/venv/lib/python3.12/site-packages/oslo_service/backend/_threading/loopingcall.py:125}}
May 26 17:27:38.459271 np0000001442 neutron-periodic-workers[91973]: DEBUG dbcounter [-] [91973] Writing DB stats neutron:SELECT=1 {{(pid=91973) stat_writer /opt/stack/data/venv/lib/python3.12/site-packages/dbcounter.py:115}}
May 26 17:27:41.424906 np0000001442 neutron-periodic-workers[91968]: DEBUG oslo.service.backend._threading.loopingcall [None req-05df2dea-f043-4432-b5fd-57e347eba584 None None] Fixed interval looping call 'neutron.plugins.ml2.plugin.DhcpAgentSchedulerDbMixin.remove_networks_from_down_agents' sleeping for 36.99 seconds {{(pid=91968) _run_loop /opt/stack/data/venv/lib/python3.12/site-packages/oslo_service/backend/_threading/loopingcall.py:125}}
May 26 17:27:51.423767 np0000001442 neutron-periodic-workers[91968]: DEBUG dbcounter [-] [91968] Writing DB stats neutron:SELECT=3 {{(pid=91968) stat_writer /opt/stack/data/venv/lib/python3.12/site-packages/dbcounter.py:115}}
May 26 17:28:05.468327 np0000001442 neutron-periodic-workers[91973]: DEBUG neutron.db.agents_db [None req-72bf6f6c-95db-48f9-b70d-35be8f177768 None None] Agent healthcheck: found 0 active agents {{(pid=91973) agent_health_check /opt/stack/neutron/neutron/db/agents_db.py:322}}
May 26 17:28:05.468327 np0000001442 neutron-periodic-workers[91973]: DEBUG oslo.service.backend._threading.loopingcall [None req-72bf6f6c-95db-48f9-b70d-35be8f177768 None None] Fixed interval looping call 'neutron.plugins.ml2.plugin.AgentDbMixin.agent_health_check' sleeping for 36.99 seconds {{(pid=91973) _run_loop /opt/stack/data/venv/lib/python3.12/site-packages/oslo_service/backend/_threading/loopingcall.py:125}}
May 26 17:28:15.464614 np0000001442 neutron-periodic-workers[91973]: DEBUG dbcounter [-] [91973] Writing DB stats neutron:SELECT=1 {{(pid=91973) stat_writer /opt/stack/data/venv/lib/python3.12/site-packages/dbcounter.py:115}}
May 26 17:28:17.453648 np0000001442 neutron-periodic-workers[91978]: DEBUG oslo.service.backend._threading.loopingcall [None req-be130a62-3b47-49fd-9eab-89e49a44f873 None None] Fixed interval looping call 'neutron.db.quota.driver_nolock.DbQuotaNoLockDriver._remove_expired_reservations' sleeping for 119.99 seconds {{(pid=91978) _run_loop /opt/stack/data/venv/lib/python3.12/site-packages/oslo_service/backend/_threading/loopingcall.py:125}}
May 26 17:28:18.422663 np0000001442 neutron-periodic-workers[91968]: DEBUG oslo.service.backend._threading.loopingcall [None req-05df2dea-f043-4432-b5fd-57e347eba584 None None] Fixed interval looping call 'neutron.plugins.ml2.plugin.DhcpAgentSchedulerDbMixin.remove_networks_from_down_agents' sleeping for 36.99 seconds {{(pid=91968) _run_loop /opt/stack/data/venv/lib/python3.12/site-packages/oslo_service/backend/_threading/loopingcall.py:125}}
May 26 17:28:27.450450 np0000001442 neutron-periodic-workers[91978]: DEBUG dbcounter [-] [91978] Writing DB stats neutron:DELETE=1 {{(pid=91978) stat_writer /opt/stack/data/venv/lib/python3.12/site-packages/dbcounter.py:115}}
May 26 17:28:28.421629 np0000001442 neutron-periodic-workers[91968]: DEBUG dbcounter [-] [91968] Writing DB stats neutron:SELECT=3 {{(pid=91968) stat_writer /opt/stack/data/venv/lib/python3.12/site-packages/dbcounter.py:115}}
May 26 17:28:42.462985 np0000001442 neutron-periodic-workers[91973]: DEBUG neutron.db.agents_db [None req-72bf6f6c-95db-48f9-b70d-35be8f177768 None None] Agent healthcheck: found 0 active agents {{(pid=91973) agent_health_check /opt/stack/neutron/neutron/db/agents_db.py:322}}
May 26 17:28:42.463399 np0000001442 neutron-periodic-workers[91973]: DEBUG oslo.service.backend._threading.loopingcall [None req-72bf6f6c-95db-48f9-b70d-35be8f177768 None None] Fixed interval looping call 'neutron.plugins.ml2.plugin.AgentDbMixin.agent_health_check' sleeping for 37.00 seconds {{(pid=91973) _run_loop /opt/stack/data/venv/lib/python3.12/site-packages/oslo_service/backend/_threading/loopingcall.py:125}}
May 26 17:28:52.461609 np0000001442 neutron-periodic-workers[91973]: DEBUG dbcounter [-] [91973] Writing DB stats neutron:SELECT=1 {{(pid=91973) stat_writer /opt/stack/data/venv/lib/python3.12/site-packages/dbcounter.py:115}}
May 26 17:28:55.425073 np0000001442 neutron-periodic-workers[91968]: DEBUG oslo.service.backend._threading.loopingcall [None req-05df2dea-f043-4432-b5fd-57e347eba584 None None] Fixed interval looping call 'neutron.plugins.ml2.plugin.DhcpAgentSchedulerDbMixin.remove_networks_from_down_agents' sleeping for 36.99 seconds {{(pid=91968) _run_loop /opt/stack/data/venv/lib/python3.12/site-packages/oslo_service/backend/_threading/loopingcall.py:125}}
May 26 17:29:05.423666 np0000001442 neutron-periodic-workers[91968]: DEBUG dbcounter [-] [91968] Writing DB stats neutron:SELECT=3 {{(pid=91968) stat_writer /opt/stack/data/venv/lib/python3.12/site-packages/dbcounter.py:115}}
May 26 17:29:19.469156 np0000001442 neutron-periodic-workers[91973]: DEBUG neutron.db.agents_db [None req-72bf6f6c-95db-48f9-b70d-35be8f177768 None None] Agent healthcheck: found 0 active agents {{(pid=91973) agent_health_check /opt/stack/neutron/neutron/db/agents_db.py:322}}
May 26 17:29:19.469696 np0000001442 neutron-periodic-workers[91973]: DEBUG oslo.service.backend._threading.loopingcall [None req-72bf6f6c-95db-48f9-b70d-35be8f177768 None None] Fixed interval looping call 'neutron.plugins.ml2.plugin.AgentDbMixin.agent_health_check' sleeping for 36.99 seconds {{(pid=91973) _run_loop /opt/stack/data/venv/lib/python3.12/site-packages/oslo_service/backend/_threading/loopingcall.py:125}}
May 26 17:29:29.467640 np0000001442 neutron-periodic-workers[91973]: DEBUG dbcounter [-] [91973] Writing DB stats neutron:SELECT=1 {{(pid=91973) stat_writer /opt/stack/data/venv/lib/python3.12/site-packages/dbcounter.py:115}}
May 26 17:29:32.428443 np0000001442 neutron-periodic-workers[91968]: DEBUG oslo.service.backend._threading.loopingcall [None req-05df2dea-f043-4432-b5fd-57e347eba584 None None] Fixed interval looping call 'neutron.plugins.ml2.plugin.DhcpAgentSchedulerDbMixin.remove_networks_from_down_agents' sleeping for 36.99 seconds {{(pid=91968) _run_loop /opt/stack/data/venv/lib/python3.12/site-packages/oslo_service/backend/_threading/loopingcall.py:125}}
May 26 17:29:42.422947 np0000001442 neutron-periodic-workers[91968]: DEBUG dbcounter [-] [91968] Writing DB stats neutron:SELECT=3 {{(pid=91968) stat_writer /opt/stack/data/venv/lib/python3.12/site-packages/dbcounter.py:115}}
May 26 17:29:56.463712 np0000001442 neutron-periodic-workers[91973]: DEBUG neutron.db.agents_db [None req-72bf6f6c-95db-48f9-b70d-35be8f177768 None None] Agent healthcheck: found 0 active agents {{(pid=91973) agent_health_check /opt/stack/neutron/neutron/db/agents_db.py:322}}
May 26 17:29:56.464356 np0000001442 neutron-periodic-workers[91973]: DEBUG oslo.service.backend._threading.loopingcall [None req-72bf6f6c-95db-48f9-b70d-35be8f177768 None None] Fixed interval looping call 'neutron.plugins.ml2.plugin.AgentDbMixin.agent_health_check' sleeping for 37.00 seconds {{(pid=91973) _run_loop /opt/stack/data/venv/lib/python3.12/site-packages/oslo_service/backend/_threading/loopingcall.py:125}}
May 26 17:30:06.464117 np0000001442 neutron-periodic-workers[91973]: DEBUG dbcounter [-] [91973] Writing DB stats neutron:SELECT=1 {{(pid=91973) stat_writer /opt/stack/data/venv/lib/python3.12/site-packages/dbcounter.py:115}}
May 26 17:30:09.427623 np0000001442 neutron-periodic-workers[91968]: DEBUG oslo.service.backend._threading.loopingcall [None req-05df2dea-f043-4432-b5fd-57e347eba584 None None] Fixed interval looping call 'neutron.plugins.ml2.plugin.DhcpAgentSchedulerDbMixin.remove_networks_from_down_agents' sleeping for 36.99 seconds {{(pid=91968) _run_loop /opt/stack/data/venv/lib/python3.12/site-packages/oslo_service/backend/_threading/loopingcall.py:125}}
May 26 17:30:17.444638 np0000001442 neutron-periodic-workers[91978]: DEBUG oslo.service.backend._threading.loopingcall [None req-be130a62-3b47-49fd-9eab-89e49a44f873 None None] Fixed interval looping call 'neutron.db.quota.driver_nolock.DbQuotaNoLockDriver._remove_expired_reservations' sleeping for 120.00 seconds {{(pid=91978) _run_loop /opt/stack/data/venv/lib/python3.12/site-packages/oslo_service/backend/_threading/loopingcall.py:125}}
May 26 17:30:19.425865 np0000001442 neutron-periodic-workers[91968]: DEBUG dbcounter [-] [91968] Writing DB stats neutron:SELECT=3 {{(pid=91968) stat_writer /opt/stack/data/venv/lib/python3.12/site-packages/dbcounter.py:115}}
May 26 17:30:27.443934 np0000001442 neutron-periodic-workers[91978]: DEBUG dbcounter [-] [91978] Writing DB stats neutron:DELETE=1 {{(pid=91978) stat_writer /opt/stack/data/venv/lib/python3.12/site-packages/dbcounter.py:115}}
May 26 17:30:33.475092 np0000001442 neutron-periodic-workers[91973]: DEBUG neutron.db.agents_db [None req-72bf6f6c-95db-48f9-b70d-35be8f177768 None None] Agent healthcheck: found 0 active agents {{(pid=91973) agent_health_check /opt/stack/neutron/neutron/db/agents_db.py:322}}
May 26 17:30:33.475092 np0000001442 neutron-periodic-workers[91973]: DEBUG oslo.service.backend._threading.loopingcall [None req-72bf6f6c-95db-48f9-b70d-35be8f177768 None None] Fixed interval looping call 'neutron.plugins.ml2.plugin.AgentDbMixin.agent_health_check' sleeping for 36.99 seconds {{(pid=91973) _run_loop /opt/stack/data/venv/lib/python3.12/site-packages/oslo_service/backend/_threading/loopingcall.py:125}}
May 26 17:30:43.472733 np0000001442 neutron-periodic-workers[91973]: DEBUG dbcounter [-] [91973] Writing DB stats neutron:SELECT=1 {{(pid=91973) stat_writer /opt/stack/data/venv/lib/python3.12/site-packages/dbcounter.py:115}}
May 26 17:30:46.425241 np0000001442 neutron-periodic-workers[91968]: DEBUG oslo.service.backend._threading.loopingcall [None req-05df2dea-f043-4432-b5fd-57e347eba584 None None] Fixed interval looping call 'neutron.plugins.ml2.plugin.DhcpAgentSchedulerDbMixin.remove_networks_from_down_agents' sleeping for 36.99 seconds {{(pid=91968) _run_loop /opt/stack/data/venv/lib/python3.12/site-packages/oslo_service/backend/_threading/loopingcall.py:125}}
May 26 17:30:56.424119 np0000001442 neutron-periodic-workers[91968]: DEBUG dbcounter [-] [91968] Writing DB stats neutron:SELECT=3 {{(pid=91968) stat_writer /opt/stack/data/venv/lib/python3.12/site-packages/dbcounter.py:115}}
May 26 17:31:06.480541 np0000001442 neutron-periodic-workers[91995]: DEBUG oslo.service.backend._threading.loopingcall [None req-b6193e91-db99-428b-8407-33f7bd8fbf97 None None] Fixed interval looping call 'neutron.services.ovn_l3.plugin.L3_NAT_dbonly_mixin._clean_garbage' sleeping for 299.99 seconds {{(pid=91995) _run_loop /opt/stack/data/venv/lib/python3.12/site-packages/oslo_service/backend/_threading/loopingcall.py:125}}
May 26 17:31:10.468999 np0000001442 neutron-periodic-workers[91973]: DEBUG neutron.db.agents_db [None req-72bf6f6c-95db-48f9-b70d-35be8f177768 None None] Agent healthcheck: found 0 active agents {{(pid=91973) agent_health_check /opt/stack/neutron/neutron/db/agents_db.py:322}}
May 26 17:31:10.470017 np0000001442 neutron-periodic-workers[91973]: DEBUG oslo.service.backend._threading.loopingcall [None req-72bf6f6c-95db-48f9-b70d-35be8f177768 None None] Fixed interval looping call 'neutron.plugins.ml2.plugin.AgentDbMixin.agent_health_check' sleeping for 36.99 seconds {{(pid=91973) _run_loop /opt/stack/data/venv/lib/python3.12/site-packages/oslo_service/backend/_threading/loopingcall.py:125}}
May 26 17:31:16.474942 np0000001442 neutron-periodic-workers[91995]: DEBUG dbcounter [-] [91995] Writing DB stats neutron:SELECT=1 {{(pid=91995) stat_writer /opt/stack/data/venv/lib/python3.12/site-packages/dbcounter.py:115}}
May 26 17:31:20.469171 np0000001442 neutron-periodic-workers[91973]: DEBUG dbcounter [-] [91973] Writing DB stats neutron:SELECT=1 {{(pid=91973) stat_writer /opt/stack/data/venv/lib/python3.12/site-packages/dbcounter.py:115}}
May 26 17:31:23.429279 np0000001442 neutron-periodic-workers[91968]: DEBUG oslo.service.backend._threading.loopingcall [None req-05df2dea-f043-4432-b5fd-57e347eba584 None None] Fixed interval looping call 'neutron.plugins.ml2.plugin.DhcpAgentSchedulerDbMixin.remove_networks_from_down_agents' sleeping for 36.99 seconds {{(pid=91968) _run_loop /opt/stack/data/venv/lib/python3.12/site-packages/oslo_service/backend/_threading/loopingcall.py:125}}
May 26 17:31:33.426488 np0000001442 neutron-periodic-workers[91968]: DEBUG dbcounter [-] [91968] Writing DB stats neutron:SELECT=3 {{(pid=91968) stat_writer /opt/stack/data/venv/lib/python3.12/site-packages/dbcounter.py:115}}
May 26 17:31:47.463126 np0000001442 neutron-periodic-workers[91973]: DEBUG neutron.db.agents_db [None req-72bf6f6c-95db-48f9-b70d-35be8f177768 None None] Agent healthcheck: found 0 active agents {{(pid=91973) agent_health_check /opt/stack/neutron/neutron/db/agents_db.py:322}}
May 26 17:31:47.463517 np0000001442 neutron-periodic-workers[91973]: DEBUG oslo.service.backend._threading.loopingcall [None req-72bf6f6c-95db-48f9-b70d-35be8f177768 None None] Fixed interval looping call 'neutron.plugins.ml2.plugin.AgentDbMixin.agent_health_check' sleeping for 37.00 seconds {{(pid=91973) _run_loop /opt/stack/data/venv/lib/python3.12/site-packages/oslo_service/backend/_threading/loopingcall.py:125}}
May 26 17:31:57.462745 np0000001442 neutron-periodic-workers[91973]: DEBUG dbcounter [-] [91973] Writing DB stats neutron:SELECT=1 {{(pid=91973) stat_writer /opt/stack/data/venv/lib/python3.12/site-packages/dbcounter.py:115}}
May 26 17:32:00.431449 np0000001442 neutron-periodic-workers[91968]: DEBUG oslo.service.backend._threading.loopingcall [None req-05df2dea-f043-4432-b5fd-57e347eba584 None None] Fixed interval looping call 'neutron.plugins.ml2.plugin.DhcpAgentSchedulerDbMixin.remove_networks_from_down_agents' sleeping for 36.99 seconds {{(pid=91968) _run_loop /opt/stack/data/venv/lib/python3.12/site-packages/oslo_service/backend/_threading/loopingcall.py:125}}
May 26 17:32:10.431123 np0000001442 neutron-periodic-workers[91968]: DEBUG dbcounter [-] [91968] Writing DB stats neutron:SELECT=3 {{(pid=91968) stat_writer /opt/stack/data/venv/lib/python3.12/site-packages/dbcounter.py:115}}
May 26 17:32:17.450224 np0000001442 neutron-periodic-workers[91978]: DEBUG oslo.service.backend._threading.loopingcall [None req-be130a62-3b47-49fd-9eab-89e49a44f873 None None] Fixed interval looping call 'neutron.db.quota.driver_nolock.DbQuotaNoLockDriver._remove_expired_reservations' sleeping for 120.00 seconds {{(pid=91978) _run_loop /opt/stack/data/venv/lib/python3.12/site-packages/oslo_service/backend/_threading/loopingcall.py:125}}
May 26 17:32:24.470098 np0000001442 neutron-periodic-workers[91973]: DEBUG neutron.db.agents_db [None req-72bf6f6c-95db-48f9-b70d-35be8f177768 None None] Agent healthcheck: found 0 active agents {{(pid=91973) agent_health_check /opt/stack/neutron/neutron/db/agents_db.py:322}}
May 26 17:32:24.470526 np0000001442 neutron-periodic-workers[91973]: DEBUG oslo.service.backend._threading.loopingcall [None req-72bf6f6c-95db-48f9-b70d-35be8f177768 None None] Fixed interval looping call 'neutron.plugins.ml2.plugin.AgentDbMixin.agent_health_check' sleeping for 37.00 seconds {{(pid=91973) _run_loop /opt/stack/data/venv/lib/python3.12/site-packages/oslo_service/backend/_threading/loopingcall.py:125}}
May 26 17:32:27.447910 np0000001442 neutron-periodic-workers[91978]: DEBUG dbcounter [-] [91978] Writing DB stats neutron:DELETE=1 {{(pid=91978) stat_writer /opt/stack/data/venv/lib/python3.12/site-packages/dbcounter.py:115}}
May 26 17:32:34.469077 np0000001442 neutron-periodic-workers[91973]: DEBUG dbcounter [-] [91973] Writing DB stats neutron:SELECT=1 {{(pid=91973) stat_writer /opt/stack/data/venv/lib/python3.12/site-packages/dbcounter.py:115}}
May 26 17:32:37.431155 np0000001442 neutron-periodic-workers[91968]: DEBUG oslo.service.backend._threading.loopingcall [None req-05df2dea-f043-4432-b5fd-57e347eba584 None None] Fixed interval looping call 'neutron.plugins.ml2.plugin.DhcpAgentSchedulerDbMixin.remove_networks_from_down_agents' sleeping for 36.99 seconds {{(pid=91968) _run_loop /opt/stack/data/venv/lib/python3.12/site-packages/oslo_service/backend/_threading/loopingcall.py:125}}
May 26 17:32:47.429783 np0000001442 neutron-periodic-workers[91968]: DEBUG dbcounter [-] [91968] Writing DB stats neutron:SELECT=3 {{(pid=91968) stat_writer /opt/stack/data/venv/lib/python3.12/site-packages/dbcounter.py:115}}
May 26 17:33:01.473862 np0000001442 neutron-periodic-workers[91973]: DEBUG neutron.db.agents_db [None req-72bf6f6c-95db-48f9-b70d-35be8f177768 None None] Agent healthcheck: found 0 active agents {{(pid=91973) agent_health_check /opt/stack/neutron/neutron/db/agents_db.py:322}}
May 26 17:33:01.474266 np0000001442 neutron-periodic-workers[91973]: DEBUG oslo.service.backend._threading.loopingcall [None req-72bf6f6c-95db-48f9-b70d-35be8f177768 None None] Fixed interval looping call 'neutron.plugins.ml2.plugin.AgentDbMixin.agent_health_check' sleeping for 37.00 seconds {{(pid=91973) _run_loop /opt/stack/data/venv/lib/python3.12/site-packages/oslo_service/backend/_threading/loopingcall.py:125}}
May 26 17:33:11.472702 np0000001442 neutron-periodic-workers[91973]: DEBUG dbcounter [-] [91973] Writing DB stats neutron:SELECT=1 {{(pid=91973) stat_writer /opt/stack/data/venv/lib/python3.12/site-packages/dbcounter.py:115}}
May 26 17:33:14.438278 np0000001442 neutron-periodic-workers[91968]: DEBUG oslo.service.backend._threading.loopingcall [None req-05df2dea-f043-4432-b5fd-57e347eba584 None None] Fixed interval looping call 'neutron.plugins.ml2.plugin.DhcpAgentSchedulerDbMixin.remove_networks_from_down_agents' sleeping for 36.98 seconds {{(pid=91968) _run_loop /opt/stack/data/venv/lib/python3.12/site-packages/oslo_service/backend/_threading/loopingcall.py:125}}
May 26 17:33:24.437174 np0000001442 neutron-periodic-workers[91968]: DEBUG dbcounter [-] [91968] Writing DB stats neutron:SELECT=3 {{(pid=91968) stat_writer /opt/stack/data/venv/lib/python3.12/site-packages/dbcounter.py:115}}
May 26 17:33:38.478296 np0000001442 neutron-periodic-workers[91973]: DEBUG neutron.db.agents_db [None req-72bf6f6c-95db-48f9-b70d-35be8f177768 None None] Agent healthcheck: found 0 active agents {{(pid=91973) agent_health_check /opt/stack/neutron/neutron/db/agents_db.py:322}}
May 26 17:33:38.478623 np0000001442 neutron-periodic-workers[91973]: DEBUG oslo.service.backend._threading.loopingcall [None req-72bf6f6c-95db-48f9-b70d-35be8f177768 None None] Fixed interval looping call 'neutron.plugins.ml2.plugin.AgentDbMixin.agent_health_check' sleeping for 37.00 seconds {{(pid=91973) _run_loop /opt/stack/data/venv/lib/python3.12/site-packages/oslo_service/backend/_threading/loopingcall.py:125}}
May 26 17:33:48.477303 np0000001442 neutron-periodic-workers[91973]: DEBUG dbcounter [-] [91973] Writing DB stats neutron:SELECT=1 {{(pid=91973) stat_writer /opt/stack/data/venv/lib/python3.12/site-packages/dbcounter.py:115}}
May 26 17:33:51.427026 np0000001442 neutron-periodic-workers[91968]: DEBUG oslo.service.backend._threading.loopingcall [None req-05df2dea-f043-4432-b5fd-57e347eba584 None None] Fixed interval looping call 'neutron.plugins.ml2.plugin.DhcpAgentSchedulerDbMixin.remove_networks_from_down_agents' sleeping for 36.99 seconds {{(pid=91968) _run_loop /opt/stack/data/venv/lib/python3.12/site-packages/oslo_service/backend/_threading/loopingcall.py:125}}
May 26 17:34:01.426099 np0000001442 neutron-periodic-workers[91968]: DEBUG dbcounter [-] [91968] Writing DB stats neutron:SELECT=3 {{(pid=91968) stat_writer /opt/stack/data/venv/lib/python3.12/site-packages/dbcounter.py:115}}
May 26 17:34:15.482381 np0000001442 neutron-periodic-workers[91973]: DEBUG neutron.db.agents_db [None req-72bf6f6c-95db-48f9-b70d-35be8f177768 None None] Agent healthcheck: found 0 active agents {{(pid=91973) agent_health_check /opt/stack/neutron/neutron/db/agents_db.py:322}}
May 26 17:34:15.482870 np0000001442 neutron-periodic-workers[91973]: DEBUG oslo.service.backend._threading.loopingcall [None req-72bf6f6c-95db-48f9-b70d-35be8f177768 None None] Fixed interval looping call 'neutron.plugins.ml2.plugin.AgentDbMixin.agent_health_check' sleeping for 37.00 seconds {{(pid=91973) _run_loop /opt/stack/data/venv/lib/python3.12/site-packages/oslo_service/backend/_threading/loopingcall.py:125}}
May 26 17:34:17.455858 np0000001442 neutron-periodic-workers[91978]: DEBUG oslo.service.backend._threading.loopingcall [None req-be130a62-3b47-49fd-9eab-89e49a44f873 None None] Fixed interval looping call 'neutron.db.quota.driver_nolock.DbQuotaNoLockDriver._remove_expired_reservations' sleeping for 120.00 seconds {{(pid=91978) _run_loop /opt/stack/data/venv/lib/python3.12/site-packages/oslo_service/backend/_threading/loopingcall.py:125}}
May 26 17:34:25.481471 np0000001442 neutron-periodic-workers[91973]: DEBUG dbcounter [-] [91973] Writing DB stats neutron:SELECT=1 {{(pid=91973) stat_writer /opt/stack/data/venv/lib/python3.12/site-packages/dbcounter.py:115}}
May 26 17:34:27.453079 np0000001442 neutron-periodic-workers[91978]: DEBUG dbcounter [-] [91978] Writing DB stats neutron:DELETE=1 {{(pid=91978) stat_writer /opt/stack/data/venv/lib/python3.12/site-packages/dbcounter.py:115}}
May 26 17:34:28.423653 np0000001442 neutron-periodic-workers[91968]: DEBUG oslo.service.backend._threading.loopingcall [None req-05df2dea-f043-4432-b5fd-57e347eba584 None None] Fixed interval looping call 'neutron.plugins.ml2.plugin.DhcpAgentSchedulerDbMixin.remove_networks_from_down_agents' sleeping for 36.99 seconds {{(pid=91968) _run_loop /opt/stack/data/venv/lib/python3.12/site-packages/oslo_service/backend/_threading/loopingcall.py:125}}
May 26 17:34:38.423440 np0000001442 neutron-periodic-workers[91968]: DEBUG dbcounter [-] [91968] Writing DB stats neutron:SELECT=3 {{(pid=91968) stat_writer /opt/stack/data/venv/lib/python3.12/site-packages/dbcounter.py:115}}
May 26 17:34:52.490707 np0000001442 neutron-periodic-workers[91973]: DEBUG neutron.db.agents_db [None req-72bf6f6c-95db-48f9-b70d-35be8f177768 None None] Agent healthcheck: found 0 active agents {{(pid=91973) agent_health_check /opt/stack/neutron/neutron/db/agents_db.py:322}}
