Aug 09 08:53:41.652903 np0000006827 systemd[1]: Starting devstack@n-api-meta.service - Devstack devstack@n-api-meta.service...
Aug 09 08:53:41.658226 np0000006827 devstack@n-api-meta.service[95903]: [uWSGI] getting INI configuration from /etc/nova/nova-metadata-uwsgi.ini
Aug 09 08:53:41.660432 np0000006827 devstack@n-api-meta.service[95903]: *** Starting uWSGI 2.0.24-debian (64bit) on [Sun Aug 9 08:53:41 2026] ***
Aug 09 08:53:41.660432 np0000006827 devstack@n-api-meta.service[95903]: compiled with version: 13.2.0 on 17 April 2024 16:23:48
Aug 09 08:53:41.660432 np0000006827 devstack@n-api-meta.service[95903]: os: Linux-6.8.0-100-generic #100-Ubuntu SMP PREEMPT_DYNAMIC Tue Jan 13 16:40:06 UTC 2026
Aug 09 08:53:41.660432 np0000006827 devstack@n-api-meta.service[95903]: nodename: np0000006827
Aug 09 08:53:41.660432 np0000006827 devstack@n-api-meta.service[95903]: machine: x86_64
Aug 09 08:53:41.660432 np0000006827 devstack@n-api-meta.service[95903]: clock source: unix
Aug 09 08:53:41.660432 np0000006827 devstack@n-api-meta.service[95903]: pcre jit disabled
Aug 09 08:53:41.660432 np0000006827 devstack@n-api-meta.service[95903]: detected number of CPU cores: 16
Aug 09 08:53:41.660432 np0000006827 devstack@n-api-meta.service[95903]: current working directory: /
Aug 09 08:53:41.660432 np0000006827 devstack@n-api-meta.service[95903]: detected binary path: /usr/bin/uwsgi-core
Aug 09 08:53:41.660707 np0000006827 devstack@n-api-meta.service[95903]: your processes number limit is 257052
Aug 09 08:53:41.660707 np0000006827 devstack@n-api-meta.service[95903]: your memory page size is 4096 bytes
Aug 09 08:53:41.660707 np0000006827 devstack@n-api-meta.service[95903]: detected max file descriptor number: 2048
Aug 09 08:53:41.660707 np0000006827 devstack@n-api-meta.service[95903]: lock engine: pthread robust mutexes
Aug 09 08:53:41.660707 np0000006827 devstack@n-api-meta.service[95903]: thunder lock: enabled
Aug 09 08:53:41.660872 np0000006827 devstack@n-api-meta.service[95903]: uWSGI http bound on 0.0.0.0:8775 fd 5
Aug 09 08:53:41.660907 np0000006827 devstack@n-api-meta.service[95903]: uwsgi socket 0 bound to TCP address 127.0.0.1:40605 (port auto-assigned) fd 4
Aug 09 08:53:41.660934 np0000006827 devstack@n-api-meta.service[95903]: Python version: 3.12.3 (main, Jun 19 2026, 12:46:00) [GCC 13.3.0]
Aug 09 08:53:41.660934 np0000006827 devstack@n-api-meta.service[95903]: PEP 405 virtualenv detected: /opt/stack/data/venv
Aug 09 08:53:41.660934 np0000006827 devstack@n-api-meta.service[95903]: Set PythonHome to /opt/stack/data/venv
Aug 09 08:53:41.694644 np0000006827 devstack@n-api-meta.service[95903]: Python main interpreter initialized at 0x7b923b8a4668
Aug 09 08:53:41.694644 np0000006827 devstack@n-api-meta.service[95903]: python threads support enabled
Aug 09 08:53:41.694644 np0000006827 devstack@n-api-meta.service[95903]: your server socket listen backlog is limited to 100 connections
Aug 09 08:53:41.694644 np0000006827 devstack@n-api-meta.service[95903]: your mercy for graceful operations on workers is 80 seconds
Aug 09 08:53:41.695163 np0000006827 devstack@n-api-meta.service[95903]: mapped 671795 bytes (656 KB) for 4 cores
Aug 09 08:53:41.695292 np0000006827 devstack@n-api-meta.service[95903]: *** Operational MODE: preforking ***
Aug 09 08:53:41.695494 np0000006827 devstack@n-api-meta.service[95903]: *** uWSGI is running in multiple interpreter mode ***
Aug 09 08:53:41.695494 np0000006827 devstack@n-api-meta.service[95903]: spawned uWSGI master process (pid: 95903)
Aug 09 08:53:41.695673 np0000006827 systemd[1]: Started devstack@n-api-meta.service - Devstack devstack@n-api-meta.service.
Aug 09 08:53:41.696119 np0000006827 devstack@n-api-meta.service[95903]: spawned uWSGI worker 1 (pid: 95904, cores: 1)
Aug 09 08:53:41.696619 np0000006827 devstack@n-api-meta.service[95903]: spawned uWSGI worker 2 (pid: 95905, cores: 1)
Aug 09 08:53:41.697039 np0000006827 devstack@n-api-meta.service[95903]: spawned uWSGI worker 3 (pid: 95906, cores: 1)
Aug 09 08:53:41.697450 np0000006827 devstack@n-api-meta.service[95903]: spawned uWSGI worker 4 (pid: 95907, cores: 1)
Aug 09 08:53:41.698054 np0000006827 devstack@n-api-meta.service[95903]: spawned uWSGI http 1 (pid: 95908)
Aug 09 08:53:41.698054 np0000006827 devstack@n-api-meta.service[95903]: running "unix_signal:15 gracefully_kill_them_all" (master-start)...
Aug 09 08:53:43.380979 np0000006827 devstack@n-api-meta.service[95904]: INFO dbcounter [None req-3efa9133-20cf-4803-9fad-51448071ea08 None None] Registered counter for database nova_api
Aug 09 08:53:43.425452 np0000006827 devstack@n-api-meta.service[95904]: DEBUG oslo_db.sqlalchemy.engines [None req-3efa9133-20cf-4803-9fad-51448071ea08 None None] MySQL server mode set to STRICT_TRANS_TABLES,STRICT_ALL_TABLES,NO_ZERO_IN_DATE,NO_ZERO_DATE,ERROR_FOR_DIVISION_BY_ZERO,TRADITIONAL,NO_ENGINE_SUBSTITUTION {{(pid=95904) _check_effective_sql_mode /opt/stack/data/venv/lib/python3.12/site-packages/oslo_db/sqlalchemy/engines.py:325}}
Aug 09 08:53:43.438582 np0000006827 devstack@n-api-meta.service[95907]: INFO dbcounter [None req-febcbacf-0647-4f17-9425-cffaab764d17 None None] Registered counter for database nova_api
Aug 09 08:53:43.456612 np0000006827 devstack@n-api-meta.service[95904]: DEBUG dbcounter [-] [95904] Writer thread running {{(pid=95904) stat_writer /opt/stack/data/venv/lib/python3.12/site-packages/dbcounter.py:102}}
Aug 09 08:53:43.459339 np0000006827 devstack@n-api-meta.service[95904]: DEBUG nova.context [None req-3efa9133-20cf-4803-9fad-51448071ea08 None None] Found 2 cells: 00000000-0000-0000-0000-000000000000(cell0),870919ac-f36f-4ab0-8a89-ef5fc4d42948(cell1) {{(pid=95904) load_cells /opt/stack/nova/nova/context.py:509}}
Aug 09 08:53:43.459590 np0000006827 devstack@n-api-meta.service[95904]: INFO nova.utils [None req-3efa9133-20cf-4803-9fad-51448071ea08 None None] The cell worker thread pool MainProcess.cell_worker is initialized
Aug 09 08:53:43.459936 np0000006827 devstack@n-api-meta.service[95906]: INFO dbcounter [None req-c3a11230-db4a-489d-abf9-e01c689d66ac None None] Registered counter for database nova_api
Aug 09 08:53:43.461460 np0000006827 devstack@n-api-meta.service[95904]: DEBUG oslo_concurrency.lockutils [None req-3efa9133-20cf-4803-9fad-51448071ea08 None None] Acquiring lock "00000000-0000-0000-0000-000000000000" by "nova.context.set_target_cell..get_or_set_cached_cell_and_set_connections" {{(pid=95904) inner /opt/stack/data/venv/lib/python3.12/site-packages/oslo_concurrency/lockutils.py:512}}
Aug 09 08:53:43.461621 np0000006827 devstack@n-api-meta.service[95904]: DEBUG oslo_concurrency.lockutils [None req-3efa9133-20cf-4803-9fad-51448071ea08 None None] Lock "00000000-0000-0000-0000-000000000000" acquired by "nova.context.set_target_cell..get_or_set_cached_cell_and_set_connections" :: waited 0.000s {{(pid=95904) inner /opt/stack/data/venv/lib/python3.12/site-packages/oslo_concurrency/lockutils.py:525}}
Aug 09 08:53:43.462030 np0000006827 devstack@n-api-meta.service[95904]: DEBUG oslo_concurrency.lockutils [None req-3efa9133-20cf-4803-9fad-51448071ea08 None None] Lock "00000000-0000-0000-0000-000000000000" "released" by "nova.context.set_target_cell..get_or_set_cached_cell_and_set_connections" :: held 0.000s {{(pid=95904) inner /opt/stack/data/venv/lib/python3.12/site-packages/oslo_concurrency/lockutils.py:544}}
Aug 09 08:53:43.462736 np0000006827 devstack@n-api-meta.service[95904]: DEBUG oslo_concurrency.lockutils [None req-3efa9133-20cf-4803-9fad-51448071ea08 None None] Acquiring lock "870919ac-f36f-4ab0-8a89-ef5fc4d42948" by "nova.context.set_target_cell..get_or_set_cached_cell_and_set_connections" {{(pid=95904) inner /opt/stack/data/venv/lib/python3.12/site-packages/oslo_concurrency/lockutils.py:512}}
Aug 09 08:53:43.462896 np0000006827 devstack@n-api-meta.service[95904]: DEBUG oslo_concurrency.lockutils [None req-3efa9133-20cf-4803-9fad-51448071ea08 None None] Lock "870919ac-f36f-4ab0-8a89-ef5fc4d42948" acquired by "nova.context.set_target_cell..get_or_set_cached_cell_and_set_connections" :: waited 0.000s {{(pid=95904) inner /opt/stack/data/venv/lib/python3.12/site-packages/oslo_concurrency/lockutils.py:525}}
Aug 09 08:53:43.463769 np0000006827 devstack@n-api-meta.service[95904]: DEBUG oslo_concurrency.lockutils [None req-3efa9133-20cf-4803-9fad-51448071ea08 None None] Lock "870919ac-f36f-4ab0-8a89-ef5fc4d42948" "released" by "nova.context.set_target_cell..get_or_set_cached_cell_and_set_connections" :: held 0.001s {{(pid=95904) inner /opt/stack/data/venv/lib/python3.12/site-packages/oslo_concurrency/lockutils.py:544}}
Aug 09 08:53:43.465176 np0000006827 devstack@n-api-meta.service[95904]: INFO dbcounter [None req-3efa9133-20cf-4803-9fad-51448071ea08 None None] Registered counter for database nova_cell0
Aug 09 08:53:43.468267 np0000006827 devstack@n-api-meta.service[95904]: INFO dbcounter [None req-3efa9133-20cf-4803-9fad-51448071ea08 None None] Registered counter for database nova_cell1
Aug 09 08:53:43.487864 np0000006827 devstack@n-api-meta.service[95907]: DEBUG oslo_db.sqlalchemy.engines [None req-febcbacf-0647-4f17-9425-cffaab764d17 None None] MySQL server mode set to STRICT_TRANS_TABLES,STRICT_ALL_TABLES,NO_ZERO_IN_DATE,NO_ZERO_DATE,ERROR_FOR_DIVISION_BY_ZERO,TRADITIONAL,NO_ENGINE_SUBSTITUTION {{(pid=95907) _check_effective_sql_mode /opt/stack/data/venv/lib/python3.12/site-packages/oslo_db/sqlalchemy/engines.py:325}}
Aug 09 08:53:43.515809 np0000006827 devstack@n-api-meta.service[95905]: INFO dbcounter [None req-072c3cbd-9be2-40ea-8be1-8035bcaa6fb6 None None] Registered counter for database nova_api
Aug 09 08:53:43.518681 np0000006827 devstack@n-api-meta.service[95907]: DEBUG dbcounter [-] [95907] Writer thread running {{(pid=95907) stat_writer /opt/stack/data/venv/lib/python3.12/site-packages/dbcounter.py:102}}
Aug 09 08:53:43.521045 np0000006827 devstack@n-api-meta.service[95907]: DEBUG nova.context [None req-febcbacf-0647-4f17-9425-cffaab764d17 None None] Found 2 cells: 00000000-0000-0000-0000-000000000000(cell0),870919ac-f36f-4ab0-8a89-ef5fc4d42948(cell1) {{(pid=95907) load_cells /opt/stack/nova/nova/context.py:509}}
Aug 09 08:53:43.521264 np0000006827 devstack@n-api-meta.service[95907]: INFO nova.utils [None req-febcbacf-0647-4f17-9425-cffaab764d17 None None] The cell worker thread pool MainProcess.cell_worker is initialized
Aug 09 08:53:43.522910 np0000006827 devstack@n-api-meta.service[95907]: DEBUG oslo_concurrency.lockutils [None req-febcbacf-0647-4f17-9425-cffaab764d17 None None] Acquiring lock "00000000-0000-0000-0000-000000000000" by "nova.context.set_target_cell..get_or_set_cached_cell_and_set_connections" {{(pid=95907) inner /opt/stack/data/venv/lib/python3.12/site-packages/oslo_concurrency/lockutils.py:512}}
Aug 09 08:53:43.523092 np0000006827 devstack@n-api-meta.service[95907]: DEBUG oslo_concurrency.lockutils [None req-febcbacf-0647-4f17-9425-cffaab764d17 None None] Lock "00000000-0000-0000-0000-000000000000" acquired by "nova.context.set_target_cell..get_or_set_cached_cell_and_set_connections" :: waited 0.000s {{(pid=95907) inner /opt/stack/data/venv/lib/python3.12/site-packages/oslo_concurrency/lockutils.py:525}}
Aug 09 08:53:43.523420 np0000006827 devstack@n-api-meta.service[95907]: DEBUG oslo_concurrency.lockutils [None req-febcbacf-0647-4f17-9425-cffaab764d17 None None] Lock "00000000-0000-0000-0000-000000000000" "released" by "nova.context.set_target_cell..get_or_set_cached_cell_and_set_connections" :: held 0.000s {{(pid=95907) inner /opt/stack/data/venv/lib/python3.12/site-packages/oslo_concurrency/lockutils.py:544}}
Aug 09 08:53:43.524424 np0000006827 devstack@n-api-meta.service[95907]: DEBUG oslo_concurrency.lockutils [None req-febcbacf-0647-4f17-9425-cffaab764d17 None None] Acquiring lock "870919ac-f36f-4ab0-8a89-ef5fc4d42948" by "nova.context.set_target_cell..get_or_set_cached_cell_and_set_connections" {{(pid=95907) inner /opt/stack/data/venv/lib/python3.12/site-packages/oslo_concurrency/lockutils.py:512}}
Aug 09 08:53:43.524424 np0000006827 devstack@n-api-meta.service[95907]: DEBUG oslo_concurrency.lockutils [None req-febcbacf-0647-4f17-9425-cffaab764d17 None None] Lock "870919ac-f36f-4ab0-8a89-ef5fc4d42948" acquired by "nova.context.set_target_cell..get_or_set_cached_cell_and_set_connections" :: waited 0.000s {{(pid=95907) inner /opt/stack/data/venv/lib/python3.12/site-packages/oslo_concurrency/lockutils.py:525}}
Aug 09 08:53:43.524546 np0000006827 devstack@n-api-meta.service[95904]: DEBUG oslo_db.sqlalchemy.engines [None req-3efa9133-20cf-4803-9fad-51448071ea08 None None] MySQL server mode set to STRICT_TRANS_TABLES,STRICT_ALL_TABLES,NO_ZERO_IN_DATE,NO_ZERO_DATE,ERROR_FOR_DIVISION_BY_ZERO,TRADITIONAL,NO_ENGINE_SUBSTITUTION {{(pid=95904) _check_effective_sql_mode /opt/stack/data/venv/lib/python3.12/site-packages/oslo_db/sqlalchemy/engines.py:325}}
Aug 09 08:53:43.525063 np0000006827 devstack@n-api-meta.service[95907]: DEBUG oslo_concurrency.lockutils [None req-febcbacf-0647-4f17-9425-cffaab764d17 None None] Lock "870919ac-f36f-4ab0-8a89-ef5fc4d42948" "released" by "nova.context.set_target_cell..get_or_set_cached_cell_and_set_connections" :: held 0.001s {{(pid=95907) inner /opt/stack/data/venv/lib/python3.12/site-packages/oslo_concurrency/lockutils.py:544}}
Aug 09 08:53:43.527149 np0000006827 devstack@n-api-meta.service[95907]: INFO dbcounter [None req-febcbacf-0647-4f17-9425-cffaab764d17 None None] Registered counter for database nova_cell0
Aug 09 08:53:43.529145 np0000006827 devstack@n-api-meta.service[95904]: DEBUG oslo_db.sqlalchemy.engines [None req-3efa9133-20cf-4803-9fad-51448071ea08 None None] MySQL server mode set to STRICT_TRANS_TABLES,STRICT_ALL_TABLES,NO_ZERO_IN_DATE,NO_ZERO_DATE,ERROR_FOR_DIVISION_BY_ZERO,TRADITIONAL,NO_ENGINE_SUBSTITUTION {{(pid=95904) _check_effective_sql_mode /opt/stack/data/venv/lib/python3.12/site-packages/oslo_db/sqlalchemy/engines.py:325}}
Aug 09 08:53:43.530200 np0000006827 devstack@n-api-meta.service[95907]: INFO dbcounter [None req-febcbacf-0647-4f17-9425-cffaab764d17 None None] Registered counter for database nova_cell1
Aug 09 08:53:43.530557 np0000006827 devstack@n-api-meta.service[95906]: DEBUG oslo_db.sqlalchemy.engines [None req-c3a11230-db4a-489d-abf9-e01c689d66ac None None] MySQL server mode set to STRICT_TRANS_TABLES,STRICT_ALL_TABLES,NO_ZERO_IN_DATE,NO_ZERO_DATE,ERROR_FOR_DIVISION_BY_ZERO,TRADITIONAL,NO_ENGINE_SUBSTITUTION {{(pid=95906) _check_effective_sql_mode /opt/stack/data/venv/lib/python3.12/site-packages/oslo_db/sqlalchemy/engines.py:325}}
Aug 09 08:53:43.561250 np0000006827 devstack@n-api-meta.service[95906]: DEBUG dbcounter [-] [95906] Writer thread running {{(pid=95906) stat_writer /opt/stack/data/venv/lib/python3.12/site-packages/dbcounter.py:102}}
Aug 09 08:53:43.564422 np0000006827 devstack@n-api-meta.service[95906]: DEBUG nova.context [None req-c3a11230-db4a-489d-abf9-e01c689d66ac None None] Found 2 cells: 00000000-0000-0000-0000-000000000000(cell0),870919ac-f36f-4ab0-8a89-ef5fc4d42948(cell1) {{(pid=95906) load_cells /opt/stack/nova/nova/context.py:509}}
Aug 09 08:53:43.564422 np0000006827 devstack@n-api-meta.service[95906]: INFO nova.utils [None req-c3a11230-db4a-489d-abf9-e01c689d66ac None None] The cell worker thread pool MainProcess.cell_worker is initialized
Aug 09 08:53:43.566116 np0000006827 devstack@n-api-meta.service[95906]: DEBUG oslo_concurrency.lockutils [None req-c3a11230-db4a-489d-abf9-e01c689d66ac None None] Acquiring lock "00000000-0000-0000-0000-000000000000" by "nova.context.set_target_cell..get_or_set_cached_cell_and_set_connections" {{(pid=95906) inner /opt/stack/data/venv/lib/python3.12/site-packages/oslo_concurrency/lockutils.py:512}}
Aug 09 08:53:43.566271 np0000006827 devstack@n-api-meta.service[95906]: DEBUG oslo_concurrency.lockutils [None req-c3a11230-db4a-489d-abf9-e01c689d66ac None None] Lock "00000000-0000-0000-0000-000000000000" acquired by "nova.context.set_target_cell..get_or_set_cached_cell_and_set_connections" :: waited 0.000s {{(pid=95906) inner /opt/stack/data/venv/lib/python3.12/site-packages/oslo_concurrency/lockutils.py:525}}
Aug 09 08:53:43.566716 np0000006827 devstack@n-api-meta.service[95906]: DEBUG oslo_concurrency.lockutils [None req-c3a11230-db4a-489d-abf9-e01c689d66ac None None] Lock "00000000-0000-0000-0000-000000000000" "released" by "nova.context.set_target_cell..get_or_set_cached_cell_and_set_connections" :: held 0.000s {{(pid=95906) inner /opt/stack/data/venv/lib/python3.12/site-packages/oslo_concurrency/lockutils.py:544}}
Aug 09 08:53:43.567398 np0000006827 devstack@n-api-meta.service[95906]: DEBUG oslo_concurrency.lockutils [None req-c3a11230-db4a-489d-abf9-e01c689d66ac None None] Acquiring lock "870919ac-f36f-4ab0-8a89-ef5fc4d42948" by "nova.context.set_target_cell..get_or_set_cached_cell_and_set_connections" {{(pid=95906) inner /opt/stack/data/venv/lib/python3.12/site-packages/oslo_concurrency/lockutils.py:512}}
Aug 09 08:53:43.567572 np0000006827 devstack@n-api-meta.service[95906]: DEBUG oslo_concurrency.lockutils [None req-c3a11230-db4a-489d-abf9-e01c689d66ac None None] Lock "870919ac-f36f-4ab0-8a89-ef5fc4d42948" acquired by "nova.context.set_target_cell..get_or_set_cached_cell_and_set_connections" :: waited 0.000s {{(pid=95906) inner /opt/stack/data/venv/lib/python3.12/site-packages/oslo_concurrency/lockutils.py:525}}
Aug 09 08:53:43.568501 np0000006827 devstack@n-api-meta.service[95906]: DEBUG oslo_concurrency.lockutils [None req-c3a11230-db4a-489d-abf9-e01c689d66ac None None] Lock "870919ac-f36f-4ab0-8a89-ef5fc4d42948" "released" by "nova.context.set_target_cell..get_or_set_cached_cell_and_set_connections" :: held 0.001s {{(pid=95906) inner /opt/stack/data/venv/lib/python3.12/site-packages/oslo_concurrency/lockutils.py:544}}
Aug 09 08:53:43.571646 np0000006827 devstack@n-api-meta.service[95906]: INFO dbcounter [None req-c3a11230-db4a-489d-abf9-e01c689d66ac None None] Registered counter for database nova_cell0
Aug 09 08:53:43.573298 np0000006827 devstack@n-api-meta.service[95906]: INFO dbcounter [None req-c3a11230-db4a-489d-abf9-e01c689d66ac None None] Registered counter for database nova_cell1
Aug 09 08:53:43.576000 np0000006827 devstack@n-api-meta.service[95905]: DEBUG oslo_db.sqlalchemy.engines [None req-072c3cbd-9be2-40ea-8be1-8035bcaa6fb6 None None] MySQL server mode set to STRICT_TRANS_TABLES,STRICT_ALL_TABLES,NO_ZERO_IN_DATE,NO_ZERO_DATE,ERROR_FOR_DIVISION_BY_ZERO,TRADITIONAL,NO_ENGINE_SUBSTITUTION {{(pid=95905) _check_effective_sql_mode /opt/stack/data/venv/lib/python3.12/site-packages/oslo_db/sqlalchemy/engines.py:325}}
Aug 09 08:53:43.584334 np0000006827 devstack@n-api-meta.service[95907]: DEBUG oslo_db.sqlalchemy.engines [None req-febcbacf-0647-4f17-9425-cffaab764d17 None None] MySQL server mode set to STRICT_TRANS_TABLES,STRICT_ALL_TABLES,NO_ZERO_IN_DATE,NO_ZERO_DATE,ERROR_FOR_DIVISION_BY_ZERO,TRADITIONAL,NO_ENGINE_SUBSTITUTION {{(pid=95907) _check_effective_sql_mode /opt/stack/data/venv/lib/python3.12/site-packages/oslo_db/sqlalchemy/engines.py:325}}
Aug 09 08:53:43.588770 np0000006827 devstack@n-api-meta.service[95907]: DEBUG oslo_db.sqlalchemy.engines [None req-febcbacf-0647-4f17-9425-cffaab764d17 None None] MySQL server mode set to STRICT_TRANS_TABLES,STRICT_ALL_TABLES,NO_ZERO_IN_DATE,NO_ZERO_DATE,ERROR_FOR_DIVISION_BY_ZERO,TRADITIONAL,NO_ENGINE_SUBSTITUTION {{(pid=95907) _check_effective_sql_mode /opt/stack/data/venv/lib/python3.12/site-packages/oslo_db/sqlalchemy/engines.py:325}}
Aug 09 08:53:43.614413 np0000006827 devstack@n-api-meta.service[95905]: DEBUG dbcounter [-] [95905] Writer thread running {{(pid=95905) stat_writer /opt/stack/data/venv/lib/python3.12/site-packages/dbcounter.py:102}}
Aug 09 08:53:43.617272 np0000006827 devstack@n-api-meta.service[95905]: DEBUG nova.context [None req-072c3cbd-9be2-40ea-8be1-8035bcaa6fb6 None None] Found 2 cells: 00000000-0000-0000-0000-000000000000(cell0),870919ac-f36f-4ab0-8a89-ef5fc4d42948(cell1) {{(pid=95905) load_cells /opt/stack/nova/nova/context.py:509}}
Aug 09 08:53:43.617523 np0000006827 devstack@n-api-meta.service[95905]: INFO nova.utils [None req-072c3cbd-9be2-40ea-8be1-8035bcaa6fb6 None None] The cell worker thread pool MainProcess.cell_worker is initialized
Aug 09 08:53:43.619655 np0000006827 devstack@n-api-meta.service[95905]: DEBUG oslo_concurrency.lockutils [None req-072c3cbd-9be2-40ea-8be1-8035bcaa6fb6 None None] Acquiring lock "00000000-0000-0000-0000-000000000000" by "nova.context.set_target_cell..get_or_set_cached_cell_and_set_connections" {{(pid=95905) inner /opt/stack/data/venv/lib/python3.12/site-packages/oslo_concurrency/lockutils.py:512}}
Aug 09 08:53:43.619925 np0000006827 devstack@n-api-meta.service[95905]: DEBUG oslo_concurrency.lockutils [None req-072c3cbd-9be2-40ea-8be1-8035bcaa6fb6 None None] Lock "00000000-0000-0000-0000-000000000000" acquired by "nova.context.set_target_cell..get_or_set_cached_cell_and_set_connections" :: waited 0.000s {{(pid=95905) inner /opt/stack/data/venv/lib/python3.12/site-packages/oslo_concurrency/lockutils.py:525}}
Aug 09 08:53:43.620201 np0000006827 devstack@n-api-meta.service[95905]: DEBUG oslo_concurrency.lockutils [None req-072c3cbd-9be2-40ea-8be1-8035bcaa6fb6 None None] Lock "00000000-0000-0000-0000-000000000000" "released" by "nova.context.set_target_cell..get_or_set_cached_cell_and_set_connections" :: held 0.000s {{(pid=95905) inner /opt/stack/data/venv/lib/python3.12/site-packages/oslo_concurrency/lockutils.py:544}}
Aug 09 08:53:43.621110 np0000006827 devstack@n-api-meta.service[95904]: DEBUG dbcounter [-] [95904] Writer thread running {{(pid=95904) stat_writer /opt/stack/data/venv/lib/python3.12/site-packages/dbcounter.py:102}}
Aug 09 08:53:43.621376 np0000006827 devstack@n-api-meta.service[95905]: DEBUG oslo_concurrency.lockutils [None req-072c3cbd-9be2-40ea-8be1-8035bcaa6fb6 None None] Acquiring lock "870919ac-f36f-4ab0-8a89-ef5fc4d42948" by "nova.context.set_target_cell..get_or_set_cached_cell_and_set_connections" {{(pid=95905) inner /opt/stack/data/venv/lib/python3.12/site-packages/oslo_concurrency/lockutils.py:512}}
Aug 09 08:53:43.621610 np0000006827 devstack@n-api-meta.service[95905]: DEBUG oslo_concurrency.lockutils [None req-072c3cbd-9be2-40ea-8be1-8035bcaa6fb6 None None] Lock "870919ac-f36f-4ab0-8a89-ef5fc4d42948" acquired by "nova.context.set_target_cell..get_or_set_cached_cell_and_set_connections" :: waited 0.001s {{(pid=95905) inner /opt/stack/data/venv/lib/python3.12/site-packages/oslo_concurrency/lockutils.py:525}}
Aug 09 08:53:43.622725 np0000006827 devstack@n-api-meta.service[95905]: DEBUG oslo_concurrency.lockutils [None req-072c3cbd-9be2-40ea-8be1-8035bcaa6fb6 None None] Lock "870919ac-f36f-4ab0-8a89-ef5fc4d42948" "released" by "nova.context.set_target_cell..get_or_set_cached_cell_and_set_connections" :: held 0.001s {{(pid=95905) inner /opt/stack/data/venv/lib/python3.12/site-packages/oslo_concurrency/lockutils.py:544}}
Aug 09 08:53:43.624544 np0000006827 devstack@n-api-meta.service[95905]: INFO dbcounter [None req-072c3cbd-9be2-40ea-8be1-8035bcaa6fb6 None None] Registered counter for database nova_cell0
Aug 09 08:53:43.625362 np0000006827 devstack@n-api-meta.service[95906]: DEBUG oslo_db.sqlalchemy.engines [None req-c3a11230-db4a-489d-abf9-e01c689d66ac None None] MySQL server mode set to STRICT_TRANS_TABLES,STRICT_ALL_TABLES,NO_ZERO_IN_DATE,NO_ZERO_DATE,ERROR_FOR_DIVISION_BY_ZERO,TRADITIONAL,NO_ENGINE_SUBSTITUTION {{(pid=95906) _check_effective_sql_mode /opt/stack/data/venv/lib/python3.12/site-packages/oslo_db/sqlalchemy/engines.py:325}}
Aug 09 08:53:43.627490 np0000006827 devstack@n-api-meta.service[95904]: DEBUG dbcounter [-] [95904] Writer thread running {{(pid=95904) stat_writer /opt/stack/data/venv/lib/python3.12/site-packages/dbcounter.py:102}}
Aug 09 08:53:43.627561 np0000006827 devstack@n-api-meta.service[95905]: INFO dbcounter [None req-072c3cbd-9be2-40ea-8be1-8035bcaa6fb6 None None] Registered counter for database nova_cell1
Aug 09 08:53:43.634312 np0000006827 devstack@n-api-meta.service[95904]: INFO dbcounter [None req-3efa9133-20cf-4803-9fad-51448071ea08 None None] Registered counter for database nova_cell0
Aug 09 08:53:43.667590 np0000006827 devstack@n-api-meta.service[95904]: DEBUG oslo_db.sqlalchemy.engines [None req-3efa9133-20cf-4803-9fad-51448071ea08 None None] MySQL server mode set to STRICT_TRANS_TABLES,STRICT_ALL_TABLES,NO_ZERO_IN_DATE,NO_ZERO_DATE,ERROR_FOR_DIVISION_BY_ZERO,TRADITIONAL,NO_ENGINE_SUBSTITUTION {{(pid=95904) _check_effective_sql_mode /opt/stack/data/venv/lib/python3.12/site-packages/oslo_db/sqlalchemy/engines.py:325}}
Aug 09 08:53:43.674315 np0000006827 devstack@n-api-meta.service[95904]: DEBUG dbcounter [-] [95904] Writer thread running {{(pid=95904) stat_writer /opt/stack/data/venv/lib/python3.12/site-packages/dbcounter.py:102}}
Aug 09 08:53:43.678290 np0000006827 devstack@n-api-meta.service[95905]: DEBUG oslo_db.sqlalchemy.engines [None req-072c3cbd-9be2-40ea-8be1-8035bcaa6fb6 None None] MySQL server mode set to STRICT_TRANS_TABLES,STRICT_ALL_TABLES,NO_ZERO_IN_DATE,NO_ZERO_DATE,ERROR_FOR_DIVISION_BY_ZERO,TRADITIONAL,NO_ENGINE_SUBSTITUTION {{(pid=95905) _check_effective_sql_mode /opt/stack/data/venv/lib/python3.12/site-packages/oslo_db/sqlalchemy/engines.py:325}}
Aug 09 08:53:43.687741 np0000006827 devstack@n-api-meta.service[95905]: DEBUG oslo_db.sqlalchemy.engines [None req-072c3cbd-9be2-40ea-8be1-8035bcaa6fb6 None None] MySQL server mode set to STRICT_TRANS_TABLES,STRICT_ALL_TABLES,NO_ZERO_IN_DATE,NO_ZERO_DATE,ERROR_FOR_DIVISION_BY_ZERO,TRADITIONAL,NO_ENGINE_SUBSTITUTION {{(pid=95905) _check_effective_sql_mode /opt/stack/data/venv/lib/python3.12/site-packages/oslo_db/sqlalchemy/engines.py:325}}
Aug 09 08:53:43.698090 np0000006827 devstack@n-api-meta.service[95906]: DEBUG oslo_db.sqlalchemy.engines [None req-c3a11230-db4a-489d-abf9-e01c689d66ac None None] MySQL server mode set to STRICT_TRANS_TABLES,STRICT_ALL_TABLES,NO_ZERO_IN_DATE,NO_ZERO_DATE,ERROR_FOR_DIVISION_BY_ZERO,TRADITIONAL,NO_ENGINE_SUBSTITUTION {{(pid=95906) _check_effective_sql_mode /opt/stack/data/venv/lib/python3.12/site-packages/oslo_db/sqlalchemy/engines.py:325}}
Aug 09 08:53:43.701239 np0000006827 devstack@n-api-meta.service[95907]: DEBUG dbcounter [-] [95907] Writer thread running {{(pid=95907) stat_writer /opt/stack/data/venv/lib/python3.12/site-packages/dbcounter.py:102}}
Aug 09 08:53:43.704685 np0000006827 devstack@n-api-meta.service[95907]: DEBUG dbcounter [-] [95907] Writer thread running {{(pid=95907) stat_writer /opt/stack/data/venv/lib/python3.12/site-packages/dbcounter.py:102}}
Aug 09 08:53:43.709991 np0000006827 devstack@n-api-meta.service[95907]: INFO dbcounter [None req-febcbacf-0647-4f17-9425-cffaab764d17 None None] Registered counter for database nova_cell0
Aug 09 08:53:43.712385 np0000006827 devstack@n-api-meta.service[95906]: DEBUG dbcounter [-] [95906] Writer thread running {{(pid=95906) stat_writer /opt/stack/data/venv/lib/python3.12/site-packages/dbcounter.py:102}}
Aug 09 08:53:43.713003 np0000006827 devstack@n-api-meta.service[95904]: WARNING nova.api.metadata.handler [None req-3efa9133-20cf-4803-9fad-51448071ea08 None None] metadata_proxy_shared_secret is not configured, the metadata information returned by the proxy cannot be trusted
Aug 09 08:53:43.715207 np0000006827 devstack@n-api-meta.service[95904]: DEBUG nova.api.openstack.wsgi_app [None req-3efa9133-20cf-4803-9fad-51448071ea08 None None] ******************************************************************************** {{(pid=95904) log_opt_values /opt/stack/data/venv/lib/python3.12/site-packages/oslo_config/cfg.py:3518}}
Aug 09 08:53:43.715340 np0000006827 devstack@n-api-meta.service[95904]: DEBUG nova.api.openstack.wsgi_app [None req-3efa9133-20cf-4803-9fad-51448071ea08 None None] Configuration options gathered from: {{(pid=95904) log_opt_values /opt/stack/data/venv/lib/python3.12/site-packages/oslo_config/cfg.py:3519}}
Aug 09 08:53:43.715455 np0000006827 devstack@n-api-meta.service[95904]: DEBUG nova.api.openstack.wsgi_app [None req-3efa9133-20cf-4803-9fad-51448071ea08 None None] command line args: [] {{(pid=95904) log_opt_values /opt/stack/data/venv/lib/python3.12/site-packages/oslo_config/cfg.py:3520}}
Aug 09 08:53:43.715607 np0000006827 devstack@n-api-meta.service[95904]: DEBUG nova.api.openstack.wsgi_app [None req-3efa9133-20cf-4803-9fad-51448071ea08 None None] config files: ['/etc/nova/api-paste.ini', '/etc/nova/nova.conf'] {{(pid=95904) log_opt_values /opt/stack/data/venv/lib/python3.12/site-packages/oslo_config/cfg.py:3521}}
Aug 09 08:53:43.715735 np0000006827 devstack@n-api-meta.service[95904]: DEBUG nova.api.openstack.wsgi_app [None req-3efa9133-20cf-4803-9fad-51448071ea08 None None] ================================================================================ {{(pid=95904) log_opt_values /opt/stack/data/venv/lib/python3.12/site-packages/oslo_config/cfg.py:3526}}
Aug 09 08:53:43.715906 np0000006827 devstack@n-api-meta.service[95904]: DEBUG nova.api.openstack.wsgi_app [None req-3efa9133-20cf-4803-9fad-51448071ea08 None None] allow_resize_to_same_host = True {{(pid=95904) log_opt_values /opt/stack/data/venv/lib/python3.12/site-packages/oslo_config/cfg.py:3534}}
Aug 09 08:53:43.716054 np0000006827 devstack@n-api-meta.service[95904]: DEBUG nova.api.openstack.wsgi_app [None req-3efa9133-20cf-4803-9fad-51448071ea08 None None] arq_binding_timeout = 300 {{(pid=95904) log_opt_values /opt/stack/data/venv/lib/python3.12/site-packages/oslo_config/cfg.py:3534}}
Aug 09 08:53:43.716173 np0000006827 devstack@n-api-meta.service[95904]: DEBUG nova.api.openstack.wsgi_app [None req-3efa9133-20cf-4803-9fad-51448071ea08 None None] block_device_allocate_retries = 60 {{(pid=95904) log_opt_values /opt/stack/data/venv/lib/python3.12/site-packages/oslo_config/cfg.py:3534}}
Aug 09 08:53:43.716307 np0000006827 devstack@n-api-meta.service[95904]: DEBUG nova.api.openstack.wsgi_app [None req-3efa9133-20cf-4803-9fad-51448071ea08 None None] block_device_allocate_retries_interval = 3 {{(pid=95904) log_opt_values /opt/stack/data/venv/lib/python3.12/site-packages/oslo_config/cfg.py:3534}}
Aug 09 08:53:43.716452 np0000006827 devstack@n-api-meta.service[95904]: DEBUG nova.api.openstack.wsgi_app [None req-3efa9133-20cf-4803-9fad-51448071ea08 None None] cell_worker_thread_pool_size = 5 {{(pid=95904) log_opt_values /opt/stack/data/venv/lib/python3.12/site-packages/oslo_config/cfg.py:3534}}
Aug 09 08:53:43.716581 np0000006827 devstack@n-api-meta.service[95904]: DEBUG nova.api.openstack.wsgi_app [None req-3efa9133-20cf-4803-9fad-51448071ea08 None None] cert = self.pem {{(pid=95904) log_opt_values /opt/stack/data/venv/lib/python3.12/site-packages/oslo_config/cfg.py:3534}}
Aug 09 08:53:43.716740 np0000006827 devstack@n-api-meta.service[95904]: DEBUG nova.api.openstack.wsgi_app [None req-3efa9133-20cf-4803-9fad-51448071ea08 None None] compute_driver = libvirt.LibvirtDriver {{(pid=95904) log_opt_values /opt/stack/data/venv/lib/python3.12/site-packages/oslo_config/cfg.py:3534}}
Aug 09 08:53:43.716879 np0000006827 devstack@n-api-meta.service[95904]: DEBUG nova.api.openstack.wsgi_app [None req-3efa9133-20cf-4803-9fad-51448071ea08 None None] compute_monitors = [] {{(pid=95904) log_opt_values /opt/stack/data/venv/lib/python3.12/site-packages/oslo_config/cfg.py:3534}}
Aug 09 08:53:43.717065 np0000006827 devstack@n-api-meta.service[95904]: DEBUG nova.api.openstack.wsgi_app [None req-3efa9133-20cf-4803-9fad-51448071ea08 None None] concurrency_backend = auto {{(pid=95904) log_opt_values /opt/stack/data/venv/lib/python3.12/site-packages/oslo_config/cfg.py:3534}}
Aug 09 08:53:43.717154 np0000006827 devstack@n-api-meta.service[95904]: DEBUG nova.api.openstack.wsgi_app [None req-3efa9133-20cf-4803-9fad-51448071ea08 None None] config_dir = [] {{(pid=95904) log_opt_values /opt/stack/data/venv/lib/python3.12/site-packages/oslo_config/cfg.py:3534}}
Aug 09 08:53:43.717284 np0000006827 devstack@n-api-meta.service[95904]: DEBUG nova.api.openstack.wsgi_app [None req-3efa9133-20cf-4803-9fad-51448071ea08 None None] config_drive_format = iso9660 {{(pid=95904) log_opt_values /opt/stack/data/venv/lib/python3.12/site-packages/oslo_config/cfg.py:3534}}
Aug 09 08:53:43.717382 np0000006827 devstack@n-api-meta.service[95904]: DEBUG nova.api.openstack.wsgi_app [None req-3efa9133-20cf-4803-9fad-51448071ea08 None None] config_file = ['/etc/nova/api-paste.ini', '/etc/nova/nova.conf'] {{(pid=95904) log_opt_values /opt/stack/data/venv/lib/python3.12/site-packages/oslo_config/cfg.py:3534}}
Aug 09 08:53:43.717503 np0000006827 devstack@n-api-meta.service[95904]: DEBUG nova.api.openstack.wsgi_app [None req-3efa9133-20cf-4803-9fad-51448071ea08 None None] config_source = [] {{(pid=95904) log_opt_values /opt/stack/data/venv/lib/python3.12/site-packages/oslo_config/cfg.py:3534}}
Aug 09 08:53:43.717682 np0000006827 devstack@n-api-meta.service[95904]: DEBUG nova.api.openstack.wsgi_app [None req-3efa9133-20cf-4803-9fad-51448071ea08 None None] console_host = np0000006827 {{(pid=95904) log_opt_values /opt/stack/data/venv/lib/python3.12/site-packages/oslo_config/cfg.py:3534}}
Aug 09 08:53:43.717819 np0000006827 devstack@n-api-meta.service[95904]: DEBUG nova.api.openstack.wsgi_app [None req-3efa9133-20cf-4803-9fad-51448071ea08 None None] control_exchange = nova {{(pid=95904) log_opt_values /opt/stack/data/venv/lib/python3.12/site-packages/oslo_config/cfg.py:3534}}
Aug 09 08:53:43.717946 np0000006827 devstack@n-api-meta.service[95904]: DEBUG nova.api.openstack.wsgi_app [None req-3efa9133-20cf-4803-9fad-51448071ea08 None None] cpu_allocation_ratio = None {{(pid=95904) log_opt_values /opt/stack/data/venv/lib/python3.12/site-packages/oslo_config/cfg.py:3534}}
Aug 09 08:53:43.718069 np0000006827 devstack@n-api-meta.service[95904]: DEBUG nova.api.openstack.wsgi_app [None req-3efa9133-20cf-4803-9fad-51448071ea08 None None] daemon = False {{(pid=95904) log_opt_values /opt/stack/data/venv/lib/python3.12/site-packages/oslo_config/cfg.py:3534}}
Aug 09 08:53:43.718208 np0000006827 devstack@n-api-meta.service[95904]: DEBUG nova.api.openstack.wsgi_app [None req-3efa9133-20cf-4803-9fad-51448071ea08 None None] debug = True {{(pid=95904) log_opt_values /opt/stack/data/venv/lib/python3.12/site-packages/oslo_config/cfg.py:3534}}
Aug 09 08:53:43.718331 np0000006827 devstack@n-api-meta.service[95904]: DEBUG nova.api.openstack.wsgi_app [None req-3efa9133-20cf-4803-9fad-51448071ea08 None None] default_access_ip_network_name = None {{(pid=95904) log_opt_values /opt/stack/data/venv/lib/python3.12/site-packages/oslo_config/cfg.py:3534}}
Aug 09 08:53:43.718465 np0000006827 devstack@n-api-meta.service[95904]: DEBUG nova.api.openstack.wsgi_app [None req-3efa9133-20cf-4803-9fad-51448071ea08 None None] default_availability_zone = nova {{(pid=95904) log_opt_values /opt/stack/data/venv/lib/python3.12/site-packages/oslo_config/cfg.py:3534}}
Aug 09 08:53:43.718588 np0000006827 devstack@n-api-meta.service[95904]: DEBUG nova.api.openstack.wsgi_app [None req-3efa9133-20cf-4803-9fad-51448071ea08 None None] default_ephemeral_format = ext4 {{(pid=95904) log_opt_values /opt/stack/data/venv/lib/python3.12/site-packages/oslo_config/cfg.py:3534}}
Aug 09 08:53:43.718745 np0000006827 devstack@n-api-meta.service[95904]: DEBUG nova.api.openstack.wsgi_app [None req-3efa9133-20cf-4803-9fad-51448071ea08 None None] default_green_pool_size = 1000 {{(pid=95904) log_opt_values /opt/stack/data/venv/lib/python3.12/site-packages/oslo_config/cfg.py:3534}}
Aug 09 08:53:43.718969 np0000006827 devstack@n-api-meta.service[95904]: DEBUG nova.api.openstack.wsgi_app [None req-3efa9133-20cf-4803-9fad-51448071ea08 None None] default_log_levels = ['amqp=WARN', 'boto=WARN', 'sqlalchemy=WARN', 'suds=INFO', 'oslo.messaging=INFO', 'oslo_messaging=INFO', 'iso8601=WARN', 'requests.packages.urllib3.connectionpool=WARN', 'urllib3.connectionpool=WARN', 'websocket=WARN', 'requests.packages.urllib3.util.retry=WARN', 'urllib3.util.retry=WARN', 'keystonemiddleware=WARN', 'routes.middleware=WARN', 'stevedore=WARN', 'taskflow=WARN', 'keystoneauth=WARN', 'oslo.cache=INFO', 'oslo_policy=INFO', 'dogpile.core.dogpile=INFO', 'glanceclient=WARN', 'oslo.privsep.daemon=INFO'] {{(pid=95904) log_opt_values /opt/stack/data/venv/lib/python3.12/site-packages/oslo_config/cfg.py:3534}}
Aug 09 08:53:43.719074 np0000006827 devstack@n-api-meta.service[95904]: DEBUG nova.api.openstack.wsgi_app [None req-3efa9133-20cf-4803-9fad-51448071ea08 None None] default_schedule_zone = None {{(pid=95904) log_opt_values /opt/stack/data/venv/lib/python3.12/site-packages/oslo_config/cfg.py:3534}}
Aug 09 08:53:43.719107 np0000006827 devstack@n-api-meta.service[95906]: DEBUG dbcounter [-] [95906] Writer thread running {{(pid=95906) stat_writer /opt/stack/data/venv/lib/python3.12/site-packages/dbcounter.py:102}}
Aug 09 08:53:43.719195 np0000006827 devstack@n-api-meta.service[95904]: DEBUG nova.api.openstack.wsgi_app [None req-3efa9133-20cf-4803-9fad-51448071ea08 None None] default_thread_pool_size = 10 {{(pid=95904) log_opt_values /opt/stack/data/venv/lib/python3.12/site-packages/oslo_config/cfg.py:3534}}
Aug 09 08:53:43.719307 np0000006827 devstack@n-api-meta.service[95904]: DEBUG nova.api.openstack.wsgi_app [None req-3efa9133-20cf-4803-9fad-51448071ea08 None None] disk_allocation_ratio = None {{(pid=95904) log_opt_values /opt/stack/data/venv/lib/python3.12/site-packages/oslo_config/cfg.py:3534}}
Aug 09 08:53:43.719428 np0000006827 devstack@n-api-meta.service[95904]: DEBUG nova.api.openstack.wsgi_app [None req-3efa9133-20cf-4803-9fad-51448071ea08 None None] enable_new_services = True {{(pid=95904) log_opt_values /opt/stack/data/venv/lib/python3.12/site-packages/oslo_config/cfg.py:3534}}
Aug 09 08:53:43.719543 np0000006827 devstack@n-api-meta.service[95904]: DEBUG nova.api.openstack.wsgi_app [None req-3efa9133-20cf-4803-9fad-51448071ea08 None None] flat_injected = False {{(pid=95904) log_opt_values /opt/stack/data/venv/lib/python3.12/site-packages/oslo_config/cfg.py:3534}}
Aug 09 08:53:43.719699 np0000006827 devstack@n-api-meta.service[95904]: DEBUG nova.api.openstack.wsgi_app [None req-3efa9133-20cf-4803-9fad-51448071ea08 None None] force_config_drive = True {{(pid=95904) log_opt_values /opt/stack/data/venv/lib/python3.12/site-packages/oslo_config/cfg.py:3534}}
Aug 09 08:53:43.719827 np0000006827 devstack@n-api-meta.service[95904]: DEBUG nova.api.openstack.wsgi_app [None req-3efa9133-20cf-4803-9fad-51448071ea08 None None] force_raw_images = True {{(pid=95904) log_opt_values /opt/stack/data/venv/lib/python3.12/site-packages/oslo_config/cfg.py:3534}}
Aug 09 08:53:43.719972 np0000006827 devstack@n-api-meta.service[95904]: DEBUG nova.api.openstack.wsgi_app [None req-3efa9133-20cf-4803-9fad-51448071ea08 None None] graceful_shutdown_timeout = 5 {{(pid=95904) log_opt_values /opt/stack/data/venv/lib/python3.12/site-packages/oslo_config/cfg.py:3534}}
Aug 09 08:53:43.720287 np0000006827 devstack@n-api-meta.service[95904]: DEBUG nova.api.openstack.wsgi_app [None req-3efa9133-20cf-4803-9fad-51448071ea08 None None] heal_instance_info_cache_interval = -1 {{(pid=95904) log_opt_values /opt/stack/data/venv/lib/python3.12/site-packages/oslo_config/cfg.py:3534}}
Aug 09 08:53:43.720345 np0000006827 devstack@n-api-meta.service[95904]: DEBUG nova.api.openstack.wsgi_app [None req-3efa9133-20cf-4803-9fad-51448071ea08 None None] host = np0000006827 {{(pid=95904) log_opt_values /opt/stack/data/venv/lib/python3.12/site-packages/oslo_config/cfg.py:3534}}
Aug 09 08:53:43.720437 np0000006827 devstack@n-api-meta.service[95904]: DEBUG nova.api.openstack.wsgi_app [None req-3efa9133-20cf-4803-9fad-51448071ea08 None None] initial_cpu_allocation_ratio = 4.0 {{(pid=95904) log_opt_values /opt/stack/data/venv/lib/python3.12/site-packages/oslo_config/cfg.py:3534}}
Aug 09 08:53:43.720721 np0000006827 devstack@n-api-meta.service[95904]: DEBUG nova.api.openstack.wsgi_app [None req-3efa9133-20cf-4803-9fad-51448071ea08 None None] initial_disk_allocation_ratio = 1.0 {{(pid=95904) log_opt_values /opt/stack/data/venv/lib/python3.12/site-packages/oslo_config/cfg.py:3534}}
Aug 09 08:53:43.720796 np0000006827 devstack@n-api-meta.service[95904]: DEBUG nova.api.openstack.wsgi_app [None req-3efa9133-20cf-4803-9fad-51448071ea08 None None] initial_ram_allocation_ratio = 1.0 {{(pid=95904) log_opt_values /opt/stack/data/venv/lib/python3.12/site-packages/oslo_config/cfg.py:3534}}
Aug 09 08:53:43.721033 np0000006827 devstack@n-api-meta.service[95904]: DEBUG nova.api.openstack.wsgi_app [None req-3efa9133-20cf-4803-9fad-51448071ea08 None None] injected_network_template = /opt/stack/nova/nova/virt/interfaces.template {{(pid=95904) log_opt_values /opt/stack/data/venv/lib/python3.12/site-packages/oslo_config/cfg.py:3534}}
Aug 09 08:53:43.721173 np0000006827 devstack@n-api-meta.service[95904]: DEBUG nova.api.openstack.wsgi_app [None req-3efa9133-20cf-4803-9fad-51448071ea08 None None] instance_build_timeout = 0 {{(pid=95904) log_opt_values /opt/stack/data/venv/lib/python3.12/site-packages/oslo_config/cfg.py:3534}}
Aug 09 08:53:43.721338 np0000006827 devstack@n-api-meta.service[95904]: DEBUG nova.api.openstack.wsgi_app [None req-3efa9133-20cf-4803-9fad-51448071ea08 None None] instance_delete_interval = 300 {{(pid=95904) log_opt_values /opt/stack/data/venv/lib/python3.12/site-packages/oslo_config/cfg.py:3534}}
Aug 09 08:53:43.721477 np0000006827 devstack@n-api-meta.service[95904]: DEBUG nova.api.openstack.wsgi_app [None req-3efa9133-20cf-4803-9fad-51448071ea08 None None] instance_format = [instance: %(uuid)s] {{(pid=95904) log_opt_values /opt/stack/data/venv/lib/python3.12/site-packages/oslo_config/cfg.py:3534}}
Aug 09 08:53:43.721598 np0000006827 devstack@n-api-meta.service[95904]: DEBUG nova.api.openstack.wsgi_app [None req-3efa9133-20cf-4803-9fad-51448071ea08 None None] instance_name_template = instance-%08x {{(pid=95904) log_opt_values /opt/stack/data/venv/lib/python3.12/site-packages/oslo_config/cfg.py:3534}}
Aug 09 08:53:43.721787 np0000006827 devstack@n-api-meta.service[95904]: DEBUG nova.api.openstack.wsgi_app [None req-3efa9133-20cf-4803-9fad-51448071ea08 None None] instance_usage_audit = False {{(pid=95904) log_opt_values /opt/stack/data/venv/lib/python3.12/site-packages/oslo_config/cfg.py:3534}}
Aug 09 08:53:43.721962 np0000006827 devstack@n-api-meta.service[95904]: DEBUG nova.api.openstack.wsgi_app [None req-3efa9133-20cf-4803-9fad-51448071ea08 None None] instance_usage_audit_period = month {{(pid=95904) log_opt_values /opt/stack/data/venv/lib/python3.12/site-packages/oslo_config/cfg.py:3534}}
Aug 09 08:53:43.722086 np0000006827 devstack@n-api-meta.service[95904]: DEBUG nova.api.openstack.wsgi_app [None req-3efa9133-20cf-4803-9fad-51448071ea08 None None] instance_uuid_format = [instance: %(uuid)s] {{(pid=95904) log_opt_values /opt/stack/data/venv/lib/python3.12/site-packages/oslo_config/cfg.py:3534}}
Aug 09 08:53:43.722208 np0000006827 devstack@n-api-meta.service[95904]: DEBUG nova.api.openstack.wsgi_app [None req-3efa9133-20cf-4803-9fad-51448071ea08 None None] instances_path = /opt/stack/data/nova/instances {{(pid=95904) log_opt_values /opt/stack/data/venv/lib/python3.12/site-packages/oslo_config/cfg.py:3534}}
Aug 09 08:53:43.722309 np0000006827 devstack@n-api-meta.service[95906]: INFO dbcounter [None req-c3a11230-db4a-489d-abf9-e01c689d66ac None None] Registered counter for database nova_cell0
Aug 09 08:53:43.722353 np0000006827 devstack@n-api-meta.service[95904]: DEBUG nova.api.openstack.wsgi_app [None req-3efa9133-20cf-4803-9fad-51448071ea08 None None] internal_service_availability_zone = internal {{(pid=95904) log_opt_values /opt/stack/data/venv/lib/python3.12/site-packages/oslo_config/cfg.py:3534}}
Aug 09 08:53:43.722454 np0000006827 devstack@n-api-meta.service[95904]: DEBUG nova.api.openstack.wsgi_app [None req-3efa9133-20cf-4803-9fad-51448071ea08 None None] key = None {{(pid=95904) log_opt_values /opt/stack/data/venv/lib/python3.12/site-packages/oslo_config/cfg.py:3534}}
Aug 09 08:53:43.722595 np0000006827 devstack@n-api-meta.service[95904]: DEBUG nova.api.openstack.wsgi_app [None req-3efa9133-20cf-4803-9fad-51448071ea08 None None] live_migration_retry_count = 30 {{(pid=95904) log_opt_values /opt/stack/data/venv/lib/python3.12/site-packages/oslo_config/cfg.py:3534}}
Aug 09 08:53:43.722766 np0000006827 devstack@n-api-meta.service[95904]: DEBUG nova.api.openstack.wsgi_app [None req-3efa9133-20cf-4803-9fad-51448071ea08 None None] log_color = False {{(pid=95904) log_opt_values /opt/stack/data/venv/lib/python3.12/site-packages/oslo_config/cfg.py:3534}}
Aug 09 08:53:43.722899 np0000006827 devstack@n-api-meta.service[95904]: DEBUG nova.api.openstack.wsgi_app [None req-3efa9133-20cf-4803-9fad-51448071ea08 None None] log_config_append = None {{(pid=95904) log_opt_values /opt/stack/data/venv/lib/python3.12/site-packages/oslo_config/cfg.py:3534}}
Aug 09 08:53:43.723035 np0000006827 devstack@n-api-meta.service[95904]: DEBUG nova.api.openstack.wsgi_app [None req-3efa9133-20cf-4803-9fad-51448071ea08 None None] log_date_format = %Y-%m-%d %H:%M:%S {{(pid=95904) log_opt_values /opt/stack/data/venv/lib/python3.12/site-packages/oslo_config/cfg.py:3534}}
Aug 09 08:53:43.723165 np0000006827 devstack@n-api-meta.service[95904]: DEBUG nova.api.openstack.wsgi_app [None req-3efa9133-20cf-4803-9fad-51448071ea08 None None] log_dir = None {{(pid=95904) log_opt_values /opt/stack/data/venv/lib/python3.12/site-packages/oslo_config/cfg.py:3534}}
Aug 09 08:53:43.723281 np0000006827 devstack@n-api-meta.service[95904]: DEBUG nova.api.openstack.wsgi_app [None req-3efa9133-20cf-4803-9fad-51448071ea08 None None] log_file = None {{(pid=95904) log_opt_values /opt/stack/data/venv/lib/python3.12/site-packages/oslo_config/cfg.py:3534}}
Aug 09 08:53:43.723372 np0000006827 devstack@n-api-meta.service[95904]: DEBUG nova.api.openstack.wsgi_app [None req-3efa9133-20cf-4803-9fad-51448071ea08 None None] log_options = True {{(pid=95904) log_opt_values /opt/stack/data/venv/lib/python3.12/site-packages/oslo_config/cfg.py:3534}}
Aug 09 08:53:43.723486 np0000006827 devstack@n-api-meta.service[95904]: DEBUG nova.api.openstack.wsgi_app [None req-3efa9133-20cf-4803-9fad-51448071ea08 None None] log_rotate_interval = 1 {{(pid=95904) log_opt_values /opt/stack/data/venv/lib/python3.12/site-packages/oslo_config/cfg.py:3534}}
Aug 09 08:53:43.723608 np0000006827 devstack@n-api-meta.service[95904]: DEBUG nova.api.openstack.wsgi_app [None req-3efa9133-20cf-4803-9fad-51448071ea08 None None] log_rotate_interval_type = days {{(pid=95904) log_opt_values /opt/stack/data/venv/lib/python3.12/site-packages/oslo_config/cfg.py:3534}}
Aug 09 08:53:43.723748 np0000006827 devstack@n-api-meta.service[95904]: DEBUG nova.api.openstack.wsgi_app [None req-3efa9133-20cf-4803-9fad-51448071ea08 None None] log_rotation_type = none {{(pid=95904) log_opt_values /opt/stack/data/venv/lib/python3.12/site-packages/oslo_config/cfg.py:3534}}
Aug 09 08:53:43.723856 np0000006827 devstack@n-api-meta.service[95904]: DEBUG nova.api.openstack.wsgi_app [None req-3efa9133-20cf-4803-9fad-51448071ea08 None None] logging_context_format_string = %(color)s%(levelname)s %(name)s [%(global_request_id)s %(request_id)s %(project_name)s %(user_name)s%(color)s] %(instance)s%(color)s%(message)s {{(pid=95904) log_opt_values /opt/stack/data/venv/lib/python3.12/site-packages/oslo_config/cfg.py:3534}}
Aug 09 08:53:43.723956 np0000006827 devstack@n-api-meta.service[95904]: DEBUG nova.api.openstack.wsgi_app [None req-3efa9133-20cf-4803-9fad-51448071ea08 None None] logging_debug_format_suffix = {{(pid=%(process)d) %(funcName)s %(pathname)s:%(lineno)d}} {{(pid=95904) log_opt_values /opt/stack/data/venv/lib/python3.12/site-packages/oslo_config/cfg.py:3534}}
Aug 09 08:53:43.724076 np0000006827 devstack@n-api-meta.service[95904]: DEBUG nova.api.openstack.wsgi_app [None req-3efa9133-20cf-4803-9fad-51448071ea08 None None] logging_default_format_string = %(color)s%(levelname)s %(name)s [-%(color)s] %(instance)s%(color)s%(message)s {{(pid=95904) log_opt_values /opt/stack/data/venv/lib/python3.12/site-packages/oslo_config/cfg.py:3534}}
Aug 09 08:53:43.724192 np0000006827 devstack@n-api-meta.service[95904]: DEBUG nova.api.openstack.wsgi_app [None req-3efa9133-20cf-4803-9fad-51448071ea08 None None] logging_exception_prefix = ERROR %(name)s %(instance)s {{(pid=95904) log_opt_values /opt/stack/data/venv/lib/python3.12/site-packages/oslo_config/cfg.py:3534}}
Aug 09 08:53:43.724285 np0000006827 devstack@n-api-meta.service[95904]: DEBUG nova.api.openstack.wsgi_app [None req-3efa9133-20cf-4803-9fad-51448071ea08 None None] logging_user_identity_format = %(user)s %(project)s %(domain)s %(system_scope)s %(user_domain)s %(project_domain)s {{(pid=95904) log_opt_values /opt/stack/data/venv/lib/python3.12/site-packages/oslo_config/cfg.py:3534}}
Aug 09 08:53:43.724398 np0000006827 devstack@n-api-meta.service[95904]: DEBUG nova.api.openstack.wsgi_app [None req-3efa9133-20cf-4803-9fad-51448071ea08 None None] long_rpc_timeout = 1800 {{(pid=95904) log_opt_values /opt/stack/data/venv/lib/python3.12/site-packages/oslo_config/cfg.py:3534}}
Aug 09 08:53:43.724511 np0000006827 devstack@n-api-meta.service[95904]: DEBUG nova.api.openstack.wsgi_app [None req-3efa9133-20cf-4803-9fad-51448071ea08 None None] manager_shutdown_timeout = 160 {{(pid=95904) log_opt_values /opt/stack/data/venv/lib/python3.12/site-packages/oslo_config/cfg.py:3534}}
Aug 09 08:53:43.724634 np0000006827 devstack@n-api-meta.service[95904]: DEBUG nova.api.openstack.wsgi_app [None req-3efa9133-20cf-4803-9fad-51448071ea08 None None] max_concurrent_builds = 10 {{(pid=95904) log_opt_values /opt/stack/data/venv/lib/python3.12/site-packages/oslo_config/cfg.py:3534}}
Aug 09 08:53:43.724816 np0000006827 devstack@n-api-meta.service[95904]: DEBUG nova.api.openstack.wsgi_app [None req-3efa9133-20cf-4803-9fad-51448071ea08 None None] max_concurrent_live_migrations = 1 {{(pid=95904) log_opt_values /opt/stack/data/venv/lib/python3.12/site-packages/oslo_config/cfg.py:3534}}
