Aug 09 08:53:17.434458 np0000006827 devstack@neutron-api.service[90700]: DEBUG neutron.api.extensions [None req-d8ffd2e1-9da7-4f65-8eeb-e24a0b7a8531 None None] Loading extension file: port_mac_address_override.py {{(pid=90700) _load_all_extensions_from_path /opt/stack/neutron/neutron/api/extensions.py:449}}
Aug 09 08:53:17.434891 np0000006827 devstack@neutron-api.service[90700]: DEBUG neutron.api.extensions [None req-d8ffd2e1-9da7-4f65-8eeb-e24a0b7a8531 None None] Ext name="Neutron Port MAC address override" alias="port-mac-override" description="Allow overriding the MAC address of a direct-physical Port via the active binding profile" updated="2022-03-18T10:00:00-00:00" {{(pid=90700) _check_extension /opt/stack/neutron/neutron/api/extensions.py:415}}
Aug 09 08:53:17.435304 np0000006827 devstack@neutron-api.service[90700]: INFO neutron.api.extensions [None req-d8ffd2e1-9da7-4f65-8eeb-e24a0b7a8531 None None] Extension port-mac-override not supported by any of loaded plugins
Aug 09 08:53:17.435304 np0000006827 devstack@neutron-api.service[90700]: DEBUG neutron.api.extensions [None req-d8ffd2e1-9da7-4f65-8eeb-e24a0b7a8531 None None] Loading extension file: port_mac_address_regenerate.py {{(pid=90700) _load_all_extensions_from_path /opt/stack/neutron/neutron/api/extensions.py:449}}
Aug 09 08:53:17.435777 np0000006827 devstack@neutron-api.service[90700]: DEBUG neutron.api.extensions [None req-d8ffd2e1-9da7-4f65-8eeb-e24a0b7a8531 None None] Ext name="Neutron Port MAC address regenerate" alias="port-mac-address-regenerate" description="Network port MAC address regenerate" updated="2018-05-03T10:00:00-00:00" {{(pid=90700) _check_extension /opt/stack/neutron/neutron/api/extensions.py:415}}
Aug 09 08:53:17.435777 np0000006827 devstack@neutron-api.service[90700]: INFO neutron.api.extensions [None req-d8ffd2e1-9da7-4f65-8eeb-e24a0b7a8531 None None] Loaded extension: port-mac-address-regenerate
Aug 09 08:53:17.436803 np0000006827 devstack@neutron-api.service[90700]: DEBUG neutron.api.extensions [None req-d8ffd2e1-9da7-4f65-8eeb-e24a0b7a8531 None None] Loading extension file: port_numa_affinity_policy.py {{(pid=90700) _load_all_extensions_from_path /opt/stack/neutron/neutron/api/extensions.py:449}}
Aug 09 08:53:17.436803 np0000006827 devstack@neutron-api.service[90700]: DEBUG neutron.api.extensions [None req-d8ffd2e1-9da7-4f65-8eeb-e24a0b7a8531 None None] Ext name="Port NUMA affinity policy" alias="port-numa-affinity-policy" description="Expose the port NUMA affinity policy" updated="2020-07-08T10:00:00-00:00" {{(pid=90700) _check_extension /opt/stack/neutron/neutron/api/extensions.py:415}}
Aug 09 08:53:17.436803 np0000006827 devstack@neutron-api.service[90700]: INFO neutron.api.extensions [None req-d8ffd2e1-9da7-4f65-8eeb-e24a0b7a8531 None None] Loaded extension: port-numa-affinity-policy
Aug 09 08:53:17.436803 np0000006827 devstack@neutron-api.service[90700]: DEBUG neutron.api.extensions [None req-d8ffd2e1-9da7-4f65-8eeb-e24a0b7a8531 None None] Loading extension file: port_numa_affinity_policy_socket.py {{(pid=90700) _load_all_extensions_from_path /opt/stack/neutron/neutron/api/extensions.py:449}}
Aug 09 08:53:17.437469 np0000006827 devstack@neutron-api.service[90700]: DEBUG neutron.api.extensions [None req-d8ffd2e1-9da7-4f65-8eeb-e24a0b7a8531 None None] Ext name="Port NUMA affinity policy "socket"" alias="port-numa-affinity-policy-socket" description="Adds "socket" to the supported port NUMA affinity policies" updated="2024-02-09T10:00:00-00:00" {{(pid=90700) _check_extension /opt/stack/neutron/neutron/api/extensions.py:415}}
Aug 09 08:53:17.437469 np0000006827 devstack@neutron-api.service[90700]: INFO neutron.api.extensions [None req-d8ffd2e1-9da7-4f65-8eeb-e24a0b7a8531 None None] Loaded extension: port-numa-affinity-policy-socket
Aug 09 08:53:17.437958 np0000006827 devstack@neutron-api.service[90698]: INFO neutron.plugins.ml2.drivers.type_vlan [None req-ca2de5c7-d2f9-4c55-9885-7f7f03e1f748 None None] VlanTypeDriver initialization complete
Aug 09 08:53:17.438687 np0000006827 devstack@neutron-api.service[90700]: DEBUG neutron.api.extensions [None req-d8ffd2e1-9da7-4f65-8eeb-e24a0b7a8531 None None] Loading extension file: port_resource_request.py {{(pid=90700) _load_all_extensions_from_path /opt/stack/neutron/neutron/api/extensions.py:449}}
Aug 09 08:53:17.439142 np0000006827 devstack@neutron-api.service[90698]: INFO neutron.plugins.ml2.managers [None req-ca2de5c7-d2f9-4c55-9885-7f7f03e1f748 None None] Initializing extension driver 'port_security'
Aug 09 08:53:17.439142 np0000006827 devstack@neutron-api.service[90698]: INFO neutron.plugins.ml2.extensions.port_security [None req-ca2de5c7-d2f9-4c55-9885-7f7f03e1f748 None None] PortSecurityExtensionDriver initialization complete
Aug 09 08:53:17.439614 np0000006827 devstack@neutron-api.service[90700]: DEBUG neutron.api.extensions [None req-d8ffd2e1-9da7-4f65-8eeb-e24a0b7a8531 None None] Ext name="Port Resource Request" alias="port-resource-request" description="Expose resource request to Port" updated="2018-05-08T10:00:00-00:00" {{(pid=90700) _check_extension /opt/stack/neutron/neutron/api/extensions.py:415}}
Aug 09 08:53:17.440023 np0000006827 devstack@neutron-api.service[90698]: INFO neutron.plugins.ml2.managers [None req-ca2de5c7-d2f9-4c55-9885-7f7f03e1f748 None None] Initializing extension driver 'qos'
Aug 09 08:53:17.440023 np0000006827 devstack@neutron-api.service[90698]: DEBUG neutron.plugins.ml2.extensions.qos [None req-ca2de5c7-d2f9-4c55-9885-7f7f03e1f748 None None] QosExtensionDriver initialization complete {{(pid=90698) initialize /opt/stack/neutron/neutron/plugins/ml2/extensions/qos.py:31}}
Aug 09 08:53:17.440459 np0000006827 devstack@neutron-api.service[90700]: INFO neutron.api.extensions [None req-d8ffd2e1-9da7-4f65-8eeb-e24a0b7a8531 None None] Extension port-resource-request not supported by any of loaded plugins
Aug 09 08:53:17.440858 np0000006827 devstack@neutron-api.service[90698]: INFO neutron.plugins.ml2.managers [None req-ca2de5c7-d2f9-4c55-9885-7f7f03e1f748 None None] Initializing mechanism driver 'ovn'
Aug 09 08:53:17.441244 np0000006827 devstack@neutron-api.service[90700]: DEBUG neutron.api.extensions [None req-d8ffd2e1-9da7-4f65-8eeb-e24a0b7a8531 None None] Loading extension file: port_resource_request_groups.py {{(pid=90700) _load_all_extensions_from_path /opt/stack/neutron/neutron/api/extensions.py:449}}
Aug 09 08:53:17.441610 np0000006827 devstack@neutron-api.service[90698]: INFO neutron.plugins.ml2.drivers.ovn.mech_driver.mech_driver [None req-ca2de5c7-d2f9-4c55-9885-7f7f03e1f748 None None] Starting OVNMechanismDriver
Aug 09 08:53:17.442016 np0000006827 devstack@neutron-api.service[90700]: DEBUG neutron.api.extensions [None req-d8ffd2e1-9da7-4f65-8eeb-e24a0b7a8531 None None] Ext name="Port Resource Request Groups" alias="port-resource-request-groups" description="Support requesting multiple groups of resources and traits from the same RP subtree in resource_request" updated="2021-08-02T10:00:00-00:00" {{(pid=90700) _check_extension /opt/stack/neutron/neutron/api/extensions.py:415}}
Aug 09 08:53:17.442016 np0000006827 devstack@neutron-api.service[90700]: INFO neutron.api.extensions [None req-d8ffd2e1-9da7-4f65-8eeb-e24a0b7a8531 None None] Extension port-resource-request-groups not supported by any of loaded plugins
Aug 09 08:53:17.442016 np0000006827 devstack@neutron-api.service[90700]: DEBUG neutron.api.extensions [None req-d8ffd2e1-9da7-4f65-8eeb-e24a0b7a8531 None None] Loading extension file: port_trusted_vif.py {{(pid=90700) _load_all_extensions_from_path /opt/stack/neutron/neutron/api/extensions.py:449}}
Aug 09 08:53:17.442016 np0000006827 devstack@neutron-api.service[90700]: DEBUG neutron.api.extensions [None req-d8ffd2e1-9da7-4f65-8eeb-e24a0b7a8531 None None] Ext name="Port trusted vif" alias="port-trusted-vif" description="Expose port 'trusted' attribute in the API" updated="2024-07-10T10:00:00-00:00" {{(pid=90700) _check_extension /opt/stack/neutron/neutron/api/extensions.py:415}}
Aug 09 08:53:17.442016 np0000006827 devstack@neutron-api.service[90700]: INFO neutron.api.extensions [None req-d8ffd2e1-9da7-4f65-8eeb-e24a0b7a8531 None None] Extension port-trusted-vif not supported by any of loaded plugins
Aug 09 08:53:17.442016 np0000006827 devstack@neutron-api.service[90700]: DEBUG neutron.api.extensions [None req-d8ffd2e1-9da7-4f65-8eeb-e24a0b7a8531 None None] Loading extension file: portbindings.py {{(pid=90700) _load_all_extensions_from_path /opt/stack/neutron/neutron/api/extensions.py:449}}
Aug 09 08:53:17.442549 np0000006827 devstack@neutron-api.service[90698]: DEBUG neutron_lib.callbacks.manager [None req-ca2de5c7-d2f9-4c55-9885-7f7f03e1f748 None None] Subscribe: > process before_spawn 55550000, False {{(pid=90698) subscribe /opt/stack/data/venv/lib/python3.12/site-packages/neutron_lib/callbacks/manager.py:52}}
Aug 09 08:53:17.442549 np0000006827 devstack@neutron-api.service[90698]: DEBUG neutron_lib.callbacks.manager [None req-ca2de5c7-d2f9-4c55-9885-7f7f03e1f748 None None] Subscribe: > process after_init 55550000, True {{(pid=90698) subscribe /opt/stack/data/venv/lib/python3.12/site-packages/neutron_lib/callbacks/manager.py:52}}
Aug 09 08:53:17.442978 np0000006827 devstack@neutron-api.service[90700]: DEBUG neutron.api.extensions [None req-d8ffd2e1-9da7-4f65-8eeb-e24a0b7a8531 None None] Ext name="Port Binding" alias="binding" description="Expose port bindings of a virtual port to external application" updated="2014-02-03T10:00:00-00:00" {{(pid=90700) _check_extension /opt/stack/neutron/neutron/api/extensions.py:415}}
Aug 09 08:53:17.443358 np0000006827 devstack@neutron-api.service[90698]: DEBUG neutron_lib.callbacks.manager [None req-ca2de5c7-d2f9-4c55-9885-7f7f03e1f748 None None] Subscribe: > segment after_create 55550000, False {{(pid=90698) subscribe /opt/stack/data/venv/lib/python3.12/site-packages/neutron_lib/callbacks/manager.py:52}}
Aug 09 08:53:17.443358 np0000006827 devstack@neutron-api.service[90698]: DEBUG neutron_lib.callbacks.manager [None req-ca2de5c7-d2f9-4c55-9885-7f7f03e1f748 None None] Subscribe: > segment after_create 55550000, False {{(pid=90698) subscribe /opt/stack/data/venv/lib/python3.12/site-packages/neutron_lib/callbacks/manager.py:52}}
Aug 09 08:53:17.443805 np0000006827 devstack@neutron-api.service[90700]: INFO neutron.api.extensions [None req-d8ffd2e1-9da7-4f65-8eeb-e24a0b7a8531 None None] Loaded extension: binding
Aug 09 08:53:17.444187 np0000006827 devstack@neutron-api.service[90698]: DEBUG neutron_lib.callbacks.manager [None req-ca2de5c7-d2f9-4c55-9885-7f7f03e1f748 None None] Subscribe: > segment after_delete 55550000, False {{(pid=90698) subscribe /opt/stack/data/venv/lib/python3.12/site-packages/neutron_lib/callbacks/manager.py:52}}
Aug 09 08:53:17.444492 np0000006827 devstack@neutron-api.service[90700]: DEBUG neutron.api.extensions [None req-d8ffd2e1-9da7-4f65-8eeb-e24a0b7a8531 None None] Loading extension file: portbindings_extended.py {{(pid=90700) _load_all_extensions_from_path /opt/stack/neutron/neutron/api/extensions.py:449}}
Aug 09 08:53:17.444803 np0000006827 devstack@neutron-api.service[90698]: DEBUG neutron_lib.callbacks.manager [None req-ca2de5c7-d2f9-4c55-9885-7f7f03e1f748 None None] Subscribe: > allowed_address_pair before_create 55550000, False {{(pid=90698) subscribe /opt/stack/data/venv/lib/python3.12/site-packages/neutron_lib/callbacks/manager.py:52}}
Aug 09 08:53:17.444803 np0000006827 devstack@neutron-api.service[90698]: DEBUG neutron_lib.callbacks.manager [None req-ca2de5c7-d2f9-4c55-9885-7f7f03e1f748 None None] Subscribe: > security_group precommit_create 55550000, False {{(pid=90698) subscribe /opt/stack/data/venv/lib/python3.12/site-packages/neutron_lib/callbacks/manager.py:52}}
Aug 09 08:53:17.444803 np0000006827 devstack@neutron-api.service[90698]: DEBUG neutron_lib.callbacks.manager [None req-ca2de5c7-d2f9-4c55-9885-7f7f03e1f748 None None] Subscribe: > security_group after_update 55550000, False {{(pid=90698) subscribe /opt/stack/data/venv/lib/python3.12/site-packages/neutron_lib/callbacks/manager.py:52}}
Aug 09 08:53:17.444803 np0000006827 devstack@neutron-api.service[90698]: DEBUG neutron_lib.callbacks.manager [None req-ca2de5c7-d2f9-4c55-9885-7f7f03e1f748 None None] Subscribe: > security_group after_create 55550000, False {{(pid=90698) subscribe /opt/stack/data/venv/lib/python3.12/site-packages/neutron_lib/callbacks/manager.py:52}}
Aug 09 08:53:17.445194 np0000006827 devstack@neutron-api.service[90700]: DEBUG neutron.api.extensions [None req-d8ffd2e1-9da7-4f65-8eeb-e24a0b7a8531 None None] Ext name="Port Bindings Extended" alias="binding-extended" description="Expose port bindings of a virtual port to external application" updated="2017-07-17T10:00:00-00:00" {{(pid=90700) _check_extension /opt/stack/neutron/neutron/api/extensions.py:415}}
Aug 09 08:53:17.445492 np0000006827 devstack@neutron-api.service[90698]: DEBUG neutron_lib.callbacks.manager [None req-ca2de5c7-d2f9-4c55-9885-7f7f03e1f748 None None] Subscribe: > security_group precommit_delete 55550000, False {{(pid=90698) subscribe /opt/stack/data/venv/lib/python3.12/site-packages/neutron_lib/callbacks/manager.py:52}}
Aug 09 08:53:17.445492 np0000006827 devstack@neutron-api.service[90698]: DEBUG neutron_lib.callbacks.manager [None req-ca2de5c7-d2f9-4c55-9885-7f7f03e1f748 None None] Subscribe: > security_group after_delete 55550000, False {{(pid=90698) subscribe /opt/stack/data/venv/lib/python3.12/site-packages/neutron_lib/callbacks/manager.py:52}}
Aug 09 08:53:17.446005 np0000006827 devstack@neutron-api.service[90700]: INFO neutron.api.extensions [None req-d8ffd2e1-9da7-4f65-8eeb-e24a0b7a8531 None None] Loaded extension: binding-extended
Aug 09 08:53:17.446364 np0000006827 devstack@neutron-api.service[90698]: DEBUG neutron_lib.callbacks.manager [None req-ca2de5c7-d2f9-4c55-9885-7f7f03e1f748 None None] Subscribe: > security_group_rule precommit_create 55550000, False {{(pid=90698) subscribe /opt/stack/data/venv/lib/python3.12/site-packages/neutron_lib/callbacks/manager.py:52}}
Aug 09 08:53:17.446854 np0000006827 devstack@neutron-api.service[90700]: DEBUG neutron.api.extensions [None req-d8ffd2e1-9da7-4f65-8eeb-e24a0b7a8531 None None] Loading extension file: portsecurity.py {{(pid=90700) _load_all_extensions_from_path /opt/stack/neutron/neutron/api/extensions.py:449}}
Aug 09 08:53:17.447267 np0000006827 devstack@neutron-api.service[90698]: DEBUG neutron_lib.callbacks.manager [None req-ca2de5c7-d2f9-4c55-9885-7f7f03e1f748 None None] Subscribe: > security_group_rule after_create 55550000, False {{(pid=90698) subscribe /opt/stack/data/venv/lib/python3.12/site-packages/neutron_lib/callbacks/manager.py:52}}
Aug 09 08:53:17.447267 np0000006827 devstack@neutron-api.service[90698]: DEBUG neutron_lib.callbacks.manager [None req-ca2de5c7-d2f9-4c55-9885-7f7f03e1f748 None None] Subscribe: > security_group_rule before_delete 55550000, False {{(pid=90698) subscribe /opt/stack/data/venv/lib/python3.12/site-packages/neutron_lib/callbacks/manager.py:52}}
Aug 09 08:53:17.447267 np0000006827 devstack@neutron-api.service[90698]: DEBUG neutron_lib.callbacks.manager [None req-ca2de5c7-d2f9-4c55-9885-7f7f03e1f748 None None] Subscribe: > address_group after_create 55550000, False {{(pid=90698) subscribe /opt/stack/data/venv/lib/python3.12/site-packages/neutron_lib/callbacks/manager.py:52}}
Aug 09 08:53:17.447267 np0000006827 devstack@neutron-api.service[90698]: DEBUG neutron_lib.callbacks.manager [None req-ca2de5c7-d2f9-4c55-9885-7f7f03e1f748 None None] Subscribe: > address_group after_update 55550000, False {{(pid=90698) subscribe /opt/stack/data/venv/lib/python3.12/site-packages/neutron_lib/callbacks/manager.py:52}}
Aug 09 08:53:17.447690 np0000006827 devstack@neutron-api.service[90700]: DEBUG neutron.api.extensions [None req-d8ffd2e1-9da7-4f65-8eeb-e24a0b7a8531 None None] Ext name="Port Security" alias="port-security" description="Provides port security" updated="2012-07-23T10:00:00-00:00" {{(pid=90700) _check_extension /opt/stack/neutron/neutron/api/extensions.py:415}}
Aug 09 08:53:17.447913 np0000006827 devstack@neutron-api.service[90698]: DEBUG neutron_lib.callbacks.manager [None req-ca2de5c7-d2f9-4c55-9885-7f7f03e1f748 None None] Subscribe: > address_group after_delete 55550000, False {{(pid=90698) subscribe /opt/stack/data/venv/lib/python3.12/site-packages/neutron_lib/callbacks/manager.py:52}}
Aug 09 08:53:17.447913 np0000006827 devstack@neutron-api.service[90698]: DEBUG neutron_lib.callbacks.manager [None req-ca2de5c7-d2f9-4c55-9885-7f7f03e1f748 None None] Subscribe: > qos_plugin after_init 55550000, False {{(pid=90698) subscribe /opt/stack/data/venv/lib/python3.12/site-packages/neutron_lib/callbacks/manager.py:52}}
Aug 09 08:53:17.448151 np0000006827 devstack@neutron-api.service[90700]: INFO neutron.api.extensions [None req-d8ffd2e1-9da7-4f65-8eeb-e24a0b7a8531 None None] Loaded extension: port-security
Aug 09 08:53:17.448151 np0000006827 devstack@neutron-api.service[90700]: DEBUG neutron.api.extensions [None req-d8ffd2e1-9da7-4f65-8eeb-e24a0b7a8531 None None] Loading extension file: project_id.py {{(pid=90700) _load_all_extensions_from_path /opt/stack/neutron/neutron/api/extensions.py:449}}
Aug 09 08:53:17.448545 np0000006827 devstack@neutron-api.service[90698]: DEBUG neutron_lib.callbacks.manager [None req-ca2de5c7-d2f9-4c55-9885-7f7f03e1f748 None None] Subscribe: > trunk_plugin after_init 55550000, False {{(pid=90698) subscribe /opt/stack/data/venv/lib/python3.12/site-packages/neutron_lib/callbacks/manager.py:52}}
Aug 09 08:53:17.448545 np0000006827 devstack@neutron-api.service[90698]: DEBUG neutron_lib.callbacks.manager [None req-ca2de5c7-d2f9-4c55-9885-7f7f03e1f748 None None] Subscribe: > logging-plugin after_init 55550000, False {{(pid=90698) subscribe /opt/stack/data/venv/lib/python3.12/site-packages/neutron_lib/callbacks/manager.py:52}}
Aug 09 08:53:17.448789 np0000006827 devstack@neutron-api.service[90700]: DEBUG neutron.api.extensions [None req-d8ffd2e1-9da7-4f65-8eeb-e24a0b7a8531 None None] Ext name="project_id field enabled" alias="project-id" description="Extension that indicates that project_id field is enabled." updated="2016-09-09T09:09:09-09:09" {{(pid=90700) _check_extension /opt/stack/neutron/neutron/api/extensions.py:415}}
Aug 09 08:53:17.448789 np0000006827 devstack@neutron-api.service[90700]: INFO neutron.api.extensions [None req-d8ffd2e1-9da7-4f65-8eeb-e24a0b7a8531 None None] Loaded extension: project-id
Aug 09 08:53:17.448789 np0000006827 devstack@neutron-api.service[90700]: DEBUG neutron.api.extensions [None req-d8ffd2e1-9da7-4f65-8eeb-e24a0b7a8531 None None] Loading extension file: providernet.py {{(pid=90700) _load_all_extensions_from_path /opt/stack/neutron/neutron/api/extensions.py:449}}
Aug 09 08:53:17.448937 np0000006827 devstack@neutron-api.service[90698]: INFO neutron.services.logapi.drivers.ovn.driver [None req-ca2de5c7-d2f9-4c55-9885-7f7f03e1f748 None None] OVN logging driver registered
Aug 09 08:53:17.448937 np0000006827 devstack@neutron-api.service[90698]: DEBUG neutron_lib.callbacks.manager [None req-ca2de5c7-d2f9-4c55-9885-7f7f03e1f748 None None] Subscribe: ._register_pvlan_driver at 0x7025de8b98a0> pvlan_plugin before_spawn 55550000, False {{(pid=90698) subscribe /opt/stack/data/venv/lib/python3.12/site-packages/neutron_lib/callbacks/manager.py:52}}
Aug 09 08:53:17.449079 np0000006827 devstack@neutron-api.service[90700]: DEBUG neutron.api.extensions [None req-d8ffd2e1-9da7-4f65-8eeb-e24a0b7a8531 None None] Ext name="Provider Network" alias="provider" description="Expose mapping of virtual networks to physical networks" updated="2012-09-07T10:00:00-00:00" {{(pid=90700) _check_extension /opt/stack/neutron/neutron/api/extensions.py:415}}
Aug 09 08:53:17.449182 np0000006827 devstack@neutron-api.service[90698]: DEBUG neutron_lib.callbacks.manager [None req-ca2de5c7-d2f9-4c55-9885-7f7f03e1f748 None None] Subscribe: process after_init 55550000, False {{(pid=90698) subscribe /opt/stack/data/venv/lib/python3.12/site-packages/neutron_lib/callbacks/manager.py:52}}
Aug 09 08:53:17.449307 np0000006827 devstack@neutron-api.service[90700]: INFO neutron.api.extensions [None req-d8ffd2e1-9da7-4f65-8eeb-e24a0b7a8531 None None] Loaded extension: provider
Aug 09 08:53:17.449307 np0000006827 devstack@neutron-api.service[90700]: DEBUG neutron.api.extensions [None req-d8ffd2e1-9da7-4f65-8eeb-e24a0b7a8531 None None] Loading extension file: pvlan.py {{(pid=90700) _load_all_extensions_from_path /opt/stack/neutron/neutron/api/extensions.py:449}}
Aug 09 08:53:17.449307 np0000006827 devstack@neutron-api.service[90700]: DEBUG neutron.api.extensions [None req-d8ffd2e1-9da7-4f65-8eeb-e24a0b7a8531 None None] Ext name="Private VLAN" alias="pvlan" description="The Private VLAN semantics extension." updated="2026-02-03T10:00:00-00:00" {{(pid=90700) _check_extension /opt/stack/neutron/neutron/api/extensions.py:415}}
Aug 09 08:53:17.449307 np0000006827 devstack@neutron-api.service[90700]: INFO neutron.api.extensions [None req-d8ffd2e1-9da7-4f65-8eeb-e24a0b7a8531 None None] Extension pvlan not supported by any of loaded plugins
Aug 09 08:53:17.449307 np0000006827 devstack@neutron-api.service[90700]: DEBUG neutron.api.extensions [None req-d8ffd2e1-9da7-4f65-8eeb-e24a0b7a8531 None None] Loading extension file: qinq.py {{(pid=90700) _load_all_extensions_from_path /opt/stack/neutron/neutron/api/extensions.py:449}}
Aug 09 08:53:17.449477 np0000006827 devstack@neutron-api.service[90698]: DEBUG neutron.plugins.ml2.plugin [None req-ca2de5c7-d2f9-4c55-9885-7f7f03e1f748 None None] neutron.plugins.ml2.plugin.Ml2Plugin method _start_rpc_notifiers called with arguments () {} {{(pid=90698) wrapper /opt/stack/data/venv/lib/python3.12/site-packages/oslo_log/helpers.py:77}}
Aug 09 08:53:17.449477 np0000006827 devstack@neutron-api.service[90698]: DEBUG neutron_lib.callbacks.manager [None req-ca2de5c7-d2f9-4c55-9885-7f7f03e1f748 None None] Subscribe: > port after_create 55550000, False {{(pid=90698) subscribe /opt/stack/data/venv/lib/python3.12/site-packages/neutron_lib/callbacks/manager.py:52}}
Aug 09 08:53:17.449477 np0000006827 devstack@neutron-api.service[90698]: DEBUG neutron_lib.callbacks.manager [None req-ca2de5c7-d2f9-4c55-9885-7f7f03e1f748 None None] Subscribe: > port after_update 55550000, False {{(pid=90698) subscribe /opt/stack/data/venv/lib/python3.12/site-packages/neutron_lib/callbacks/manager.py:52}}
Aug 09 08:53:17.449477 np0000006827 devstack@neutron-api.service[90698]: DEBUG neutron_lib.callbacks.manager [None req-ca2de5c7-d2f9-4c55-9885-7f7f03e1f748 None None] Subscribe: > port after_delete 55550000, False {{(pid=90698) subscribe /opt/stack/data/venv/lib/python3.12/site-packages/neutron_lib/callbacks/manager.py:52}}
Aug 09 08:53:17.449477 np0000006827 devstack@neutron-api.service[90698]: DEBUG neutron_lib.callbacks.manager [None req-ca2de5c7-d2f9-4c55-9885-7f7f03e1f748 None None] Subscribe: > subnet after_create 55550000, False {{(pid=90698) subscribe /opt/stack/data/venv/lib/python3.12/site-packages/neutron_lib/callbacks/manager.py:52}}
Aug 09 08:53:17.449664 np0000006827 devstack@neutron-api.service[90698]: DEBUG neutron_lib.callbacks.manager [None req-ca2de5c7-d2f9-4c55-9885-7f7f03e1f748 None None] Subscribe: > subnet after_update 55550000, False {{(pid=90698) subscribe /opt/stack/data/venv/lib/python3.12/site-packages/neutron_lib/callbacks/manager.py:52}}
Aug 09 08:53:17.449664 np0000006827 devstack@neutron-api.service[90698]: DEBUG neutron_lib.callbacks.manager [None req-ca2de5c7-d2f9-4c55-9885-7f7f03e1f748 None None] Subscribe: > subnet after_delete 55550000, False {{(pid=90698) subscribe /opt/stack/data/venv/lib/python3.12/site-packages/neutron_lib/callbacks/manager.py:52}}
Aug 09 08:53:17.449664 np0000006827 devstack@neutron-api.service[90698]: DEBUG neutron_lib.callbacks.manager [None req-ca2de5c7-d2f9-4c55-9885-7f7f03e1f748 None None] Subscribe: > network after_create 55550000, False {{(pid=90698) subscribe /opt/stack/data/venv/lib/python3.12/site-packages/neutron_lib/callbacks/manager.py:52}}
Aug 09 08:53:17.449664 np0000006827 devstack@neutron-api.service[90698]: DEBUG neutron_lib.callbacks.manager [None req-ca2de5c7-d2f9-4c55-9885-7f7f03e1f748 None None] Subscribe: > network after_update 55550000, False {{(pid=90698) subscribe /opt/stack/data/venv/lib/python3.12/site-packages/neutron_lib/callbacks/manager.py:52}}
Aug 09 08:53:17.449861 np0000006827 devstack@neutron-api.service[90698]: DEBUG neutron_lib.callbacks.manager [None req-ca2de5c7-d2f9-4c55-9885-7f7f03e1f748 None None] Subscribe: > network after_delete 55550000, False {{(pid=90698) subscribe /opt/stack/data/venv/lib/python3.12/site-packages/neutron_lib/callbacks/manager.py:52}}
Aug 09 08:53:17.449861 np0000006827 devstack@neutron-api.service[90698]: DEBUG neutron_lib.callbacks.manager [None req-ca2de5c7-d2f9-4c55-9885-7f7f03e1f748 None None] Subscribe: > security_group after_create 55550000, False {{(pid=90698) subscribe /opt/stack/data/venv/lib/python3.12/site-packages/neutron_lib/callbacks/manager.py:52}}
Aug 09 08:53:17.449861 np0000006827 devstack@neutron-api.service[90698]: DEBUG neutron_lib.callbacks.manager [None req-ca2de5c7-d2f9-4c55-9885-7f7f03e1f748 None None] Subscribe: > security_group after_update 55550000, False {{(pid=90698) subscribe /opt/stack/data/venv/lib/python3.12/site-packages/neutron_lib/callbacks/manager.py:52}}
Aug 09 08:53:17.449861 np0000006827 devstack@neutron-api.service[90698]: DEBUG neutron_lib.callbacks.manager [None req-ca2de5c7-d2f9-4c55-9885-7f7f03e1f748 None None] Subscribe: > security_group after_delete 55550000, False {{(pid=90698) subscribe /opt/stack/data/venv/lib/python3.12/site-packages/neutron_lib/callbacks/manager.py:52}}
Aug 09 08:53:17.450019 np0000006827 devstack@neutron-api.service[90698]: DEBUG neutron_lib.callbacks.manager [None req-ca2de5c7-d2f9-4c55-9885-7f7f03e1f748 None None] Subscribe: > security_group_rule after_create 55550000, False {{(pid=90698) subscribe /opt/stack/data/venv/lib/python3.12/site-packages/neutron_lib/callbacks/manager.py:52}}
Aug 09 08:53:17.450019 np0000006827 devstack@neutron-api.service[90698]: DEBUG neutron_lib.callbacks.manager [None req-ca2de5c7-d2f9-4c55-9885-7f7f03e1f748 None None] Subscribe: > security_group_rule after_update 55550000, False {{(pid=90698) subscribe /opt/stack/data/venv/lib/python3.12/site-packages/neutron_lib/callbacks/manager.py:52}}
Aug 09 08:53:17.450019 np0000006827 devstack@neutron-api.service[90698]: DEBUG neutron_lib.callbacks.manager [None req-ca2de5c7-d2f9-4c55-9885-7f7f03e1f748 None None] Subscribe: > security_group_rule after_delete 55550000, False {{(pid=90698) subscribe /opt/stack/data/venv/lib/python3.12/site-packages/neutron_lib/callbacks/manager.py:52}}
Aug 09 08:53:17.450019 np0000006827 devstack@neutron-api.service[90698]: DEBUG neutron_lib.callbacks.manager [None req-ca2de5c7-d2f9-4c55-9885-7f7f03e1f748 None None] Subscribe: > address_group after_create 55550000, False {{(pid=90698) subscribe /opt/stack/data/venv/lib/python3.12/site-packages/neutron_lib/callbacks/manager.py:52}}
Aug 09 08:53:17.450232 np0000006827 devstack@neutron-api.service[90698]: DEBUG neutron_lib.callbacks.manager [None req-ca2de5c7-d2f9-4c55-9885-7f7f03e1f748 None None] Subscribe: > address_group after_update 55550000, False {{(pid=90698) subscribe /opt/stack/data/venv/lib/python3.12/site-packages/neutron_lib/callbacks/manager.py:52}}
Aug 09 08:53:17.450232 np0000006827 devstack@neutron-api.service[90698]: DEBUG neutron_lib.callbacks.manager [None req-ca2de5c7-d2f9-4c55-9885-7f7f03e1f748 None None] Subscribe: > address_group after_delete 55550000, False {{(pid=90698) subscribe /opt/stack/data/venv/lib/python3.12/site-packages/neutron_lib/callbacks/manager.py:52}}
Aug 09 08:53:17.450232 np0000006827 devstack@neutron-api.service[90698]: DEBUG neutron.plugins.ml2.ovo_rpc [None req-ca2de5c7-d2f9-4c55-9885-7f7f03e1f748 None None] ML2 OVO RPC backend initialized. {{(pid=90698) __init__ /opt/stack/neutron/neutron/plugins/ml2/ovo_rpc.py:117}}
Aug 09 08:53:17.450232 np0000006827 devstack@neutron-api.service[90698]: INFO neutron.quota [None req-ca2de5c7-d2f9-4c55-9885-7f7f03e1f748 None None] Loaded quota_driver: .
Aug 09 08:53:17.450232 np0000006827 devstack@neutron-api.service[90698]: INFO neutron.plugins.ml2.plugin [None req-ca2de5c7-d2f9-4c55-9885-7f7f03e1f748 None None] Modular L2 Plugin initialization complete
Aug 09 08:53:17.450232 np0000006827 devstack@neutron-api.service[90698]: DEBUG neutron.manager [None req-ca2de5c7-d2f9-4c55-9885-7f7f03e1f748 None None] Loading services supported by the core plugin {{(pid=90698) _load_services_from_core_plugin /opt/stack/neutron/neutron/manager.py:167}}
Aug 09 08:53:17.450232 np0000006827 devstack@neutron-api.service[90698]: INFO neutron.plugins.ml2.managers [None req-ca2de5c7-d2f9-4c55-9885-7f7f03e1f748 None None] Got port-security extension from driver 'port_security'
Aug 09 08:53:17.450533 np0000006827 devstack@neutron-api.service[90698]: DEBUG neutron.manager [None req-ca2de5c7-d2f9-4c55-9885-7f7f03e1f748 None None] Loading service plugins: ['ovn-router', 'auto_allocate', 'tag', 'timestamp', 'network_ip_availability', 'flavors', 'revisions'] {{(pid=90698) _load_service_plugins /opt/stack/neutron/neutron/manager.py:192}}
Aug 09 08:53:17.450533 np0000006827 devstack@neutron-api.service[90698]: INFO neutron.manager [None req-ca2de5c7-d2f9-4c55-9885-7f7f03e1f748 None None] Loading Plugin: ovn-router
Aug 09 08:53:17.464009 np0000006827 devstack@neutron-api.service[90698]: DEBUG neutron_lib.callbacks.manager [None req-ca2de5c7-d2f9-4c55-9885-7f7f03e1f748 None None] Subscribe: > router before_delete 55550000, False {{(pid=90698) subscribe /opt/stack/data/venv/lib/python3.12/site-packages/neutron_lib/callbacks/manager.py:52}}
Aug 09 08:53:17.464009 np0000006827 devstack@neutron-api.service[90698]: DEBUG neutron_lib.callbacks.manager [None req-ca2de5c7-d2f9-4c55-9885-7f7f03e1f748 None None] Subscribe: port before_update 55550000, False {{(pid=90698) subscribe /opt/stack/data/venv/lib/python3.12/site-packages/neutron_lib/callbacks/manager.py:52}}
Aug 09 08:53:17.464009 np0000006827 devstack@neutron-api.service[90698]: DEBUG neutron_lib.callbacks.manager [None req-ca2de5c7-d2f9-4c55-9885-7f7f03e1f748 None None] Subscribe: port after_update 55550000, False {{(pid=90698) subscribe /opt/stack/data/venv/lib/python3.12/site-packages/neutron_lib/callbacks/manager.py:52}}
Aug 09 08:53:17.464211 np0000006827 devstack@neutron-api.service[90698]: DEBUG neutron_lib.callbacks.manager [None req-ca2de5c7-d2f9-4c55-9885-7f7f03e1f748 None None] Subscribe: > port precommit_delete 55550000, False {{(pid=90698) subscribe /opt/stack/data/venv/lib/python3.12/site-packages/neutron_lib/callbacks/manager.py:52}}
Aug 09 08:53:17.464289 np0000006827 devstack@neutron-api.service[90698]: DEBUG neutron_lib.callbacks.manager [None req-ca2de5c7-d2f9-4c55-9885-7f7f03e1f748 None None] Subscribe: port before_update 55550000, False {{(pid=90698) subscribe /opt/stack/data/venv/lib/python3.12/site-packages/neutron_lib/callbacks/manager.py:52}}
Aug 09 08:53:17.464433 np0000006827 devstack@neutron-api.service[90698]: DEBUG neutron_lib.callbacks.manager [None req-ca2de5c7-d2f9-4c55-9885-7f7f03e1f748 None None] Subscribe: port before_delete 55550000, False {{(pid=90698) subscribe /opt/stack/data/venv/lib/python3.12/site-packages/neutron_lib/callbacks/manager.py:52}}
Aug 09 08:53:17.464592 np0000006827 devstack@neutron-api.service[90698]: DEBUG neutron_lib.callbacks.manager [None req-ca2de5c7-d2f9-4c55-9885-7f7f03e1f748 None None] Subscribe: > router precommit_create 55550000, False {{(pid=90698) subscribe /opt/stack/data/venv/lib/python3.12/site-packages/neutron_lib/callbacks/manager.py:52}}
Aug 09 08:53:17.464786 np0000006827 devstack@neutron-api.service[90698]: DEBUG neutron_lib.callbacks.manager [None req-ca2de5c7-d2f9-4c55-9885-7f7f03e1f748 None None] Subscribe: > router precommit_create 55550000, False {{(pid=90698) subscribe /opt/stack/data/venv/lib/python3.12/site-packages/neutron_lib/callbacks/manager.py:52}}
Aug 09 08:53:17.464975 np0000006827 devstack@neutron-api.service[90698]: DEBUG neutron_lib.callbacks.manager [None req-ca2de5c7-d2f9-4c55-9885-7f7f03e1f748 None None] Subscribe: > router precommit_update 55550000, False {{(pid=90698) subscribe /opt/stack/data/venv/lib/python3.12/site-packages/neutron_lib/callbacks/manager.py:52}}
Aug 09 08:53:17.465173 np0000006827 devstack@neutron-api.service[90698]: DEBUG neutron_lib.callbacks.manager [None req-ca2de5c7-d2f9-4c55-9885-7f7f03e1f748 None None] Subscribe: subnet after_update 55550000, False {{(pid=90698) subscribe /opt/stack/data/venv/lib/python3.12/site-packages/neutron_lib/callbacks/manager.py:52}}
Aug 09 08:53:17.465476 np0000006827 devstack@neutron-api.service[90698]: DEBUG neutron.quota.resource_registry [None req-ca2de5c7-d2f9-4c55-9885-7f7f03e1f748 None None] Tracking information for resource: router configured {{(pid=90698) set_tracked_resource /opt/stack/neutron/neutron/quota/resource_registry.py:203}}
Aug 09 08:53:17.465614 np0000006827 devstack@neutron-api.service[90698]: DEBUG neutron.quota.resource_registry [None req-ca2de5c7-d2f9-4c55-9885-7f7f03e1f748 None None] Tracking information for resource: floatingip configured {{(pid=90698) set_tracked_resource /opt/stack/neutron/neutron/quota/resource_registry.py:203}}
Aug 09 08:53:17.465788 np0000006827 devstack@neutron-api.service[90698]: INFO neutron.services.ovn_l3.plugin [None req-ca2de5c7-d2f9-4c55-9885-7f7f03e1f748 None None] Starting OVNL3RouterPlugin
Aug 09 08:53:17.466157 np0000006827 devstack@neutron-api.service[90698]: DEBUG neutron_lib.callbacks.manager [None req-ca2de5c7-d2f9-4c55-9885-7f7f03e1f748 None None] Subscribe: > port_forwarding_plugin after_init 55550000, False {{(pid=90698) subscribe /opt/stack/data/venv/lib/python3.12/site-packages/neutron_lib/callbacks/manager.py:52}}
Aug 09 08:53:17.466515 np0000006827 devstack@neutron-api.service[90698]: DEBUG neutron_lib.callbacks.manager [None req-ca2de5c7-d2f9-4c55-9885-7f7f03e1f748 None None] Subscribe: > router before_create 55550100, False {{(pid=90698) subscribe /opt/stack/data/venv/lib/python3.12/site-packages/neutron_lib/callbacks/manager.py:52}}
Aug 09 08:53:17.466681 np0000006827 devstack@neutron-api.service[90698]: DEBUG neutron_lib.callbacks.manager [None req-ca2de5c7-d2f9-4c55-9885-7f7f03e1f748 None None] Subscribe: > router precommit_delete 55550100, False {{(pid=90698) subscribe /opt/stack/data/venv/lib/python3.12/site-packages/neutron_lib/callbacks/manager.py:52}}
Aug 09 08:53:17.466867 np0000006827 devstack@neutron-api.service[90698]: DEBUG neutron_lib.callbacks.manager [None req-ca2de5c7-d2f9-4c55-9885-7f7f03e1f748 None None] Subscribe: > router precommit_create 55550100, False {{(pid=90698) subscribe /opt/stack/data/venv/lib/python3.12/site-packages/neutron_lib/callbacks/manager.py:52}}
Aug 09 08:53:17.467015 np0000006827 devstack@neutron-api.service[90698]: DEBUG neutron_lib.callbacks.manager [None req-ca2de5c7-d2f9-4c55-9885-7f7f03e1f748 None None] Subscribe: > router precommit_update 55550100, False {{(pid=90698) subscribe /opt/stack/data/venv/lib/python3.12/site-packages/neutron_lib/callbacks/manager.py:52}}
Aug 09 08:53:17.472564 np0000006827 devstack@neutron-api.service[90698]: DEBUG neutron.services.provider_configuration [None req-ca2de5c7-d2f9-4c55-9885-7f7f03e1f748 None None] Service providers = [] {{(pid=90698) parse_service_provider_opt /opt/stack/neutron/neutron/services/provider_configuration.py:170}}
Aug 09 08:53:17.472763 np0000006827 devstack@neutron-api.service[90698]: DEBUG neutron.db.servicetype_db [None req-ca2de5c7-d2f9-4c55-9885-7f7f03e1f748 None None] Adding provider configuration for service L3_ROUTER_NAT {{(pid=90698) add_provider_configuration /opt/stack/neutron/neutron/db/servicetype_db.py:45}}
Aug 09 08:53:17.474799 np0000006827 devstack@neutron-api.service[90698]: DEBUG neutron_lib.callbacks.manager [None req-ca2de5c7-d2f9-4c55-9885-7f7f03e1f748 None None] Subscribe: > router precommit_create 55549900, False {{(pid=90698) subscribe /opt/stack/data/venv/lib/python3.12/site-packages/neutron_lib/callbacks/manager.py:52}}
Aug 09 08:53:17.475022 np0000006827 devstack@neutron-api.service[90698]: DEBUG neutron_lib.callbacks.manager [None req-ca2de5c7-d2f9-4c55-9885-7f7f03e1f748 None None] Subscribe: > router_interface after_create 55550000, False {{(pid=90698) subscribe /opt/stack/data/venv/lib/python3.12/site-packages/neutron_lib/callbacks/manager.py:52}}
Aug 09 08:53:17.475168 np0000006827 devstack@neutron-api.service[90698]: DEBUG neutron_lib.callbacks.manager [None req-ca2de5c7-d2f9-4c55-9885-7f7f03e1f748 None None] Subscribe: > floatingip after_create 55550000, False {{(pid=90698) subscribe /opt/stack/data/venv/lib/python3.12/site-packages/neutron_lib/callbacks/manager.py:52}}
Aug 09 08:53:17.475371 np0000006827 devstack@neutron-api.service[90698]: DEBUG neutron_lib.callbacks.manager [None req-ca2de5c7-d2f9-4c55-9885-7f7f03e1f748 None None] Subscribe: > floatingip precommit_create 55550000, False {{(pid=90698) subscribe /opt/stack/data/venv/lib/python3.12/site-packages/neutron_lib/callbacks/manager.py:52}}
Aug 09 08:53:17.475527 np0000006827 devstack@neutron-api.service[90698]: DEBUG neutron_lib.callbacks.manager [None req-ca2de5c7-d2f9-4c55-9885-7f7f03e1f748 None None] Subscribe: > floatingip precommit_update 55550000, False {{(pid=90698) subscribe /opt/stack/data/venv/lib/python3.12/site-packages/neutron_lib/callbacks/manager.py:52}}
Aug 09 08:53:17.475669 np0000006827 devstack@neutron-api.service[90698]: DEBUG neutron_lib.callbacks.manager [None req-ca2de5c7-d2f9-4c55-9885-7f7f03e1f748 None None] Subscribe: > floatingip after_delete 55550000, False {{(pid=90698) subscribe /opt/stack/data/venv/lib/python3.12/site-packages/neutron_lib/callbacks/manager.py:52}}
Aug 09 08:53:17.475930 np0000006827 devstack@neutron-api.service[90698]: DEBUG neutron_lib.callbacks.manager [None req-ca2de5c7-d2f9-4c55-9885-7f7f03e1f748 None None] Subscribe: > floatingip after_status_update 55550000, False {{(pid=90698) subscribe /opt/stack/data/venv/lib/python3.12/site-packages/neutron_lib/callbacks/manager.py:52}}
Aug 09 08:53:17.475930 np0000006827 devstack@neutron-api.service[90698]: DEBUG neutron_lib.callbacks.manager [None req-ca2de5c7-d2f9-4c55-9885-7f7f03e1f748 None None] Subscribe: > floatingip after_update 55550000, False {{(pid=90698) subscribe /opt/stack/data/venv/lib/python3.12/site-packages/neutron_lib/callbacks/manager.py:52}}
Aug 09 08:53:17.476329 np0000006827 devstack@neutron-api.service[90698]: DEBUG neutron_lib.callbacks.manager [None req-ca2de5c7-d2f9-4c55-9885-7f7f03e1f748 None None] Subscribe: > port_forwarding after_create 55550000, False {{(pid=90698) subscribe /opt/stack/data/venv/lib/python3.12/site-packages/neutron_lib/callbacks/manager.py:52}}
Aug 09 08:53:17.476329 np0000006827 devstack@neutron-api.service[90698]: DEBUG neutron_lib.callbacks.manager [None req-ca2de5c7-d2f9-4c55-9885-7f7f03e1f748 None None] Subscribe: > router_interface after_delete 55550000, False {{(pid=90698) subscribe /opt/stack/data/venv/lib/python3.12/site-packages/neutron_lib/callbacks/manager.py:52}}
Aug 09 08:53:17.476484 np0000006827 devstack@neutron-api.service[90698]: DEBUG neutron_lib.callbacks.manager [None req-ca2de5c7-d2f9-4c55-9885-7f7f03e1f748 None None] Subscribe: > router after_create 55550000, False {{(pid=90698) subscribe /opt/stack/data/venv/lib/python3.12/site-packages/neutron_lib/callbacks/manager.py:52}}
Aug 09 08:53:17.476681 np0000006827 devstack@neutron-api.service[90698]: DEBUG neutron_lib.callbacks.manager [None req-ca2de5c7-d2f9-4c55-9885-7f7f03e1f748 None None] Subscribe: > router precommit_create 55550000, False {{(pid=90698) subscribe /opt/stack/data/venv/lib/python3.12/site-packages/neutron_lib/callbacks/manager.py:52}}
Aug 09 08:53:17.476902 np0000006827 devstack@neutron-api.service[90698]: DEBUG neutron_lib.callbacks.manager [None req-ca2de5c7-d2f9-4c55-9885-7f7f03e1f748 None None] Subscribe: > router after_delete 55550000, False {{(pid=90698) subscribe /opt/stack/data/venv/lib/python3.12/site-packages/neutron_lib/callbacks/manager.py:52}}
Aug 09 08:53:17.477101 np0000006827 devstack@neutron-api.service[90698]: DEBUG neutron_lib.callbacks.manager [None req-ca2de5c7-d2f9-4c55-9885-7f7f03e1f748 None None] Subscribe: > router after_update 55550000, False {{(pid=90698) subscribe /opt/stack/data/venv/lib/python3.12/site-packages/neutron_lib/callbacks/manager.py:52}}
Aug 09 08:53:17.477318 np0000006827 devstack@neutron-api.service[90698]: DEBUG neutron.services.service_base [None req-ca2de5c7-d2f9-4c55-9885-7f7f03e1f748 None None] Loaded 'neutron.services.ovn_l3.service_providers.ovn.OvnDriver' provider for service L3_ROUTER_NAT {{(pid=90698) load_drivers /opt/stack/neutron/neutron/services/service_base.py:49}}
Aug 09 08:53:17.477456 np0000006827 devstack@neutron-api.service[90698]: DEBUG neutron_lib.callbacks.manager [None req-ca2de5c7-d2f9-4c55-9885-7f7f03e1f748 None None] Subscribe: > process after_init 55550001, True {{(pid=90698) subscribe /opt/stack/data/venv/lib/python3.12/site-packages/neutron_lib/callbacks/manager.py:52}}
Aug 09 08:53:17.477678 np0000006827 devstack@neutron-api.service[90698]: DEBUG neutron.manager [None req-ca2de5c7-d2f9-4c55-9885-7f7f03e1f748 None None] Successfully loaded L3_ROUTER_NAT plugin. Description: L3 Router Service Plugin for basic L3 forwarding using OVN {{(pid=90698) _create_and_add_service_plugin /opt/stack/neutron/neutron/manager.py:236}}
Aug 09 08:53:17.477950 np0000006827 devstack@neutron-api.service[90698]: INFO neutron.manager [None req-ca2de5c7-d2f9-4c55-9885-7f7f03e1f748 None None] Loading Plugin: auto_allocate
Aug 09 08:53:17.479316 np0000006827 devstack@neutron-api.service[90698]: DEBUG neutron_lib.callbacks.manager [None req-ca2de5c7-d2f9-4c55-9885-7f7f03e1f748 None None] Subscribe: network precommit_update 55550000, False {{(pid=90698) subscribe /opt/stack/data/venv/lib/python3.12/site-packages/neutron_lib/callbacks/manager.py:52}}
Aug 09 08:53:17.479500 np0000006827 devstack@neutron-api.service[90698]: DEBUG neutron_lib.callbacks.manager [None req-ca2de5c7-d2f9-4c55-9885-7f7f03e1f748 None None] Subscribe: network precommit_create 55550000, False {{(pid=90698) subscribe /opt/stack/data/venv/lib/python3.12/site-packages/neutron_lib/callbacks/manager.py:52}}
Aug 09 08:53:17.479841 np0000006827 devstack@neutron-api.service[90698]: DEBUG neutron.manager [None req-ca2de5c7-d2f9-4c55-9885-7f7f03e1f748 None None] Successfully loaded auto-allocated-topology plugin. Description: Auto Allocated Topology - aka get me a network. {{(pid=90698) _create_and_add_service_plugin /opt/stack/neutron/neutron/manager.py:236}}
Aug 09 08:53:17.479972 np0000006827 devstack@neutron-api.service[90698]: INFO neutron.manager [None req-ca2de5c7-d2f9-4c55-9885-7f7f03e1f748 None None] Loading Plugin: tag
Aug 09 08:53:17.483975 np0000006827 devstack@neutron-api.service[90698]: DEBUG neutron.manager [None req-ca2de5c7-d2f9-4c55-9885-7f7f03e1f748 None None] Successfully loaded TAG plugin. Description: Tag support {{(pid=90698) _create_and_add_service_plugin /opt/stack/neutron/neutron/manager.py:236}}
Aug 09 08:53:17.484135 np0000006827 devstack@neutron-api.service[90698]: INFO neutron.manager [None req-ca2de5c7-d2f9-4c55-9885-7f7f03e1f748 None None] Loading Plugin: timestamp
Aug 09 08:53:17.485397 np0000006827 devstack@neutron-api.service[90698]: DEBUG neutron.manager [None req-ca2de5c7-d2f9-4c55-9885-7f7f03e1f748 None None] Successfully loaded timestamp plugin. Description: Adds timestamps to Neutron resources with standard attributes {{(pid=90698) _create_and_add_service_plugin /opt/stack/neutron/neutron/manager.py:236}}
Aug 09 08:53:17.485539 np0000006827 devstack@neutron-api.service[90698]: INFO neutron.manager [None req-ca2de5c7-d2f9-4c55-9885-7f7f03e1f748 None None] Loading Plugin: network_ip_availability
Aug 09 08:53:17.487249 np0000006827 devstack@neutron-api.service[90698]: DEBUG neutron.manager [None req-ca2de5c7-d2f9-4c55-9885-7f7f03e1f748 None None] Successfully loaded network-ip-availability plugin. Description: Provides IP availability data for each network and subnet. {{(pid=90698) _create_and_add_service_plugin /opt/stack/neutron/neutron/manager.py:236}}
Aug 09 08:53:17.487397 np0000006827 devstack@neutron-api.service[90698]: INFO neutron.manager [None req-ca2de5c7-d2f9-4c55-9885-7f7f03e1f748 None None] Loading Plugin: flavors
Aug 09 08:53:17.488461 np0000006827 devstack@neutron-api.service[90698]: DEBUG neutron.manager [None req-ca2de5c7-d2f9-4c55-9885-7f7f03e1f748 None None] Successfully loaded FLAVORS plugin. Description: Neutron Flavors and Service Profiles manager plugin {{(pid=90698) _create_and_add_service_plugin /opt/stack/neutron/neutron/manager.py:236}}
Aug 09 08:53:17.488589 np0000006827 devstack@neutron-api.service[90698]: INFO neutron.manager [None req-ca2de5c7-d2f9-4c55-9885-7f7f03e1f748 None None] Loading Plugin: revisions
Aug 09 08:53:17.489961 np0000006827 devstack@neutron-api.service[90698]: DEBUG neutron.manager [None req-ca2de5c7-d2f9-4c55-9885-7f7f03e1f748 None None] Successfully loaded revision_plugin plugin. Description: Adds revision numbers to resources. {{(pid=90698) _create_and_add_service_plugin /opt/stack/neutron/neutron/manager.py:236}}
Aug 09 08:53:17.490180 np0000006827 devstack@neutron-api.service[90698]: DEBUG oslo_concurrency.lockutils [None req-ca2de5c7-d2f9-4c55-9885-7f7f03e1f748 None None] Lock "manager" "released" by "neutron.manager.NeutronManager._create_instance" :: held 4.066s {{(pid=90698) inner /opt/stack/data/venv/lib/python3.12/site-packages/oslo_concurrency/lockutils.py:544}}
Aug 09 08:53:17.490425 np0000006827 devstack@neutron-api.service[90698]: DEBUG neutron.api.extensions [None req-ca2de5c7-d2f9-4c55-9885-7f7f03e1f748 None None] get_extension_paths = OrderedDict({'/opt/stack/neutron/neutron/extensions': 1}) {{(pid=90698) get_extensions_path /opt/stack/neutron/neutron/api/extensions.py:640}}
Aug 09 08:53:17.490425 np0000006827 devstack@neutron-api.service[90698]: INFO neutron.api.extensions [None req-ca2de5c7-d2f9-4c55-9885-7f7f03e1f748 None None] Initializing extension manager.
Aug 09 08:53:17.490723 np0000006827 devstack@neutron-api.service[90698]: DEBUG neutron.api.extensions [None req-ca2de5c7-d2f9-4c55-9885-7f7f03e1f748 None None] Loading extension file: __init__.py {{(pid=90698) _load_all_extensions_from_path /opt/stack/neutron/neutron/api/extensions.py:449}}
Aug 09 08:53:17.490849 np0000006827 devstack@neutron-api.service[90698]: DEBUG neutron.api.extensions [None req-ca2de5c7-d2f9-4c55-9885-7f7f03e1f748 None None] Loading extension file: __pycache__ {{(pid=90698) _load_all_extensions_from_path /opt/stack/neutron/neutron/api/extensions.py:449}}
Aug 09 08:53:17.490970 np0000006827 devstack@neutron-api.service[90698]: DEBUG neutron.api.extensions [None req-ca2de5c7-d2f9-4c55-9885-7f7f03e1f748 None None] Loading extension file: aap_reject_multicast.py {{(pid=90698) _load_all_extensions_from_path /opt/stack/neutron/neutron/api/extensions.py:449}}
Aug 09 08:53:17.491313 np0000006827 devstack@neutron-api.service[90698]: DEBUG neutron.api.extensions [None req-ca2de5c7-d2f9-4c55-9885-7f7f03e1f748 None None] Ext name="Allowed address pairs reject multicast extension" alias="aap-reject-multicast" description="Reject multicast addresses in Allowed Address Pairs" updated="2026-04-01T00:00:00-00:00" {{(pid=90698) _check_extension /opt/stack/neutron/neutron/api/extensions.py:415}}
Aug 09 08:53:17.491725 np0000006827 devstack@neutron-api.service[90698]: INFO neutron.api.extensions [None req-ca2de5c7-d2f9-4c55-9885-7f7f03e1f748 None None] Extension aap-reject-multicast not supported by any of loaded plugins
Aug 09 08:53:17.491725 np0000006827 devstack@neutron-api.service[90698]: DEBUG neutron.api.extensions [None req-ca2de5c7-d2f9-4c55-9885-7f7f03e1f748 None None] Loading extension file: address_group.py {{(pid=90698) _load_all_extensions_from_path /opt/stack/neutron/neutron/api/extensions.py:449}}
Aug 09 08:53:17.492099 np0000006827 devstack@neutron-api.service[90698]: DEBUG neutron.api.extensions [None req-ca2de5c7-d2f9-4c55-9885-7f7f03e1f748 None None] Ext name="Address group" alias="address-group" description="Support address group" updated="2020-07-15T10:00:00-00:00" {{(pid=90698) _check_extension /opt/stack/neutron/neutron/api/extensions.py:415}}
Aug 09 08:53:17.492466 np0000006827 devstack@neutron-api.service[90698]: INFO neutron.api.extensions [None req-ca2de5c7-d2f9-4c55-9885-7f7f03e1f748 None None] Loaded extension: address-group
Aug 09 08:53:17.492466 np0000006827 devstack@neutron-api.service[90698]: DEBUG neutron.api.extensions [None req-ca2de5c7-d2f9-4c55-9885-7f7f03e1f748 None None] Loading extension file: address_scope.py {{(pid=90698) _load_all_extensions_from_path /opt/stack/neutron/neutron/api/extensions.py:449}}
Aug 09 08:53:17.492893 np0000006827 devstack@neutron-api.service[90698]: DEBUG neutron.api.extensions [None req-ca2de5c7-d2f9-4c55-9885-7f7f03e1f748 None None] Ext name="Address scope" alias="address-scope" description="Address scopes extension." updated="2015-07-26T10:00:00-00:00" {{(pid=90698) _check_extension /opt/stack/neutron/neutron/api/extensions.py:415}}
Aug 09 08:53:17.493150 np0000006827 devstack@neutron-api.service[90698]: INFO neutron.api.extensions [None req-ca2de5c7-d2f9-4c55-9885-7f7f03e1f748 None None] Loaded extension: address-scope
Aug 09 08:53:17.493351 np0000006827 devstack@neutron-api.service[90698]: DEBUG neutron.api.extensions [None req-ca2de5c7-d2f9-4c55-9885-7f7f03e1f748 None None] Loading extension file: admin_state_down_before_update.py {{(pid=90698) _load_all_extensions_from_path /opt/stack/neutron/neutron/api/extensions.py:449}}
