Jul 23 06:16:37.221612 np0000005723 devstack@c-api.service[97102]: /opt/stack/data/venv/lib/python3.12/site-packages/oslo_context/context.py:102: DeprecationWarning: Policy enforcement is depending on the value of is_admin. This key is deprecated. Please update your policy file to use the standard policy values.
Jul 23 06:16:37.221612 np0000005723 devstack@c-api.service[97102]: warnings.warn(
Jul 23 06:16:37.320385 np0000005723 devstack@c-api.service[97103]: DEBUG cinder.api.middleware.request_id [None req-00e00201-6b64-4aa3-977c-8ac589b03bd3 None None] RequestId filter calling following filter/app {{(pid=97103) _context_setter /opt/stack/cinder/cinder/api/middleware/request_id.py:62}}
Jul 23 06:16:37.324327 np0000005723 devstack@c-api.service[97103]: INFO cinder.api.openstack.wsgi [None req-00e00201-6b64-4aa3-977c-8ac589b03bd3 tempest-TaggedBootDevicesTest-1071547689 tempest-TaggedBootDevicesTest-1071547689-project-member] GET https://10.4.3.184/volume/v3/volumes/8746130c-441d-4608-a4b2-bdbdb145627d
Jul 23 06:16:37.324327 np0000005723 devstack@c-api.service[97103]: DEBUG cinder.api.openstack.wsgi [None req-00e00201-6b64-4aa3-977c-8ac589b03bd3 tempest-TaggedBootDevicesTest-1071547689 tempest-TaggedBootDevicesTest-1071547689-project-member] Empty body provided in request {{(pid=97103) get_body /opt/stack/cinder/cinder/api/openstack/wsgi.py:725}}
Jul 23 06:16:37.324327 np0000005723 devstack@c-api.service[97103]: DEBUG cinder.api.openstack.wsgi [None req-00e00201-6b64-4aa3-977c-8ac589b03bd3 tempest-TaggedBootDevicesTest-1071547689 tempest-TaggedBootDevicesTest-1071547689-project-member] Calling method 'show' {{(pid=97103) _process_stack /opt/stack/cinder/cinder/api/openstack/wsgi.py:878}}
Jul 23 06:16:37.337535 np0000005723 devstack@c-api.service[97103]: /opt/stack/data/venv/lib/python3.12/site-packages/oslo_context/context.py:102: DeprecationWarning: Policy enforcement is depending on the value of is_admin. This key is deprecated. Please update your policy file to use the standard policy values.
Jul 23 06:16:37.337535 np0000005723 devstack@c-api.service[97103]: warnings.warn(
Jul 23 06:16:37.343051 np0000005723 devstack@c-api.service[97102]: DEBUG cinder.coordination [req-f0ceb571-066f-4a2d-85b0-49f3020fb931 req-b85c4668-25f8-4f37-9a73-36580732133f tempest-TaggedBootDevicesTest_v242-561827066 tempest-TaggedBootDevicesTest_v242-561827066-project-member] Lock "cinder-attachment_update-f64f4837-f4f7-42b2-bf77-6d1de43a84d2-np0000005723" released by "attachment_update" :: held 0.123s {{(pid=97102) __release /opt/stack/cinder/cinder/coordination.py:152}}
Jul 23 06:16:37.343476 np0000005723 devstack@c-api.service[97102]: INFO cinder.api.openstack.wsgi [req-f0ceb571-066f-4a2d-85b0-49f3020fb931 req-b85c4668-25f8-4f37-9a73-36580732133f tempest-TaggedBootDevicesTest_v242-561827066 tempest-TaggedBootDevicesTest_v242-561827066-project-member] https://10.4.3.184/volume/v3/attachments/19f1076a-ce83-4241-84fe-d7607a7bb04e returned with HTTP 200
Jul 23 06:16:37.343966 np0000005723 devstack@c-api.service[97102]: [pid: 97102|app: 0|req: 76/229] 10.4.3.184 () {74 vars in 1705 bytes} [Thu Jul 23 06:16:37 2026] PUT /volume/v3/attachments/19f1076a-ce83-4241-84fe-d7607a7bb04e => generated 535 bytes in 168 msecs (HTTP/1.1 200) 7 headers in 286 bytes (1 switches on core 0)
Jul 23 06:16:37.344713 np0000005723 devstack@c-api.service[97103]: INFO cinder.volume.api [None req-00e00201-6b64-4aa3-977c-8ac589b03bd3 tempest-TaggedBootDevicesTest-1071547689 tempest-TaggedBootDevicesTest-1071547689-project-member] Volume info retrieved successfully.
Jul 23 06:16:37.351251 np0000005723 devstack@c-api.service[97103]: INFO cinder.api.openstack.wsgi [None req-00e00201-6b64-4aa3-977c-8ac589b03bd3 tempest-TaggedBootDevicesTest-1071547689 tempest-TaggedBootDevicesTest-1071547689-project-member] https://10.4.3.184/volume/v3/volumes/8746130c-441d-4608-a4b2-bdbdb145627d returned with HTTP 200
Jul 23 06:16:37.353201 np0000005723 devstack@c-api.service[97103]: [pid: 97103|app: 0|req: 77/230] 10.4.3.184 () {66 vars in 1348 bytes} [Thu Jul 23 06:16:37 2026] GET /volume/v3/volumes/8746130c-441d-4608-a4b2-bdbdb145627d => generated 1359 bytes in 34 msecs (HTTP/1.1 200) 7 headers in 286 bytes (1 switches on core 0)
Jul 23 06:16:37.371380 np0000005723 devstack@c-api.service[97101]: DEBUG cinder.api.middleware.request_id [None req-a8576630-07de-4e41-aab6-badae38c00b4 None None] RequestId filter calling following filter/app {{(pid=97101) _context_setter /opt/stack/cinder/cinder/api/middleware/request_id.py:62}}
Jul 23 06:16:37.373245 np0000005723 devstack@c-api.service[97101]: INFO cinder.api.openstack.wsgi [None req-a8576630-07de-4e41-aab6-badae38c00b4 tempest-TaggedBootDevicesTest-1071547689 tempest-TaggedBootDevicesTest-1071547689-project-member] POST https://10.4.3.184/volume/v3/volumes
Jul 23 06:16:37.373635 np0000005723 devstack@c-api.service[97101]: DEBUG cinder.api.openstack.wsgi [None req-a8576630-07de-4e41-aab6-badae38c00b4 tempest-TaggedBootDevicesTest-1071547689 tempest-TaggedBootDevicesTest-1071547689-project-member] Action: 'create', calling method: create, body: {"volume": {"size": 1, "display_name": "tempest-TaggedBootDevicesTest-volume-350532712"}} {{(pid=97101) _process_stack /opt/stack/cinder/cinder/api/openstack/wsgi.py:876}}
Jul 23 06:16:37.375287 np0000005723 devstack@c-api.service[97101]: DEBUG cinder.api.v3.volumes [None req-a8576630-07de-4e41-aab6-badae38c00b4 tempest-TaggedBootDevicesTest-1071547689 tempest-TaggedBootDevicesTest-1071547689-project-member] Create volume request body: {'volume': {'size': 1, 'display_name': 'tempest-TaggedBootDevicesTest-volume-350532712'}} {{(pid=97101) create /opt/stack/cinder/cinder/api/v3/volumes.py:368}}
Jul 23 06:16:37.375287 np0000005723 devstack@c-api.service[97101]: INFO cinder.api.v3.volumes [None req-a8576630-07de-4e41-aab6-badae38c00b4 tempest-TaggedBootDevicesTest-1071547689 tempest-TaggedBootDevicesTest-1071547689-project-member] Create volume of 1 GB
Jul 23 06:16:37.378538 np0000005723 devstack@c-api.service[97102]: DEBUG cinder.api.middleware.request_id [req-f0ceb571-066f-4a2d-85b0-49f3020fb931 req-1d9aca40-69c2-4018-8ab4-4342276034d7 None None] RequestId filter calling following filter/app {{(pid=97102) _context_setter /opt/stack/cinder/cinder/api/middleware/request_id.py:62}}
Jul 23 06:16:37.379742 np0000005723 devstack@c-api.service[97101]: INFO cinder.volume.api [None req-a8576630-07de-4e41-aab6-badae38c00b4 tempest-TaggedBootDevicesTest-1071547689 tempest-TaggedBootDevicesTest-1071547689-project-member] Availability Zones retrieved successfully.
Jul 23 06:16:37.384994 np0000005723 devstack@c-api.service[97102]: INFO cinder.api.openstack.wsgi [req-f0ceb571-066f-4a2d-85b0-49f3020fb931 req-1d9aca40-69c2-4018-8ab4-4342276034d7 tempest-TaggedBootDevicesTest_v242-561827066 tempest-TaggedBootDevicesTest_v242-561827066-project-member] POST https://10.4.3.184/volume/v3/attachments/19f1076a-ce83-4241-84fe-d7607a7bb04e/action
Jul 23 06:16:37.385179 np0000005723 devstack@c-api.service[97102]: DEBUG cinder.api.openstack.wsgi [req-f0ceb571-066f-4a2d-85b0-49f3020fb931 req-1d9aca40-69c2-4018-8ab4-4342276034d7 tempest-TaggedBootDevicesTest_v242-561827066 tempest-TaggedBootDevicesTest_v242-561827066-project-member] Action body: b'{"os-complete": null}' {{(pid=97102) get_method /opt/stack/cinder/cinder/api/openstack/wsgi.py:993}}
Jul 23 06:16:37.385384 np0000005723 devstack@c-api.service[97102]: DEBUG cinder.api.openstack.wsgi [req-f0ceb571-066f-4a2d-85b0-49f3020fb931 req-1d9aca40-69c2-4018-8ab4-4342276034d7 tempest-TaggedBootDevicesTest_v242-561827066 tempest-TaggedBootDevicesTest_v242-561827066-project-member] Action: 'action', calling method: version_select, body: {"os-complete": null} {{(pid=97102) _process_stack /opt/stack/cinder/cinder/api/openstack/wsgi.py:876}}
Jul 23 06:16:37.387102 np0000005723 devstack@c-api.service[97101]: DEBUG cinder.volume.api [None req-a8576630-07de-4e41-aab6-badae38c00b4 tempest-TaggedBootDevicesTest-1071547689 tempest-TaggedBootDevicesTest-1071547689-project-member] Flow 'volume_create_api' (b9834072-fec4-4268-8c7f-65d7392bf87d) transitioned into state 'RUNNING' from state 'PENDING' {{(pid=97101) _flow_receiver /opt/stack/data/venv/lib/python3.12/site-packages/taskflow/listeners/logging.py:160}}
Jul 23 06:16:37.388266 np0000005723 devstack@c-api.service[97101]: DEBUG cinder.volume.api [None req-a8576630-07de-4e41-aab6-badae38c00b4 tempest-TaggedBootDevicesTest-1071547689 tempest-TaggedBootDevicesTest-1071547689-project-member] Task 'cinder.volume.flows.api.create_volume.ExtractVolumeRequestTask;volume:create' (25839aff-6dc0-4e8a-a0cc-1ee0b88d0013) transitioned into state 'RUNNING' from state 'PENDING' {{(pid=97101) _task_receiver /opt/stack/data/venv/lib/python3.12/site-packages/taskflow/listeners/logging.py:242}}
Jul 23 06:16:37.389442 np0000005723 devstack@c-api.service[97101]: DEBUG cinder.volume.flows.api.create_volume [None req-a8576630-07de-4e41-aab6-badae38c00b4 tempest-TaggedBootDevicesTest-1071547689 tempest-TaggedBootDevicesTest-1071547689-project-member] Validating volume size '1' using validate_int {{(pid=97101) _extract_size /opt/stack/cinder/cinder/volume/flows/api/create_volume.py:226}}
Jul 23 06:16:37.405869 np0000005723 devstack@c-api.service[97102]: /opt/stack/data/venv/lib/python3.12/site-packages/oslo_context/context.py:102: DeprecationWarning: Policy enforcement is depending on the value of is_admin. This key is deprecated. Please update your policy file to use the standard policy values.
Jul 23 06:16:37.405869 np0000005723 devstack@c-api.service[97102]: warnings.warn(
Jul 23 06:16:37.427095 np0000005723 devstack@c-api.service[97101]: DEBUG cinder.volume.api [None req-a8576630-07de-4e41-aab6-badae38c00b4 tempest-TaggedBootDevicesTest-1071547689 tempest-TaggedBootDevicesTest-1071547689-project-member] Task 'cinder.volume.flows.api.create_volume.ExtractVolumeRequestTask;volume:create' (25839aff-6dc0-4e8a-a0cc-1ee0b88d0013) transitioned into state 'SUCCESS' from state 'RUNNING' with result '{'size': 1, 'snapshot_id': None, 'source_volid': None, 'volume_type': VolumeType(created_at=2026-07-23T06:13:11Z,deleted=False,deleted_at=None,description=None,extra_specs={volume_backend_name='storpool'},id=84ea08f6-5eea-443c-afae-34d195b59ff5,is_public=True,name='storpool',projects=[],qos_specs=,qos_specs_id=None,updated_at=None), 'volume_type_id': '84ea08f6-5eea-443c-afae-34d195b59ff5', 'encryption_key_id': None, 'qos_specs': None, 'consistencygroup_id': None, 'cgsnapshot_id': None, 'group_id': None, 'replication_status': 'disabled', 'refresh_az': False, 'backup_id': None, 'multiattach': False, 'availability_zones': ['nova']}' {{(pid=97101) _task_receiver /opt/stack/data/venv/lib/python3.12/site-packages/taskflow/listeners/logging.py:218}}
Jul 23 06:16:37.427410 np0000005723 devstack@c-api.service[97102]: INFO cinder.api.openstack.wsgi [req-f0ceb571-066f-4a2d-85b0-49f3020fb931 req-1d9aca40-69c2-4018-8ab4-4342276034d7 tempest-TaggedBootDevicesTest_v242-561827066 tempest-TaggedBootDevicesTest_v242-561827066-project-member] https://10.4.3.184/volume/v3/attachments/19f1076a-ce83-4241-84fe-d7607a7bb04e/action returned with HTTP 204
Jul 23 06:16:37.428047 np0000005723 devstack@c-api.service[97102]: [pid: 97102|app: 0|req: 77/231] 10.4.3.184 () {74 vars in 1725 bytes} [Thu Jul 23 06:16:37 2026] POST /volume/v3/attachments/19f1076a-ce83-4241-84fe-d7607a7bb04e/action => generated 0 bytes in 50 msecs (HTTP/1.1 204) 7 headers in 292 bytes (1 switches on core 0)
Jul 23 06:16:37.428389 np0000005723 devstack@c-api.service[97101]: DEBUG cinder.volume.api [None req-a8576630-07de-4e41-aab6-badae38c00b4 tempest-TaggedBootDevicesTest-1071547689 tempest-TaggedBootDevicesTest-1071547689-project-member] Task 'cinder.volume.flows.api.create_volume.QuotaReserveTask;volume:create' (dc8cfbba-f8a0-4fb8-8b4e-d72e558537c9) transitioned into state 'RUNNING' from state 'PENDING' {{(pid=97101) _task_receiver /opt/stack/data/venv/lib/python3.12/site-packages/taskflow/listeners/logging.py:242}}
Jul 23 06:16:37.455614 np0000005723 devstack@c-api.service[97103]: DEBUG cinder.api.middleware.request_id [None req-2ac983c8-3ef1-413a-bded-29e1dbd37951 None None] RequestId filter calling following filter/app {{(pid=97103) _context_setter /opt/stack/cinder/cinder/api/middleware/request_id.py:62}}
Jul 23 06:16:37.456113 np0000005723 devstack@c-api.service[97103]: INFO cinder.api.openstack.wsgi [None req-2ac983c8-3ef1-413a-bded-29e1dbd37951 None None] GET https://10.4.3.184/volume//
Jul 23 06:16:37.456477 np0000005723 devstack@c-api.service[97103]: DEBUG cinder.api.openstack.wsgi [None req-2ac983c8-3ef1-413a-bded-29e1dbd37951 None None] Empty body provided in request {{(pid=97103) get_body /opt/stack/cinder/cinder/api/openstack/wsgi.py:725}}
Jul 23 06:16:37.456746 np0000005723 devstack@c-api.service[97103]: DEBUG cinder.api.openstack.wsgi [None req-2ac983c8-3ef1-413a-bded-29e1dbd37951 None None] Calling method 'all' {{(pid=97103) _process_stack /opt/stack/cinder/cinder/api/openstack/wsgi.py:878}}
Jul 23 06:16:37.457125 np0000005723 devstack@c-api.service[97103]: INFO cinder.api.openstack.wsgi [None req-2ac983c8-3ef1-413a-bded-29e1dbd37951 None None] https://10.4.3.184/volume// returned with HTTP 300
Jul 23 06:16:37.457517 np0000005723 devstack@c-api.service[97103]: [pid: 97103|app: 0|req: 78/232] 10.4.3.184 () {66 vars in 1426 bytes} [Thu Jul 23 06:16:37 2026] GET /volume/ => generated 386 bytes in 2 msecs (HTTP/1.1 300) 7 headers in 299 bytes (1 switches on core 0)
Jul 23 06:16:37.472975 np0000005723 devstack@c-api.service[97102]: DEBUG cinder.api.middleware.request_id [req-f0ceb571-066f-4a2d-85b0-49f3020fb931 req-20b71a55-5039-46a4-8028-2a56ce2b2c36 None None] RequestId filter calling following filter/app {{(pid=97102) _context_setter /opt/stack/cinder/cinder/api/middleware/request_id.py:62}}
Jul 23 06:16:37.481731 np0000005723 devstack@c-api.service[97102]: INFO cinder.api.openstack.wsgi [req-f0ceb571-066f-4a2d-85b0-49f3020fb931 req-20b71a55-5039-46a4-8028-2a56ce2b2c36 tempest-TaggedBootDevicesTest_v242-561827066 tempest-TaggedBootDevicesTest_v242-561827066-project-member] GET https://10.4.3.184/volume/v3/volumes/3fd32b50-e27f-4fe7-8d87-5e81da4d1906
Jul 23 06:16:37.482053 np0000005723 devstack@c-api.service[97102]: DEBUG cinder.api.openstack.wsgi [req-f0ceb571-066f-4a2d-85b0-49f3020fb931 req-20b71a55-5039-46a4-8028-2a56ce2b2c36 tempest-TaggedBootDevicesTest_v242-561827066 tempest-TaggedBootDevicesTest_v242-561827066-project-member] Empty body provided in request {{(pid=97102) get_body /opt/stack/cinder/cinder/api/openstack/wsgi.py:725}}
Jul 23 06:16:37.482480 np0000005723 devstack@c-api.service[97102]: DEBUG cinder.api.openstack.wsgi [req-f0ceb571-066f-4a2d-85b0-49f3020fb931 req-20b71a55-5039-46a4-8028-2a56ce2b2c36 tempest-TaggedBootDevicesTest_v242-561827066 tempest-TaggedBootDevicesTest_v242-561827066-project-member] Calling method 'show' {{(pid=97102) _process_stack /opt/stack/cinder/cinder/api/openstack/wsgi.py:878}}
Jul 23 06:16:37.489440 np0000005723 devstack@c-api.service[97101]: DEBUG cinder.quota [None req-a8576630-07de-4e41-aab6-badae38c00b4 tempest-TaggedBootDevicesTest-1071547689 tempest-TaggedBootDevicesTest-1071547689-project-member] Created reservations ['7aa6331a-8d62-43d6-b21e-7f8efe20af6c', 'cdd944cb-827a-461c-95e9-f1e9b27a2b52', '1a1aab86-d99b-48b5-a944-e70d00770e73', 'd5a91d35-3258-4b43-8953-df3a556c9777'] {{(pid=97101) reserve /opt/stack/cinder/cinder/quota.py:752}}
Jul 23 06:16:37.490945 np0000005723 devstack@c-api.service[97101]: DEBUG cinder.volume.api [None req-a8576630-07de-4e41-aab6-badae38c00b4 tempest-TaggedBootDevicesTest-1071547689 tempest-TaggedBootDevicesTest-1071547689-project-member] Task 'cinder.volume.flows.api.create_volume.QuotaReserveTask;volume:create' (dc8cfbba-f8a0-4fb8-8b4e-d72e558537c9) transitioned into state 'SUCCESS' from state 'RUNNING' with result '{'reservations': ['7aa6331a-8d62-43d6-b21e-7f8efe20af6c', 'cdd944cb-827a-461c-95e9-f1e9b27a2b52', '1a1aab86-d99b-48b5-a944-e70d00770e73', 'd5a91d35-3258-4b43-8953-df3a556c9777']}' {{(pid=97101) _task_receiver /opt/stack/data/venv/lib/python3.12/site-packages/taskflow/listeners/logging.py:218}}
Jul 23 06:16:37.493363 np0000005723 devstack@c-api.service[97101]: DEBUG cinder.volume.api [None req-a8576630-07de-4e41-aab6-badae38c00b4 tempest-TaggedBootDevicesTest-1071547689 tempest-TaggedBootDevicesTest-1071547689-project-member] Task 'cinder.volume.flows.api.create_volume.EntryCreateTask;volume:create' (8bd92d63-a32e-4e21-adc2-8e976547b517) transitioned into state 'RUNNING' from state 'PENDING' {{(pid=97101) _task_receiver /opt/stack/data/venv/lib/python3.12/site-packages/taskflow/listeners/logging.py:242}}
Jul 23 06:16:37.501929 np0000005723 devstack@c-api.service[97102]: /opt/stack/data/venv/lib/python3.12/site-packages/oslo_context/context.py:102: DeprecationWarning: Policy enforcement is depending on the value of is_admin. This key is deprecated. Please update your policy file to use the standard policy values.
Jul 23 06:16:37.501929 np0000005723 devstack@c-api.service[97102]: warnings.warn(
Jul 23 06:16:37.507027 np0000005723 devstack@c-api.service[97102]: INFO cinder.volume.api [req-f0ceb571-066f-4a2d-85b0-49f3020fb931 req-20b71a55-5039-46a4-8028-2a56ce2b2c36 tempest-TaggedBootDevicesTest_v242-561827066 tempest-TaggedBootDevicesTest_v242-561827066-project-member] Volume info retrieved successfully.
Jul 23 06:16:37.521806 np0000005723 devstack@c-api.service[97102]: INFO cinder.api.openstack.wsgi [req-f0ceb571-066f-4a2d-85b0-49f3020fb931 req-20b71a55-5039-46a4-8028-2a56ce2b2c36 tempest-TaggedBootDevicesTest_v242-561827066 tempest-TaggedBootDevicesTest_v242-561827066-project-member] https://10.4.3.184/volume/v3/volumes/3fd32b50-e27f-4fe7-8d87-5e81da4d1906 returned with HTTP 200
Jul 23 06:16:37.522410 np0000005723 devstack@c-api.service[97102]: [pid: 97102|app: 0|req: 78/233] 10.4.3.184 () {70 vars in 1639 bytes} [Thu Jul 23 06:16:37 2026] GET /volume/v3/volumes/3fd32b50-e27f-4fe7-8d87-5e81da4d1906 => generated 1029 bytes in 50 msecs (HTTP/1.1 200) 7 headers in 287 bytes (1 switches on core 0)
Jul 23 06:16:37.531600 np0000005723 devstack@c-api.service[97101]: DEBUG cinder.volume.api [None req-a8576630-07de-4e41-aab6-badae38c00b4 tempest-TaggedBootDevicesTest-1071547689 tempest-TaggedBootDevicesTest-1071547689-project-member] Task 'cinder.volume.flows.api.create_volume.EntryCreateTask;volume:create' (8bd92d63-a32e-4e21-adc2-8e976547b517) transitioned into state 'SUCCESS' from state 'RUNNING' with result '{'volume_id': '2f825664-6270-42a8-89e0-0701b10f4b87', 'volume_properties': VolumeProperties(attach_status='detached',availability_zone='nova',cgsnapshot_id=None,consistencygroup_id=None,display_description=None,display_name='tempest-TaggedBootDevicesTest-volume-350532712',encryption_key_id=None,group_id=None,group_type_id=,metadata={},multiattach=False,project_id='ac465977fd9e4f8697cf17c64dfee252',qos_specs=None,replication_status=,reservations=['7aa6331a-8d62-43d6-b21e-7f8efe20af6c','cdd944cb-827a-461c-95e9-f1e9b27a2b52','1a1aab86-d99b-48b5-a944-e70d00770e73','d5a91d35-3258-4b43-8953-df3a556c9777'],size=1,snapshot_id=None,source_replicaid=,source_volid=None,status='creating',user_id='6397d2613344430eb07c7c97fac39ad6',volume_type_id=84ea08f6-5eea-443c-afae-34d195b59ff5), 'volume': Volume(_name_id=None,admin_metadata=,attach_status='detached',availability_zone='nova',bootable=False,cluster=,cluster_name=None,consistencygroup=,consistencygroup_id=None,created_at=2026-07-23T06:16:37Z,deleted=False,deleted_at=None,display_description=None,display_name='tempest-TaggedBootDevicesTest-volume-350532712',ec2_id=None,encryption_key_id=None,glance_metadata=,group=,group_id=None,host=None,id=2f825664-6270-42a8-89e0-0701b10f4b87,launched_at=None,metadata={},migration_status=None,multiattach=False,previous_status=None,project_id='ac465977fd9e4f8697cf17c64dfee252',provider_auth=None,provider_geometry=None,provider_id=None,provider_location=None,replication_driver_data=None,replication_extended_status=None,replication_status=None,scheduled_at=None,service_uuid=None,shared_targets=True,size=1,snapshot_id=None,snapshots=,source_volid=None,status='creating',terminated_at=None,updated_at=None,use_quota=True,user_id='6397d2613344430eb07c7c97fac39ad6',volume_attachment=VolumeAttachmentList,volume_type=VolumeType(84ea08f6-5eea-443c-afae-34d195b59ff5),volume_type_id=84ea08f6-5eea-443c-afae-34d195b59ff5)}' {{(pid=97101) _task_receiver /opt/stack/data/venv/lib/python3.12/site-packages/taskflow/listeners/logging.py:218}}
Jul 23 06:16:37.532731 np0000005723 devstack@c-api.service[97101]: DEBUG cinder.volume.api [None req-a8576630-07de-4e41-aab6-badae38c00b4 tempest-TaggedBootDevicesTest-1071547689 tempest-TaggedBootDevicesTest-1071547689-project-member] Task 'cinder.volume.flows.api.create_volume.QuotaCommitTask;volume:create' (a780539c-a3a2-401e-b93e-cb3644e028d1) transitioned into state 'RUNNING' from state 'PENDING' {{(pid=97101) _task_receiver /opt/stack/data/venv/lib/python3.12/site-packages/taskflow/listeners/logging.py:242}}
Jul 23 06:16:37.570003 np0000005723 devstack@c-api.service[97101]: DEBUG cinder.volume.api [None req-a8576630-07de-4e41-aab6-badae38c00b4 tempest-TaggedBootDevicesTest-1071547689 tempest-TaggedBootDevicesTest-1071547689-project-member] Task 'cinder.volume.flows.api.create_volume.QuotaCommitTask;volume:create' (a780539c-a3a2-401e-b93e-cb3644e028d1) transitioned into state 'SUCCESS' from state 'RUNNING' with result '{'volume_properties': VolumeProperties(attach_status='detached',availability_zone='nova',cgsnapshot_id=None,consistencygroup_id=None,display_description=None,display_name='tempest-TaggedBootDevicesTest-volume-350532712',encryption_key_id=None,group_id=None,group_type_id=,metadata={},multiattach=False,project_id='ac465977fd9e4f8697cf17c64dfee252',qos_specs=None,replication_status=,reservations=['7aa6331a-8d62-43d6-b21e-7f8efe20af6c','cdd944cb-827a-461c-95e9-f1e9b27a2b52','1a1aab86-d99b-48b5-a944-e70d00770e73','d5a91d35-3258-4b43-8953-df3a556c9777'],size=1,snapshot_id=None,source_replicaid=,source_volid=None,status='creating',user_id='6397d2613344430eb07c7c97fac39ad6',volume_type_id=84ea08f6-5eea-443c-afae-34d195b59ff5)}' {{(pid=97101) _task_receiver /opt/stack/data/venv/lib/python3.12/site-packages/taskflow/listeners/logging.py:218}}
Jul 23 06:16:37.570826 np0000005723 devstack@c-api.service[97101]: DEBUG cinder.volume.api [None req-a8576630-07de-4e41-aab6-badae38c00b4 tempest-TaggedBootDevicesTest-1071547689 tempest-TaggedBootDevicesTest-1071547689-project-member] Task 'cinder.volume.flows.api.create_volume.VolumeCastTask;volume:create' (f848742a-761b-412a-a023-32e2d2b0b751) transitioned into state 'RUNNING' from state 'PENDING' {{(pid=97101) _task_receiver /opt/stack/data/venv/lib/python3.12/site-packages/taskflow/listeners/logging.py:242}}
Jul 23 06:16:37.582546 np0000005723 devstack@c-api.service[97101]: DEBUG cinder.volume.api [None req-a8576630-07de-4e41-aab6-badae38c00b4 tempest-TaggedBootDevicesTest-1071547689 tempest-TaggedBootDevicesTest-1071547689-project-member] Task 'cinder.volume.flows.api.create_volume.VolumeCastTask;volume:create' (f848742a-761b-412a-a023-32e2d2b0b751) transitioned into state 'SUCCESS' from state 'RUNNING' with result 'None' {{(pid=97101) _task_receiver /opt/stack/data/venv/lib/python3.12/site-packages/taskflow/listeners/logging.py:218}}
Jul 23 06:16:37.583651 np0000005723 devstack@c-api.service[97101]: DEBUG cinder.volume.api [None req-a8576630-07de-4e41-aab6-badae38c00b4 tempest-TaggedBootDevicesTest-1071547689 tempest-TaggedBootDevicesTest-1071547689-project-member] Flow 'volume_create_api' (b9834072-fec4-4268-8c7f-65d7392bf87d) transitioned into state 'SUCCESS' from state 'RUNNING' {{(pid=97101) _flow_receiver /opt/stack/data/venv/lib/python3.12/site-packages/taskflow/listeners/logging.py:160}}
Jul 23 06:16:37.584052 np0000005723 devstack@c-api.service[97101]: INFO cinder.volume.api [None req-a8576630-07de-4e41-aab6-badae38c00b4 tempest-TaggedBootDevicesTest-1071547689 tempest-TaggedBootDevicesTest-1071547689-project-member] Create volume request issued successfully.
Jul 23 06:16:37.584865 np0000005723 devstack@c-api.service[97101]: INFO cinder.api.openstack.wsgi [None req-a8576630-07de-4e41-aab6-badae38c00b4 tempest-TaggedBootDevicesTest-1071547689 tempest-TaggedBootDevicesTest-1071547689-project-member] https://10.4.3.184/volume/v3/volumes returned with HTTP 202
Jul 23 06:16:37.585483 np0000005723 devstack@c-api.service[97101]: [pid: 97101|app: 0|req: 78/234] 10.4.3.184 () {68 vars in 1258 bytes} [Thu Jul 23 06:16:37 2026] POST /volume/v3/volumes => generated 751 bytes in 215 msecs (HTTP/1.1 202) 7 headers in 291 bytes (1 switches on core 0)
Jul 23 06:16:37.603127 np0000005723 devstack@c-api.service[97103]: DEBUG cinder.api.middleware.request_id [None req-039fe040-d03d-4da9-9dba-28f94603bbcb None None] RequestId filter calling following filter/app {{(pid=97103) _context_setter /opt/stack/cinder/cinder/api/middleware/request_id.py:62}}
Jul 23 06:16:37.605154 np0000005723 devstack@c-api.service[97103]: INFO cinder.api.openstack.wsgi [None req-039fe040-d03d-4da9-9dba-28f94603bbcb tempest-TaggedBootDevicesTest-1071547689 tempest-TaggedBootDevicesTest-1071547689-project-member] GET https://10.4.3.184/volume/v3/volumes/2f825664-6270-42a8-89e0-0701b10f4b87
Jul 23 06:16:37.605837 np0000005723 devstack@c-api.service[97103]: DEBUG cinder.api.openstack.wsgi [None req-039fe040-d03d-4da9-9dba-28f94603bbcb tempest-TaggedBootDevicesTest-1071547689 tempest-TaggedBootDevicesTest-1071547689-project-member] Empty body provided in request {{(pid=97103) get_body /opt/stack/cinder/cinder/api/openstack/wsgi.py:725}}
Jul 23 06:16:37.606290 np0000005723 devstack@c-api.service[97103]: DEBUG cinder.api.openstack.wsgi [None req-039fe040-d03d-4da9-9dba-28f94603bbcb tempest-TaggedBootDevicesTest-1071547689 tempest-TaggedBootDevicesTest-1071547689-project-member] Calling method 'show' {{(pid=97103) _process_stack /opt/stack/cinder/cinder/api/openstack/wsgi.py:878}}
Jul 23 06:16:37.618004 np0000005723 devstack@c-api.service[97103]: /opt/stack/data/venv/lib/python3.12/site-packages/oslo_context/context.py:102: DeprecationWarning: Policy enforcement is depending on the value of is_admin. This key is deprecated. Please update your policy file to use the standard policy values.
Jul 23 06:16:37.618004 np0000005723 devstack@c-api.service[97103]: warnings.warn(
Jul 23 06:16:37.621213 np0000005723 devstack@c-api.service[97102]: DEBUG cinder.api.middleware.request_id [req-f0ceb571-066f-4a2d-85b0-49f3020fb931 req-a1cc6382-95cb-4c46-971d-fc2cfe47f104 None None] RequestId filter calling following filter/app {{(pid=97102) _context_setter /opt/stack/cinder/cinder/api/middleware/request_id.py:62}}
Jul 23 06:16:37.624026 np0000005723 devstack@c-api.service[97103]: INFO cinder.volume.api [None req-039fe040-d03d-4da9-9dba-28f94603bbcb tempest-TaggedBootDevicesTest-1071547689 tempest-TaggedBootDevicesTest-1071547689-project-member] Volume info retrieved successfully.
Jul 23 06:16:37.625411 np0000005723 devstack@c-api.service[97102]: INFO cinder.api.openstack.wsgi [req-f0ceb571-066f-4a2d-85b0-49f3020fb931 req-a1cc6382-95cb-4c46-971d-fc2cfe47f104 tempest-TaggedBootDevicesTest_v242-561827066 tempest-TaggedBootDevicesTest_v242-561827066-project-member] PUT https://10.4.3.184/volume/v3/attachments/79fe28f4-11e6-49e6-9e94-54e47e02565a
Jul 23 06:16:37.626104 np0000005723 devstack@c-api.service[97102]: DEBUG cinder.api.openstack.wsgi [req-f0ceb571-066f-4a2d-85b0-49f3020fb931 req-a1cc6382-95cb-4c46-971d-fc2cfe47f104 tempest-TaggedBootDevicesTest_v242-561827066 tempest-TaggedBootDevicesTest_v242-561827066-project-member] Action: 'update', calling method: version_select, body: {"attachment": {"connector": {"platform": "x86_64", "os_type": "linux", "ip": "10.4.3.184", "host": "np0000005723", "multipath": false, "enforce_multipath": true, "initiator": "iqn.2016-04.com.open-iscsi:8ecb065fd7c", "do_local_attach": false, "nvme_hostid": "f85f31f5-f255-46db-a9d0-af1df2122ee1", "uuid": "8515de1c-ba7e-467b-adde-6d9f8a8dbc1f", "system uuid": "bbaf3f8e-571a-4269-b7d3-f90838fc8658", "nqn": "nqn.2014-08.org.nvmexpress:uuid:bbaf3f8e-571a-4269-b7d3-f90838fc8658", "nvme_native_multipath": true, "found_dsc": "", "host_ips": ["10.4.3.184", "fe80::f816:3eff:fe11:e01", "192.168.10.6", "fe80::f816:3eff:fe38:c09f", "192.168.20.6", "fe80::f816:3eff:fe20:f3", "192.168.30.6", "fe80::f816:3eff:fe49:cb9d", "192.168.122.1", "172.24.5.1", "2001:db8::2", "fe80::b88e:feff:fe73:cd45", "fe80::f816:3eff:fe91:741b", "fe80::e866:95ff:fe67:962f", "fe80::f816:3eff:fe2a:e773", "fe80::5890:c6ff:fed0:52ef", "fe80::f816:3eff:fe71:4730", "fe80::e4f9:d3ff:fe56:93d3", "fe80::f816:3eff:fe6f:6a91", "fe80::a4c7:6eff:fe35:26cc", "fe80::f816:3eff:feab:2770", "fe80::d4aa:3ff:feac:ccd0"], "mountpoint": "/dev/vdb"}}} {{(pid=97102) _process_stack /opt/stack/cinder/cinder/api/openstack/wsgi.py:876}}
Jul 23 06:16:37.629498 np0000005723 devstack@c-api.service[97103]: INFO cinder.api.openstack.wsgi [None req-039fe040-d03d-4da9-9dba-28f94603bbcb tempest-TaggedBootDevicesTest-1071547689 tempest-TaggedBootDevicesTest-1071547689-project-member] https://10.4.3.184/volume/v3/volumes/2f825664-6270-42a8-89e0-0701b10f4b87 returned with HTTP 200
Jul 23 06:16:37.629981 np0000005723 devstack@c-api.service[97103]: [pid: 97103|app: 0|req: 79/235] 10.4.3.184 () {66 vars in 1348 bytes} [Thu Jul 23 06:16:37 2026] GET /volume/v3/volumes/2f825664-6270-42a8-89e0-0701b10f4b87 => generated 819 bytes in 28 msecs (HTTP/1.1 200) 7 headers in 285 bytes (1 switches on core 0)
Jul 23 06:16:37.637296 np0000005723 devstack@c-api.service[97102]: DEBUG cinder.coordination [req-f0ceb571-066f-4a2d-85b0-49f3020fb931 req-a1cc6382-95cb-4c46-971d-fc2cfe47f104 tempest-TaggedBootDevicesTest_v242-561827066 tempest-TaggedBootDevicesTest_v242-561827066-project-member] Acquiring lock "cinder-attachment_update-3fd32b50-e27f-4fe7-8d87-5e81da4d1906-np0000005723" by "attachment_update" {{(pid=97102) __acquire /opt/stack/cinder/cinder/coordination.py:138}}
Jul 23 06:16:37.644715 np0000005723 devstack@c-api.service[97102]: DEBUG cinder.coordination [req-f0ceb571-066f-4a2d-85b0-49f3020fb931 req-a1cc6382-95cb-4c46-971d-fc2cfe47f104 tempest-TaggedBootDevicesTest_v242-561827066 tempest-TaggedBootDevicesTest_v242-561827066-project-member] Lock "cinder-attachment_update-3fd32b50-e27f-4fe7-8d87-5e81da4d1906-np0000005723" acquired by "attachment_update" :: waited 0.007s {{(pid=97102) __acquire /opt/stack/cinder/cinder/coordination.py:141}}
Jul 23 06:16:37.646475 np0000005723 devstack@c-api.service[97102]: /opt/stack/data/venv/lib/python3.12/site-packages/oslo_context/context.py:102: DeprecationWarning: Policy enforcement is depending on the value of is_admin. This key is deprecated. Please update your policy file to use the standard policy values.
Jul 23 06:16:37.646475 np0000005723 devstack@c-api.service[97102]: warnings.warn(
Jul 23 06:16:37.818287 np0000005723 devstack@c-api.service[97102]: DEBUG cinder.coordination [req-f0ceb571-066f-4a2d-85b0-49f3020fb931 req-a1cc6382-95cb-4c46-971d-fc2cfe47f104 tempest-TaggedBootDevicesTest_v242-561827066 tempest-TaggedBootDevicesTest_v242-561827066-project-member] Lock "cinder-attachment_update-3fd32b50-e27f-4fe7-8d87-5e81da4d1906-np0000005723" released by "attachment_update" :: held 0.174s {{(pid=97102) __release /opt/stack/cinder/cinder/coordination.py:152}}
Jul 23 06:16:37.818723 np0000005723 devstack@c-api.service[97102]: INFO cinder.api.openstack.wsgi [req-f0ceb571-066f-4a2d-85b0-49f3020fb931 req-a1cc6382-95cb-4c46-971d-fc2cfe47f104 tempest-TaggedBootDevicesTest_v242-561827066 tempest-TaggedBootDevicesTest_v242-561827066-project-member] https://10.4.3.184/volume/v3/attachments/79fe28f4-11e6-49e6-9e94-54e47e02565a returned with HTTP 200
Jul 23 06:16:37.819289 np0000005723 devstack@c-api.service[97102]: [pid: 97102|app: 0|req: 79/236] 10.4.3.184 () {74 vars in 1705 bytes} [Thu Jul 23 06:16:37 2026] PUT /volume/v3/attachments/79fe28f4-11e6-49e6-9e94-54e47e02565a => generated 535 bytes in 199 msecs (HTTP/1.1 200) 7 headers in 286 bytes (1 switches on core 0)
Jul 23 06:16:37.848171 np0000005723 devstack@c-api.service[97101]: DEBUG cinder.api.middleware.request_id [req-f0ceb571-066f-4a2d-85b0-49f3020fb931 req-806f9897-c145-47f6-9ef7-b623b6a1839e None None] RequestId filter calling following filter/app {{(pid=97101) _context_setter /opt/stack/cinder/cinder/api/middleware/request_id.py:62}}
Jul 23 06:16:37.850886 np0000005723 devstack@c-api.service[97101]: INFO cinder.api.openstack.wsgi [req-f0ceb571-066f-4a2d-85b0-49f3020fb931 req-806f9897-c145-47f6-9ef7-b623b6a1839e tempest-TaggedBootDevicesTest_v242-561827066 tempest-TaggedBootDevicesTest_v242-561827066-project-member] POST https://10.4.3.184/volume/v3/attachments/79fe28f4-11e6-49e6-9e94-54e47e02565a/action
Jul 23 06:16:37.851235 np0000005723 devstack@c-api.service[97101]: DEBUG cinder.api.openstack.wsgi [req-f0ceb571-066f-4a2d-85b0-49f3020fb931 req-806f9897-c145-47f6-9ef7-b623b6a1839e tempest-TaggedBootDevicesTest_v242-561827066 tempest-TaggedBootDevicesTest_v242-561827066-project-member] Action body: b'{"os-complete": null}' {{(pid=97101) get_method /opt/stack/cinder/cinder/api/openstack/wsgi.py:993}}
Jul 23 06:16:37.851235 np0000005723 devstack@c-api.service[97101]: DEBUG cinder.api.openstack.wsgi [req-f0ceb571-066f-4a2d-85b0-49f3020fb931 req-806f9897-c145-47f6-9ef7-b623b6a1839e tempest-TaggedBootDevicesTest_v242-561827066 tempest-TaggedBootDevicesTest_v242-561827066-project-member] Action: 'action', calling method: version_select, body: {"os-complete": null} {{(pid=97101) _process_stack /opt/stack/cinder/cinder/api/openstack/wsgi.py:876}}
Jul 23 06:16:37.870518 np0000005723 devstack@c-api.service[97101]: /opt/stack/data/venv/lib/python3.12/site-packages/oslo_context/context.py:102: DeprecationWarning: Policy enforcement is depending on the value of is_admin. This key is deprecated. Please update your policy file to use the standard policy values.
Jul 23 06:16:37.870518 np0000005723 devstack@c-api.service[97101]: warnings.warn(
Jul 23 06:16:37.888196 np0000005723 devstack@c-api.service[97101]: INFO cinder.api.openstack.wsgi [req-f0ceb571-066f-4a2d-85b0-49f3020fb931 req-806f9897-c145-47f6-9ef7-b623b6a1839e tempest-TaggedBootDevicesTest_v242-561827066 tempest-TaggedBootDevicesTest_v242-561827066-project-member] https://10.4.3.184/volume/v3/attachments/79fe28f4-11e6-49e6-9e94-54e47e02565a/action returned with HTTP 204
Jul 23 06:16:37.888964 np0000005723 devstack@c-api.service[97101]: [pid: 97101|app: 0|req: 79/237] 10.4.3.184 () {74 vars in 1725 bytes} [Thu Jul 23 06:16:37 2026] POST /volume/v3/attachments/79fe28f4-11e6-49e6-9e94-54e47e02565a/action => generated 0 bytes in 41 msecs (HTTP/1.1 204) 7 headers in 292 bytes (1 switches on core 0)
Jul 23 06:16:37.909516 np0000005723 devstack@c-api.service[97103]: DEBUG cinder.api.middleware.request_id [None req-76abd9e1-03f3-4b40-98e9-74812b58aee2 None None] RequestId filter calling following filter/app {{(pid=97103) _context_setter /opt/stack/cinder/cinder/api/middleware/request_id.py:62}}
Jul 23 06:16:37.916221 np0000005723 devstack@c-api.service[97103]: INFO cinder.api.openstack.wsgi [None req-76abd9e1-03f3-4b40-98e9-74812b58aee2 tempest-VolumesBackupsAdminTest-1069956607 tempest-VolumesBackupsAdminTest-1069956607-project-member] GET https://10.4.3.184/volume/v3/backups/249d4fda-ccfd-446e-96ff-c5bd82721160
Jul 23 06:16:37.916326 np0000005723 devstack@c-api.service[97103]: DEBUG cinder.api.openstack.wsgi [None req-76abd9e1-03f3-4b40-98e9-74812b58aee2 tempest-VolumesBackupsAdminTest-1069956607 tempest-VolumesBackupsAdminTest-1069956607-project-member] Empty body provided in request {{(pid=97103) get_body /opt/stack/cinder/cinder/api/openstack/wsgi.py:725}}
Jul 23 06:16:37.916965 np0000005723 devstack@c-api.service[97103]: DEBUG cinder.api.openstack.wsgi [None req-76abd9e1-03f3-4b40-98e9-74812b58aee2 tempest-VolumesBackupsAdminTest-1069956607 tempest-VolumesBackupsAdminTest-1069956607-project-member] Calling method 'show' {{(pid=97103) _process_stack /opt/stack/cinder/cinder/api/openstack/wsgi.py:878}}
Jul 23 06:16:37.916965 np0000005723 devstack@c-api.service[97103]: DEBUG cinder.api.v3.backups [None req-76abd9e1-03f3-4b40-98e9-74812b58aee2 tempest-VolumesBackupsAdminTest-1069956607 tempest-VolumesBackupsAdminTest-1069956607-project-member] Show backup with id 249d4fda-ccfd-446e-96ff-c5bd82721160. {{(pid=97103) show /opt/stack/cinder/cinder/api/v3/backups.py:75}}
Jul 23 06:16:37.925281 np0000005723 devstack@c-api.service[97103]: /opt/stack/data/venv/lib/python3.12/site-packages/oslo_context/context.py:102: DeprecationWarning: Policy enforcement is depending on the value of is_admin. This key is deprecated. Please update your policy file to use the standard policy values.
Jul 23 06:16:37.925281 np0000005723 devstack@c-api.service[97103]: warnings.warn(
Jul 23 06:16:37.926427 np0000005723 devstack@c-api.service[97103]: INFO cinder.api.openstack.wsgi [None req-76abd9e1-03f3-4b40-98e9-74812b58aee2 tempest-VolumesBackupsAdminTest-1069956607 tempest-VolumesBackupsAdminTest-1069956607-project-member] https://10.4.3.184/volume/v3/backups/249d4fda-ccfd-446e-96ff-c5bd82721160 returned with HTTP 200
Jul 23 06:16:37.930096 np0000005723 devstack@c-api.service[97103]: [pid: 97103|app: 0|req: 80/238] 10.4.3.184 () {66 vars in 1348 bytes} [Thu Jul 23 06:16:37 2026] GET /volume/v3/backups/249d4fda-ccfd-446e-96ff-c5bd82721160 => generated 801 bytes in 21 msecs (HTTP/1.1 200) 7 headers in 285 bytes (1 switches on core 0)
Jul 23 06:16:37.935730 np0000005723 devstack@c-api.service[97102]: DEBUG cinder.api.middleware.request_id [None req-8b9e697e-d069-4e8e-92c4-a04de72d8c21 None None] RequestId filter calling following filter/app {{(pid=97102) _context_setter /opt/stack/cinder/cinder/api/middleware/request_id.py:62}}
Jul 23 06:16:37.935730 np0000005723 devstack@c-api.service[97102]: INFO cinder.api.openstack.wsgi [None req-8b9e697e-d069-4e8e-92c4-a04de72d8c21 None None] GET https://10.4.3.184/volume//
Jul 23 06:16:37.935730 np0000005723 devstack@c-api.service[97102]: DEBUG cinder.api.openstack.wsgi [None req-8b9e697e-d069-4e8e-92c4-a04de72d8c21 None None] Empty body provided in request {{(pid=97102) get_body /opt/stack/cinder/cinder/api/openstack/wsgi.py:725}}
Jul 23 06:16:37.935730 np0000005723 devstack@c-api.service[97102]: DEBUG cinder.api.openstack.wsgi [None req-8b9e697e-d069-4e8e-92c4-a04de72d8c21 None None] Calling method 'all' {{(pid=97102) _process_stack /opt/stack/cinder/cinder/api/openstack/wsgi.py:878}}
Jul 23 06:16:37.935730 np0000005723 devstack@c-api.service[97102]: INFO cinder.api.openstack.wsgi [None req-8b9e697e-d069-4e8e-92c4-a04de72d8c21 None None] https://10.4.3.184/volume// returned with HTTP 300
Jul 23 06:16:37.935730 np0000005723 devstack@c-api.service[97102]: [pid: 97102|app: 0|req: 80/239] 10.4.3.184 () {66 vars in 1426 bytes} [Thu Jul 23 06:16:37 2026] GET /volume/ => generated 386 bytes in 2 msecs (HTTP/1.1 300) 7 headers in 299 bytes (1 switches on core 0)
Jul 23 06:16:37.949935 np0000005723 devstack@c-api.service[97101]: DEBUG cinder.api.middleware.request_id [req-f0ceb571-066f-4a2d-85b0-49f3020fb931 req-797a4836-dd7a-4f36-8004-67fd473083b0 None None] RequestId filter calling following filter/app {{(pid=97101) _context_setter /opt/stack/cinder/cinder/api/middleware/request_id.py:62}}
Jul 23 06:16:37.952864 np0000005723 devstack@c-api.service[97101]: INFO cinder.api.openstack.wsgi [req-f0ceb571-066f-4a2d-85b0-49f3020fb931 req-797a4836-dd7a-4f36-8004-67fd473083b0 tempest-TaggedBootDevicesTest_v242-561827066 tempest-TaggedBootDevicesTest_v242-561827066-project-member] GET https://10.4.3.184/volume/v3/volumes/52b17f57-2575-4ba2-bdda-04745f30da58
Jul 23 06:16:37.953185 np0000005723 devstack@c-api.service[97101]: DEBUG cinder.api.openstack.wsgi [req-f0ceb571-066f-4a2d-85b0-49f3020fb931 req-797a4836-dd7a-4f36-8004-67fd473083b0 tempest-TaggedBootDevicesTest_v242-561827066 tempest-TaggedBootDevicesTest_v242-561827066-project-member] Empty body provided in request {{(pid=97101) get_body /opt/stack/cinder/cinder/api/openstack/wsgi.py:725}}
Jul 23 06:16:37.953513 np0000005723 devstack@c-api.service[97101]: DEBUG cinder.api.openstack.wsgi [req-f0ceb571-066f-4a2d-85b0-49f3020fb931 req-797a4836-dd7a-4f36-8004-67fd473083b0 tempest-TaggedBootDevicesTest_v242-561827066 tempest-TaggedBootDevicesTest_v242-561827066-project-member] Calling method 'show' {{(pid=97101) _process_stack /opt/stack/cinder/cinder/api/openstack/wsgi.py:878}}
Jul 23 06:16:37.963358 np0000005723 devstack@c-api.service[97101]: /opt/stack/data/venv/lib/python3.12/site-packages/oslo_context/context.py:102: DeprecationWarning: Policy enforcement is depending on the value of is_admin. This key is deprecated. Please update your policy file to use the standard policy values.
Jul 23 06:16:37.963358 np0000005723 devstack@c-api.service[97101]: warnings.warn(
Jul 23 06:16:37.967206 np0000005723 devstack@c-api.service[97101]: INFO cinder.volume.api [req-f0ceb571-066f-4a2d-85b0-49f3020fb931 req-797a4836-dd7a-4f36-8004-67fd473083b0 tempest-TaggedBootDevicesTest_v242-561827066 tempest-TaggedBootDevicesTest_v242-561827066-project-member] Volume info retrieved successfully.
Jul 23 06:16:37.973773 np0000005723 devstack@c-api.service[97101]: INFO cinder.api.openstack.wsgi [req-f0ceb571-066f-4a2d-85b0-49f3020fb931 req-797a4836-dd7a-4f36-8004-67fd473083b0 tempest-TaggedBootDevicesTest_v242-561827066 tempest-TaggedBootDevicesTest_v242-561827066-project-member] https://10.4.3.184/volume/v3/volumes/52b17f57-2575-4ba2-bdda-04745f30da58 returned with HTTP 200
Jul 23 06:16:37.974257 np0000005723 devstack@c-api.service[97101]: [pid: 97101|app: 0|req: 80/240] 10.4.3.184 () {70 vars in 1639 bytes} [Thu Jul 23 06:16:37 2026] GET /volume/v3/volumes/52b17f57-2575-4ba2-bdda-04745f30da58 => generated 1030 bytes in 25 msecs (HTTP/1.1 200) 7 headers in 287 bytes (1 switches on core 0)
Jul 23 06:16:38.062511 np0000005723 devstack@c-api.service[97103]: DEBUG cinder.api.middleware.request_id [req-f0ceb571-066f-4a2d-85b0-49f3020fb931 req-772592ba-990e-476a-9c60-6a27aac33709 None None] RequestId filter calling following filter/app {{(pid=97103) _context_setter /opt/stack/cinder/cinder/api/middleware/request_id.py:62}}
Jul 23 06:16:38.066659 np0000005723 devstack@c-api.service[97103]: INFO cinder.api.openstack.wsgi [req-f0ceb571-066f-4a2d-85b0-49f3020fb931 req-772592ba-990e-476a-9c60-6a27aac33709 tempest-TaggedBootDevicesTest_v242-561827066 tempest-TaggedBootDevicesTest_v242-561827066-project-member] PUT https://10.4.3.184/volume/v3/attachments/d7dbc6b4-dc85-4a2c-a7cc-54148ddec1e1
Jul 23 06:16:38.067286 np0000005723 devstack@c-api.service[97103]: DEBUG cinder.api.openstack.wsgi [req-f0ceb571-066f-4a2d-85b0-49f3020fb931 req-772592ba-990e-476a-9c60-6a27aac33709 tempest-TaggedBootDevicesTest_v242-561827066 tempest-TaggedBootDevicesTest_v242-561827066-project-member] Action: 'update', calling method: version_select, body: {"attachment": {"connector": {"platform": "x86_64", "os_type": "linux", "ip": "10.4.3.184", "host": "np0000005723", "multipath": false, "enforce_multipath": true, "initiator": "iqn.2016-04.com.open-iscsi:8ecb065fd7c", "do_local_attach": false, "nvme_hostid": "f85f31f5-f255-46db-a9d0-af1df2122ee1", "uuid": "8515de1c-ba7e-467b-adde-6d9f8a8dbc1f", "system uuid": "bbaf3f8e-571a-4269-b7d3-f90838fc8658", "nqn": "nqn.2014-08.org.nvmexpress:uuid:bbaf3f8e-571a-4269-b7d3-f90838fc8658", "nvme_native_multipath": true, "found_dsc": "", "host_ips": ["10.4.3.184", "fe80::f816:3eff:fe11:e01", "192.168.10.6", "fe80::f816:3eff:fe38:c09f", "192.168.20.6", "fe80::f816:3eff:fe20:f3", "192.168.30.6", "fe80::f816:3eff:fe49:cb9d", "192.168.122.1", "172.24.5.1", "2001:db8::2", "fe80::b88e:feff:fe73:cd45", "fe80::f816:3eff:fe91:741b", "fe80::e866:95ff:fe67:962f", "fe80::f816:3eff:fe2a:e773", "fe80::5890:c6ff:fed0:52ef", "fe80::f816:3eff:fe71:4730", "fe80::e4f9:d3ff:fe56:93d3", "fe80::f816:3eff:fe6f:6a91", "fe80::a4c7:6eff:fe35:26cc", "fe80::f816:3eff:feab:2770", "fe80::d4aa:3ff:feac:ccd0"], "mountpoint": "/dev/vdc"}}} {{(pid=97103) _process_stack /opt/stack/cinder/cinder/api/openstack/wsgi.py:876}}
Jul 23 06:16:38.080967 np0000005723 devstack@c-api.service[97103]: DEBUG cinder.coordination [req-f0ceb571-066f-4a2d-85b0-49f3020fb931 req-772592ba-990e-476a-9c60-6a27aac33709 tempest-TaggedBootDevicesTest_v242-561827066 tempest-TaggedBootDevicesTest_v242-561827066-project-member] Acquiring lock "cinder-attachment_update-52b17f57-2575-4ba2-bdda-04745f30da58-np0000005723" by "attachment_update" {{(pid=97103) __acquire /opt/stack/cinder/cinder/coordination.py:138}}
Jul 23 06:16:38.090081 np0000005723 devstack@c-api.service[97103]: DEBUG cinder.coordination [req-f0ceb571-066f-4a2d-85b0-49f3020fb931 req-772592ba-990e-476a-9c60-6a27aac33709 tempest-TaggedBootDevicesTest_v242-561827066 tempest-TaggedBootDevicesTest_v242-561827066-project-member] Lock "cinder-attachment_update-52b17f57-2575-4ba2-bdda-04745f30da58-np0000005723" acquired by "attachment_update" :: waited 0.009s {{(pid=97103) __acquire /opt/stack/cinder/cinder/coordination.py:141}}
Jul 23 06:16:38.091166 np0000005723 devstack@c-api.service[97103]: /opt/stack/data/venv/lib/python3.12/site-packages/oslo_context/context.py:102: DeprecationWarning: Policy enforcement is depending on the value of is_admin. This key is deprecated. Please update your policy file to use the standard policy values.
Jul 23 06:16:38.091166 np0000005723 devstack@c-api.service[97103]: warnings.warn(
Jul 23 06:16:38.207396 np0000005723 devstack@c-api.service[97103]: DEBUG cinder.coordination [req-f0ceb571-066f-4a2d-85b0-49f3020fb931 req-772592ba-990e-476a-9c60-6a27aac33709 tempest-TaggedBootDevicesTest_v242-561827066 tempest-TaggedBootDevicesTest_v242-561827066-project-member] Lock "cinder-attachment_update-52b17f57-2575-4ba2-bdda-04745f30da58-np0000005723" released by "attachment_update" :: held 0.118s {{(pid=97103) __release /opt/stack/cinder/cinder/coordination.py:152}}
Jul 23 06:16:38.207871 np0000005723 devstack@c-api.service[97103]: INFO cinder.api.openstack.wsgi [req-f0ceb571-066f-4a2d-85b0-49f3020fb931 req-772592ba-990e-476a-9c60-6a27aac33709 tempest-TaggedBootDevicesTest_v242-561827066 tempest-TaggedBootDevicesTest_v242-561827066-project-member] https://10.4.3.184/volume/v3/attachments/d7dbc6b4-dc85-4a2c-a7cc-54148ddec1e1 returned with HTTP 200
Jul 23 06:16:38.208723 np0000005723 devstack@c-api.service[97103]: [pid: 97103|app: 0|req: 81/241] 10.4.3.184 () {74 vars in 1705 bytes} [Thu Jul 23 06:16:38 2026] PUT /volume/v3/attachments/d7dbc6b4-dc85-4a2c-a7cc-54148ddec1e1 => generated 535 bytes in 147 msecs (HTTP/1.1 200) 7 headers in 286 bytes (1 switches on core 0)
Jul 23 06:16:38.252470 np0000005723 devstack@c-api.service[97102]: DEBUG cinder.api.middleware.request_id [req-f0ceb571-066f-4a2d-85b0-49f3020fb931 req-14f815be-f343-469e-a7fd-b1da65b95e10 None None] RequestId filter calling following filter/app {{(pid=97102) _context_setter /opt/stack/cinder/cinder/api/middleware/request_id.py:62}}
Jul 23 06:16:38.256250 np0000005723 devstack@c-api.service[97102]: INFO cinder.api.openstack.wsgi [req-f0ceb571-066f-4a2d-85b0-49f3020fb931 req-14f815be-f343-469e-a7fd-b1da65b95e10 tempest-TaggedBootDevicesTest_v242-561827066 tempest-TaggedBootDevicesTest_v242-561827066-project-member] POST https://10.4.3.184/volume/v3/attachments/d7dbc6b4-dc85-4a2c-a7cc-54148ddec1e1/action
Jul 23 06:16:38.257137 np0000005723 devstack@c-api.service[97102]: DEBUG cinder.api.openstack.wsgi [req-f0ceb571-066f-4a2d-85b0-49f3020fb931 req-14f815be-f343-469e-a7fd-b1da65b95e10 tempest-TaggedBootDevicesTest_v242-561827066 tempest-TaggedBootDevicesTest_v242-561827066-project-member] Action body: b'{"os-complete": null}' {{(pid=97102) get_method /opt/stack/cinder/cinder/api/openstack/wsgi.py:993}}
Jul 23 06:16:38.258027 np0000005723 devstack@c-api.service[97102]: DEBUG cinder.api.openstack.wsgi [req-f0ceb571-066f-4a2d-85b0-49f3020fb931 req-14f815be-f343-469e-a7fd-b1da65b95e10 tempest-TaggedBootDevicesTest_v242-561827066 tempest-TaggedBootDevicesTest_v242-561827066-project-member] Action: 'action', calling method: complete, body: {"os-complete": null} {{(pid=97102) _process_stack /opt/stack/cinder/cinder/api/openstack/wsgi.py:876}}
Jul 23 06:16:38.289536 np0000005723 devstack@c-api.service[97102]: /opt/stack/data/venv/lib/python3.12/site-packages/oslo_context/context.py:102: DeprecationWarning: Policy enforcement is depending on the value of is_admin. This key is deprecated. Please update your policy file to use the standard policy values.
Jul 23 06:16:38.289536 np0000005723 devstack@c-api.service[97102]: warnings.warn(
Jul 23 06:16:38.307800 np0000005723 devstack@c-api.service[97102]: INFO cinder.api.openstack.wsgi [req-f0ceb571-066f-4a2d-85b0-49f3020fb931 req-14f815be-f343-469e-a7fd-b1da65b95e10 tempest-TaggedBootDevicesTest_v242-561827066 tempest-TaggedBootDevicesTest_v242-561827066-project-member] https://10.4.3.184/volume/v3/attachments/d7dbc6b4-dc85-4a2c-a7cc-54148ddec1e1/action returned with HTTP 204
Jul 23 06:16:38.308746 np0000005723 devstack@c-api.service[97102]: [pid: 97102|app: 0|req: 81/242] 10.4.3.184 () {74 vars in 1725 bytes} [Thu Jul 23 06:16:38 2026] POST /volume/v3/attachments/d7dbc6b4-dc85-4a2c-a7cc-54148ddec1e1/action => generated 0 bytes in 58 msecs (HTTP/1.1 204) 7 headers in 292 bytes (1 switches on core 0)
Jul 23 06:16:38.644990 np0000005723 devstack@c-api.service[97101]: DEBUG cinder.api.middleware.request_id [None req-b98fe5b7-97be-46b4-a202-df74195632aa None None] RequestId filter calling following filter/app {{(pid=97101) _context_setter /opt/stack/cinder/cinder/api/middleware/request_id.py:62}}
