Jul 23 06:12:48.569889 np0000005723 nova-scheduler[93525]: DEBUG cotyledon.oslo_config_glue [-] oslo_messaging_rabbit.rabbit_quorum_delivery_limit = 0 {{(pid=93525) log_opt_values /opt/stack/data/venv/lib/python3.12/site-packages/oslo_config/cfg.py:3253}}
Jul 23 06:12:48.570187 np0000005723 nova-scheduler[93525]: DEBUG cotyledon.oslo_config_glue [-] oslo_messaging_rabbit.rabbit_quorum_max_memory_bytes = 0 {{(pid=93525) log_opt_values /opt/stack/data/venv/lib/python3.12/site-packages/oslo_config/cfg.py:3253}}
Jul 23 06:12:48.570187 np0000005723 nova-scheduler[93525]: DEBUG cotyledon.oslo_config_glue [-] oslo_messaging_rabbit.rabbit_quorum_max_memory_length = 0 {{(pid=93525) log_opt_values /opt/stack/data/venv/lib/python3.12/site-packages/oslo_config/cfg.py:3253}}
Jul 23 06:12:48.570187 np0000005723 nova-scheduler[93525]: DEBUG cotyledon.oslo_config_glue [-] oslo_messaging_rabbit.rabbit_quorum_queue = False {{(pid=93525) log_opt_values /opt/stack/data/venv/lib/python3.12/site-packages/oslo_config/cfg.py:3253}}
Jul 23 06:12:48.570187 np0000005723 nova-scheduler[93525]: DEBUG cotyledon.oslo_config_glue [-] oslo_messaging_rabbit.rabbit_retry_backoff = 2 {{(pid=93525) log_opt_values /opt/stack/data/venv/lib/python3.12/site-packages/oslo_config/cfg.py:3253}}
Jul 23 06:12:48.570187 np0000005723 nova-scheduler[93525]: DEBUG cotyledon.oslo_config_glue [-] oslo_messaging_rabbit.rabbit_retry_interval = 1 {{(pid=93525) log_opt_values /opt/stack/data/venv/lib/python3.12/site-packages/oslo_config/cfg.py:3253}}
Jul 23 06:12:48.570187 np0000005723 nova-scheduler[93525]: DEBUG cotyledon.oslo_config_glue [-] oslo_messaging_rabbit.rabbit_stream_fanout = False {{(pid=93525) log_opt_values /opt/stack/data/venv/lib/python3.12/site-packages/oslo_config/cfg.py:3253}}
Jul 23 06:12:48.570187 np0000005723 nova-scheduler[93525]: DEBUG cotyledon.oslo_config_glue [-] oslo_messaging_rabbit.rabbit_transient_queues_ttl = 1800 {{(pid=93525) log_opt_values /opt/stack/data/venv/lib/python3.12/site-packages/oslo_config/cfg.py:3253}}
Jul 23 06:12:48.570187 np0000005723 nova-scheduler[93525]: DEBUG cotyledon.oslo_config_glue [-] oslo_messaging_rabbit.rabbit_transient_quorum_queue = False {{(pid=93525) log_opt_values /opt/stack/data/venv/lib/python3.12/site-packages/oslo_config/cfg.py:3253}}
Jul 23 06:12:48.570419 np0000005723 nova-scheduler[93525]: DEBUG cotyledon.oslo_config_glue [-] oslo_messaging_rabbit.rpc_conn_pool_size = 30 {{(pid=93525) log_opt_values /opt/stack/data/venv/lib/python3.12/site-packages/oslo_config/cfg.py:3253}}
Jul 23 06:12:48.570419 np0000005723 nova-scheduler[93525]: DEBUG cotyledon.oslo_config_glue [-] oslo_messaging_rabbit.ssl = False {{(pid=93525) log_opt_values /opt/stack/data/venv/lib/python3.12/site-packages/oslo_config/cfg.py:3253}}
Jul 23 06:12:48.570419 np0000005723 nova-scheduler[93525]: DEBUG cotyledon.oslo_config_glue [-] oslo_messaging_rabbit.ssl_ca_file = {{(pid=93525) log_opt_values /opt/stack/data/venv/lib/python3.12/site-packages/oslo_config/cfg.py:3253}}
Jul 23 06:12:48.570419 np0000005723 nova-scheduler[93525]: DEBUG cotyledon.oslo_config_glue [-] oslo_messaging_rabbit.ssl_cert_file = {{(pid=93525) log_opt_values /opt/stack/data/venv/lib/python3.12/site-packages/oslo_config/cfg.py:3253}}
Jul 23 06:12:48.570419 np0000005723 nova-scheduler[93525]: DEBUG cotyledon.oslo_config_glue [-] oslo_messaging_rabbit.ssl_enforce_fips_mode = False {{(pid=93525) log_opt_values /opt/stack/data/venv/lib/python3.12/site-packages/oslo_config/cfg.py:3253}}
Jul 23 06:12:48.570419 np0000005723 nova-scheduler[93525]: DEBUG cotyledon.oslo_config_glue [-] oslo_messaging_rabbit.ssl_enforce_hostname_verification = True {{(pid=93525) log_opt_values /opt/stack/data/venv/lib/python3.12/site-packages/oslo_config/cfg.py:3253}}
Jul 23 06:12:48.570419 np0000005723 nova-scheduler[93525]: DEBUG cotyledon.oslo_config_glue [-] oslo_messaging_rabbit.ssl_key_file = {{(pid=93525) log_opt_values /opt/stack/data/venv/lib/python3.12/site-packages/oslo_config/cfg.py:3253}}
Jul 23 06:12:48.570419 np0000005723 nova-scheduler[93525]: DEBUG cotyledon.oslo_config_glue [-] oslo_messaging_rabbit.ssl_version = {{(pid=93525) log_opt_values /opt/stack/data/venv/lib/python3.12/site-packages/oslo_config/cfg.py:3253}}
Jul 23 06:12:48.570419 np0000005723 nova-scheduler[93525]: DEBUG cotyledon.oslo_config_glue [-] oslo_messaging_rabbit.use_queue_manager = False {{(pid=93525) log_opt_values /opt/stack/data/venv/lib/python3.12/site-packages/oslo_config/cfg.py:3253}}
Jul 23 06:12:48.570736 np0000005723 nova-scheduler[93525]: DEBUG cotyledon.oslo_config_glue [-] oslo_messaging_notifications.driver = ['messagingv2'] {{(pid=93525) log_opt_values /opt/stack/data/venv/lib/python3.12/site-packages/oslo_config/cfg.py:3253}}
Jul 23 06:12:48.570736 np0000005723 nova-scheduler[93525]: DEBUG cotyledon.oslo_config_glue [-] oslo_messaging_notifications.retry = -1 {{(pid=93525) log_opt_values /opt/stack/data/venv/lib/python3.12/site-packages/oslo_config/cfg.py:3253}}
Jul 23 06:12:48.570736 np0000005723 nova-scheduler[93525]: DEBUG cotyledon.oslo_config_glue [-] oslo_messaging_notifications.topics = ['notifications'] {{(pid=93525) log_opt_values /opt/stack/data/venv/lib/python3.12/site-packages/oslo_config/cfg.py:3253}}
Jul 23 06:12:48.570736 np0000005723 nova-scheduler[93525]: DEBUG cotyledon.oslo_config_glue [-] oslo_messaging_notifications.transport_url = **** {{(pid=93525) log_opt_values /opt/stack/data/venv/lib/python3.12/site-packages/oslo_config/cfg.py:3253}}
Jul 23 06:12:48.570736 np0000005723 nova-scheduler[93525]: DEBUG cotyledon.oslo_config_glue [-] oslo_limit.auth_section = None {{(pid=93525) log_opt_values /opt/stack/data/venv/lib/python3.12/site-packages/oslo_config/cfg.py:3253}}
Jul 23 06:12:48.570736 np0000005723 nova-scheduler[93525]: DEBUG cotyledon.oslo_config_glue [-] oslo_limit.auth_type = None {{(pid=93525) log_opt_values /opt/stack/data/venv/lib/python3.12/site-packages/oslo_config/cfg.py:3253}}
Jul 23 06:12:48.570736 np0000005723 nova-scheduler[93525]: DEBUG cotyledon.oslo_config_glue [-] oslo_limit.cafile = None {{(pid=93525) log_opt_values /opt/stack/data/venv/lib/python3.12/site-packages/oslo_config/cfg.py:3253}}
Jul 23 06:12:48.570736 np0000005723 nova-scheduler[93525]: DEBUG cotyledon.oslo_config_glue [-] oslo_limit.certfile = None {{(pid=93525) log_opt_values /opt/stack/data/venv/lib/python3.12/site-packages/oslo_config/cfg.py:3253}}
Jul 23 06:12:48.570736 np0000005723 nova-scheduler[93525]: DEBUG cotyledon.oslo_config_glue [-] oslo_limit.collect_timing = False {{(pid=93525) log_opt_values /opt/stack/data/venv/lib/python3.12/site-packages/oslo_config/cfg.py:3253}}
Jul 23 06:12:48.571038 np0000005723 nova-scheduler[93525]: DEBUG cotyledon.oslo_config_glue [-] oslo_limit.connect_retries = None {{(pid=93525) log_opt_values /opt/stack/data/venv/lib/python3.12/site-packages/oslo_config/cfg.py:3253}}
Jul 23 06:12:48.571038 np0000005723 nova-scheduler[93525]: DEBUG cotyledon.oslo_config_glue [-] oslo_limit.connect_retry_delay = None {{(pid=93525) log_opt_values /opt/stack/data/venv/lib/python3.12/site-packages/oslo_config/cfg.py:3253}}
Jul 23 06:12:48.571038 np0000005723 nova-scheduler[93525]: DEBUG cotyledon.oslo_config_glue [-] oslo_limit.endpoint_id = None {{(pid=93525) log_opt_values /opt/stack/data/venv/lib/python3.12/site-packages/oslo_config/cfg.py:3253}}
Jul 23 06:12:48.571038 np0000005723 nova-scheduler[93525]: DEBUG cotyledon.oslo_config_glue [-] oslo_limit.endpoint_interface = public {{(pid=93525) log_opt_values /opt/stack/data/venv/lib/python3.12/site-packages/oslo_config/cfg.py:3253}}
Jul 23 06:12:48.571038 np0000005723 nova-scheduler[93525]: DEBUG cotyledon.oslo_config_glue [-] oslo_limit.endpoint_override = None {{(pid=93525) log_opt_values /opt/stack/data/venv/lib/python3.12/site-packages/oslo_config/cfg.py:3253}}
Jul 23 06:12:48.571038 np0000005723 nova-scheduler[93525]: DEBUG cotyledon.oslo_config_glue [-] oslo_limit.endpoint_region_name = None {{(pid=93525) log_opt_values /opt/stack/data/venv/lib/python3.12/site-packages/oslo_config/cfg.py:3253}}
Jul 23 06:12:48.571038 np0000005723 nova-scheduler[93525]: DEBUG cotyledon.oslo_config_glue [-] oslo_limit.endpoint_service_name = None {{(pid=93525) log_opt_values /opt/stack/data/venv/lib/python3.12/site-packages/oslo_config/cfg.py:3253}}
Jul 23 06:12:48.571038 np0000005723 nova-scheduler[93525]: DEBUG cotyledon.oslo_config_glue [-] oslo_limit.endpoint_service_type = None {{(pid=93525) log_opt_values /opt/stack/data/venv/lib/python3.12/site-packages/oslo_config/cfg.py:3253}}
Jul 23 06:12:48.571038 np0000005723 nova-scheduler[93525]: DEBUG cotyledon.oslo_config_glue [-] oslo_limit.insecure = False {{(pid=93525) log_opt_values /opt/stack/data/venv/lib/python3.12/site-packages/oslo_config/cfg.py:3253}}
Jul 23 06:12:48.571307 np0000005723 nova-scheduler[93525]: DEBUG cotyledon.oslo_config_glue [-] oslo_limit.keyfile = None {{(pid=93525) log_opt_values /opt/stack/data/venv/lib/python3.12/site-packages/oslo_config/cfg.py:3253}}
Jul 23 06:12:48.571307 np0000005723 nova-scheduler[93525]: DEBUG cotyledon.oslo_config_glue [-] oslo_limit.max_version = None {{(pid=93525) log_opt_values /opt/stack/data/venv/lib/python3.12/site-packages/oslo_config/cfg.py:3253}}
Jul 23 06:12:48.571307 np0000005723 nova-scheduler[93525]: DEBUG cotyledon.oslo_config_glue [-] oslo_limit.min_version = None {{(pid=93525) log_opt_values /opt/stack/data/venv/lib/python3.12/site-packages/oslo_config/cfg.py:3253}}
Jul 23 06:12:48.571307 np0000005723 nova-scheduler[93525]: DEBUG cotyledon.oslo_config_glue [-] oslo_limit.region_name = None {{(pid=93525) log_opt_values /opt/stack/data/venv/lib/python3.12/site-packages/oslo_config/cfg.py:3253}}
Jul 23 06:12:48.571307 np0000005723 nova-scheduler[93525]: DEBUG cotyledon.oslo_config_glue [-] oslo_limit.retriable_status_codes = None {{(pid=93525) log_opt_values /opt/stack/data/venv/lib/python3.12/site-packages/oslo_config/cfg.py:3253}}
Jul 23 06:12:48.571307 np0000005723 nova-scheduler[93525]: DEBUG cotyledon.oslo_config_glue [-] oslo_limit.service_name = None {{(pid=93525) log_opt_values /opt/stack/data/venv/lib/python3.12/site-packages/oslo_config/cfg.py:3253}}
Jul 23 06:12:48.571307 np0000005723 nova-scheduler[93525]: DEBUG cotyledon.oslo_config_glue [-] oslo_limit.service_type = None {{(pid=93525) log_opt_values /opt/stack/data/venv/lib/python3.12/site-packages/oslo_config/cfg.py:3253}}
Jul 23 06:12:48.571307 np0000005723 nova-scheduler[93525]: DEBUG cotyledon.oslo_config_glue [-] oslo_limit.split_loggers = False {{(pid=93525) log_opt_values /opt/stack/data/venv/lib/python3.12/site-packages/oslo_config/cfg.py:3253}}
Jul 23 06:12:48.571307 np0000005723 nova-scheduler[93525]: DEBUG cotyledon.oslo_config_glue [-] oslo_limit.status_code_retries = None {{(pid=93525) log_opt_values /opt/stack/data/venv/lib/python3.12/site-packages/oslo_config/cfg.py:3253}}
Jul 23 06:12:48.571590 np0000005723 nova-scheduler[93525]: DEBUG cotyledon.oslo_config_glue [-] oslo_limit.status_code_retry_delay = None {{(pid=93525) log_opt_values /opt/stack/data/venv/lib/python3.12/site-packages/oslo_config/cfg.py:3253}}
Jul 23 06:12:48.571590 np0000005723 nova-scheduler[93525]: DEBUG cotyledon.oslo_config_glue [-] oslo_limit.timeout = None {{(pid=93525) log_opt_values /opt/stack/data/venv/lib/python3.12/site-packages/oslo_config/cfg.py:3253}}
Jul 23 06:12:48.571590 np0000005723 nova-scheduler[93525]: DEBUG cotyledon.oslo_config_glue [-] oslo_limit.valid_interfaces = None {{(pid=93525) log_opt_values /opt/stack/data/venv/lib/python3.12/site-packages/oslo_config/cfg.py:3253}}
Jul 23 06:12:48.571590 np0000005723 nova-scheduler[93525]: DEBUG cotyledon.oslo_config_glue [-] oslo_limit.version = None {{(pid=93525) log_opt_values /opt/stack/data/venv/lib/python3.12/site-packages/oslo_config/cfg.py:3253}}
Jul 23 06:12:48.571590 np0000005723 nova-scheduler[93525]: DEBUG cotyledon.oslo_config_glue [-] oslo_reports.file_event_handler = None {{(pid=93525) log_opt_values /opt/stack/data/venv/lib/python3.12/site-packages/oslo_config/cfg.py:3253}}
Jul 23 06:12:48.571590 np0000005723 nova-scheduler[93525]: DEBUG cotyledon.oslo_config_glue [-] oslo_reports.file_event_handler_interval = 1 {{(pid=93525) log_opt_values /opt/stack/data/venv/lib/python3.12/site-packages/oslo_config/cfg.py:3253}}
Jul 23 06:12:48.571590 np0000005723 nova-scheduler[93525]: DEBUG cotyledon.oslo_config_glue [-] oslo_reports.log_dir = None {{(pid=93525) log_opt_values /opt/stack/data/venv/lib/python3.12/site-packages/oslo_config/cfg.py:3253}}
Jul 23 06:12:48.571590 np0000005723 nova-scheduler[93525]: DEBUG cotyledon.oslo_config_glue [-] ******************************************************************************** {{(pid=93525) log_opt_values /opt/stack/data/venv/lib/python3.12/site-packages/oslo_config/cfg.py:3260}}
Jul 23 06:12:48.571590 np0000005723 nova-scheduler[93525]: DEBUG cotyledon._service_worker [-] Run service ServiceWrapper(2) [93525] {{(pid=93525) wait_forever /opt/stack/data/venv/lib/python3.12/site-packages/cotyledon/_service_worker.py:218}}
Jul 23 06:12:48.571853 np0000005723 nova-scheduler[93525]: INFO nova.service [-] Starting scheduler node (version 33.1.0)
Jul 23 06:12:48.571853 np0000005723 nova-scheduler[93525]: INFO dbcounter [None req-a0df16ab-b821-4de9-9008-a2589d7cc636 None None] Registered counter for database nova_cell0
Jul 23 06:12:48.574636 np0000005723 nova-scheduler[93521]: DEBUG oslo_db.sqlalchemy.engines [None req-eade80a7-5e7e-4bb7-bb8a-20038e07fd75 None None] MySQL server mode set to STRICT_TRANS_TABLES,STRICT_ALL_TABLES,NO_ZERO_IN_DATE,NO_ZERO_DATE,ERROR_FOR_DIVISION_BY_ZERO,TRADITIONAL,NO_ENGINE_SUBSTITUTION {{(pid=93521) _check_effective_sql_mode /opt/stack/data/venv/lib/python3.12/site-packages/oslo_db/sqlalchemy/engines.py:325}}
Jul 23 06:12:48.587432 np0000005723 nova-scheduler[93521]: DEBUG dbcounter [-] [93521] Writer thread running {{(pid=93521) stat_writer /opt/stack/data/venv/lib/python3.12/site-packages/dbcounter.py:102}}
Jul 23 06:12:48.598305 np0000005723 nova-scheduler[93523]: DEBUG oslo_db.sqlalchemy.engines [None req-06664cd9-8d7c-47a0-acc1-7533d569dbc6 None None] MySQL server mode set to STRICT_TRANS_TABLES,STRICT_ALL_TABLES,NO_ZERO_IN_DATE,NO_ZERO_DATE,ERROR_FOR_DIVISION_BY_ZERO,TRADITIONAL,NO_ENGINE_SUBSTITUTION {{(pid=93523) _check_effective_sql_mode /opt/stack/data/venv/lib/python3.12/site-packages/oslo_db/sqlalchemy/engines.py:325}}
Jul 23 06:12:48.607065 np0000005723 nova-scheduler[93521]: DEBUG nova.service [None req-eade80a7-5e7e-4bb7-bb8a-20038e07fd75 None None] Creating RPC server for service: nova-scheduler on topic: scheduler {{(pid=93521) start /opt/stack/nova/nova/service.py:196}}
Jul 23 06:12:48.613817 np0000005723 nova-scheduler[93523]: DEBUG dbcounter [-] [93523] Writer thread running {{(pid=93523) stat_writer /opt/stack/data/venv/lib/python3.12/site-packages/dbcounter.py:102}}
Jul 23 06:12:48.617774 np0000005723 nova-scheduler[93523]: DEBUG nova.service [None req-06664cd9-8d7c-47a0-acc1-7533d569dbc6 None None] Creating RPC server for service: nova-scheduler on topic: scheduler {{(pid=93523) start /opt/stack/nova/nova/service.py:196}}
Jul 23 06:12:48.629671 np0000005723 nova-scheduler[93525]: DEBUG oslo_db.sqlalchemy.engines [None req-a0df16ab-b821-4de9-9008-a2589d7cc636 None None] MySQL server mode set to STRICT_TRANS_TABLES,STRICT_ALL_TABLES,NO_ZERO_IN_DATE,NO_ZERO_DATE,ERROR_FOR_DIVISION_BY_ZERO,TRADITIONAL,NO_ENGINE_SUBSTITUTION {{(pid=93525) _check_effective_sql_mode /opt/stack/data/venv/lib/python3.12/site-packages/oslo_db/sqlalchemy/engines.py:325}}
Jul 23 06:12:48.650489 np0000005723 nova-scheduler[93521]: DEBUG nova.service [None req-eade80a7-5e7e-4bb7-bb8a-20038e07fd75 None None] Join ServiceGroup membership for this service scheduler {{(pid=93521) start /opt/stack/nova/nova/service.py:222}}
Jul 23 06:12:48.650489 np0000005723 nova-scheduler[93521]: DEBUG nova.servicegroup.drivers.db [None req-eade80a7-5e7e-4bb7-bb8a-20038e07fd75 None None] DB_Driver: join new ServiceGroup member np0000005723 to the scheduler group, service = {{(pid=93521) join /opt/stack/nova/nova/servicegroup/drivers/db.py:44}}
Jul 23 06:12:48.655790 np0000005723 nova-scheduler[93523]: DEBUG nova.service [None req-06664cd9-8d7c-47a0-acc1-7533d569dbc6 None None] Join ServiceGroup membership for this service scheduler {{(pid=93523) start /opt/stack/nova/nova/service.py:222}}
Jul 23 06:12:48.655790 np0000005723 nova-scheduler[93523]: DEBUG nova.servicegroup.drivers.db [None req-06664cd9-8d7c-47a0-acc1-7533d569dbc6 None None] DB_Driver: join new ServiceGroup member np0000005723 to the scheduler group, service = {{(pid=93523) join /opt/stack/nova/nova/servicegroup/drivers/db.py:44}}
Jul 23 06:12:48.656035 np0000005723 nova-scheduler[93525]: DEBUG dbcounter [-] [93525] Writer thread running {{(pid=93525) stat_writer /opt/stack/data/venv/lib/python3.12/site-packages/dbcounter.py:102}}
Jul 23 06:12:48.660795 np0000005723 nova-scheduler[93525]: DEBUG nova.service [None req-a0df16ab-b821-4de9-9008-a2589d7cc636 None None] Creating RPC server for service: nova-scheduler on topic: scheduler {{(pid=93525) start /opt/stack/nova/nova/service.py:196}}
Jul 23 06:12:48.686754 np0000005723 nova-scheduler[93525]: DEBUG nova.service [None req-a0df16ab-b821-4de9-9008-a2589d7cc636 None None] Join ServiceGroup membership for this service scheduler {{(pid=93525) start /opt/stack/nova/nova/service.py:222}}
Jul 23 06:12:48.687089 np0000005723 nova-scheduler[93525]: DEBUG nova.servicegroup.drivers.db [None req-a0df16ab-b821-4de9-9008-a2589d7cc636 None None] DB_Driver: join new ServiceGroup member np0000005723 to the scheduler group, service = {{(pid=93525) join /opt/stack/nova/nova/servicegroup/drivers/db.py:44}}
Jul 23 06:12:53.669580 np0000005723 nova-scheduler[93521]: DEBUG oslo.service.backend._threading.loopingcall [-] Fixed interval looping call 'nova.servicegroup.drivers.db.DbDriver._report_state' sleeping for 119.98 seconds {{(pid=93521) _run_loop /opt/stack/data/venv/lib/python3.12/site-packages/oslo_service/backend/_threading/loopingcall.py:125}}
Jul 23 06:12:53.673022 np0000005723 nova-scheduler[93523]: DEBUG oslo.service.backend._threading.loopingcall [-] Fixed interval looping call 'nova.servicegroup.drivers.db.DbDriver._report_state' sleeping for 119.99 seconds {{(pid=93523) _run_loop /opt/stack/data/venv/lib/python3.12/site-packages/oslo_service/backend/_threading/loopingcall.py:125}}
Jul 23 06:12:53.699354 np0000005723 nova-scheduler[93525]: DEBUG oslo.service.backend._threading.loopingcall [-] Fixed interval looping call 'nova.servicegroup.drivers.db.DbDriver._report_state' sleeping for 119.99 seconds {{(pid=93525) _run_loop /opt/stack/data/venv/lib/python3.12/site-packages/oslo_service/backend/_threading/loopingcall.py:125}}
Jul 23 06:12:57.123688 np0000005723 nova-scheduler[92314]: DEBUG dbcounter [-] [92314] Writing DB stats nova_api:SELECT=3 {{(pid=92314) stat_writer /opt/stack/data/venv/lib/python3.12/site-packages/dbcounter.py:115}}
Jul 23 06:12:57.288187 np0000005723 nova-scheduler[92314]: DEBUG dbcounter [-] [92314] Writing DB stats nova_cell0:SELECT=1 {{(pid=92314) stat_writer /opt/stack/data/venv/lib/python3.12/site-packages/dbcounter.py:115}}
Jul 23 06:12:57.288920 np0000005723 nova-scheduler[92314]: DEBUG dbcounter [-] [92314] Writing DB stats nova_cell1:SELECT=1 {{(pid=92314) stat_writer /opt/stack/data/venv/lib/python3.12/site-packages/dbcounter.py:115}}
Jul 23 06:12:59.654595 np0000005723 nova-scheduler[93521]: DEBUG oslo.service.backend._threading.loopingcall [None req-58d934ff-1710-499b-8ccf-81d424c43943 None None] Dynamic interval looping call 'nova.service.Service.periodic_tasks' sleeping for 60.00 seconds {{(pid=93521) _run_loop /opt/stack/data/venv/lib/python3.12/site-packages/oslo_service/backend/_threading/loopingcall.py:125}}
Jul 23 06:12:59.689733 np0000005723 nova-scheduler[93525]: DEBUG oslo.service.backend._threading.loopingcall [None req-d4982b8c-5b44-4539-a806-2aac0b760c2e None None] Dynamic interval looping call 'nova.service.Service.periodic_tasks' sleeping for 60.00 seconds {{(pid=93525) _run_loop /opt/stack/data/venv/lib/python3.12/site-packages/oslo_service/backend/_threading/loopingcall.py:125}}
Jul 23 06:13:03.661607 np0000005723 nova-scheduler[93521]: DEBUG dbcounter [-] [93521] Writing DB stats nova_cell0:SELECT=4,nova_cell0:INSERT=1,nova_cell0:UPDATE=1 {{(pid=93521) stat_writer /opt/stack/data/venv/lib/python3.12/site-packages/dbcounter.py:115}}
Jul 23 06:13:03.673479 np0000005723 nova-scheduler[93523]: DEBUG dbcounter [-] [93523] Writing DB stats nova_cell0:SELECT=3,nova_cell0:UPDATE=1 {{(pid=93523) stat_writer /opt/stack/data/venv/lib/python3.12/site-packages/dbcounter.py:115}}
Jul 23 06:13:03.696679 np0000005723 nova-scheduler[93525]: DEBUG dbcounter [-] [93525] Writing DB stats nova_cell0:SELECT=3 {{(pid=93525) stat_writer /opt/stack/data/venv/lib/python3.12/site-packages/dbcounter.py:115}}
Jul 23 06:13:27.661063 np0000005723 nova-scheduler[93523]: DEBUG oslo.service.backend._threading.loopingcall [None req-be2f8f42-1ef7-402c-86fc-9f7d17df47ff None None] Dynamic interval looping call 'nova.service.Service.periodic_tasks' sleeping for 60.00 seconds {{(pid=93523) _run_loop /opt/stack/data/venv/lib/python3.12/site-packages/oslo_service/backend/_threading/loopingcall.py:125}}
Jul 23 06:13:59.654164 np0000005723 nova-scheduler[93521]: DEBUG oslo.service.backend._threading.loopingcall [None req-58d934ff-1710-499b-8ccf-81d424c43943 None None] Dynamic interval looping call 'nova.service.Service.periodic_tasks' sleeping for 60.00 seconds {{(pid=93521) _run_loop /opt/stack/data/venv/lib/python3.12/site-packages/oslo_service/backend/_threading/loopingcall.py:125}}
Jul 23 06:13:59.690231 np0000005723 nova-scheduler[93525]: DEBUG oslo.service.backend._threading.loopingcall [None req-d4982b8c-5b44-4539-a806-2aac0b760c2e None None] Dynamic interval looping call 'nova.service.Service.periodic_tasks' sleeping for 60.00 seconds {{(pid=93525) _run_loop /opt/stack/data/venv/lib/python3.12/site-packages/oslo_service/backend/_threading/loopingcall.py:125}}
Jul 23 06:14:27.661492 np0000005723 nova-scheduler[93523]: DEBUG oslo.service.backend._threading.loopingcall [None req-be2f8f42-1ef7-402c-86fc-9f7d17df47ff None None] Dynamic interval looping call 'nova.service.Service.periodic_tasks' sleeping for 60.00 seconds {{(pid=93523) _run_loop /opt/stack/data/venv/lib/python3.12/site-packages/oslo_service/backend/_threading/loopingcall.py:125}}
Jul 23 06:14:53.655735 np0000005723 nova-scheduler[93521]: DEBUG oslo.service.backend._threading.loopingcall [-] Fixed interval looping call 'nova.servicegroup.drivers.db.DbDriver._report_state' sleeping for 119.99 seconds {{(pid=93521) _run_loop /opt/stack/data/venv/lib/python3.12/site-packages/oslo_service/backend/_threading/loopingcall.py:125}}
Jul 23 06:14:53.666588 np0000005723 nova-scheduler[93523]: DEBUG oslo.service.backend._threading.loopingcall [-] Fixed interval looping call 'nova.servicegroup.drivers.db.DbDriver._report_state' sleeping for 120.00 seconds {{(pid=93523) _run_loop /opt/stack/data/venv/lib/python3.12/site-packages/oslo_service/backend/_threading/loopingcall.py:125}}
Jul 23 06:14:53.693320 np0000005723 nova-scheduler[93525]: DEBUG oslo.service.backend._threading.loopingcall [-] Fixed interval looping call 'nova.servicegroup.drivers.db.DbDriver._report_state' sleeping for 120.00 seconds {{(pid=93525) _run_loop /opt/stack/data/venv/lib/python3.12/site-packages/oslo_service/backend/_threading/loopingcall.py:125}}
Jul 23 06:14:59.654764 np0000005723 nova-scheduler[93521]: DEBUG oslo.service.backend._threading.loopingcall [None req-58d934ff-1710-499b-8ccf-81d424c43943 None None] Dynamic interval looping call 'nova.service.Service.periodic_tasks' sleeping for 60.00 seconds {{(pid=93521) _run_loop /opt/stack/data/venv/lib/python3.12/site-packages/oslo_service/backend/_threading/loopingcall.py:125}}
Jul 23 06:14:59.690737 np0000005723 nova-scheduler[93525]: DEBUG oslo.service.backend._threading.loopingcall [None req-d4982b8c-5b44-4539-a806-2aac0b760c2e None None] Dynamic interval looping call 'nova.service.Service.periodic_tasks' sleeping for 60.00 seconds {{(pid=93525) _run_loop /opt/stack/data/venv/lib/python3.12/site-packages/oslo_service/backend/_threading/loopingcall.py:125}}
Jul 23 06:15:03.652796 np0000005723 nova-scheduler[93521]: DEBUG dbcounter [-] [93521] Writing DB stats nova_cell0:SELECT=1,nova_cell0:UPDATE=1 {{(pid=93521) stat_writer /opt/stack/data/venv/lib/python3.12/site-packages/dbcounter.py:115}}
Jul 23 06:15:03.664990 np0000005723 nova-scheduler[93523]: DEBUG dbcounter [-] [93523] Writing DB stats nova_cell0:SELECT=1 {{(pid=93523) stat_writer /opt/stack/data/venv/lib/python3.12/site-packages/dbcounter.py:115}}
Jul 23 06:15:03.691143 np0000005723 nova-scheduler[93525]: DEBUG dbcounter [-] [93525] Writing DB stats nova_cell0:SELECT=1 {{(pid=93525) stat_writer /opt/stack/data/venv/lib/python3.12/site-packages/dbcounter.py:115}}
Jul 23 06:15:27.662022 np0000005723 nova-scheduler[93523]: DEBUG oslo.service.backend._threading.loopingcall [None req-be2f8f42-1ef7-402c-86fc-9f7d17df47ff None None] Dynamic interval looping call 'nova.service.Service.periodic_tasks' sleeping for 60.00 seconds {{(pid=93523) _run_loop /opt/stack/data/venv/lib/python3.12/site-packages/oslo_service/backend/_threading/loopingcall.py:125}}
Jul 23 06:15:41.028813 np0000005723 nova-scheduler[93521]: DEBUG nova.scheduler.manager [None req-4c4681ef-69ee-4f97-8d88-b8776fdcada1 tempest-ServerActionsTestOtherA-1988571860 tempest-ServerActionsTestOtherA-1988571860-project-member] Starting to schedule for instances: ['3ece1f59-62ee-4bb9-b016-306d8bc86122'] {{(pid=93521) select_destinations /opt/stack/nova/nova/scheduler/manager.py:209}}
Jul 23 06:15:41.029415 np0000005723 nova-scheduler[93521]: DEBUG nova.scheduler.request_filter [None req-4c4681ef-69ee-4f97-8d88-b8776fdcada1 tempest-ServerActionsTestOtherA-1988571860 tempest-ServerActionsTestOtherA-1988571860-project-member] compute_status_filter request filter added forbidden trait COMPUTE_STATUS_DISABLED {{(pid=93521) compute_status_filter /opt/stack/nova/nova/scheduler/request_filter.py:253}}
Jul 23 06:15:41.030376 np0000005723 nova-scheduler[93521]: DEBUG nova.scheduler.request_filter [None req-4c4681ef-69ee-4f97-8d88-b8776fdcada1 tempest-ServerActionsTestOtherA-1988571860 tempest-ServerActionsTestOtherA-1988571860-project-member] Request filter 'compute_status_filter' took 0.0 seconds {{(pid=93521) wrapper /opt/stack/nova/nova/scheduler/request_filter.py:46}}
Jul 23 06:15:41.031268 np0000005723 nova-scheduler[93521]: DEBUG nova.scheduler.request_filter [None req-4c4681ef-69ee-4f97-8d88-b8776fdcada1 tempest-ServerActionsTestOtherA-1988571860 tempest-ServerActionsTestOtherA-1988571860-project-member] Request filter 'accelerators_filter' took 0.0 seconds {{(pid=93521) wrapper /opt/stack/nova/nova/scheduler/request_filter.py:46}}
Jul 23 06:15:41.031546 np0000005723 nova-scheduler[93521]: DEBUG nova.scheduler.request_filter [None req-4c4681ef-69ee-4f97-8d88-b8776fdcada1 tempest-ServerActionsTestOtherA-1988571860 tempest-ServerActionsTestOtherA-1988571860-project-member] Request filter 'packed_virtqueue_filter' took 0.0 seconds {{(pid=93521) wrapper /opt/stack/nova/nova/scheduler/request_filter.py:46}}
Jul 23 06:15:41.031803 np0000005723 nova-scheduler[93521]: DEBUG nova.scheduler.request_filter [None req-4c4681ef-69ee-4f97-8d88-b8776fdcada1 tempest-ServerActionsTestOtherA-1988571860 tempest-ServerActionsTestOtherA-1988571860-project-member] Request filter 'remote_managed_ports_filter' took 0.0 seconds {{(pid=93521) wrapper /opt/stack/nova/nova/scheduler/request_filter.py:46}}
Jul 23 06:15:41.031986 np0000005723 nova-scheduler[93521]: DEBUG nova.scheduler.request_filter [None req-4c4681ef-69ee-4f97-8d88-b8776fdcada1 tempest-ServerActionsTestOtherA-1988571860 tempest-ServerActionsTestOtherA-1988571860-project-member] ephemeral_encryption_filter skipped {{(pid=93521) ephemeral_encryption_filter /opt/stack/nova/nova/scheduler/request_filter.py:426}}
Jul 23 06:15:41.032179 np0000005723 nova-scheduler[93521]: DEBUG nova.scheduler.request_filter [None req-4c4681ef-69ee-4f97-8d88-b8776fdcada1 tempest-ServerActionsTestOtherA-1988571860 tempest-ServerActionsTestOtherA-1988571860-project-member] virtio_sound_filter skipped {{(pid=93521) virtio_sound_filter /opt/stack/nova/nova/scheduler/request_filter.py:460}}
Jul 23 06:15:41.032347 np0000005723 nova-scheduler[93521]: DEBUG nova.scheduler.request_filter [None req-4c4681ef-69ee-4f97-8d88-b8776fdcada1 tempest-ServerActionsTestOtherA-1988571860 tempest-ServerActionsTestOtherA-1988571860-project-member] tpm_secret_security_filter skipped {{(pid=93521) tpm_secret_security_filter /opt/stack/nova/nova/scheduler/request_filter.py:477}}
Jul 23 06:15:41.841557 np0000005723 nova-scheduler[93521]: INFO nova.utils [None req-4c4681ef-69ee-4f97-8d88-b8776fdcada1 tempest-ServerActionsTestOtherA-1988571860 tempest-ServerActionsTestOtherA-1988571860-project-member] The cell worker thread pool ForkProcess-1.cell_worker is initialized
Jul 23 06:15:41.841998 np0000005723 nova-scheduler[93521]: DEBUG oslo_concurrency.lockutils [None req-4c4681ef-69ee-4f97-8d88-b8776fdcada1 tempest-ServerActionsTestOtherA-1988571860 tempest-ServerActionsTestOtherA-1988571860-project-member] Acquiring lock "cb8094e3-d664-4dcc-8ceb-731497608f03" by "nova.context.set_target_cell..get_or_set_cached_cell_and_set_connections" {{(pid=93521) inner /opt/stack/data/venv/lib/python3.12/site-packages/oslo_concurrency/lockutils.py:512}}
Jul 23 06:15:41.842289 np0000005723 nova-scheduler[93521]: DEBUG oslo_concurrency.lockutils [None req-4c4681ef-69ee-4f97-8d88-b8776fdcada1 tempest-ServerActionsTestOtherA-1988571860 tempest-ServerActionsTestOtherA-1988571860-project-member] Lock "cb8094e3-d664-4dcc-8ceb-731497608f03" acquired by "nova.context.set_target_cell..get_or_set_cached_cell_and_set_connections" :: waited 0.000s {{(pid=93521) inner /opt/stack/data/venv/lib/python3.12/site-packages/oslo_concurrency/lockutils.py:525}}
Jul 23 06:15:41.844200 np0000005723 nova-scheduler[93521]: DEBUG oslo_concurrency.lockutils [None req-4c4681ef-69ee-4f97-8d88-b8776fdcada1 tempest-ServerActionsTestOtherA-1988571860 tempest-ServerActionsTestOtherA-1988571860-project-member] Lock "cb8094e3-d664-4dcc-8ceb-731497608f03" "released" by "nova.context.set_target_cell..get_or_set_cached_cell_and_set_connections" :: held 0.002s {{(pid=93521) inner /opt/stack/data/venv/lib/python3.12/site-packages/oslo_concurrency/lockutils.py:544}}
Jul 23 06:15:41.846081 np0000005723 nova-scheduler[93521]: INFO dbcounter [None req-4c4681ef-69ee-4f97-8d88-b8776fdcada1 tempest-ServerActionsTestOtherA-1988571860 tempest-ServerActionsTestOtherA-1988571860-project-member] Registered counter for database nova_cell1
Jul 23 06:15:41.877344 np0000005723 nova-scheduler[93521]: DEBUG oslo_db.sqlalchemy.engines [None req-4c4681ef-69ee-4f97-8d88-b8776fdcada1 tempest-ServerActionsTestOtherA-1988571860 tempest-ServerActionsTestOtherA-1988571860-project-member] MySQL server mode set to STRICT_TRANS_TABLES,STRICT_ALL_TABLES,NO_ZERO_IN_DATE,NO_ZERO_DATE,ERROR_FOR_DIVISION_BY_ZERO,TRADITIONAL,NO_ENGINE_SUBSTITUTION {{(pid=93521) _check_effective_sql_mode /opt/stack/data/venv/lib/python3.12/site-packages/oslo_db/sqlalchemy/engines.py:325}}
Jul 23 06:15:41.888614 np0000005723 nova-scheduler[93521]: DEBUG dbcounter [-] [93521] Writer thread running {{(pid=93521) stat_writer /opt/stack/data/venv/lib/python3.12/site-packages/dbcounter.py:102}}
Jul 23 06:15:41.911304 np0000005723 nova-scheduler[93521]: DEBUG oslo_db.sqlalchemy.engines [None req-4c4681ef-69ee-4f97-8d88-b8776fdcada1 tempest-ServerActionsTestOtherA-1988571860 tempest-ServerActionsTestOtherA-1988571860-project-member] Parent process 92314 forked (93521) with an open database connection, which is being discarded and recreated. {{(pid=93521) checkout /opt/stack/data/venv/lib/python3.12/site-packages/oslo_db/sqlalchemy/engines.py:402}}
Jul 23 06:15:41.966672 np0000005723 nova-scheduler[93521]: DEBUG dbcounter [-] [93521] Writer thread running {{(pid=93521) stat_writer /opt/stack/data/venv/lib/python3.12/site-packages/dbcounter.py:102}}
Jul 23 06:15:41.970020 np0000005723 nova-scheduler[93521]: DEBUG oslo_concurrency.lockutils [None req-4c4681ef-69ee-4f97-8d88-b8776fdcada1 tempest-ServerActionsTestOtherA-1988571860 tempest-ServerActionsTestOtherA-1988571860-project-member] Acquiring lock "cb8094e3-d664-4dcc-8ceb-731497608f03" by "nova.context.set_target_cell..get_or_set_cached_cell_and_set_connections" {{(pid=93521) inner /opt/stack/data/venv/lib/python3.12/site-packages/oslo_concurrency/lockutils.py:512}}
Jul 23 06:15:41.970161 np0000005723 nova-scheduler[93521]: DEBUG oslo_concurrency.lockutils [None req-4c4681ef-69ee-4f97-8d88-b8776fdcada1 tempest-ServerActionsTestOtherA-1988571860 tempest-ServerActionsTestOtherA-1988571860-project-member] Lock "cb8094e3-d664-4dcc-8ceb-731497608f03" acquired by "nova.context.set_target_cell..get_or_set_cached_cell_and_set_connections" :: waited 0.000s {{(pid=93521) inner /opt/stack/data/venv/lib/python3.12/site-packages/oslo_concurrency/lockutils.py:525}}
Jul 23 06:15:41.970292 np0000005723 nova-scheduler[93521]: DEBUG oslo_concurrency.lockutils [None req-4c4681ef-69ee-4f97-8d88-b8776fdcada1 tempest-ServerActionsTestOtherA-1988571860 tempest-ServerActionsTestOtherA-1988571860-project-member] Lock "cb8094e3-d664-4dcc-8ceb-731497608f03" "released" by "nova.context.set_target_cell..get_or_set_cached_cell_and_set_connections" :: held 0.000s {{(pid=93521) inner /opt/stack/data/venv/lib/python3.12/site-packages/oslo_concurrency/lockutils.py:544}}
Jul 23 06:15:41.973487 np0000005723 nova-scheduler[93521]: DEBUG oslo_concurrency.lockutils [None req-4c4681ef-69ee-4f97-8d88-b8776fdcada1 tempest-ServerActionsTestOtherA-1988571860 tempest-ServerActionsTestOtherA-1988571860-project-member] Acquiring lock "np0000005723-np0000005723" by "nova.scheduler.host_manager.HostState.update.._locked_update" {{(pid=93521) inner /opt/stack/data/venv/lib/python3.12/site-packages/oslo_concurrency/lockutils.py:512}}
Jul 23 06:15:41.973623 np0000005723 nova-scheduler[93521]: DEBUG oslo_concurrency.lockutils [None req-4c4681ef-69ee-4f97-8d88-b8776fdcada1 tempest-ServerActionsTestOtherA-1988571860 tempest-ServerActionsTestOtherA-1988571860-project-member] Lock "np0000005723-np0000005723" acquired by "nova.scheduler.host_manager.HostState.update.._locked_update" :: waited 0.000s {{(pid=93521) inner /opt/stack/data/venv/lib/python3.12/site-packages/oslo_concurrency/lockutils.py:525}}
Jul 23 06:15:41.974706 np0000005723 nova-scheduler[93521]: DEBUG nova.scheduler.host_manager [None req-4c4681ef-69ee-4f97-8d88-b8776fdcada1 tempest-ServerActionsTestOtherA-1988571860 tempest-ServerActionsTestOtherA-1988571860-project-member] Update host state from compute node: ComputeNode(cpu_allocation_ratio=4.0,cpu_info='{"arch": "x86_64", "model": "EPYC-Milan", "vendor": "AMD", "topology": {"cells": 1, "sockets": 16, "cores": 1, "threads": 1}, "maxphysaddr": {"mode": "emulate", "bits": 40}, "features": ["pat", "adx", "cr8legacy", "sse4.1", "erms", "pni", "apic", "avx2", "stibp", "stibp-always-on", "xgetbv1", "smep", "mca", "clwb", "rdtscp", "ibrs", "syscall", "fxsr", "npt", "pfthreshold", "umip", "nx", "cmp_legacy", "vgif", "fsrm", "sse", "null-sel-clr-base", "lfence-always-serializing", "f16c", "mds-no", "virt-ssbd", "rdpid", "sse2", "pku", "mmx", "popcnt", "tsc-scale", "vpclmulqdq", "cmov", "invpcid", "no-nested-data-bp", "tsc-deadline", "xsaveopt", "fsgsbase", "svme-addr-chk", "svm", "abm", "flushbyasid", "nrip-save", "clzero", "pae", "mmxext", "movbe", "v-vmsave-vmload", "skip-l1dfl-vmentry", "sep", "xsave", "ibpb", "pclmuldq", "xsavec", "fma", "arch-capabilities", "rdrand", "xsaveerptr", "de", "fxsr_opt", "tsc", "mtrr", "arat", "ssse3", "sse4.2", "pcid", "vme", "ssbd", "clflush", "amd-ssbd", "mce", "lbrv", "pge", "topoext", "pse", "avx", "rdseed", "amd-psfd", "sse4a", "fpu", "cx16", "msr", "pse36", "gds-no", "smap", "sha-ni", "pdpe1gb", "hypervisor", "3dnowprefetch", "lm", "bmi2", "lahf_lm", "osvw", "x2apic", "misalignsse", "wbnoinvd", "cx8", "tsc_adjust", "aes", "clflushopt", "amd-stibp", "bmi1", "rdctl-no", "spec-ctrl", "vmcb-clean", "pause-filter", "xsaves", "perfctr_core", "pschange-mc-no", "vaes"]}',created_at=2026-07-23T06:13:12Z,current_workload=0,deleted=False,deleted_at=None,disk_allocation_ratio=1.0,disk_available_least=73,free_disk_gb=95,free_ram_mb=62765,host='np0000005723',host_ip=10.4.3.184,hypervisor_hostname='np0000005723',hypervisor_type='QEMU',hypervisor_version=8002002,id=1,local_gb=95,local_gb_used=0,mapped=1,memory_mb=63277,memory_mb_used=512,metrics='[]',numa_topology='{"nova_object.name": "NUMATopology", "nova_object.namespace": "nova", "nova_object.version": "1.2", "nova_object.data": {"cells": [{"nova_object.name": "NUMACell", "nova_object.namespace": "nova", "nova_object.version": "1.5", "nova_object.data": {"id": 0, "cpuset": [0, 1, 2, 3, 4, 5, 6, 7, 8, 9, 10, 11, 12, 13, 14, 15], "pcpuset": [0, 1, 2, 3, 4, 5, 6, 7, 8, 9, 10, 11, 12, 13, 14, 15], "memory": 63277, "cpu_usage": 0, "memory_usage": 0, "pinned_cpus": [], "siblings": [[6], [12], [2], [15], [5], [11], [8], [14], [4], [1], [7], [10], [0], [13], [3], [9]], "mempages": [{"nova_object.name": "NUMAPagesTopology", "nova_object.namespace": "nova", "nova_object.version": "1.1", "nova_object.data": {"size_kb": 4, "total": 16177929, "used": 0, "reserved": 0}, "nova_object.changes": ["reserved", "size_kb", "total", "used"]}, {"nova_object.name": "NUMAPagesTopology", "nova_object.namespace": "nova", "nova_object.version": "1.1", "nova_object.data": {"size_kb": 2048, "total": 41, "used": 0, "reserved": 0}, "nova_object.changes": ["reserved", "size_kb", "total", "used"]}, {"nova_object.name": "NUMAPagesTopology", "nova_object.namespace": "nova", "nova_object.version": "1.1", "nova_object.data": {"size_kb": 1048576, "total": 0, "used": 0, "reserved": 0}, "nova_object.changes": ["reserved", "size_kb", "total", "used"]}], "network_metadata": {"nova_object.name": "NetworkMetadata", "nova_object.namespace": "nova", "nova_object.version": "1.0", "nova_object.data": {"physnets": [], "tunneled": false}, "nova_object.changes": ["physnets", "tunneled"]}, "socket": null}, "nova_object.changes": ["mempages", "id", "memory_usage", "siblings", "network_metadata", "cpuset", "pinned_cpus", "pcpuset", "memory", "cpu_usage", "socket"]}]}, "nova_object.changes": ["cells"]}',pci_device_pools=PciDevicePoolList,ram_allocation_ratio=1.0,running_vms=0,service_id=3,stats={failed_builds='0',uptime=' 06:14:58 up 14 min, 2 users, load average: 1.27, 1.48, 0.85
Jul 23 06:15:41.974706 np0000005723 nova-scheduler[93521]: '},supported_hv_specs=[HVSpec,HVSpec,HVSpec,HVSpec,HVSpec,HVSpec,HVSpec,HVSpec,HVSpec,HVSpec,HVSpec,HVSpec,HVSpec,HVSpec,HVSpec,HVSpec,HVSpec,HVSpec,HVSpec,HVSpec,HVSpec,HVSpec,HVSpec,HVSpec,HVSpec],updated_at=2026-07-23T06:14:59Z,uuid=fa8cacd2-3b65-4a53-9f8d-591b77e7ab11,vcpus=16,vcpus_used=0) {{(pid=93521) _locked_update /opt/stack/nova/nova/scheduler/host_manager.py:168}}
Jul 23 06:15:41.975390 np0000005723 nova-scheduler[93521]: DEBUG nova.scheduler.host_manager [None req-4c4681ef-69ee-4f97-8d88-b8776fdcada1 tempest-ServerActionsTestOtherA-1988571860 tempest-ServerActionsTestOtherA-1988571860-project-member] Update host state with aggregates: [] {{(pid=93521) _locked_update /opt/stack/nova/nova/scheduler/host_manager.py:171}}
Jul 23 06:15:41.975537 np0000005723 nova-scheduler[93521]: DEBUG nova.scheduler.host_manager [None req-4c4681ef-69ee-4f97-8d88-b8776fdcada1 tempest-ServerActionsTestOtherA-1988571860 tempest-ServerActionsTestOtherA-1988571860-project-member] Update host state with service dict: {'id': 3, 'uuid': '7f28eba0-c11b-4911-83f9-98d6de66f863', 'host': 'np0000005723', 'binary': 'nova-compute', 'topic': 'compute', 'report_count': 2, 'disabled': False, 'disabled_reason': None, 'last_seen_up': datetime.datetime(2026, 7, 23, 6, 15, 19, tzinfo=datetime.timezone.utc), 'forced_down': False, 'version': 72, 'created_at': datetime.datetime(2026, 7, 23, 6, 13, 12, tzinfo=datetime.timezone.utc), 'updated_at': datetime.datetime(2026, 7, 23, 6, 15, 19, tzinfo=datetime.timezone.utc), 'deleted_at': None, 'deleted': False} {{(pid=93521) _locked_update /opt/stack/nova/nova/scheduler/host_manager.py:174}}
Jul 23 06:15:41.975674 np0000005723 nova-scheduler[93521]: DEBUG nova.scheduler.host_manager [None req-4c4681ef-69ee-4f97-8d88-b8776fdcada1 tempest-ServerActionsTestOtherA-1988571860 tempest-ServerActionsTestOtherA-1988571860-project-member] Update host state with instances: [] {{(pid=93521) _locked_update /opt/stack/nova/nova/scheduler/host_manager.py:177}}
Jul 23 06:15:41.975771 np0000005723 nova-scheduler[93521]: DEBUG oslo_concurrency.lockutils [None req-4c4681ef-69ee-4f97-8d88-b8776fdcada1 tempest-ServerActionsTestOtherA-1988571860 tempest-ServerActionsTestOtherA-1988571860-project-member] Lock "np0000005723-np0000005723" "released" by "nova.scheduler.host_manager.HostState.update.._locked_update" :: held 0.002s {{(pid=93521) inner /opt/stack/data/venv/lib/python3.12/site-packages/oslo_concurrency/lockutils.py:544}}
Jul 23 06:15:41.976203 np0000005723 nova-scheduler[93521]: DEBUG nova.filters [None req-4c4681ef-69ee-4f97-8d88-b8776fdcada1 tempest-ServerActionsTestOtherA-1988571860 tempest-ServerActionsTestOtherA-1988571860-project-member] Starting with 1 host(s) {{(pid=93521) get_filtered_objects /opt/stack/nova/nova/filters.py:70}}
Jul 23 06:15:41.976475 np0000005723 nova-scheduler[93521]: DEBUG nova.filters [None req-4c4681ef-69ee-4f97-8d88-b8776fdcada1 tempest-ServerActionsTestOtherA-1988571860 tempest-ServerActionsTestOtherA-1988571860-project-member] Filter ComputeFilter returned 1 host(s) {{(pid=93521) get_filtered_objects /opt/stack/nova/nova/filters.py:102}}
Jul 23 06:15:41.976689 np0000005723 nova-scheduler[93521]: DEBUG nova.filters [None req-4c4681ef-69ee-4f97-8d88-b8776fdcada1 tempest-ServerActionsTestOtherA-1988571860 tempest-ServerActionsTestOtherA-1988571860-project-member] Filter ComputeCapabilitiesFilter returned 1 host(s) {{(pid=93521) get_filtered_objects /opt/stack/nova/nova/filters.py:102}}
Jul 23 06:15:41.976973 np0000005723 nova-scheduler[93521]: DEBUG nova.filters [None req-4c4681ef-69ee-4f97-8d88-b8776fdcada1 tempest-ServerActionsTestOtherA-1988571860 tempest-ServerActionsTestOtherA-1988571860-project-member] Filter ImagePropertiesFilter returned 1 host(s) {{(pid=93521) get_filtered_objects /opt/stack/nova/nova/filters.py:102}}
Jul 23 06:15:41.977159 np0000005723 nova-scheduler[93521]: DEBUG nova.filters [None req-4c4681ef-69ee-4f97-8d88-b8776fdcada1 tempest-ServerActionsTestOtherA-1988571860 tempest-ServerActionsTestOtherA-1988571860-project-member] Filter ServerGroupAntiAffinityFilter returned 1 host(s) {{(pid=93521) get_filtered_objects /opt/stack/nova/nova/filters.py:102}}
Jul 23 06:15:41.977358 np0000005723 nova-scheduler[93521]: DEBUG nova.filters [None req-4c4681ef-69ee-4f97-8d88-b8776fdcada1 tempest-ServerActionsTestOtherA-1988571860 tempest-ServerActionsTestOtherA-1988571860-project-member] Filter ServerGroupAffinityFilter returned 1 host(s) {{(pid=93521) get_filtered_objects /opt/stack/nova/nova/filters.py:102}}
Jul 23 06:15:41.977586 np0000005723 nova-scheduler[93521]: DEBUG nova.filters [None req-4c4681ef-69ee-4f97-8d88-b8776fdcada1 tempest-ServerActionsTestOtherA-1988571860 tempest-ServerActionsTestOtherA-1988571860-project-member] Filter SameHostFilter returned 1 host(s) {{(pid=93521) get_filtered_objects /opt/stack/nova/nova/filters.py:102}}
Jul 23 06:15:41.977683 np0000005723 nova-scheduler[93521]: DEBUG nova.filters [None req-4c4681ef-69ee-4f97-8d88-b8776fdcada1 tempest-ServerActionsTestOtherA-1988571860 tempest-ServerActionsTestOtherA-1988571860-project-member] Filter DifferentHostFilter returned 1 host(s) {{(pid=93521) get_filtered_objects /opt/stack/nova/nova/filters.py:102}}
Jul 23 06:15:41.977918 np0000005723 nova-scheduler[93521]: DEBUG nova.scheduler.manager [None req-4c4681ef-69ee-4f97-8d88-b8776fdcada1 tempest-ServerActionsTestOtherA-1988571860 tempest-ServerActionsTestOtherA-1988571860-project-member] Filtered [(np0000005723, np0000005723) ram: 62765MB disk: 74752MB io_ops: 0 instances: 0, allocation_candidates: 1] {{(pid=93521) _get_sorted_hosts /opt/stack/nova/nova/scheduler/manager.py:742}}
Jul 23 06:15:41.978172 np0000005723 nova-scheduler[93521]: DEBUG nova.scheduler.manager [None req-4c4681ef-69ee-4f97-8d88-b8776fdcada1 tempest-ServerActionsTestOtherA-1988571860 tempest-ServerActionsTestOtherA-1988571860-project-member] Weighed [WeighedHost [host: (np0000005723, np0000005723) ram: 62765MB disk: 74752MB io_ops: 0 instances: 0, allocation_candidates: 1, weight: 0.0]] {{(pid=93521) _get_sorted_hosts /opt/stack/nova/nova/scheduler/manager.py:764}}
Jul 23 06:15:41.978428 np0000005723 nova-scheduler[93521]: DEBUG nova.scheduler.utils [None req-4c4681ef-69ee-4f97-8d88-b8776fdcada1 tempest-ServerActionsTestOtherA-1988571860 tempest-ServerActionsTestOtherA-1988571860-project-member] Attempting to claim resources in the placement API for instance 3ece1f59-62ee-4bb9-b016-306d8bc86122 {{(pid=93521) claim_resources /opt/stack/nova/nova/scheduler/utils.py:1345}}
Jul 23 06:15:42.169060 np0000005723 nova-scheduler[93521]: DEBUG nova.scheduler.manager [None req-4c4681ef-69ee-4f97-8d88-b8776fdcada1 tempest-ServerActionsTestOtherA-1988571860 tempest-ServerActionsTestOtherA-1988571860-project-member] [instance: 3ece1f59-62ee-4bb9-b016-306d8bc86122] Selected host: (np0000005723, np0000005723) ram: 62765MB disk: 74752MB io_ops: 0 instances: 0, allocation_candidates: 1 {{(pid=93521) _consume_selected_host /opt/stack/nova/nova/scheduler/manager.py:624}}
Jul 23 06:15:42.169649 np0000005723 nova-scheduler[93521]: DEBUG oslo_concurrency.lockutils [None req-4c4681ef-69ee-4f97-8d88-b8776fdcada1 tempest-ServerActionsTestOtherA-1988571860 tempest-ServerActionsTestOtherA-1988571860-project-member] Acquiring lock "np0000005723-np0000005723" by "nova.scheduler.host_manager.HostState.consume_from_request.._locked" {{(pid=93521) inner /opt/stack/data/venv/lib/python3.12/site-packages/oslo_concurrency/lockutils.py:512}}
Jul 23 06:15:42.169704 np0000005723 nova-scheduler[93521]: DEBUG oslo_concurrency.lockutils [None req-4c4681ef-69ee-4f97-8d88-b8776fdcada1 tempest-ServerActionsTestOtherA-1988571860 tempest-ServerActionsTestOtherA-1988571860-project-member] Lock "np0000005723-np0000005723" acquired by "nova.scheduler.host_manager.HostState.consume_from_request.._locked" :: waited 0.000s {{(pid=93521) inner /opt/stack/data/venv/lib/python3.12/site-packages/oslo_concurrency/lockutils.py:525}}
Jul 23 06:15:42.169907 np0000005723 nova-scheduler[93521]: DEBUG oslo_concurrency.lockutils [None req-4c4681ef-69ee-4f97-8d88-b8776fdcada1 tempest-ServerActionsTestOtherA-1988571860 tempest-ServerActionsTestOtherA-1988571860-project-member] Lock "np0000005723-np0000005723" "released" by "nova.scheduler.host_manager.HostState.consume_from_request.._locked" :: held 0.000s {{(pid=93521) inner /opt/stack/data/venv/lib/python3.12/site-packages/oslo_concurrency/lockutils.py:544}}
Jul 23 06:15:51.573160 np0000005723 nova-scheduler[93523]: DEBUG nova.scheduler.manager [None req-6414286d-8d71-484e-ac82-106fe543d5d5 tempest-ServerActionsV293TestJSON-907393484 tempest-ServerActionsV293TestJSON-907393484-project-member] Starting to schedule for instances: ['b4cf6ead-b6ab-425a-9df7-8c45ad976714'] {{(pid=93523) select_destinations /opt/stack/nova/nova/scheduler/manager.py:209}}
Jul 23 06:15:51.573652 np0000005723 nova-scheduler[93523]: DEBUG nova.scheduler.request_filter [None req-6414286d-8d71-484e-ac82-106fe543d5d5 tempest-ServerActionsV293TestJSON-907393484 tempest-ServerActionsV293TestJSON-907393484-project-member] compute_status_filter request filter added forbidden trait COMPUTE_STATUS_DISABLED {{(pid=93523) compute_status_filter /opt/stack/nova/nova/scheduler/request_filter.py:253}}
Jul 23 06:15:51.573757 np0000005723 nova-scheduler[93523]: DEBUG nova.scheduler.request_filter [None req-6414286d-8d71-484e-ac82-106fe543d5d5 tempest-ServerActionsV293TestJSON-907393484 tempest-ServerActionsV293TestJSON-907393484-project-member] Request filter 'compute_status_filter' took 0.0 seconds {{(pid=93523) wrapper /opt/stack/nova/nova/scheduler/request_filter.py:46}}
Jul 23 06:15:51.573949 np0000005723 nova-scheduler[93523]: DEBUG nova.scheduler.request_filter [None req-6414286d-8d71-484e-ac82-106fe543d5d5 tempest-ServerActionsV293TestJSON-907393484 tempest-ServerActionsV293TestJSON-907393484-project-member] Request filter 'accelerators_filter' took 0.0 seconds {{(pid=93523) wrapper /opt/stack/nova/nova/scheduler/request_filter.py:46}}
Jul 23 06:15:51.574152 np0000005723 nova-scheduler[93523]: DEBUG nova.scheduler.request_filter [None req-6414286d-8d71-484e-ac82-106fe543d5d5 tempest-ServerActionsV293TestJSON-907393484 tempest-ServerActionsV293TestJSON-907393484-project-member] Request filter 'packed_virtqueue_filter' took 0.0 seconds {{(pid=93523) wrapper /opt/stack/nova/nova/scheduler/request_filter.py:46}}
Jul 23 06:15:51.574402 np0000005723 nova-scheduler[93523]: DEBUG nova.scheduler.request_filter [None req-6414286d-8d71-484e-ac82-106fe543d5d5 tempest-ServerActionsV293TestJSON-907393484 tempest-ServerActionsV293TestJSON-907393484-project-member] Request filter 'remote_managed_ports_filter' took 0.0 seconds {{(pid=93523) wrapper /opt/stack/nova/nova/scheduler/request_filter.py:46}}
Jul 23 06:15:51.574564 np0000005723 nova-scheduler[93523]: DEBUG nova.scheduler.request_filter [None req-6414286d-8d71-484e-ac82-106fe543d5d5 tempest-ServerActionsV293TestJSON-907393484 tempest-ServerActionsV293TestJSON-907393484-project-member] ephemeral_encryption_filter skipped {{(pid=93523) ephemeral_encryption_filter /opt/stack/nova/nova/scheduler/request_filter.py:426}}
