Jul 23 06:12:54.843215 np0000005723 nova-conductor[95839]: DEBUG cotyledon.oslo_config_glue [-] oslo_messaging_rabbit.rabbit_quorum_delivery_limit = 0 {{(pid=95839) log_opt_values /opt/stack/data/venv/lib/python3.12/site-packages/oslo_config/cfg.py:3253}}
Jul 23 06:12:54.843215 np0000005723 nova-conductor[95839]: DEBUG cotyledon.oslo_config_glue [-] oslo_messaging_rabbit.rabbit_quorum_max_memory_bytes = 0 {{(pid=95839) log_opt_values /opt/stack/data/venv/lib/python3.12/site-packages/oslo_config/cfg.py:3253}}
Jul 23 06:12:54.843514 np0000005723 nova-conductor[95839]: DEBUG cotyledon.oslo_config_glue [-] oslo_messaging_rabbit.rabbit_quorum_max_memory_length = 0 {{(pid=95839) log_opt_values /opt/stack/data/venv/lib/python3.12/site-packages/oslo_config/cfg.py:3253}}
Jul 23 06:12:54.843514 np0000005723 nova-conductor[95839]: DEBUG cotyledon.oslo_config_glue [-] oslo_messaging_rabbit.rabbit_quorum_queue = False {{(pid=95839) log_opt_values /opt/stack/data/venv/lib/python3.12/site-packages/oslo_config/cfg.py:3253}}
Jul 23 06:12:54.843514 np0000005723 nova-conductor[95839]: DEBUG cotyledon.oslo_config_glue [-] oslo_messaging_rabbit.rabbit_retry_backoff = 2 {{(pid=95839) log_opt_values /opt/stack/data/venv/lib/python3.12/site-packages/oslo_config/cfg.py:3253}}
Jul 23 06:12:54.843514 np0000005723 nova-conductor[95839]: DEBUG cotyledon.oslo_config_glue [-] oslo_messaging_rabbit.rabbit_retry_interval = 1 {{(pid=95839) log_opt_values /opt/stack/data/venv/lib/python3.12/site-packages/oslo_config/cfg.py:3253}}
Jul 23 06:12:54.843514 np0000005723 nova-conductor[95839]: DEBUG cotyledon.oslo_config_glue [-] oslo_messaging_rabbit.rabbit_stream_fanout = False {{(pid=95839) log_opt_values /opt/stack/data/venv/lib/python3.12/site-packages/oslo_config/cfg.py:3253}}
Jul 23 06:12:54.843514 np0000005723 nova-conductor[95839]: DEBUG cotyledon.oslo_config_glue [-] oslo_messaging_rabbit.rabbit_transient_queues_ttl = 1800 {{(pid=95839) log_opt_values /opt/stack/data/venv/lib/python3.12/site-packages/oslo_config/cfg.py:3253}}
Jul 23 06:12:54.843514 np0000005723 nova-conductor[95839]: DEBUG cotyledon.oslo_config_glue [-] oslo_messaging_rabbit.rabbit_transient_quorum_queue = False {{(pid=95839) log_opt_values /opt/stack/data/venv/lib/python3.12/site-packages/oslo_config/cfg.py:3253}}
Jul 23 06:12:54.843514 np0000005723 nova-conductor[95839]: DEBUG cotyledon.oslo_config_glue [-] oslo_messaging_rabbit.rpc_conn_pool_size = 30 {{(pid=95839) log_opt_values /opt/stack/data/venv/lib/python3.12/site-packages/oslo_config/cfg.py:3253}}
Jul 23 06:12:54.843514 np0000005723 nova-conductor[95839]: DEBUG cotyledon.oslo_config_glue [-] oslo_messaging_rabbit.ssl = False {{(pid=95839) log_opt_values /opt/stack/data/venv/lib/python3.12/site-packages/oslo_config/cfg.py:3253}}
Jul 23 06:12:54.843855 np0000005723 nova-conductor[95839]: DEBUG cotyledon.oslo_config_glue [-] oslo_messaging_rabbit.ssl_ca_file = {{(pid=95839) log_opt_values /opt/stack/data/venv/lib/python3.12/site-packages/oslo_config/cfg.py:3253}}
Jul 23 06:12:54.843855 np0000005723 nova-conductor[95839]: DEBUG cotyledon.oslo_config_glue [-] oslo_messaging_rabbit.ssl_cert_file = {{(pid=95839) log_opt_values /opt/stack/data/venv/lib/python3.12/site-packages/oslo_config/cfg.py:3253}}
Jul 23 06:12:54.843855 np0000005723 nova-conductor[95839]: DEBUG cotyledon.oslo_config_glue [-] oslo_messaging_rabbit.ssl_enforce_fips_mode = False {{(pid=95839) log_opt_values /opt/stack/data/venv/lib/python3.12/site-packages/oslo_config/cfg.py:3253}}
Jul 23 06:12:54.843855 np0000005723 nova-conductor[95839]: DEBUG cotyledon.oslo_config_glue [-] oslo_messaging_rabbit.ssl_enforce_hostname_verification = True {{(pid=95839) log_opt_values /opt/stack/data/venv/lib/python3.12/site-packages/oslo_config/cfg.py:3253}}
Jul 23 06:12:54.843855 np0000005723 nova-conductor[95839]: DEBUG cotyledon.oslo_config_glue [-] oslo_messaging_rabbit.ssl_key_file = {{(pid=95839) log_opt_values /opt/stack/data/venv/lib/python3.12/site-packages/oslo_config/cfg.py:3253}}
Jul 23 06:12:54.843855 np0000005723 nova-conductor[95839]: DEBUG cotyledon.oslo_config_glue [-] oslo_messaging_rabbit.ssl_version = {{(pid=95839) log_opt_values /opt/stack/data/venv/lib/python3.12/site-packages/oslo_config/cfg.py:3253}}
Jul 23 06:12:54.843855 np0000005723 nova-conductor[95839]: DEBUG cotyledon.oslo_config_glue [-] oslo_messaging_rabbit.use_queue_manager = False {{(pid=95839) log_opt_values /opt/stack/data/venv/lib/python3.12/site-packages/oslo_config/cfg.py:3253}}
Jul 23 06:12:54.843855 np0000005723 nova-conductor[95839]: DEBUG cotyledon.oslo_config_glue [-] oslo_messaging_notifications.driver = ['messagingv2'] {{(pid=95839) log_opt_values /opt/stack/data/venv/lib/python3.12/site-packages/oslo_config/cfg.py:3253}}
Jul 23 06:12:54.843855 np0000005723 nova-conductor[95839]: DEBUG cotyledon.oslo_config_glue [-] oslo_messaging_notifications.retry = -1 {{(pid=95839) log_opt_values /opt/stack/data/venv/lib/python3.12/site-packages/oslo_config/cfg.py:3253}}
Jul 23 06:12:54.844084 np0000005723 nova-conductor[95839]: DEBUG cotyledon.oslo_config_glue [-] oslo_messaging_notifications.topics = ['notifications'] {{(pid=95839) log_opt_values /opt/stack/data/venv/lib/python3.12/site-packages/oslo_config/cfg.py:3253}}
Jul 23 06:12:54.844084 np0000005723 nova-conductor[95839]: DEBUG cotyledon.oslo_config_glue [-] oslo_messaging_notifications.transport_url = **** {{(pid=95839) log_opt_values /opt/stack/data/venv/lib/python3.12/site-packages/oslo_config/cfg.py:3253}}
Jul 23 06:12:54.844084 np0000005723 nova-conductor[95839]: DEBUG cotyledon.oslo_config_glue [-] oslo_limit.auth_section = None {{(pid=95839) log_opt_values /opt/stack/data/venv/lib/python3.12/site-packages/oslo_config/cfg.py:3253}}
Jul 23 06:12:54.844084 np0000005723 nova-conductor[95839]: DEBUG cotyledon.oslo_config_glue [-] oslo_limit.auth_type = None {{(pid=95839) log_opt_values /opt/stack/data/venv/lib/python3.12/site-packages/oslo_config/cfg.py:3253}}
Jul 23 06:12:54.844084 np0000005723 nova-conductor[95839]: DEBUG cotyledon.oslo_config_glue [-] oslo_limit.cafile = None {{(pid=95839) log_opt_values /opt/stack/data/venv/lib/python3.12/site-packages/oslo_config/cfg.py:3253}}
Jul 23 06:12:54.844084 np0000005723 nova-conductor[95839]: DEBUG cotyledon.oslo_config_glue [-] oslo_limit.certfile = None {{(pid=95839) log_opt_values /opt/stack/data/venv/lib/python3.12/site-packages/oslo_config/cfg.py:3253}}
Jul 23 06:12:54.844084 np0000005723 nova-conductor[95839]: DEBUG cotyledon.oslo_config_glue [-] oslo_limit.collect_timing = False {{(pid=95839) log_opt_values /opt/stack/data/venv/lib/python3.12/site-packages/oslo_config/cfg.py:3253}}
Jul 23 06:12:54.844084 np0000005723 nova-conductor[95839]: DEBUG cotyledon.oslo_config_glue [-] oslo_limit.connect_retries = None {{(pid=95839) log_opt_values /opt/stack/data/venv/lib/python3.12/site-packages/oslo_config/cfg.py:3253}}
Jul 23 06:12:54.844084 np0000005723 nova-conductor[95839]: DEBUG cotyledon.oslo_config_glue [-] oslo_limit.connect_retry_delay = None {{(pid=95839) log_opt_values /opt/stack/data/venv/lib/python3.12/site-packages/oslo_config/cfg.py:3253}}
Jul 23 06:12:54.844265 np0000005723 nova-conductor[95839]: DEBUG cotyledon.oslo_config_glue [-] oslo_limit.endpoint_id = None {{(pid=95839) log_opt_values /opt/stack/data/venv/lib/python3.12/site-packages/oslo_config/cfg.py:3253}}
Jul 23 06:12:54.844265 np0000005723 nova-conductor[95839]: DEBUG cotyledon.oslo_config_glue [-] oslo_limit.endpoint_interface = public {{(pid=95839) log_opt_values /opt/stack/data/venv/lib/python3.12/site-packages/oslo_config/cfg.py:3253}}
Jul 23 06:12:54.844265 np0000005723 nova-conductor[95839]: DEBUG cotyledon.oslo_config_glue [-] oslo_limit.endpoint_override = None {{(pid=95839) log_opt_values /opt/stack/data/venv/lib/python3.12/site-packages/oslo_config/cfg.py:3253}}
Jul 23 06:12:54.844265 np0000005723 nova-conductor[95839]: DEBUG cotyledon.oslo_config_glue [-] oslo_limit.endpoint_region_name = None {{(pid=95839) log_opt_values /opt/stack/data/venv/lib/python3.12/site-packages/oslo_config/cfg.py:3253}}
Jul 23 06:12:54.844265 np0000005723 nova-conductor[95839]: DEBUG cotyledon.oslo_config_glue [-] oslo_limit.endpoint_service_name = None {{(pid=95839) log_opt_values /opt/stack/data/venv/lib/python3.12/site-packages/oslo_config/cfg.py:3253}}
Jul 23 06:12:54.844265 np0000005723 nova-conductor[95839]: DEBUG cotyledon.oslo_config_glue [-] oslo_limit.endpoint_service_type = None {{(pid=95839) log_opt_values /opt/stack/data/venv/lib/python3.12/site-packages/oslo_config/cfg.py:3253}}
Jul 23 06:12:54.844265 np0000005723 nova-conductor[95839]: DEBUG cotyledon.oslo_config_glue [-] oslo_limit.insecure = False {{(pid=95839) log_opt_values /opt/stack/data/venv/lib/python3.12/site-packages/oslo_config/cfg.py:3253}}
Jul 23 06:12:54.844265 np0000005723 nova-conductor[95839]: DEBUG cotyledon.oslo_config_glue [-] oslo_limit.keyfile = None {{(pid=95839) log_opt_values /opt/stack/data/venv/lib/python3.12/site-packages/oslo_config/cfg.py:3253}}
Jul 23 06:12:54.844265 np0000005723 nova-conductor[95839]: DEBUG cotyledon.oslo_config_glue [-] oslo_limit.max_version = None {{(pid=95839) log_opt_values /opt/stack/data/venv/lib/python3.12/site-packages/oslo_config/cfg.py:3253}}
Jul 23 06:12:54.844438 np0000005723 nova-conductor[95839]: DEBUG cotyledon.oslo_config_glue [-] oslo_limit.min_version = None {{(pid=95839) log_opt_values /opt/stack/data/venv/lib/python3.12/site-packages/oslo_config/cfg.py:3253}}
Jul 23 06:12:54.844438 np0000005723 nova-conductor[95839]: DEBUG cotyledon.oslo_config_glue [-] oslo_limit.region_name = None {{(pid=95839) log_opt_values /opt/stack/data/venv/lib/python3.12/site-packages/oslo_config/cfg.py:3253}}
Jul 23 06:12:54.844438 np0000005723 nova-conductor[95839]: DEBUG cotyledon.oslo_config_glue [-] oslo_limit.retriable_status_codes = None {{(pid=95839) log_opt_values /opt/stack/data/venv/lib/python3.12/site-packages/oslo_config/cfg.py:3253}}
Jul 23 06:12:54.844438 np0000005723 nova-conductor[95839]: DEBUG cotyledon.oslo_config_glue [-] oslo_limit.service_name = None {{(pid=95839) log_opt_values /opt/stack/data/venv/lib/python3.12/site-packages/oslo_config/cfg.py:3253}}
Jul 23 06:12:54.844438 np0000005723 nova-conductor[95839]: DEBUG cotyledon.oslo_config_glue [-] oslo_limit.service_type = None {{(pid=95839) log_opt_values /opt/stack/data/venv/lib/python3.12/site-packages/oslo_config/cfg.py:3253}}
Jul 23 06:12:54.844438 np0000005723 nova-conductor[95839]: DEBUG cotyledon.oslo_config_glue [-] oslo_limit.split_loggers = False {{(pid=95839) log_opt_values /opt/stack/data/venv/lib/python3.12/site-packages/oslo_config/cfg.py:3253}}
Jul 23 06:12:54.844438 np0000005723 nova-conductor[95839]: DEBUG cotyledon.oslo_config_glue [-] oslo_limit.status_code_retries = None {{(pid=95839) log_opt_values /opt/stack/data/venv/lib/python3.12/site-packages/oslo_config/cfg.py:3253}}
Jul 23 06:12:54.844438 np0000005723 nova-conductor[95839]: DEBUG cotyledon.oslo_config_glue [-] oslo_limit.status_code_retry_delay = None {{(pid=95839) log_opt_values /opt/stack/data/venv/lib/python3.12/site-packages/oslo_config/cfg.py:3253}}
Jul 23 06:12:54.844438 np0000005723 nova-conductor[95839]: DEBUG cotyledon.oslo_config_glue [-] oslo_limit.timeout = None {{(pid=95839) log_opt_values /opt/stack/data/venv/lib/python3.12/site-packages/oslo_config/cfg.py:3253}}
Jul 23 06:12:54.844662 np0000005723 nova-conductor[95839]: DEBUG cotyledon.oslo_config_glue [-] oslo_limit.valid_interfaces = None {{(pid=95839) log_opt_values /opt/stack/data/venv/lib/python3.12/site-packages/oslo_config/cfg.py:3253}}
Jul 23 06:12:54.844662 np0000005723 nova-conductor[95839]: DEBUG cotyledon.oslo_config_glue [-] oslo_limit.version = None {{(pid=95839) log_opt_values /opt/stack/data/venv/lib/python3.12/site-packages/oslo_config/cfg.py:3253}}
Jul 23 06:12:54.844662 np0000005723 nova-conductor[95839]: DEBUG cotyledon.oslo_config_glue [-] oslo_reports.file_event_handler = None {{(pid=95839) log_opt_values /opt/stack/data/venv/lib/python3.12/site-packages/oslo_config/cfg.py:3253}}
Jul 23 06:12:54.844662 np0000005723 nova-conductor[95839]: DEBUG cotyledon.oslo_config_glue [-] oslo_reports.file_event_handler_interval = 1 {{(pid=95839) log_opt_values /opt/stack/data/venv/lib/python3.12/site-packages/oslo_config/cfg.py:3253}}
Jul 23 06:12:54.844662 np0000005723 nova-conductor[95839]: DEBUG cotyledon.oslo_config_glue [-] oslo_reports.log_dir = None {{(pid=95839) log_opt_values /opt/stack/data/venv/lib/python3.12/site-packages/oslo_config/cfg.py:3253}}
Jul 23 06:12:54.844662 np0000005723 nova-conductor[95839]: DEBUG cotyledon.oslo_config_glue [-] ******************************************************************************** {{(pid=95839) log_opt_values /opt/stack/data/venv/lib/python3.12/site-packages/oslo_config/cfg.py:3260}}
Jul 23 06:12:54.844662 np0000005723 nova-conductor[95839]: DEBUG cotyledon._service_worker [-] Run service ServiceWrapper(2) [95839] {{(pid=95839) wait_forever /opt/stack/data/venv/lib/python3.12/site-packages/cotyledon/_service_worker.py:218}}
Jul 23 06:12:54.844802 np0000005723 nova-conductor[95825]: INFO dbcounter [None req-08e366b6-b008-4266-802c-ec36098d345f None None] Registered counter for database nova_cell0
Jul 23 06:12:54.844832 np0000005723 nova-conductor[95839]: INFO nova.service [-] Starting conductor node (version 33.1.0)
Jul 23 06:12:54.846979 np0000005723 nova-conductor[95839]: INFO dbcounter [None req-d8762203-c644-4a62-9bd1-4f513a757cc3 None None] Registered counter for database nova_cell0
Jul 23 06:12:54.849437 np0000005723 nova-conductor[95816]: DEBUG dbcounter [-] [95816] Writer thread running {{(pid=95816) stat_writer /opt/stack/data/venv/lib/python3.12/site-packages/dbcounter.py:102}}
Jul 23 06:12:54.871416 np0000005723 nova-conductor[95816]: DEBUG nova.service [None req-fd0ee1bd-41b8-4386-a801-1fa037e49c4a None None] Creating RPC server for service: nova-conductor on topic: conductor {{(pid=95816) start /opt/stack/nova/nova/service.py:196}}
Jul 23 06:12:54.879190 np0000005723 nova-conductor[95825]: DEBUG oslo_db.sqlalchemy.engines [None req-08e366b6-b008-4266-802c-ec36098d345f None None] MySQL server mode set to STRICT_TRANS_TABLES,STRICT_ALL_TABLES,NO_ZERO_IN_DATE,NO_ZERO_DATE,ERROR_FOR_DIVISION_BY_ZERO,TRADITIONAL,NO_ENGINE_SUBSTITUTION {{(pid=95825) _check_effective_sql_mode /opt/stack/data/venv/lib/python3.12/site-packages/oslo_db/sqlalchemy/engines.py:325}}
Jul 23 06:12:54.887396 np0000005723 nova-conductor[95839]: DEBUG oslo_db.sqlalchemy.engines [None req-d8762203-c644-4a62-9bd1-4f513a757cc3 None None] MySQL server mode set to STRICT_TRANS_TABLES,STRICT_ALL_TABLES,NO_ZERO_IN_DATE,NO_ZERO_DATE,ERROR_FOR_DIVISION_BY_ZERO,TRADITIONAL,NO_ENGINE_SUBSTITUTION {{(pid=95839) _check_effective_sql_mode /opt/stack/data/venv/lib/python3.12/site-packages/oslo_db/sqlalchemy/engines.py:325}}
Jul 23 06:12:54.893920 np0000005723 nova-conductor[95825]: DEBUG dbcounter [-] [95825] Writer thread running {{(pid=95825) stat_writer /opt/stack/data/venv/lib/python3.12/site-packages/dbcounter.py:102}}
Jul 23 06:12:54.897029 np0000005723 nova-conductor[95816]: DEBUG nova.service [None req-fd0ee1bd-41b8-4386-a801-1fa037e49c4a None None] Join ServiceGroup membership for this service conductor {{(pid=95816) start /opt/stack/nova/nova/service.py:222}}
Jul 23 06:12:54.897029 np0000005723 nova-conductor[95816]: DEBUG nova.servicegroup.drivers.db [None req-fd0ee1bd-41b8-4386-a801-1fa037e49c4a None None] DB_Driver: join new ServiceGroup member np0000005723 to the conductor group, service = {{(pid=95816) join /opt/stack/nova/nova/servicegroup/drivers/db.py:44}}
Jul 23 06:12:54.897966 np0000005723 nova-conductor[95825]: DEBUG nova.service [None req-08e366b6-b008-4266-802c-ec36098d345f None None] Creating RPC server for service: nova-conductor on topic: conductor {{(pid=95825) start /opt/stack/nova/nova/service.py:196}}
Jul 23 06:12:54.898968 np0000005723 nova-conductor[95839]: DEBUG dbcounter [-] [95839] Writer thread running {{(pid=95839) stat_writer /opt/stack/data/venv/lib/python3.12/site-packages/dbcounter.py:102}}
Jul 23 06:12:54.901654 np0000005723 nova-conductor[95839]: DEBUG nova.service [None req-d8762203-c644-4a62-9bd1-4f513a757cc3 None None] Creating RPC server for service: nova-conductor on topic: conductor {{(pid=95839) start /opt/stack/nova/nova/service.py:196}}
Jul 23 06:12:54.918831 np0000005723 nova-conductor[95825]: DEBUG nova.service [None req-08e366b6-b008-4266-802c-ec36098d345f None None] Join ServiceGroup membership for this service conductor {{(pid=95825) start /opt/stack/nova/nova/service.py:222}}
Jul 23 06:12:54.919244 np0000005723 nova-conductor[95825]: DEBUG nova.servicegroup.drivers.db [None req-08e366b6-b008-4266-802c-ec36098d345f None None] DB_Driver: join new ServiceGroup member np0000005723 to the conductor group, service = {{(pid=95825) join /opt/stack/nova/nova/servicegroup/drivers/db.py:44}}
Jul 23 06:12:54.920506 np0000005723 nova-conductor[95839]: DEBUG nova.service [None req-d8762203-c644-4a62-9bd1-4f513a757cc3 None None] Join ServiceGroup membership for this service conductor {{(pid=95839) start /opt/stack/nova/nova/service.py:222}}
Jul 23 06:12:54.920749 np0000005723 nova-conductor[95839]: DEBUG nova.servicegroup.drivers.db [None req-d8762203-c644-4a62-9bd1-4f513a757cc3 None None] DB_Driver: join new ServiceGroup member np0000005723 to the conductor group, service = {{(pid=95839) join /opt/stack/nova/nova/servicegroup/drivers/db.py:44}}
Jul 23 06:12:59.911538 np0000005723 nova-conductor[95816]: DEBUG oslo.service.backend._threading.loopingcall [-] Fixed interval looping call 'nova.servicegroup.drivers.db.DbDriver._report_state' sleeping for 119.99 seconds {{(pid=95816) _run_loop /opt/stack/data/venv/lib/python3.12/site-packages/oslo_service/backend/_threading/loopingcall.py:125}}
Jul 23 06:12:59.933158 np0000005723 nova-conductor[95839]: DEBUG oslo.service.backend._threading.loopingcall [-] Fixed interval looping call 'nova.servicegroup.drivers.db.DbDriver._report_state' sleeping for 119.99 seconds {{(pid=95839) _run_loop /opt/stack/data/venv/lib/python3.12/site-packages/oslo_service/backend/_threading/loopingcall.py:125}}
Jul 23 06:12:59.933660 np0000005723 nova-conductor[95825]: DEBUG oslo.service.backend._threading.loopingcall [-] Fixed interval looping call 'nova.servicegroup.drivers.db.DbDriver._report_state' sleeping for 119.99 seconds {{(pid=95825) _run_loop /opt/stack/data/venv/lib/python3.12/site-packages/oslo_service/backend/_threading/loopingcall.py:125}}
Jul 23 06:13:00.898804 np0000005723 nova-conductor[95816]: DEBUG oslo.service.backend._threading.loopingcall [None req-0e57b23a-4f14-4395-b404-89d9407d9cbf None None] Dynamic interval looping call 'nova.service.Service.periodic_tasks' sleeping for 60.00 seconds {{(pid=95816) _run_loop /opt/stack/data/venv/lib/python3.12/site-packages/oslo_service/backend/_threading/loopingcall.py:125}}
Jul 23 06:13:03.477353 np0000005723 nova-conductor[94453]: DEBUG dbcounter [-] [94453] Writing DB stats nova_api:SELECT=1 {{(pid=94453) stat_writer /opt/stack/data/venv/lib/python3.12/site-packages/dbcounter.py:115}}
Jul 23 06:13:03.614822 np0000005723 nova-conductor[94453]: DEBUG dbcounter [-] [94453] Writing DB stats nova_cell0:SELECT=1 {{(pid=94453) stat_writer /opt/stack/data/venv/lib/python3.12/site-packages/dbcounter.py:115}}
Jul 23 06:13:03.617941 np0000005723 nova-conductor[94453]: DEBUG dbcounter [-] [94453] Writing DB stats nova_cell1:SELECT=1 {{(pid=94453) stat_writer /opt/stack/data/venv/lib/python3.12/site-packages/dbcounter.py:115}}
Jul 23 06:13:09.907853 np0000005723 nova-conductor[95816]: DEBUG dbcounter [-] [95816] Writing DB stats nova_cell0:SELECT=4,nova_cell0:INSERT=1,nova_cell0:UPDATE=1 {{(pid=95816) stat_writer /opt/stack/data/venv/lib/python3.12/site-packages/dbcounter.py:115}}
Jul 23 06:13:09.929564 np0000005723 nova-conductor[95825]: DEBUG dbcounter [-] [95825] Writing DB stats nova_cell0:SELECT=3 {{(pid=95825) stat_writer /opt/stack/data/venv/lib/python3.12/site-packages/dbcounter.py:115}}
Jul 23 06:13:09.930325 np0000005723 nova-conductor[95839]: DEBUG dbcounter [-] [95839] Writing DB stats nova_cell0:SELECT=3 {{(pid=95839) stat_writer /opt/stack/data/venv/lib/python3.12/site-packages/dbcounter.py:115}}
Jul 23 06:13:16.923316 np0000005723 nova-conductor[95839]: DEBUG oslo.service.backend._threading.loopingcall [None req-c821fc95-5b8a-46df-b4ce-fb8d97fb5604 None None] Dynamic interval looping call 'nova.service.Service.periodic_tasks' sleeping for 60.00 seconds {{(pid=95839) _run_loop /opt/stack/data/venv/lib/python3.12/site-packages/oslo_service/backend/_threading/loopingcall.py:125}}
Jul 23 06:13:47.922035 np0000005723 nova-conductor[95825]: DEBUG oslo.service.backend._threading.loopingcall [None req-d41a6a23-e281-413e-8327-46ee5481cfbe None None] Dynamic interval looping call 'nova.service.Service.periodic_tasks' sleeping for 60.00 seconds {{(pid=95825) _run_loop /opt/stack/data/venv/lib/python3.12/site-packages/oslo_service/backend/_threading/loopingcall.py:125}}
Jul 23 06:14:00.899473 np0000005723 nova-conductor[95816]: DEBUG oslo.service.backend._threading.loopingcall [None req-0e57b23a-4f14-4395-b404-89d9407d9cbf None None] Dynamic interval looping call 'nova.service.Service.periodic_tasks' sleeping for 60.00 seconds {{(pid=95816) _run_loop /opt/stack/data/venv/lib/python3.12/site-packages/oslo_service/backend/_threading/loopingcall.py:125}}
Jul 23 06:14:16.923859 np0000005723 nova-conductor[95839]: DEBUG oslo.service.backend._threading.loopingcall [None req-c821fc95-5b8a-46df-b4ce-fb8d97fb5604 None None] Dynamic interval looping call 'nova.service.Service.periodic_tasks' sleeping for 60.00 seconds {{(pid=95839) _run_loop /opt/stack/data/venv/lib/python3.12/site-packages/oslo_service/backend/_threading/loopingcall.py:125}}
Jul 23 06:14:47.922798 np0000005723 nova-conductor[95825]: DEBUG oslo.service.backend._threading.loopingcall [None req-d41a6a23-e281-413e-8327-46ee5481cfbe None None] Dynamic interval looping call 'nova.service.Service.periodic_tasks' sleeping for 60.00 seconds {{(pid=95825) _run_loop /opt/stack/data/venv/lib/python3.12/site-packages/oslo_service/backend/_threading/loopingcall.py:125}}
Jul 23 06:14:59.911704 np0000005723 nova-conductor[95816]: DEBUG oslo.service.backend._threading.loopingcall [-] Fixed interval looping call 'nova.servicegroup.drivers.db.DbDriver._report_state' sleeping for 119.99 seconds {{(pid=95816) _run_loop /opt/stack/data/venv/lib/python3.12/site-packages/oslo_service/backend/_threading/loopingcall.py:125}}
Jul 23 06:14:59.926934 np0000005723 nova-conductor[95839]: DEBUG oslo.service.backend._threading.loopingcall [-] Fixed interval looping call 'nova.servicegroup.drivers.db.DbDriver._report_state' sleeping for 120.00 seconds {{(pid=95839) _run_loop /opt/stack/data/venv/lib/python3.12/site-packages/oslo_service/backend/_threading/loopingcall.py:125}}
Jul 23 06:14:59.928192 np0000005723 nova-conductor[95825]: DEBUG oslo.service.backend._threading.loopingcall [-] Fixed interval looping call 'nova.servicegroup.drivers.db.DbDriver._report_state' sleeping for 120.00 seconds {{(pid=95825) _run_loop /opt/stack/data/venv/lib/python3.12/site-packages/oslo_service/backend/_threading/loopingcall.py:125}}
Jul 23 06:15:00.900063 np0000005723 nova-conductor[95816]: DEBUG oslo.service.backend._threading.loopingcall [None req-0e57b23a-4f14-4395-b404-89d9407d9cbf None None] Dynamic interval looping call 'nova.service.Service.periodic_tasks' sleeping for 60.00 seconds {{(pid=95816) _run_loop /opt/stack/data/venv/lib/python3.12/site-packages/oslo_service/backend/_threading/loopingcall.py:125}}
Jul 23 06:15:09.905166 np0000005723 nova-conductor[95816]: DEBUG dbcounter [-] [95816] Writing DB stats nova_cell0:SELECT=1,nova_cell0:UPDATE=1 {{(pid=95816) stat_writer /opt/stack/data/venv/lib/python3.12/site-packages/dbcounter.py:115}}
Jul 23 06:15:09.925590 np0000005723 nova-conductor[95839]: DEBUG dbcounter [-] [95839] Writing DB stats nova_cell0:SELECT=1 {{(pid=95839) stat_writer /opt/stack/data/venv/lib/python3.12/site-packages/dbcounter.py:115}}
Jul 23 06:15:09.927433 np0000005723 nova-conductor[95825]: DEBUG dbcounter [-] [95825] Writing DB stats nova_cell0:SELECT=1 {{(pid=95825) stat_writer /opt/stack/data/venv/lib/python3.12/site-packages/dbcounter.py:115}}
Jul 23 06:15:16.924867 np0000005723 nova-conductor[95839]: DEBUG oslo.service.backend._threading.loopingcall [None req-c821fc95-5b8a-46df-b4ce-fb8d97fb5604 None None] Dynamic interval looping call 'nova.service.Service.periodic_tasks' sleeping for 60.00 seconds {{(pid=95839) _run_loop /opt/stack/data/venv/lib/python3.12/site-packages/oslo_service/backend/_threading/loopingcall.py:125}}
Jul 23 06:15:40.930784 np0000005723 nova-conductor[95816]: DEBUG oslo_db.sqlalchemy.engines [None req-4c4681ef-69ee-4f97-8d88-b8776fdcada1 tempest-ServerActionsTestOtherA-1988571860 tempest-ServerActionsTestOtherA-1988571860-project-member] Parent process 94453 forked (95816) with an open database connection, which is being discarded and recreated. {{(pid=95816) checkout /opt/stack/data/venv/lib/python3.12/site-packages/oslo_db/sqlalchemy/engines.py:402}}
Jul 23 06:15:40.978637 np0000005723 nova-conductor[95816]: DEBUG dbcounter [-] [95816] Writer thread running {{(pid=95816) stat_writer /opt/stack/data/venv/lib/python3.12/site-packages/dbcounter.py:102}}
Jul 23 06:15:42.196313 np0000005723 nova-conductor[95816]: DEBUG nova.conductor.manager [None req-4c4681ef-69ee-4f97-8d88-b8776fdcada1 tempest-ServerActionsTestOtherA-1988571860 tempest-ServerActionsTestOtherA-1988571860-project-member] Took 1.21 seconds to select destinations for 1 instance(s). {{(pid=95816) _schedule_instances /opt/stack/nova/nova/conductor/manager.py:968}}
Jul 23 06:15:42.223976 np0000005723 nova-conductor[95816]: DEBUG oslo_concurrency.lockutils [None req-4c4681ef-69ee-4f97-8d88-b8776fdcada1 tempest-ServerActionsTestOtherA-1988571860 tempest-ServerActionsTestOtherA-1988571860-project-member] Acquiring lock "cb8094e3-d664-4dcc-8ceb-731497608f03" by "nova.context.set_target_cell..get_or_set_cached_cell_and_set_connections" {{(pid=95816) inner /opt/stack/data/venv/lib/python3.12/site-packages/oslo_concurrency/lockutils.py:512}}
Jul 23 06:15:42.224278 np0000005723 nova-conductor[95816]: DEBUG oslo_concurrency.lockutils [None req-4c4681ef-69ee-4f97-8d88-b8776fdcada1 tempest-ServerActionsTestOtherA-1988571860 tempest-ServerActionsTestOtherA-1988571860-project-member] Lock "cb8094e3-d664-4dcc-8ceb-731497608f03" acquired by "nova.context.set_target_cell..get_or_set_cached_cell_and_set_connections" :: waited 0.000s {{(pid=95816) inner /opt/stack/data/venv/lib/python3.12/site-packages/oslo_concurrency/lockutils.py:525}}
Jul 23 06:15:42.225721 np0000005723 nova-conductor[95816]: DEBUG oslo_concurrency.lockutils [None req-4c4681ef-69ee-4f97-8d88-b8776fdcada1 tempest-ServerActionsTestOtherA-1988571860 tempest-ServerActionsTestOtherA-1988571860-project-member] Lock "cb8094e3-d664-4dcc-8ceb-731497608f03" "released" by "nova.context.set_target_cell..get_or_set_cached_cell_and_set_connections" :: held 0.001s {{(pid=95816) inner /opt/stack/data/venv/lib/python3.12/site-packages/oslo_concurrency/lockutils.py:544}}
Jul 23 06:15:42.227601 np0000005723 nova-conductor[95816]: INFO dbcounter [None req-4c4681ef-69ee-4f97-8d88-b8776fdcada1 tempest-ServerActionsTestOtherA-1988571860 tempest-ServerActionsTestOtherA-1988571860-project-member] Registered counter for database nova_cell1
Jul 23 06:15:42.270873 np0000005723 nova-conductor[95816]: DEBUG oslo_db.sqlalchemy.engines [None req-4c4681ef-69ee-4f97-8d88-b8776fdcada1 tempest-ServerActionsTestOtherA-1988571860 tempest-ServerActionsTestOtherA-1988571860-project-member] MySQL server mode set to STRICT_TRANS_TABLES,STRICT_ALL_TABLES,NO_ZERO_IN_DATE,NO_ZERO_DATE,ERROR_FOR_DIVISION_BY_ZERO,TRADITIONAL,NO_ENGINE_SUBSTITUTION {{(pid=95816) _check_effective_sql_mode /opt/stack/data/venv/lib/python3.12/site-packages/oslo_db/sqlalchemy/engines.py:325}}
Jul 23 06:15:42.278677 np0000005723 nova-conductor[95816]: DEBUG dbcounter [-] [95816] Writer thread running {{(pid=95816) stat_writer /opt/stack/data/venv/lib/python3.12/site-packages/dbcounter.py:102}}
Jul 23 06:15:42.351497 np0000005723 nova-conductor[95816]: INFO nova.utils [None req-4c4681ef-69ee-4f97-8d88-b8776fdcada1 tempest-ServerActionsTestOtherA-1988571860 tempest-ServerActionsTestOtherA-1988571860-project-member] The cell worker thread pool ForkProcess-1.cell_worker is initialized
Jul 23 06:15:42.351913 np0000005723 nova-conductor[95816]: DEBUG oslo_concurrency.lockutils [None req-4c4681ef-69ee-4f97-8d88-b8776fdcada1 tempest-ServerActionsTestOtherA-1988571860 tempest-ServerActionsTestOtherA-1988571860-project-member] Acquiring lock "00000000-0000-0000-0000-000000000000" by "nova.context.set_target_cell..get_or_set_cached_cell_and_set_connections" {{(pid=95816) inner /opt/stack/data/venv/lib/python3.12/site-packages/oslo_concurrency/lockutils.py:512}}
Jul 23 06:15:42.352076 np0000005723 nova-conductor[95816]: DEBUG oslo_concurrency.lockutils [None req-4c4681ef-69ee-4f97-8d88-b8776fdcada1 tempest-ServerActionsTestOtherA-1988571860 tempest-ServerActionsTestOtherA-1988571860-project-member] Lock "00000000-0000-0000-0000-000000000000" acquired by "nova.context.set_target_cell..get_or_set_cached_cell_and_set_connections" :: waited 0.000s {{(pid=95816) inner /opt/stack/data/venv/lib/python3.12/site-packages/oslo_concurrency/lockutils.py:525}}
Jul 23 06:15:42.353007 np0000005723 nova-conductor[95816]: DEBUG oslo_concurrency.lockutils [None req-4c4681ef-69ee-4f97-8d88-b8776fdcada1 tempest-ServerActionsTestOtherA-1988571860 tempest-ServerActionsTestOtherA-1988571860-project-member] Lock "00000000-0000-0000-0000-000000000000" "released" by "nova.context.set_target_cell..get_or_set_cached_cell_and_set_connections" :: held 0.000s {{(pid=95816) inner /opt/stack/data/venv/lib/python3.12/site-packages/oslo_concurrency/lockutils.py:544}}
Jul 23 06:15:42.356666 np0000005723 nova-conductor[95816]: DEBUG oslo_concurrency.lockutils [None req-4c4681ef-69ee-4f97-8d88-b8776fdcada1 tempest-ServerActionsTestOtherA-1988571860 tempest-ServerActionsTestOtherA-1988571860-project-member] Acquiring lock "cb8094e3-d664-4dcc-8ceb-731497608f03" by "nova.context.set_target_cell..get_or_set_cached_cell_and_set_connections" {{(pid=95816) inner /opt/stack/data/venv/lib/python3.12/site-packages/oslo_concurrency/lockutils.py:512}}
Jul 23 06:15:42.356666 np0000005723 nova-conductor[95816]: DEBUG oslo_concurrency.lockutils [None req-4c4681ef-69ee-4f97-8d88-b8776fdcada1 tempest-ServerActionsTestOtherA-1988571860 tempest-ServerActionsTestOtherA-1988571860-project-member] Lock "cb8094e3-d664-4dcc-8ceb-731497608f03" acquired by "nova.context.set_target_cell..get_or_set_cached_cell_and_set_connections" :: waited 0.000s {{(pid=95816) inner /opt/stack/data/venv/lib/python3.12/site-packages/oslo_concurrency/lockutils.py:525}}
Jul 23 06:15:42.356666 np0000005723 nova-conductor[95816]: DEBUG oslo_concurrency.lockutils [None req-4c4681ef-69ee-4f97-8d88-b8776fdcada1 tempest-ServerActionsTestOtherA-1988571860 tempest-ServerActionsTestOtherA-1988571860-project-member] Lock "cb8094e3-d664-4dcc-8ceb-731497608f03" "released" by "nova.context.set_target_cell..get_or_set_cached_cell_and_set_connections" :: held 0.000s {{(pid=95816) inner /opt/stack/data/venv/lib/python3.12/site-packages/oslo_concurrency/lockutils.py:544}}
Jul 23 06:15:42.356666 np0000005723 nova-conductor[95816]: INFO dbcounter [None req-4c4681ef-69ee-4f97-8d88-b8776fdcada1 tempest-ServerActionsTestOtherA-1988571860 tempest-ServerActionsTestOtherA-1988571860-project-member] Registered counter for database nova_cell0
Jul 23 06:15:42.392683 np0000005723 nova-conductor[95816]: DEBUG oslo_db.sqlalchemy.engines [None req-4c4681ef-69ee-4f97-8d88-b8776fdcada1 tempest-ServerActionsTestOtherA-1988571860 tempest-ServerActionsTestOtherA-1988571860-project-member] MySQL server mode set to STRICT_TRANS_TABLES,STRICT_ALL_TABLES,NO_ZERO_IN_DATE,NO_ZERO_DATE,ERROR_FOR_DIVISION_BY_ZERO,TRADITIONAL,NO_ENGINE_SUBSTITUTION {{(pid=95816) _check_effective_sql_mode /opt/stack/data/venv/lib/python3.12/site-packages/oslo_db/sqlalchemy/engines.py:325}}
Jul 23 06:15:42.399859 np0000005723 nova-conductor[95816]: DEBUG dbcounter [-] [95816] Writer thread running {{(pid=95816) stat_writer /opt/stack/data/venv/lib/python3.12/site-packages/dbcounter.py:102}}
Jul 23 06:15:42.412895 np0000005723 nova-conductor[95816]: DEBUG nova.quota [None req-4c4681ef-69ee-4f97-8d88-b8776fdcada1 tempest-ServerActionsTestOtherA-1988571860 tempest-ServerActionsTestOtherA-1988571860-project-member] Getting quotas for project 87231f8057104eb48fe1746b9ba3d2cf. Resources: {'cores', 'ram', 'instances'} {{(pid=95816) _get_quotas /opt/stack/nova/nova/quota.py:389}}
Jul 23 06:15:42.416827 np0000005723 nova-conductor[95816]: DEBUG nova.quota [None req-4c4681ef-69ee-4f97-8d88-b8776fdcada1 tempest-ServerActionsTestOtherA-1988571860 tempest-ServerActionsTestOtherA-1988571860-project-member] Getting quotas for user 59530de28ae84d82b69ce767c3aeaef2 and project 87231f8057104eb48fe1746b9ba3d2cf. Resources: {'cores', 'ram', 'instances'} {{(pid=95816) _get_quotas /opt/stack/nova/nova/quota.py:379}}
Jul 23 06:15:42.423831 np0000005723 nova-conductor[95816]: DEBUG nova.conductor.manager [None req-4c4681ef-69ee-4f97-8d88-b8776fdcada1 tempest-ServerActionsTestOtherA-1988571860 tempest-ServerActionsTestOtherA-1988571860-project-member] [instance: 3ece1f59-62ee-4bb9-b016-306d8bc86122] Selected host: np0000005723; Selected node: np0000005723; Alternates: [] {{(pid=95816) schedule_and_build_instances /opt/stack/nova/nova/conductor/manager.py:1784}}
Jul 23 06:15:42.424353 np0000005723 nova-conductor[95816]: DEBUG oslo_concurrency.lockutils [None req-4c4681ef-69ee-4f97-8d88-b8776fdcada1 tempest-ServerActionsTestOtherA-1988571860 tempest-ServerActionsTestOtherA-1988571860-project-member] Acquiring lock "cb8094e3-d664-4dcc-8ceb-731497608f03" by "nova.context.set_target_cell..get_or_set_cached_cell_and_set_connections" {{(pid=95816) inner /opt/stack/data/venv/lib/python3.12/site-packages/oslo_concurrency/lockutils.py:512}}
Jul 23 06:15:42.424544 np0000005723 nova-conductor[95816]: DEBUG oslo_concurrency.lockutils [None req-4c4681ef-69ee-4f97-8d88-b8776fdcada1 tempest-ServerActionsTestOtherA-1988571860 tempest-ServerActionsTestOtherA-1988571860-project-member] Lock "cb8094e3-d664-4dcc-8ceb-731497608f03" acquired by "nova.context.set_target_cell..get_or_set_cached_cell_and_set_connections" :: waited 0.000s {{(pid=95816) inner /opt/stack/data/venv/lib/python3.12/site-packages/oslo_concurrency/lockutils.py:525}}
Jul 23 06:15:42.424664 np0000005723 nova-conductor[95816]: DEBUG oslo_concurrency.lockutils [None req-4c4681ef-69ee-4f97-8d88-b8776fdcada1 tempest-ServerActionsTestOtherA-1988571860 tempest-ServerActionsTestOtherA-1988571860-project-member] Lock "cb8094e3-d664-4dcc-8ceb-731497608f03" "released" by "nova.context.set_target_cell..get_or_set_cached_cell_and_set_connections" :: held 0.000s {{(pid=95816) inner /opt/stack/data/venv/lib/python3.12/site-packages/oslo_concurrency/lockutils.py:544}}
Jul 23 06:15:42.433177 np0000005723 nova-conductor[95816]: DEBUG nova.conductor.manager [None req-4c4681ef-69ee-4f97-8d88-b8776fdcada1 tempest-ServerActionsTestOtherA-1988571860 tempest-ServerActionsTestOtherA-1988571860-project-member] [instance: 3ece1f59-62ee-4bb9-b016-306d8bc86122] block_device_mapping [BlockDeviceMapping(attachment_id=,boot_index=0,connection_info=None,created_at=,delete_on_termination=True,deleted=,deleted_at=,destination_type='local',device_name=None,device_type='disk',disk_bus=None,encrypted=False,encryption_format=None,encryption_options=None,encryption_secret_uuid=None,guest_format=None,id=,image_id='45d22555-9176-4426-a5d3-8dc6a73bca52',instance=,instance_uuid=,no_device=False,snapshot_id=None,source_type='image',tag=None,updated_at=,uuid=,volume_id=None,volume_size=None,volume_type=None)] {{(pid=95816) _create_block_device_mapping /opt/stack/nova/nova/conductor/manager.py:1529}}
Jul 23 06:15:42.435223 np0000005723 nova-conductor[95816]: DEBUG oslo_concurrency.lockutils [None req-4c4681ef-69ee-4f97-8d88-b8776fdcada1 tempest-ServerActionsTestOtherA-1988571860 tempest-ServerActionsTestOtherA-1988571860-project-member] Acquiring lock "cb8094e3-d664-4dcc-8ceb-731497608f03" by "nova.context.set_target_cell..get_or_set_cached_cell_and_set_connections" {{(pid=95816) inner /opt/stack/data/venv/lib/python3.12/site-packages/oslo_concurrency/lockutils.py:512}}
Jul 23 06:15:42.435533 np0000005723 nova-conductor[95816]: DEBUG oslo_concurrency.lockutils [None req-4c4681ef-69ee-4f97-8d88-b8776fdcada1 tempest-ServerActionsTestOtherA-1988571860 tempest-ServerActionsTestOtherA-1988571860-project-member] Lock "cb8094e3-d664-4dcc-8ceb-731497608f03" acquired by "nova.context.set_target_cell..get_or_set_cached_cell_and_set_connections" :: waited 0.000s {{(pid=95816) inner /opt/stack/data/venv/lib/python3.12/site-packages/oslo_concurrency/lockutils.py:525}}
Jul 23 06:15:42.439344 np0000005723 nova-conductor[95816]: DEBUG oslo_concurrency.lockutils [None req-4c4681ef-69ee-4f97-8d88-b8776fdcada1 tempest-ServerActionsTestOtherA-1988571860 tempest-ServerActionsTestOtherA-1988571860-project-member] Lock "cb8094e3-d664-4dcc-8ceb-731497608f03" "released" by "nova.context.set_target_cell..get_or_set_cached_cell_and_set_connections" :: held 0.000s {{(pid=95816) inner /opt/stack/data/venv/lib/python3.12/site-packages/oslo_concurrency/lockutils.py:544}}
Jul 23 06:15:42.490833 np0000005723 nova-conductor[95816]: DEBUG oslo_concurrency.lockutils [None req-4c4681ef-69ee-4f97-8d88-b8776fdcada1 tempest-ServerActionsTestOtherA-1988571860 tempest-ServerActionsTestOtherA-1988571860-project-member] Acquiring lock "cb8094e3-d664-4dcc-8ceb-731497608f03" by "nova.context.set_target_cell..get_or_set_cached_cell_and_set_connections" {{(pid=95816) inner /opt/stack/data/venv/lib/python3.12/site-packages/oslo_concurrency/lockutils.py:512}}
Jul 23 06:15:42.490903 np0000005723 nova-conductor[95816]: DEBUG oslo_concurrency.lockutils [None req-4c4681ef-69ee-4f97-8d88-b8776fdcada1 tempest-ServerActionsTestOtherA-1988571860 tempest-ServerActionsTestOtherA-1988571860-project-member] Lock "cb8094e3-d664-4dcc-8ceb-731497608f03" acquired by "nova.context.set_target_cell..get_or_set_cached_cell_and_set_connections" :: waited 0.000s {{(pid=95816) inner /opt/stack/data/venv/lib/python3.12/site-packages/oslo_concurrency/lockutils.py:525}}
Jul 23 06:15:42.491172 np0000005723 nova-conductor[95816]: DEBUG oslo_concurrency.lockutils [None req-4c4681ef-69ee-4f97-8d88-b8776fdcada1 tempest-ServerActionsTestOtherA-1988571860 tempest-ServerActionsTestOtherA-1988571860-project-member] Lock "cb8094e3-d664-4dcc-8ceb-731497608f03" "released" by "nova.context.set_target_cell..get_or_set_cached_cell_and_set_connections" :: held 0.000s {{(pid=95816) inner /opt/stack/data/venv/lib/python3.12/site-packages/oslo_concurrency/lockutils.py:544}}
Jul 23 06:15:42.491397 np0000005723 nova-conductor[95816]: DEBUG oslo_concurrency.lockutils [None req-4c4681ef-69ee-4f97-8d88-b8776fdcada1 tempest-ServerActionsTestOtherA-1988571860 tempest-ServerActionsTestOtherA-1988571860-project-member] Acquiring lock "compute-rpcapi-router" {{(pid=95816) lock /opt/stack/data/venv/lib/python3.12/site-packages/oslo_concurrency/lockutils.py:396}}
Jul 23 06:15:42.491519 np0000005723 nova-conductor[95816]: DEBUG oslo_concurrency.lockutils [None req-4c4681ef-69ee-4f97-8d88-b8776fdcada1 tempest-ServerActionsTestOtherA-1988571860 tempest-ServerActionsTestOtherA-1988571860-project-member] Acquired lock "compute-rpcapi-router" {{(pid=95816) lock /opt/stack/data/venv/lib/python3.12/site-packages/oslo_concurrency/lockutils.py:399}}
Jul 23 06:15:42.491956 np0000005723 nova-conductor[95816]: DEBUG oslo_concurrency.lockutils [None req-7ccb1ef9-8f54-4ce5-9eb1-7d1163498868 None None] Acquiring lock "00000000-0000-0000-0000-000000000000" by "nova.context.set_target_cell..get_or_set_cached_cell_and_set_connections" {{(pid=95816) inner /opt/stack/data/venv/lib/python3.12/site-packages/oslo_concurrency/lockutils.py:512}}
Jul 23 06:15:42.492133 np0000005723 nova-conductor[95816]: DEBUG oslo_concurrency.lockutils [None req-7ccb1ef9-8f54-4ce5-9eb1-7d1163498868 None None] Lock "00000000-0000-0000-0000-000000000000" acquired by "nova.context.set_target_cell..get_or_set_cached_cell_and_set_connections" :: waited 0.000s {{(pid=95816) inner /opt/stack/data/venv/lib/python3.12/site-packages/oslo_concurrency/lockutils.py:525}}
Jul 23 06:15:42.492186 np0000005723 nova-conductor[95816]: DEBUG oslo_concurrency.lockutils [None req-7ccb1ef9-8f54-4ce5-9eb1-7d1163498868 None None] Lock "00000000-0000-0000-0000-000000000000" "released" by "nova.context.set_target_cell..get_or_set_cached_cell_and_set_connections" :: held 0.000s {{(pid=95816) inner /opt/stack/data/venv/lib/python3.12/site-packages/oslo_concurrency/lockutils.py:544}}
Jul 23 06:15:42.496057 np0000005723 nova-conductor[95816]: DEBUG oslo_concurrency.lockutils [None req-7ccb1ef9-8f54-4ce5-9eb1-7d1163498868 None None] Acquiring lock "cb8094e3-d664-4dcc-8ceb-731497608f03" by "nova.context.set_target_cell..get_or_set_cached_cell_and_set_connections" {{(pid=95816) inner /opt/stack/data/venv/lib/python3.12/site-packages/oslo_concurrency/lockutils.py:512}}
Jul 23 06:15:42.496057 np0000005723 nova-conductor[95816]: DEBUG oslo_concurrency.lockutils [None req-7ccb1ef9-8f54-4ce5-9eb1-7d1163498868 None None] Lock "cb8094e3-d664-4dcc-8ceb-731497608f03" acquired by "nova.context.set_target_cell..get_or_set_cached_cell_and_set_connections" :: waited 0.000s {{(pid=95816) inner /opt/stack/data/venv/lib/python3.12/site-packages/oslo_concurrency/lockutils.py:525}}
Jul 23 06:15:42.496057 np0000005723 nova-conductor[95816]: DEBUG oslo_concurrency.lockutils [None req-7ccb1ef9-8f54-4ce5-9eb1-7d1163498868 None None] Lock "cb8094e3-d664-4dcc-8ceb-731497608f03" "released" by "nova.context.set_target_cell..get_or_set_cached_cell_and_set_connections" :: held 0.000s {{(pid=95816) inner /opt/stack/data/venv/lib/python3.12/site-packages/oslo_concurrency/lockutils.py:544}}
Jul 23 06:15:42.504528 np0000005723 nova-conductor[95816]: INFO nova.compute.rpcapi [None req-7ccb1ef9-8f54-4ce5-9eb1-7d1163498868 None None] Automatically selected compute RPC version 6.5 from minimum service version 72
Jul 23 06:15:42.505068 np0000005723 nova-conductor[95816]: DEBUG oslo_concurrency.lockutils [None req-7ccb1ef9-8f54-4ce5-9eb1-7d1163498868 None None] Releasing lock "compute-rpcapi-router" {{(pid=95816) lock /opt/stack/data/venv/lib/python3.12/site-packages/oslo_concurrency/lockutils.py:419}}
Jul 23 06:15:47.923310 np0000005723 nova-conductor[95825]: DEBUG oslo.service.backend._threading.loopingcall [None req-d41a6a23-e281-413e-8327-46ee5481cfbe None None] Dynamic interval looping call 'nova.service.Service.periodic_tasks' sleeping for 60.00 seconds {{(pid=95825) _run_loop /opt/stack/data/venv/lib/python3.12/site-packages/oslo_service/backend/_threading/loopingcall.py:125}}
Jul 23 06:15:51.545767 np0000005723 nova-conductor[95825]: DEBUG dbcounter [-] [95825] Writer thread running {{(pid=95825) stat_writer /opt/stack/data/venv/lib/python3.12/site-packages/dbcounter.py:102}}
Jul 23 06:15:51.968725 np0000005723 nova-conductor[95825]: DEBUG nova.conductor.manager [None req-6414286d-8d71-484e-ac82-106fe543d5d5 tempest-ServerActionsV293TestJSON-907393484 tempest-ServerActionsV293TestJSON-907393484-project-member] Took 0.42 seconds to select destinations for 1 instance(s). {{(pid=95825) _schedule_instances /opt/stack/nova/nova/conductor/manager.py:968}}
Jul 23 06:15:52.009339 np0000005723 nova-conductor[95825]: DEBUG oslo_concurrency.lockutils [None req-6414286d-8d71-484e-ac82-106fe543d5d5 tempest-ServerActionsV293TestJSON-907393484 tempest-ServerActionsV293TestJSON-907393484-project-member] Acquiring lock "cb8094e3-d664-4dcc-8ceb-731497608f03" by "nova.context.set_target_cell..get_or_set_cached_cell_and_set_connections" {{(pid=95825) inner /opt/stack/data/venv/lib/python3.12/site-packages/oslo_concurrency/lockutils.py:512}}
Jul 23 06:15:52.009692 np0000005723 nova-conductor[95825]: DEBUG oslo_concurrency.lockutils [None req-6414286d-8d71-484e-ac82-106fe543d5d5 tempest-ServerActionsV293TestJSON-907393484 tempest-ServerActionsV293TestJSON-907393484-project-member] Lock "cb8094e3-d664-4dcc-8ceb-731497608f03" acquired by "nova.context.set_target_cell..get_or_set_cached_cell_and_set_connections" :: waited 0.000s {{(pid=95825) inner /opt/stack/data/venv/lib/python3.12/site-packages/oslo_concurrency/lockutils.py:525}}
Jul 23 06:15:52.011954 np0000005723 nova-conductor[95825]: DEBUG oslo_concurrency.lockutils [None req-6414286d-8d71-484e-ac82-106fe543d5d5 tempest-ServerActionsV293TestJSON-907393484 tempest-ServerActionsV293TestJSON-907393484-project-member] Lock "cb8094e3-d664-4dcc-8ceb-731497608f03" "released" by "nova.context.set_target_cell..get_or_set_cached_cell_and_set_connections" :: held 0.002s {{(pid=95825) inner /opt/stack/data/venv/lib/python3.12/site-packages/oslo_concurrency/lockutils.py:544}}
Jul 23 06:15:52.014133 np0000005723 nova-conductor[95825]: INFO dbcounter [None req-6414286d-8d71-484e-ac82-106fe543d5d5 tempest-ServerActionsV293TestJSON-907393484 tempest-ServerActionsV293TestJSON-907393484-project-member] Registered counter for database nova_cell1
Jul 23 06:15:52.054663 np0000005723 nova-conductor[95825]: DEBUG oslo_db.sqlalchemy.engines [None req-6414286d-8d71-484e-ac82-106fe543d5d5 tempest-ServerActionsV293TestJSON-907393484 tempest-ServerActionsV293TestJSON-907393484-project-member] MySQL server mode set to STRICT_TRANS_TABLES,STRICT_ALL_TABLES,NO_ZERO_IN_DATE,NO_ZERO_DATE,ERROR_FOR_DIVISION_BY_ZERO,TRADITIONAL,NO_ENGINE_SUBSTITUTION {{(pid=95825) _check_effective_sql_mode /opt/stack/data/venv/lib/python3.12/site-packages/oslo_db/sqlalchemy/engines.py:325}}
Jul 23 06:15:52.062690 np0000005723 nova-conductor[95825]: DEBUG dbcounter [-] [95825] Writer thread running {{(pid=95825) stat_writer /opt/stack/data/venv/lib/python3.12/site-packages/dbcounter.py:102}}
Jul 23 06:15:52.122607 np0000005723 nova-conductor[95825]: INFO nova.utils [None req-6414286d-8d71-484e-ac82-106fe543d5d5 tempest-ServerActionsV293TestJSON-907393484 tempest-ServerActionsV293TestJSON-907393484-project-member] The cell worker thread pool ForkProcess-2.cell_worker is initialized
Jul 23 06:15:52.123232 np0000005723 nova-conductor[95825]: DEBUG oslo_concurrency.lockutils [None req-6414286d-8d71-484e-ac82-106fe543d5d5 tempest-ServerActionsV293TestJSON-907393484 tempest-ServerActionsV293TestJSON-907393484-project-member] Acquiring lock "00000000-0000-0000-0000-000000000000" by "nova.context.set_target_cell..get_or_set_cached_cell_and_set_connections" {{(pid=95825) inner /opt/stack/data/venv/lib/python3.12/site-packages/oslo_concurrency/lockutils.py:512}}
Jul 23 06:15:52.123601 np0000005723 nova-conductor[95825]: DEBUG oslo_concurrency.lockutils [None req-6414286d-8d71-484e-ac82-106fe543d5d5 tempest-ServerActionsV293TestJSON-907393484 tempest-ServerActionsV293TestJSON-907393484-project-member] Lock "00000000-0000-0000-0000-000000000000" acquired by "nova.context.set_target_cell..get_or_set_cached_cell_and_set_connections" :: waited 0.000s {{(pid=95825) inner /opt/stack/data/venv/lib/python3.12/site-packages/oslo_concurrency/lockutils.py:525}}
Jul 23 06:15:52.124027 np0000005723 nova-conductor[95825]: DEBUG oslo_concurrency.lockutils [None req-6414286d-8d71-484e-ac82-106fe543d5d5 tempest-ServerActionsV293TestJSON-907393484 tempest-ServerActionsV293TestJSON-907393484-project-member] Lock "00000000-0000-0000-0000-000000000000" "released" by "nova.context.set_target_cell..get_or_set_cached_cell_and_set_connections" :: held 0.000s {{(pid=95825) inner /opt/stack/data/venv/lib/python3.12/site-packages/oslo_concurrency/lockutils.py:544}}
Jul 23 06:15:52.124714 np0000005723 nova-conductor[95825]: DEBUG oslo_concurrency.lockutils [None req-6414286d-8d71-484e-ac82-106fe543d5d5 tempest-ServerActionsV293TestJSON-907393484 tempest-ServerActionsV293TestJSON-907393484-project-member] Acquiring lock "cb8094e3-d664-4dcc-8ceb-731497608f03" by "nova.context.set_target_cell..get_or_set_cached_cell_and_set_connections" {{(pid=95825) inner /opt/stack/data/venv/lib/python3.12/site-packages/oslo_concurrency/lockutils.py:512}}
Jul 23 06:15:52.126198 np0000005723 nova-conductor[95825]: INFO dbcounter [None req-6414286d-8d71-484e-ac82-106fe543d5d5 tempest-ServerActionsV293TestJSON-907393484 tempest-ServerActionsV293TestJSON-907393484-project-member] Registered counter for database nova_cell0
Jul 23 06:15:52.128094 np0000005723 nova-conductor[95825]: DEBUG oslo_concurrency.lockutils [None req-6414286d-8d71-484e-ac82-106fe543d5d5 tempest-ServerActionsV293TestJSON-907393484 tempest-ServerActionsV293TestJSON-907393484-project-member] Lock "cb8094e3-d664-4dcc-8ceb-731497608f03" acquired by "nova.context.set_target_cell..get_or_set_cached_cell_and_set_connections" :: waited 0.001s {{(pid=95825) inner /opt/stack/data/venv/lib/python3.12/site-packages/oslo_concurrency/lockutils.py:525}}
Jul 23 06:15:52.128094 np0000005723 nova-conductor[95825]: DEBUG oslo_concurrency.lockutils [None req-6414286d-8d71-484e-ac82-106fe543d5d5 tempest-ServerActionsV293TestJSON-907393484 tempest-ServerActionsV293TestJSON-907393484-project-member] Lock "cb8094e3-d664-4dcc-8ceb-731497608f03" "released" by "nova.context.set_target_cell..get_or_set_cached_cell_and_set_connections" :: held 0.002s {{(pid=95825) inner /opt/stack/data/venv/lib/python3.12/site-packages/oslo_concurrency/lockutils.py:544}}
