Jul 23 06:12:18.396098 np0000005723 devstack@neutron-api.service[87678]: INFO neutron.plugins.ml2.drivers.ovn.mech_driver.ovsdb.impl_idl_ovn [None req-0a7e7a20-8bda-4afe-9953-b98341675a8d None None] Getting OvsdbSbOvnIdl for WorkerService with retry
Jul 23 06:12:18.408286 np0000005723 devstack@neutron-api.service[87677]: DEBUG ovsdbapp.backend.ovs_idl [None req-dca5776e-1008-4817-a1f2-f4c46bfa697e None None] Created lookup_table index Chassis.name {{(pid=87677) autocreate_indices /opt/stack/data/venv/lib/python3.12/site-packages/ovsdbapp/backend/ovs_idl/__init__.py:87}}
Jul 23 06:12:18.408467 np0000005723 devstack@neutron-api.service[87677]: DEBUG ovsdbapp.backend.ovs_idl [None req-dca5776e-1008-4817-a1f2-f4c46bfa697e None None] Created lookup_table index Port_Binding.logical_port {{(pid=87677) autocreate_indices /opt/stack/data/venv/lib/python3.12/site-packages/ovsdbapp/backend/ovs_idl/__init__.py:87}}
Jul 23 06:12:18.408624 np0000005723 devstack@neutron-api.service[87677]: DEBUG ovsdbapp.backend.ovs_idl [None req-dca5776e-1008-4817-a1f2-f4c46bfa697e None None] Created schema index Chassis_Private.name {{(pid=87677) autocreate_indices /opt/stack/data/venv/lib/python3.12/site-packages/ovsdbapp/backend/ovs_idl/__init__.py:106}}
Jul 23 06:12:18.408756 np0000005723 devstack@neutron-api.service[87677]: DEBUG ovsdbapp.backend.ovs_idl [None req-dca5776e-1008-4817-a1f2-f4c46bfa697e None None] Created schema index Datapath_Binding.tunnel_key {{(pid=87677) autocreate_indices /opt/stack/data/venv/lib/python3.12/site-packages/ovsdbapp/backend/ovs_idl/__init__.py:106}}
Jul 23 06:12:18.411940 np0000005723 devstack@neutron-api.service[87677]: INFO ovsdbapp.backend.ovs_idl.vlog [None req-dca5776e-1008-4817-a1f2-f4c46bfa697e None None] ssl:10.4.3.184:6642: connecting...
Jul 23 06:12:18.417047 np0000005723 devstack@neutron-api.service[87677]: INFO ovsdbapp.backend.ovs_idl.vlog [None req-dca5776e-1008-4817-a1f2-f4c46bfa697e None None] ssl:10.4.3.184:6642: connected
Jul 23 06:12:18.425751 np0000005723 devstack@neutron-api.service[87678]: DEBUG ovsdbapp.backend.ovs_idl [None req-0a7e7a20-8bda-4afe-9953-b98341675a8d None None] Created lookup_table index Chassis.name {{(pid=87678) autocreate_indices /opt/stack/data/venv/lib/python3.12/site-packages/ovsdbapp/backend/ovs_idl/__init__.py:87}}
Jul 23 06:12:18.425899 np0000005723 devstack@neutron-api.service[87678]: DEBUG ovsdbapp.backend.ovs_idl [None req-0a7e7a20-8bda-4afe-9953-b98341675a8d None None] Created lookup_table index Port_Binding.logical_port {{(pid=87678) autocreate_indices /opt/stack/data/venv/lib/python3.12/site-packages/ovsdbapp/backend/ovs_idl/__init__.py:87}}
Jul 23 06:12:18.426038 np0000005723 devstack@neutron-api.service[87678]: DEBUG ovsdbapp.backend.ovs_idl [None req-0a7e7a20-8bda-4afe-9953-b98341675a8d None None] Created schema index Chassis_Private.name {{(pid=87678) autocreate_indices /opt/stack/data/venv/lib/python3.12/site-packages/ovsdbapp/backend/ovs_idl/__init__.py:106}}
Jul 23 06:12:18.426192 np0000005723 devstack@neutron-api.service[87678]: DEBUG ovsdbapp.backend.ovs_idl [None req-0a7e7a20-8bda-4afe-9953-b98341675a8d None None] Created schema index Datapath_Binding.tunnel_key {{(pid=87678) autocreate_indices /opt/stack/data/venv/lib/python3.12/site-packages/ovsdbapp/backend/ovs_idl/__init__.py:106}}
Jul 23 06:12:18.428990 np0000005723 devstack@neutron-api.service[87678]: INFO ovsdbapp.backend.ovs_idl.vlog [None req-0a7e7a20-8bda-4afe-9953-b98341675a8d None None] ssl:10.4.3.184:6642: connecting...
Jul 23 06:12:18.434341 np0000005723 devstack@neutron-api.service[87678]: INFO ovsdbapp.backend.ovs_idl.vlog [None req-0a7e7a20-8bda-4afe-9953-b98341675a8d None None] ssl:10.4.3.184:6642: connected
Jul 23 06:12:18.447777 np0000005723 devstack@neutron-api.service[87677]: DEBUG neutron.common.ovn.hash_ring_manager [None req-dca5776e-1008-4817-a1f2-f4c46bfa697e None None] Allow caching, nodes 3>=3 {{(pid=87677) _wait_startup_before_caching /opt/stack/neutron/neutron/common/ovn/hash_ring_manager.py:71}}
Jul 23 06:12:18.453020 np0000005723 devstack@neutron-api.service[87677]: DEBUG neutron.common.ovn.hash_ring_manager [None req-dca5776e-1008-4817-a1f2-f4c46bfa697e None None] Hash Ring loaded. 3 active nodes. 0 offline nodes {{(pid=87677) _load_hash_ring /opt/stack/neutron/neutron/common/ovn/hash_ring_manager.py:110}}
Jul 23 06:12:18.453837 np0000005723 devstack@neutron-api.service[87677]: DEBUG ovsdbapp.backend.ovs_idl.event [None req-dca5776e-1008-4817-a1f2-f4c46bfa697e None None] Matched CREATE: ChassisOVNAgentWriteEvent(events=('create', 'update'), table='Chassis_Private', conditions=None, old_conditions=None), priority=20 to row=Chassis_Private(uuid=597095a2-29c9-46fc-bb53-9bda31a7ce46, chassis=5a9725e5-52be-414e-b356-cf9ccf7da17e, external_ids={'neutron:ovn-bridge': 'br-int', 'neutron:ovn-neutron-agent-id': '476c7079-cb10-5d16-b862-3b56e5ec04db', 'neutron:ovn-neutron-agent-sb-cfg': '0'}, name='7aff9c3e-7ac6-487e-b321-81c7b7ea8d10', nb_cfg=0, nb_cfg_timestamp=0) old= {{(pid=87677) matches /opt/stack/data/venv/lib/python3.12/site-packages/ovsdbapp/backend/ovs_idl/event.py:55}}
Jul 23 06:12:18.453837 np0000005723 devstack@neutron-api.service[87677]: DEBUG ovsdbapp.backend.ovs_idl.event [None req-dca5776e-1008-4817-a1f2-f4c46bfa697e None None] Matched CREATE: ChassisAgentWriteEvent(events=('create', 'update'), table='Chassis_Private', conditions=None, old_conditions=None), priority=20 to row=Chassis_Private(uuid=597095a2-29c9-46fc-bb53-9bda31a7ce46, chassis=5a9725e5-52be-414e-b356-cf9ccf7da17e, external_ids={'neutron:ovn-bridge': 'br-int', 'neutron:ovn-neutron-agent-id': '476c7079-cb10-5d16-b862-3b56e5ec04db', 'neutron:ovn-neutron-agent-sb-cfg': '0'}, name='7aff9c3e-7ac6-487e-b321-81c7b7ea8d10', nb_cfg=0, nb_cfg_timestamp=0) old= {{(pid=87677) matches /opt/stack/data/venv/lib/python3.12/site-packages/ovsdbapp/backend/ovs_idl/event.py:55}}
Jul 23 06:12:18.455742 np0000005723 devstack@neutron-api.service[87677]: INFO neutron.plugins.ml2.drivers.ovn.mech_driver.mech_driver [None req-dca5776e-1008-4817-a1f2-f4c46bfa697e None None] WorkerService process has finished the post initialization
Jul 23 06:12:18.456119 np0000005723 devstack@neutron-api.service[87677]: DEBUG oslo_concurrency.processutils [None req-dca5776e-1008-4817-a1f2-f4c46bfa697e None None] Running cmd (subprocess): ovsdb-client transact ssl:10.4.3.184:6641 --timeout 180 -p /opt/stack/data/CA/int-ca/private/devstack-cert.key -c /opt/stack/data/CA/int-ca/devstack-cert.crt -C /opt/stack/data/CA/int-ca/ca-chain.pem ["OVN_Northbound", {"op": "wait", "timeout": 0, "table": "Port_Group", "where": [["name", "==", "pvlan_pg_drop"]], "until": "==", "rows": []}, {"op": "insert", "table": "ACL", "row": {"action": "drop", "direction": "to-lport", "match": "outport == @pvlan_pg_drop && ip", "priority": 1010}, "uuid-name": "pvlandroptoport"}, {"op": "insert", "table": "ACL", "row": {"action": "drop", "direction": "from-lport", "match": "inport == @pvlan_pg_drop && ip", "priority": 1010}, "uuid-name": "pvlandropfromport"}, {"op": "insert", "table": "Port_Group", "row": {"name": "pvlan_pg_drop", "acls": ["set", [["named-uuid", "pvlandroptoport"], ["named-uuid", "pvlandropfromport"]]]}}] {{(pid=87677) execute /opt/stack/data/venv/lib/python3.12/site-packages/oslo_concurrency/processutils.py:440}}
Jul 23 06:12:18.466529 np0000005723 devstack@neutron-api.service[87678]: DEBUG neutron.common.ovn.hash_ring_manager [None req-0a7e7a20-8bda-4afe-9953-b98341675a8d None None] Allow caching, nodes 3>=3 {{(pid=87678) _wait_startup_before_caching /opt/stack/neutron/neutron/common/ovn/hash_ring_manager.py:71}}
Jul 23 06:12:18.472050 np0000005723 devstack@neutron-api.service[87678]: DEBUG neutron.common.ovn.hash_ring_manager [None req-0a7e7a20-8bda-4afe-9953-b98341675a8d None None] Hash Ring loaded. 3 active nodes. 0 offline nodes {{(pid=87678) _load_hash_ring /opt/stack/neutron/neutron/common/ovn/hash_ring_manager.py:110}}
Jul 23 06:12:18.472781 np0000005723 devstack@neutron-api.service[87678]: DEBUG ovsdbapp.backend.ovs_idl.event [None req-0a7e7a20-8bda-4afe-9953-b98341675a8d None None] Matched CREATE: ChassisAgentWriteEvent(events=('create', 'update'), table='Chassis_Private', conditions=None, old_conditions=None), priority=20 to row=Chassis_Private(uuid=597095a2-29c9-46fc-bb53-9bda31a7ce46, chassis=5a9725e5-52be-414e-b356-cf9ccf7da17e, external_ids={'neutron:ovn-bridge': 'br-int', 'neutron:ovn-neutron-agent-id': '476c7079-cb10-5d16-b862-3b56e5ec04db', 'neutron:ovn-neutron-agent-sb-cfg': '0'}, name='7aff9c3e-7ac6-487e-b321-81c7b7ea8d10', nb_cfg=0, nb_cfg_timestamp=0) old= {{(pid=87678) matches /opt/stack/data/venv/lib/python3.12/site-packages/ovsdbapp/backend/ovs_idl/event.py:55}}
Jul 23 06:12:18.473337 np0000005723 devstack@neutron-api.service[87678]: DEBUG ovsdbapp.backend.ovs_idl.event [None req-0a7e7a20-8bda-4afe-9953-b98341675a8d None None] Matched CREATE: ChassisOVNAgentWriteEvent(events=('create', 'update'), table='Chassis_Private', conditions=None, old_conditions=None), priority=20 to row=Chassis_Private(uuid=597095a2-29c9-46fc-bb53-9bda31a7ce46, chassis=5a9725e5-52be-414e-b356-cf9ccf7da17e, external_ids={'neutron:ovn-bridge': 'br-int', 'neutron:ovn-neutron-agent-id': '476c7079-cb10-5d16-b862-3b56e5ec04db', 'neutron:ovn-neutron-agent-sb-cfg': '0'}, name='7aff9c3e-7ac6-487e-b321-81c7b7ea8d10', nb_cfg=0, nb_cfg_timestamp=0) old= {{(pid=87678) matches /opt/stack/data/venv/lib/python3.12/site-packages/ovsdbapp/backend/ovs_idl/event.py:55}}
Jul 23 06:12:18.473744 np0000005723 devstack@neutron-api.service[87678]: DEBUG neutron.plugins.ml2.drivers.ovn.mech_driver.ovsdb.ovsdb_monitor [None req-0a7e7a20-8bda-4afe-9953-b98341675a8d None None] Hash Ring: Node ba5db209f4bc5420ab772070cb9b139d (host: np0000005723) handling event "create" for row 597095a2-29c9-46fc-bb53-9bda31a7ce46 (table: Chassis_Private) {{(pid=87678) notify /opt/stack/neutron/neutron/plugins/ml2/drivers/ovn/mech_driver/ovsdb/ovsdb_monitor.py:1013}}
Jul 23 06:12:18.475698 np0000005723 devstack@neutron-api.service[87678]: INFO neutron.plugins.ml2.drivers.ovn.mech_driver.mech_driver [None req-0a7e7a20-8bda-4afe-9953-b98341675a8d None None] WorkerService process has finished the post initialization
Jul 23 06:12:18.476131 np0000005723 devstack@neutron-api.service[87678]: DEBUG oslo_concurrency.processutils [None req-0a7e7a20-8bda-4afe-9953-b98341675a8d None None] Running cmd (subprocess): ovsdb-client transact ssl:10.4.3.184:6641 --timeout 180 -p /opt/stack/data/CA/int-ca/private/devstack-cert.key -c /opt/stack/data/CA/int-ca/devstack-cert.crt -C /opt/stack/data/CA/int-ca/ca-chain.pem ["OVN_Northbound", {"op": "wait", "timeout": 0, "table": "Port_Group", "where": [["name", "==", "pvlan_pg_drop"]], "until": "==", "rows": []}, {"op": "insert", "table": "ACL", "row": {"action": "drop", "direction": "to-lport", "match": "outport == @pvlan_pg_drop && ip", "priority": 1010}, "uuid-name": "pvlandroptoport"}, {"op": "insert", "table": "ACL", "row": {"action": "drop", "direction": "from-lport", "match": "inport == @pvlan_pg_drop && ip", "priority": 1010}, "uuid-name": "pvlandropfromport"}, {"op": "insert", "table": "Port_Group", "row": {"name": "pvlan_pg_drop", "acls": ["set", [["named-uuid", "pvlandroptoport"], ["named-uuid", "pvlandropfromport"]]]}}] {{(pid=87678) execute /opt/stack/data/venv/lib/python3.12/site-packages/oslo_concurrency/processutils.py:440}}
Jul 23 06:12:18.485922 np0000005723 devstack@neutron-api.service[87677]: DEBUG oslo_concurrency.processutils [None req-dca5776e-1008-4817-a1f2-f4c46bfa697e None None] CMD "ovsdb-client transact ssl:10.4.3.184:6641 --timeout 180 -p /opt/stack/data/CA/int-ca/private/devstack-cert.key -c /opt/stack/data/CA/int-ca/devstack-cert.crt -C /opt/stack/data/CA/int-ca/ca-chain.pem ["OVN_Northbound", {"op": "wait", "timeout": 0, "table": "Port_Group", "where": [["name", "==", "pvlan_pg_drop"]], "until": "==", "rows": []}, {"op": "insert", "table": "ACL", "row": {"action": "drop", "direction": "to-lport", "match": "outport == @pvlan_pg_drop && ip", "priority": 1010}, "uuid-name": "pvlandroptoport"}, {"op": "insert", "table": "ACL", "row": {"action": "drop", "direction": "from-lport", "match": "inport == @pvlan_pg_drop && ip", "priority": 1010}, "uuid-name": "pvlandropfromport"}, {"op": "insert", "table": "Port_Group", "row": {"name": "pvlan_pg_drop", "acls": ["set", [["named-uuid", "pvlandroptoport"], ["named-uuid", "pvlandropfromport"]]]}}]" returned: 0 in 0.029s {{(pid=87677) execute /opt/stack/data/venv/lib/python3.12/site-packages/oslo_concurrency/processutils.py:468}}
Jul 23 06:12:18.488103 np0000005723 devstack@neutron-api.service[87677]: WSGI app 0 (mountpoint='') ready in 8 seconds on interpreter 0x7c5bdb0a4668 pid: 87677 (default app)
Jul 23 06:12:18.503389 np0000005723 devstack@neutron-api.service[87678]: DEBUG oslo_concurrency.processutils [None req-0a7e7a20-8bda-4afe-9953-b98341675a8d None None] CMD "ovsdb-client transact ssl:10.4.3.184:6641 --timeout 180 -p /opt/stack/data/CA/int-ca/private/devstack-cert.key -c /opt/stack/data/CA/int-ca/devstack-cert.crt -C /opt/stack/data/CA/int-ca/ca-chain.pem ["OVN_Northbound", {"op": "wait", "timeout": 0, "table": "Port_Group", "where": [["name", "==", "pvlan_pg_drop"]], "until": "==", "rows": []}, {"op": "insert", "table": "ACL", "row": {"action": "drop", "direction": "to-lport", "match": "outport == @pvlan_pg_drop && ip", "priority": 1010}, "uuid-name": "pvlandroptoport"}, {"op": "insert", "table": "ACL", "row": {"action": "drop", "direction": "from-lport", "match": "inport == @pvlan_pg_drop && ip", "priority": 1010}, "uuid-name": "pvlandropfromport"}, {"op": "insert", "table": "Port_Group", "row": {"name": "pvlan_pg_drop", "acls": ["set", [["named-uuid", "pvlandroptoport"], ["named-uuid", "pvlandropfromport"]]]}}]" returned: 0 in 0.027s {{(pid=87678) execute /opt/stack/data/venv/lib/python3.12/site-packages/oslo_concurrency/processutils.py:468}}
Jul 23 06:12:18.505132 np0000005723 devstack@neutron-api.service[87678]: WSGI app 0 (mountpoint='') ready in 8 seconds on interpreter 0x7c5bdb0a4668 pid: 87678 (default app)
Jul 23 06:12:19.789729 np0000005723 devstack@neutron-api.service[87677]: DEBUG neutron.plugins.ml2.drivers.ovn.mech_driver.ovsdb.ovsdb_monitor [-] Hash Ring: Node 9f7474d3988d5d5bb329f1b96a16d977 (host: np0000005723) handling event "update" for row 16e1afce-7b07-41bc-bfa2-d6254e083edc (table: Connection) {{(pid=87677) notify /opt/stack/neutron/neutron/plugins/ml2/drivers/ovn/mech_driver/ovsdb/ovsdb_monitor.py:1013}}
Jul 23 06:12:19.792661 np0000005723 devstack@neutron-api.service[87679]: DEBUG neutron.common.ovn.hash_ring_manager [-] Allow caching, nodes 3>=3 {{(pid=87679) _wait_startup_before_caching /opt/stack/neutron/neutron/common/ovn/hash_ring_manager.py:71}}
Jul 23 06:12:19.793085 np0000005723 devstack@neutron-api.service[87679]: DEBUG neutron.plugins.ml2.drivers.ovn.mech_driver.ovsdb.ovsdb_monitor [-] Hash Ring: Node a9a3ccb4a63e5c5fb424c3da6de4b3b0 (host: np0000005723) handling event "update" for row 16e1afce-7b07-41bc-bfa2-d6254e083edc (table: Connection) {{(pid=87679) notify /opt/stack/neutron/neutron/plugins/ml2/drivers/ovn/mech_driver/ovsdb/ovsdb_monitor.py:1013}}
Jul 23 06:12:22.291006 np0000005723 devstack@neutron-api.service[87677]: DEBUG neutron.plugins.ml2.drivers.ovn.mech_driver.ovsdb.ovsdb_monitor [-] Hash Ring: Node 9f7474d3988d5d5bb329f1b96a16d977 (host: np0000005723) handling event "update" for row 16e1afce-7b07-41bc-bfa2-d6254e083edc (table: Connection) {{(pid=87677) notify /opt/stack/neutron/neutron/plugins/ml2/drivers/ovn/mech_driver/ovsdb/ovsdb_monitor.py:1013}}
Jul 23 06:12:22.291936 np0000005723 devstack@neutron-api.service[87679]: DEBUG neutron.plugins.ml2.drivers.ovn.mech_driver.ovsdb.ovsdb_monitor [-] Hash Ring: Node a9a3ccb4a63e5c5fb424c3da6de4b3b0 (host: np0000005723) handling event "update" for row 16e1afce-7b07-41bc-bfa2-d6254e083edc (table: Connection) {{(pid=87679) notify /opt/stack/neutron/neutron/plugins/ml2/drivers/ovn/mech_driver/ovsdb/ovsdb_monitor.py:1013}}
Jul 23 06:12:22.763634 np0000005723 devstack@neutron-api.service[87679]: DEBUG neutron.api.wsgi [None req-565120e9-9f0e-4e1e-bce8-0709e5776e5b admin admin] Missing Content-Type {{(pid=87679) get_content_type /opt/stack/neutron/neutron/api/wsgi.py:80}}
Jul 23 06:12:22.764129 np0000005723 devstack@neutron-api.service[87679]: DEBUG neutron.api.wsgi [None req-565120e9-9f0e-4e1e-bce8-0709e5776e5b admin admin] https://10.4.3.184/networking/v2.0/extensions returned with HTTP 200 {{(pid=87679) __call__ /opt/stack/neutron/neutron/api/wsgi.py:540}}
Jul 23 06:12:22.764641 np0000005723 devstack@neutron-api.service[87679]: [pid: 87679|app: 0|req: 2/2] 10.4.3.184 () {64 vars in 1292 bytes} [Thu Jul 23 06:12:22 2026] GET /networking/v2.0/extensions => generated 16171 bytes in 602 msecs (HTTP/1.1 200) 4 headers in 159 bytes (1 switches on core 0)
Jul 23 06:12:23.177370 np0000005723 devstack@neutron-api.service[87677]: DEBUG neutron.api.v2.base [None req-fb0fb09d-520b-46d8-9a68-f047dd4db781 admin admin] Request body: {'subnetpool': {'name': 'shared-default-subnetpool-v4', 'shared': True, 'is_default': True, 'default_prefixlen': 26, 'prefixes': ['10.1.0.0/20']}} {{(pid=87677) prepare_request_body /opt/stack/neutron/neutron/api/v2/base.py:727}}
Jul 23 06:12:23.418925 np0000005723 devstack@neutron-api.service[87677]: DEBUG neutron.policy [None req-fb0fb09d-520b-46d8-9a68-f047dd4db781 admin admin] Loaded default policies from ['neutron'] under neutron.policies entry points {{(pid=87677) register_rules /opt/stack/neutron/neutron/policy.py:65}}
Jul 23 06:12:23.568614 np0000005723 devstack@neutron-api.service[87677]: DEBUG neutron_lib.callbacks.manager [None req-fb0fb09d-520b-46d8-9a68-f047dd4db781 admin admin] Publish callbacks ['neutron.objects.securitygroup.RbacNeutronDbObjectMixin.validate_rbac_policy_change-2322923556981', 'neutron.objects.address_group.RbacNeutronDbObjectMixin.validate_rbac_policy_change-2322923583788', 'neutron.objects.network.RbacNeutronDbObjectMixin.validate_rbac_policy_change-2322923601488', 'neutron.objects.qos.policy.RbacNeutronDbObjectMixin.validate_rbac_policy_change-2322923598667', 'neutron.objects.subnetpool.RbacNeutronDbObjectMixin.validate_rbac_policy_change-2322923631830', 'neutron.objects.address_scope.RbacNeutronDbObjectMixin.validate_rbac_policy_change-2322923633912', 'neutron.plugins.ml2.plugin.External_net_db_mixin._process_ext_policy_create-140950', 'neutron.plugins.ml2.plugin.NeutronDbPluginV2.validate_network_rbac_policy_change-384622'] for rbac-policy (None), before_create {{(pid=87677) _notify_loop /opt/stack/data/venv/lib/python3.12/site-packages/neutron_lib/callbacks/manager.py:184}}
Jul 23 06:12:23.616034 np0000005723 devstack@neutron-api.service[87677]: DEBUG neutron_lib.callbacks.manager [None req-fb0fb09d-520b-46d8-9a68-f047dd4db781 admin admin] Publish callbacks [] for subnetpool (None), before_response {{(pid=87677) _notify_loop /opt/stack/data/venv/lib/python3.12/site-packages/neutron_lib/callbacks/manager.py:184}}
Jul 23 06:12:23.616815 np0000005723 devstack@neutron-api.service[87677]: [pid: 87677|app: 0|req: 1/3] 10.4.3.184 () {68 vars in 1336 bytes} [Thu Jul 23 06:12:23 2026] POST /networking/v2.0/subnetpools => generated 533 bytes in 540 msecs (HTTP/1.1 201) 4 headers in 162 bytes (1 switches on core 0)
Jul 23 06:12:24.005681 np0000005723 devstack@neutron-api.service[87678]: DEBUG neutron.api.v2.base [None req-263ec25e-99aa-49b8-b5dd-83079fff48c5 admin admin] Request body: {'subnetpool': {'name': 'shared-default-subnetpool-v6', 'shared': True, 'is_default': True, 'default_prefixlen': 64, 'prefixes': ['fdaf:acac:3e6b::/56']}} {{(pid=87678) prepare_request_body /opt/stack/neutron/neutron/api/v2/base.py:727}}
Jul 23 06:12:24.157670 np0000005723 devstack@neutron-api.service[87678]: DEBUG neutron.policy [None req-263ec25e-99aa-49b8-b5dd-83079fff48c5 admin admin] Loaded default policies from ['neutron'] under neutron.policies entry points {{(pid=87678) register_rules /opt/stack/neutron/neutron/policy.py:65}}
Jul 23 06:12:24.283239 np0000005723 devstack@neutron-api.service[87678]: DEBUG neutron_lib.callbacks.manager [None req-263ec25e-99aa-49b8-b5dd-83079fff48c5 admin admin] Publish callbacks ['neutron.objects.securitygroup.RbacNeutronDbObjectMixin.validate_rbac_policy_change-2322923686916', 'neutron.objects.address_group.RbacNeutronDbObjectMixin.validate_rbac_policy_change-2322923746413', 'neutron.objects.network.RbacNeutronDbObjectMixin.validate_rbac_policy_change-2322923610218', 'neutron.objects.qos.policy.RbacNeutronDbObjectMixin.validate_rbac_policy_change-2322923636117', 'neutron.objects.subnetpool.RbacNeutronDbObjectMixin.validate_rbac_policy_change-2322923638916', 'neutron.objects.address_scope.RbacNeutronDbObjectMixin.validate_rbac_policy_change-2322923646040', 'neutron.plugins.ml2.plugin.External_net_db_mixin._process_ext_policy_create-1055091', 'neutron.plugins.ml2.plugin.NeutronDbPluginV2.validate_network_rbac_policy_change-1070763'] for rbac-policy (None), before_create {{(pid=87678) _notify_loop /opt/stack/data/venv/lib/python3.12/site-packages/neutron_lib/callbacks/manager.py:184}}
Jul 23 06:12:24.323594 np0000005723 devstack@neutron-api.service[87678]: DEBUG neutron_lib.callbacks.manager [None req-263ec25e-99aa-49b8-b5dd-83079fff48c5 admin admin] Publish callbacks [] for subnetpool (None), before_response {{(pid=87678) _notify_loop /opt/stack/data/venv/lib/python3.12/site-packages/neutron_lib/callbacks/manager.py:184}}
Jul 23 06:12:24.324278 np0000005723 devstack@neutron-api.service[87678]: [pid: 87678|app: 0|req: 1/4] 10.4.3.184 () {68 vars in 1336 bytes} [Thu Jul 23 06:12:23 2026] POST /networking/v2.0/subnetpools => generated 543 bytes in 427 msecs (HTTP/1.1 201) 4 headers in 162 bytes (1 switches on core 0)
Jul 23 06:12:24.587925 np0000005723 devstack@neutron-api.service[87679]: DEBUG neutron.api.v2.base [None req-f8763200-2297-4818-a67e-771c3291f7f9 admin admin] Request body: {'network': {'name': 'private', 'admin_state_up': True}} {{(pid=87679) prepare_request_body /opt/stack/neutron/neutron/api/v2/base.py:727}}
Jul 23 06:12:24.618546 np0000005723 devstack@neutron-api.service[87679]: DEBUG neutron.pecan_wsgi.hooks.quota_enforcement [None req-f8763200-2297-4818-a67e-771c3291f7f9 admin admin] Made reservation on behalf of 5a1d943435ce4dcc95d35bf480649afc for: {'network': 1} {{(pid=87679) before /opt/stack/neutron/neutron/pecan_wsgi/hooks/quota_enforcement.py:66}}
Jul 23 06:12:24.787215 np0000005723 devstack@neutron-api.service[87679]: DEBUG neutron.policy [None req-f8763200-2297-4818-a67e-771c3291f7f9 admin admin] Loaded default policies from ['neutron'] under neutron.policies entry points {{(pid=87679) register_rules /opt/stack/neutron/neutron/policy.py:65}}
Jul 23 06:12:24.900052 np0000005723 devstack@neutron-api.service[87679]: DEBUG neutron_lib.callbacks.manager [None req-f8763200-2297-4818-a67e-771c3291f7f9 admin admin] Publish callbacks ['neutron.plugins.ml2.plugin.SecurityGroupDbMixin._ensure_default_security_group_handler-428972'] for network (None), before_create {{(pid=87679) _notify_loop /opt/stack/data/venv/lib/python3.12/site-packages/neutron_lib/callbacks/manager.py:184}}
Jul 23 06:12:24.921623 np0000005723 devstack@neutron-api.service[87679]: DEBUG neutron_lib.callbacks.manager [None req-f8763200-2297-4818-a67e-771c3291f7f9 admin admin] Publish callbacks [] for security_group (None), before_create {{(pid=87679) _notify_loop /opt/stack/data/venv/lib/python3.12/site-packages/neutron_lib/callbacks/manager.py:184}}
Jul 23 06:12:25.055495 np0000005723 devstack@neutron-api.service[87679]: DEBUG neutron_lib.callbacks.manager [None req-f8763200-2297-4818-a67e-771c3291f7f9 admin admin] Publish callbacks ['neutron.plugins.ml2.drivers.ovn.mech_driver.mech_driver.OVNMechanismDriver._create_security_group_precommit-8145147'] for security_group (9fcd36a9-a426-4776-900e-7373b0757c57), precommit_create {{(pid=87679) _notify_loop /opt/stack/data/venv/lib/python3.12/site-packages/neutron_lib/callbacks/manager.py:184}}
Jul 23 06:12:25.055653 np0000005723 devstack@neutron-api.service[87679]: DEBUG neutron.db.ovn_revision_numbers_db [None req-f8763200-2297-4818-a67e-771c3291f7f9 admin admin] create_initial_revision uuid=9fcd36a9-a426-4776-900e-7373b0757c57, type=security_groups, rev=-1 {{(pid=87679) create_initial_revision /opt/stack/neutron/neutron/db/ovn_revision_numbers_db.py:98}}
Jul 23 06:12:25.058894 np0000005723 devstack@neutron-api.service[87679]: DEBUG neutron.db.ovn_revision_numbers_db [None req-f8763200-2297-4818-a67e-771c3291f7f9 admin admin] create_initial_revision uuid=0ea6610d-6662-4671-9769-b9357c9df858, type=security_group_rules, rev=-1 {{(pid=87679) create_initial_revision /opt/stack/neutron/neutron/db/ovn_revision_numbers_db.py:98}}
Jul 23 06:12:25.060222 np0000005723 devstack@neutron-api.service[87679]: DEBUG neutron.db.ovn_revision_numbers_db [None req-f8763200-2297-4818-a67e-771c3291f7f9 admin admin] create_initial_revision uuid=62a75202-de82-40fc-ae45-1f36fc8bdc75, type=security_group_rules, rev=-1 {{(pid=87679) create_initial_revision /opt/stack/neutron/neutron/db/ovn_revision_numbers_db.py:98}}
Jul 23 06:12:25.061415 np0000005723 devstack@neutron-api.service[87679]: DEBUG neutron.db.ovn_revision_numbers_db [None req-f8763200-2297-4818-a67e-771c3291f7f9 admin admin] create_initial_revision uuid=7440991f-5f14-4013-b2e4-1e114dfcbd77, type=security_group_rules, rev=-1 {{(pid=87679) create_initial_revision /opt/stack/neutron/neutron/db/ovn_revision_numbers_db.py:98}}
Jul 23 06:12:25.062697 np0000005723 devstack@neutron-api.service[87679]: DEBUG neutron.db.ovn_revision_numbers_db [None req-f8763200-2297-4818-a67e-771c3291f7f9 admin admin] create_initial_revision uuid=a1b8ce18-cf27-48be-810b-46981134d17e, type=security_group_rules, rev=-1 {{(pid=87679) create_initial_revision /opt/stack/neutron/neutron/db/ovn_revision_numbers_db.py:98}}
Jul 23 06:12:25.067076 np0000005723 devstack@neutron-api.service[87679]: DEBUG neutron_lib.callbacks.manager [None req-f8763200-2297-4818-a67e-771c3291f7f9 admin admin] Publish callbacks ['neutron.plugins.ml2.drivers.ovn.mech_driver.mech_driver.OVNMechanismDriver._create_security_group-8145141', 'neutron.plugins.ml2.ovo_rpc._ObjectChangeHandler.handle_event-6997834'] for security_group (9fcd36a9-a426-4776-900e-7373b0757c57), after_create {{(pid=87679) _notify_loop /opt/stack/data/venv/lib/python3.12/site-packages/neutron_lib/callbacks/manager.py:184}}
Jul 23 06:12:25.067771 np0000005723 devstack@neutron-api.service[87679]: DEBUG ovsdbapp.backend.ovs_idl.transaction [-] Running txn n=1 command(idx=0): PgAddCommand(_result=None, name=pg_9fcd36a9_a426_4776_900e_7373b0757c57, may_exist=False, columns={'acls': [], 'external_ids': {'neutron:security_group_id': '9fcd36a9-a426-4776-900e-7373b0757c57'}}) {{(pid=87679) do_commit /opt/stack/data/venv/lib/python3.12/site-packages/ovsdbapp/backend/ovs_idl/transaction.py:89}}
Jul 23 06:12:25.069040 np0000005723 devstack@neutron-api.service[87679]: DEBUG ovsdbapp.backend.ovs_idl.transaction [-] Running txn n=1 command(idx=1): PgAclAddCommand(_result=None, entity=pg_9fcd36a9_a426_4776_900e_7373b0757c57, direction=from-lport, priority=1002, match=inport == @pg_9fcd36a9_a426_4776_900e_7373b0757c57 && ip4, action=allow-related, log=False, may_exist=True, severity=[], name=[], meter=[], external_ids={'neutron:security_group_rule_id': '0ea6610d-6662-4671-9769-b9357c9df858'}) {{(pid=87679) do_commit /opt/stack/data/venv/lib/python3.12/site-packages/ovsdbapp/backend/ovs_idl/transaction.py:89}}
Jul 23 06:12:25.069445 np0000005723 devstack@neutron-api.service[87679]: DEBUG ovsdbapp.backend.ovs_idl.transaction [-] Running txn n=1 command(idx=2): PgAclAddCommand(_result=None, entity=pg_9fcd36a9_a426_4776_900e_7373b0757c57, direction=from-lport, priority=1002, match=inport == @pg_9fcd36a9_a426_4776_900e_7373b0757c57 && ip6, action=allow-related, log=False, may_exist=True, severity=[], name=[], meter=[], external_ids={'neutron:security_group_rule_id': '62a75202-de82-40fc-ae45-1f36fc8bdc75'}) {{(pid=87679) do_commit /opt/stack/data/venv/lib/python3.12/site-packages/ovsdbapp/backend/ovs_idl/transaction.py:89}}
Jul 23 06:12:25.069749 np0000005723 devstack@neutron-api.service[87679]: DEBUG ovsdbapp.backend.ovs_idl.transaction [-] Running txn n=1 command(idx=3): PgAclAddCommand(_result=None, entity=pg_9fcd36a9_a426_4776_900e_7373b0757c57, direction=to-lport, priority=1002, match=outport == @pg_9fcd36a9_a426_4776_900e_7373b0757c57 && ip6 && ip6.src == $pg_9fcd36a9_a426_4776_900e_7373b0757c57_ip6, action=allow-related, log=False, may_exist=True, severity=[], name=[], meter=[], external_ids={'neutron:security_group_rule_id': '7440991f-5f14-4013-b2e4-1e114dfcbd77'}) {{(pid=87679) do_commit /opt/stack/data/venv/lib/python3.12/site-packages/ovsdbapp/backend/ovs_idl/transaction.py:89}}
Jul 23 06:12:25.070174 np0000005723 devstack@neutron-api.service[87679]: DEBUG ovsdbapp.backend.ovs_idl.transaction [-] Running txn n=1 command(idx=4): PgAclAddCommand(_result=None, entity=pg_9fcd36a9_a426_4776_900e_7373b0757c57, direction=to-lport, priority=1002, match=outport == @pg_9fcd36a9_a426_4776_900e_7373b0757c57 && ip4 && ip4.src == $pg_9fcd36a9_a426_4776_900e_7373b0757c57_ip4, action=allow-related, log=False, may_exist=True, severity=[], name=[], meter=[], external_ids={'neutron:security_group_rule_id': 'a1b8ce18-cf27-48be-810b-46981134d17e'}) {{(pid=87679) do_commit /opt/stack/data/venv/lib/python3.12/site-packages/ovsdbapp/backend/ovs_idl/transaction.py:89}}
Jul 23 06:12:25.076754 np0000005723 devstack@neutron-api.service[87677]: DEBUG neutron.plugins.ml2.drivers.ovn.mech_driver.ovsdb.ovsdb_monitor [-] Hash Ring: Node 9f7474d3988d5d5bb329f1b96a16d977 (host: np0000005723) handling event "create" for row e7005948-61f2-44a1-adf8-5a25b59d2e5b (table: ACL) {{(pid=87677) notify /opt/stack/neutron/neutron/plugins/ml2/drivers/ovn/mech_driver/ovsdb/ovsdb_monitor.py:1013}}
Jul 23 06:12:25.077135 np0000005723 devstack@neutron-api.service[87677]: DEBUG neutron.plugins.ml2.drivers.ovn.mech_driver.ovsdb.ovsdb_monitor [-] Hash Ring: Node 9f7474d3988d5d5bb329f1b96a16d977 (host: np0000005723) handling event "create" for row 28770da1-a16b-43f8-98cc-633df64be492 (table: Port_Group) {{(pid=87677) notify /opt/stack/neutron/neutron/plugins/ml2/drivers/ovn/mech_driver/ovsdb/ovsdb_monitor.py:1013}}
Jul 23 06:12:25.077747 np0000005723 devstack@neutron-api.service[87679]: DEBUG neutron.plugins.ml2.drivers.ovn.mech_driver.ovsdb.ovsdb_monitor [-] Hash Ring: Node a9a3ccb4a63e5c5fb424c3da6de4b3b0 (host: np0000005723) handling event "create" for row 6a511813-fdb7-4191-b05c-6653059b130d (table: ACL) {{(pid=87679) notify /opt/stack/neutron/neutron/plugins/ml2/drivers/ovn/mech_driver/ovsdb/ovsdb_monitor.py:1013}}
Jul 23 06:12:25.077929 np0000005723 devstack@neutron-api.service[87679]: DEBUG neutron.plugins.ml2.drivers.ovn.mech_driver.ovsdb.ovsdb_monitor [-] Hash Ring: Node a9a3ccb4a63e5c5fb424c3da6de4b3b0 (host: np0000005723) handling event "create" for row 6fb9f7dd-85b9-4460-93e9-51ad81d8b873 (table: ACL) {{(pid=87679) notify /opt/stack/neutron/neutron/plugins/ml2/drivers/ovn/mech_driver/ovsdb/ovsdb_monitor.py:1013}}
Jul 23 06:12:25.078082 np0000005723 devstack@neutron-api.service[87679]: DEBUG neutron.plugins.ml2.drivers.ovn.mech_driver.ovsdb.ovsdb_monitor [-] Hash Ring: Node a9a3ccb4a63e5c5fb424c3da6de4b3b0 (host: np0000005723) handling event "create" for row b75c75f9-c548-4a22-a040-1ec97d2d62d2 (table: ACL) {{(pid=87679) notify /opt/stack/neutron/neutron/plugins/ml2/drivers/ovn/mech_driver/ovsdb/ovsdb_monitor.py:1013}}
Jul 23 06:12:25.078247 np0000005723 devstack@neutron-api.service[87679]: DEBUG neutron.plugins.ml2.drivers.ovn.mech_driver.ovsdb.ovsdb_monitor [-] Hash Ring: Node a9a3ccb4a63e5c5fb424c3da6de4b3b0 (host: np0000005723) handling event "create" for row e7005948-61f2-44a1-adf8-5a25b59d2e5b (table: ACL) {{(pid=87679) notify /opt/stack/neutron/neutron/plugins/ml2/drivers/ovn/mech_driver/ovsdb/ovsdb_monitor.py:1013}}
Jul 23 06:12:25.078398 np0000005723 devstack@neutron-api.service[87679]: DEBUG neutron.plugins.ml2.drivers.ovn.mech_driver.ovsdb.ovsdb_monitor [-] Hash Ring: Node a9a3ccb4a63e5c5fb424c3da6de4b3b0 (host: np0000005723) handling event "create" for row 28770da1-a16b-43f8-98cc-633df64be492 (table: Port_Group) {{(pid=87679) notify /opt/stack/neutron/neutron/plugins/ml2/drivers/ovn/mech_driver/ovsdb/ovsdb_monitor.py:1013}}
Jul 23 06:12:25.107368 np0000005723 devstack@neutron-api.service[87679]: INFO neutron.db.ovn_revision_numbers_db [None req-f8763200-2297-4818-a67e-771c3291f7f9 admin admin] Successfully bumped revision number for resource 9fcd36a9-a426-4776-900e-7373b0757c57 (type: security_groups) to 1
Jul 23 06:12:25.123290 np0000005723 devstack@neutron-api.service[87679]: INFO neutron.db.ovn_revision_numbers_db [None req-f8763200-2297-4818-a67e-771c3291f7f9 admin admin] Successfully bumped revision number for resource 0ea6610d-6662-4671-9769-b9357c9df858 (type: security_group_rules) to 0
Jul 23 06:12:25.135562 np0000005723 devstack@neutron-api.service[87679]: INFO neutron.db.ovn_revision_numbers_db [None req-f8763200-2297-4818-a67e-771c3291f7f9 admin admin] Successfully bumped revision number for resource 62a75202-de82-40fc-ae45-1f36fc8bdc75 (type: security_group_rules) to 0
Jul 23 06:12:25.147552 np0000005723 devstack@neutron-api.service[87679]: INFO neutron.db.ovn_revision_numbers_db [None req-f8763200-2297-4818-a67e-771c3291f7f9 admin admin] Successfully bumped revision number for resource 7440991f-5f14-4013-b2e4-1e114dfcbd77 (type: security_group_rules) to 0
Jul 23 06:12:25.160318 np0000005723 devstack@neutron-api.service[87679]: INFO neutron.db.ovn_revision_numbers_db [None req-f8763200-2297-4818-a67e-771c3291f7f9 admin admin] Successfully bumped revision number for resource a1b8ce18-cf27-48be-810b-46981134d17e (type: security_group_rules) to 0
Jul 23 06:12:25.184763 np0000005723 devstack@neutron-api.service[87679]: DEBUG neutron.api.rpc.handlers.resources_rpc [None req-f8763200-2297-4818-a67e-771c3291f7f9 admin admin] Pushing event updated for resources: {'SecurityGroup': ['ID=9fcd36a9-a426-4776-900e-7373b0757c57,revision_number=1']} {{(pid=87679) push /opt/stack/neutron/neutron/api/rpc/handlers/resources_rpc.py:237}}
Jul 23 06:12:25.190897 np0000005723 devstack@neutron-api.service[87679]: DEBUG ovsdbapp.backend.ovs_idl.transaction [-] Running txn n=1 command(idx=0): CheckLivenessCommand(_result=None) {{(pid=87679) do_commit /opt/stack/data/venv/lib/python3.12/site-packages/ovsdbapp/backend/ovs_idl/transaction.py:89}}
Jul 23 06:12:25.192897 np0000005723 devstack@neutron-api.service[87679]: DEBUG neutron.plugins.ml2.drivers.ovn.mech_driver.ovsdb.ovsdb_monitor [-] Hash Ring: Node a9a3ccb4a63e5c5fb424c3da6de4b3b0 (host: np0000005723) handling event "update" for row 7affded5-fed3-4c20-be85-79a6c8000f2a (table: NB_Global) {{(pid=87679) notify /opt/stack/neutron/neutron/plugins/ml2/drivers/ovn/mech_driver/ovsdb/ovsdb_monitor.py:1013}}
Jul 23 06:12:25.198491 np0000005723 devstack@neutron-api.service[87678]: DEBUG ovsdbapp.backend.ovs_idl.event [-] Matched UPDATE: ChassisAgentWriteEvent(events=('create', 'update'), table='Chassis_Private', conditions=None, old_conditions=None), priority=20 to row=Chassis_Private(uuid=597095a2-29c9-46fc-bb53-9bda31a7ce46, chassis=5a9725e5-52be-414e-b356-cf9ccf7da17e, external_ids={'neutron:ovn-bridge': 'br-int', 'neutron:ovn-neutron-agent-id': '476c7079-cb10-5d16-b862-3b56e5ec04db', 'neutron:ovn-neutron-agent-sb-cfg': '0'}, name='7aff9c3e-7ac6-487e-b321-81c7b7ea8d10', nb_cfg=1, nb_cfg_timestamp=1784787145194) old=Chassis_Private(uuid=597095a2-29c9-46fc-bb53-9bda31a7ce46, nb_cfg=0, nb_cfg_timestamp=0) {{(pid=87678) matches /opt/stack/data/venv/lib/python3.12/site-packages/ovsdbapp/backend/ovs_idl/event.py:55}}
Jul 23 06:12:25.198980 np0000005723 devstack@neutron-api.service[87679]: DEBUG neutron.api.rpc.callbacks.version_manager [None req-f8763200-2297-4818-a67e-771c3291f7f9 admin admin] Tracked resource versions report:
Jul 23 06:12:25.198980 np0000005723 devstack@neutron-api.service[87679]: pushed versions:
Jul 23 06:12:25.198980 np0000005723 devstack@neutron-api.service[87679]: { 'AddressGroup': {'1.2'},
Jul 23 06:12:25.198980 np0000005723 devstack@neutron-api.service[87679]: 'Agent': {'1.1'},
Jul 23 06:12:25.198980 np0000005723 devstack@neutron-api.service[87679]: 'ConntrackHelper': {'1.0'},
Jul 23 06:12:25.198980 np0000005723 devstack@neutron-api.service[87679]: 'LocalIPAssociation': {'1.0'},
Jul 23 06:12:25.198980 np0000005723 devstack@neutron-api.service[87679]: 'Log': {'1.0'},
Jul 23 06:12:25.198980 np0000005723 devstack@neutron-api.service[87679]: 'NDPProxy': {'1.0'},
Jul 23 06:12:25.198980 np0000005723 devstack@neutron-api.service[87679]: 'Network': {'1.3'},
Jul 23 06:12:25.198980 np0000005723 devstack@neutron-api.service[87679]: 'Port': {'1.11'},
Jul 23 06:12:25.198980 np0000005723 devstack@neutron-api.service[87679]: 'PortForwarding': {'1.3'},
Jul 23 06:12:25.198980 np0000005723 devstack@neutron-api.service[87679]: 'QosPolicy': {'1.10'},
Jul 23 06:12:25.198980 np0000005723 devstack@neutron-api.service[87679]: 'SecurityGroup': {'1.6'},
Jul 23 06:12:25.198980 np0000005723 devstack@neutron-api.service[87679]: 'SecurityGroupRule': {'1.3'},
Jul 23 06:12:25.198980 np0000005723 devstack@neutron-api.service[87679]: 'SubPort': {'1.0'},
Jul 23 06:12:25.198980 np0000005723 devstack@neutron-api.service[87679]: 'Subnet': {'1.2'},
Jul 23 06:12:25.198980 np0000005723 devstack@neutron-api.service[87679]: 'Trunk': {'1.1'}}
Jul 23 06:12:25.198980 np0000005723 devstack@neutron-api.service[87679]: consumer versions:
Jul 23 06:12:25.198980 np0000005723 devstack@neutron-api.service[87679]: {}
Jul 23 06:12:25.198980 np0000005723 devstack@neutron-api.service[87679]: {{(pid=87679) report /opt/stack/neutron/neutron/api/rpc/callbacks/version_manager.py:183}}
Jul 23 06:12:25.201600 np0000005723 devstack@neutron-api.service[87678]: DEBUG neutron.plugins.ml2.drivers.ovn.mech_driver.ovsdb.ovsdb_monitor [-] Hash Ring: Node ba5db209f4bc5420ab772070cb9b139d (host: np0000005723) handling event "update" for row 597095a2-29c9-46fc-bb53-9bda31a7ce46 (table: Chassis_Private) {{(pid=87678) notify /opt/stack/neutron/neutron/plugins/ml2/drivers/ovn/mech_driver/ovsdb/ovsdb_monitor.py:1013}}
Jul 23 06:12:25.201738 np0000005723 devstack@neutron-api.service[87677]: DEBUG ovsdbapp.backend.ovs_idl.event [-] Matched UPDATE: ChassisAgentWriteEvent(events=('create', 'update'), table='Chassis_Private', conditions=None, old_conditions=None), priority=20 to row=Chassis_Private(uuid=597095a2-29c9-46fc-bb53-9bda31a7ce46, chassis=5a9725e5-52be-414e-b356-cf9ccf7da17e, external_ids={'neutron:ovn-bridge': 'br-int', 'neutron:ovn-neutron-agent-id': '476c7079-cb10-5d16-b862-3b56e5ec04db', 'neutron:ovn-neutron-agent-sb-cfg': '0'}, name='7aff9c3e-7ac6-487e-b321-81c7b7ea8d10', nb_cfg=1, nb_cfg_timestamp=1784787145194) old=Chassis_Private(uuid=597095a2-29c9-46fc-bb53-9bda31a7ce46, nb_cfg=0, nb_cfg_timestamp=0) {{(pid=87677) matches /opt/stack/data/venv/lib/python3.12/site-packages/ovsdbapp/backend/ovs_idl/event.py:55}}
Jul 23 06:12:25.206075 np0000005723 devstack@neutron-api.service[87679]: DEBUG ovsdbapp.backend.ovs_idl.event [-] Matched UPDATE: ChassisAgentWriteEvent(events=('create', 'update'), table='Chassis_Private', conditions=None, old_conditions=None), priority=20 to row=Chassis_Private(uuid=597095a2-29c9-46fc-bb53-9bda31a7ce46, chassis=5a9725e5-52be-414e-b356-cf9ccf7da17e, external_ids={'neutron:ovn-bridge': 'br-int', 'neutron:ovn-neutron-agent-id': '476c7079-cb10-5d16-b862-3b56e5ec04db', 'neutron:ovn-neutron-agent-sb-cfg': '0'}, name='7aff9c3e-7ac6-487e-b321-81c7b7ea8d10', nb_cfg=1, nb_cfg_timestamp=1784787145194) old=Chassis_Private(uuid=597095a2-29c9-46fc-bb53-9bda31a7ce46, nb_cfg=0, nb_cfg_timestamp=0) {{(pid=87679) matches /opt/stack/data/venv/lib/python3.12/site-packages/ovsdbapp/backend/ovs_idl/event.py:55}}
Jul 23 06:12:25.207215 np0000005723 devstack@neutron-api.service[87678]: DEBUG ovsdbapp.backend.ovs_idl.event [-] Matched UPDATE: ChassisOVNAgentWriteEvent(events=('create', 'update'), table='Chassis_Private', conditions=None, old_conditions=None), priority=20 to row=Chassis_Private(uuid=597095a2-29c9-46fc-bb53-9bda31a7ce46, chassis=5a9725e5-52be-414e-b356-cf9ccf7da17e, external_ids={'neutron:ovn-bridge': 'br-int', 'neutron:ovn-neutron-agent-id': '476c7079-cb10-5d16-b862-3b56e5ec04db', 'neutron:ovn-neutron-agent-sb-cfg': '1'}, name='7aff9c3e-7ac6-487e-b321-81c7b7ea8d10', nb_cfg=1, nb_cfg_timestamp=1784787145194) old=Chassis_Private(uuid=597095a2-29c9-46fc-bb53-9bda31a7ce46, external_ids={'neutron:ovn-bridge': 'br-int', 'neutron:ovn-neutron-agent-id': '476c7079-cb10-5d16-b862-3b56e5ec04db', 'neutron:ovn-neutron-agent-sb-cfg': '0'}) {{(pid=87678) matches /opt/stack/data/venv/lib/python3.12/site-packages/ovsdbapp/backend/ovs_idl/event.py:55}}
Jul 23 06:12:25.208373 np0000005723 devstack@neutron-api.service[87678]: DEBUG neutron.plugins.ml2.drivers.ovn.mech_driver.ovsdb.ovsdb_monitor [-] Hash Ring: Node ba5db209f4bc5420ab772070cb9b139d (host: np0000005723) handling event "update" for row 597095a2-29c9-46fc-bb53-9bda31a7ce46 (table: Chassis_Private) {{(pid=87678) notify /opt/stack/neutron/neutron/plugins/ml2/drivers/ovn/mech_driver/ovsdb/ovsdb_monitor.py:1013}}
Jul 23 06:12:25.208858 np0000005723 devstack@neutron-api.service[87679]: DEBUG neutron.plugins.ml2.drivers.ovn.mech_driver.ovsdb.ovsdb_monitor [-] Hash Ring: Node a9a3ccb4a63e5c5fb424c3da6de4b3b0 (host: np0000005723) handling event "update" for row 7affded5-fed3-4c20-be85-79a6c8000f2a (table: NB_Global) {{(pid=87679) notify /opt/stack/neutron/neutron/plugins/ml2/drivers/ovn/mech_driver/ovsdb/ovsdb_monitor.py:1013}}
Jul 23 06:12:25.209114 np0000005723 devstack@neutron-api.service[87677]: DEBUG ovsdbapp.backend.ovs_idl.event [-] Matched UPDATE: ChassisOVNAgentWriteEvent(events=('create', 'update'), table='Chassis_Private', conditions=None, old_conditions=None), priority=20 to row=Chassis_Private(uuid=597095a2-29c9-46fc-bb53-9bda31a7ce46, chassis=5a9725e5-52be-414e-b356-cf9ccf7da17e, external_ids={'neutron:ovn-bridge': 'br-int', 'neutron:ovn-neutron-agent-id': '476c7079-cb10-5d16-b862-3b56e5ec04db', 'neutron:ovn-neutron-agent-sb-cfg': '1'}, name='7aff9c3e-7ac6-487e-b321-81c7b7ea8d10', nb_cfg=1, nb_cfg_timestamp=1784787145194) old=Chassis_Private(uuid=597095a2-29c9-46fc-bb53-9bda31a7ce46, external_ids={'neutron:ovn-bridge': 'br-int', 'neutron:ovn-neutron-agent-id': '476c7079-cb10-5d16-b862-3b56e5ec04db', 'neutron:ovn-neutron-agent-sb-cfg': '0'}) {{(pid=87677) matches /opt/stack/data/venv/lib/python3.12/site-packages/ovsdbapp/backend/ovs_idl/event.py:55}}
Jul 23 06:12:25.211356 np0000005723 devstack@neutron-api.service[87679]: DEBUG neutron.plugins.ml2.drivers.ovn.mech_driver.ovsdb.ovsdb_monitor [-] Hash Ring: Node a9a3ccb4a63e5c5fb424c3da6de4b3b0 (host: np0000005723) handling event "update" for row 7affded5-fed3-4c20-be85-79a6c8000f2a (table: NB_Global) {{(pid=87679) notify /opt/stack/neutron/neutron/plugins/ml2/drivers/ovn/mech_driver/ovsdb/ovsdb_monitor.py:1013}}
Jul 23 06:12:25.212356 np0000005723 devstack@neutron-api.service[87679]: DEBUG neutron.plugins.ml2.drivers.ovn.mech_driver.ovsdb.ovsdb_monitor [-] Hash Ring: Node a9a3ccb4a63e5c5fb424c3da6de4b3b0 (host: np0000005723) handling event "update" for row 7affded5-fed3-4c20-be85-79a6c8000f2a (table: NB_Global) {{(pid=87679) notify /opt/stack/neutron/neutron/plugins/ml2/drivers/ovn/mech_driver/ovsdb/ovsdb_monitor.py:1013}}
Jul 23 06:12:25.214300 np0000005723 devstack@neutron-api.service[87679]: DEBUG neutron.common.ovn.hash_ring_manager [-] Allow caching, nodes 3>=3 {{(pid=87679) _wait_startup_before_caching /opt/stack/neutron/neutron/common/ovn/hash_ring_manager.py:71}}
Jul 23 06:12:25.214610 np0000005723 devstack@neutron-api.service[87679]: DEBUG neutron.plugins.ml2.drivers.ovn.mech_driver.ovsdb.ovsdb_monitor [-] Hash Ring: Node a9a3ccb4a63e5c5fb424c3da6de4b3b0 (host: np0000005723) handling event "update" for row 597095a2-29c9-46fc-bb53-9bda31a7ce46 (table: Chassis_Private) {{(pid=87679) notify /opt/stack/neutron/neutron/plugins/ml2/drivers/ovn/mech_driver/ovsdb/ovsdb_monitor.py:1013}}
Jul 23 06:12:25.216070 np0000005723 devstack@neutron-api.service[87679]: DEBUG ovsdbapp.backend.ovs_idl.event [-] Matched UPDATE: ChassisOVNAgentWriteEvent(events=('create', 'update'), table='Chassis_Private', conditions=None, old_conditions=None), priority=20 to row=Chassis_Private(uuid=597095a2-29c9-46fc-bb53-9bda31a7ce46, chassis=5a9725e5-52be-414e-b356-cf9ccf7da17e, external_ids={'neutron:ovn-bridge': 'br-int', 'neutron:ovn-neutron-agent-id': '476c7079-cb10-5d16-b862-3b56e5ec04db', 'neutron:ovn-neutron-agent-sb-cfg': '1'}, name='7aff9c3e-7ac6-487e-b321-81c7b7ea8d10', nb_cfg=1, nb_cfg_timestamp=1784787145194) old=Chassis_Private(uuid=597095a2-29c9-46fc-bb53-9bda31a7ce46, external_ids={'neutron:ovn-bridge': 'br-int', 'neutron:ovn-neutron-agent-id': '476c7079-cb10-5d16-b862-3b56e5ec04db', 'neutron:ovn-neutron-agent-sb-cfg': '0'}) {{(pid=87679) matches /opt/stack/data/venv/lib/python3.12/site-packages/ovsdbapp/backend/ovs_idl/event.py:55}}
Jul 23 06:12:25.216469 np0000005723 devstack@neutron-api.service[87679]: DEBUG neutron.plugins.ml2.drivers.ovn.mech_driver.ovsdb.ovsdb_monitor [-] Hash Ring: Node a9a3ccb4a63e5c5fb424c3da6de4b3b0 (host: np0000005723) handling event "update" for row 597095a2-29c9-46fc-bb53-9bda31a7ce46 (table: Chassis_Private) {{(pid=87679) notify /opt/stack/neutron/neutron/plugins/ml2/drivers/ovn/mech_driver/ovsdb/ovsdb_monitor.py:1013}}
Jul 23 06:12:25.269761 np0000005723 devstack@neutron-api.service[87679]: DEBUG neutron.plugins.ml2.drivers.helpers [None req-f8763200-2297-4818-a67e-771c3291f7f9 admin admin] geneve segment allocate from pool success with {'geneve_vni': 22140} {{(pid=87679) allocate_partially_specified_segment /opt/stack/neutron/neutron/plugins/ml2/drivers/helpers.py:142}}
Jul 23 06:12:25.283334 np0000005723 devstack@neutron-api.service[87679]: DEBUG neutron_lib.callbacks.manager [None req-f8763200-2297-4818-a67e-771c3291f7f9 admin admin] Publish callbacks ['neutron.services.segments.db._add_segment_host_mapping_for_segment-8545865307720', 'neutron.plugins.ml2.plugin.Ml2Plugin._handle_segment_change-183898'] for segment (131bf199-5047-41e5-928c-f57b4cc382fb), precommit_create {{(pid=87679) _notify_loop /opt/stack/data/venv/lib/python3.12/site-packages/neutron_lib/callbacks/manager.py:184}}
Jul 23 06:12:25.283665 np0000005723 devstack@neutron-api.service[87679]: INFO neutron.db.segments_db [None req-f8763200-2297-4818-a67e-771c3291f7f9 admin admin] Added segment 131bf199-5047-41e5-928c-f57b4cc382fb of type geneve for network 0f0eb74b-edab-48e6-a655-5eec9f37e250
Jul 23 06:12:25.338511 np0000005723 devstack@neutron-api.service[87679]: DEBUG neutron_lib.callbacks.manager [None req-f8763200-2297-4818-a67e-771c3291f7f9 admin admin] Publish callbacks ['neutron.services.auto_allocate.db._ensure_external_network_default_value_callback-8545863580372'] for network (0f0eb74b-edab-48e6-a655-5eec9f37e250), precommit_create {{(pid=87679) _notify_loop /opt/stack/data/venv/lib/python3.12/site-packages/neutron_lib/callbacks/manager.py:184}}
Jul 23 06:12:25.359028 np0000005723 devstack@neutron-api.service[87679]: DEBUG neutron.plugins.ml2.drivers.ovn.mech_driver.mech_driver [None req-f8763200-2297-4818-a67e-771c3291f7f9 admin admin] Validating network segment with type geneve, segmentation ID 22140, physical network None {{(pid=87679) _validate_network_segments /opt/stack/neutron/neutron/plugins/ml2/drivers/ovn/mech_driver/mech_driver.py:646}}
Jul 23 06:12:25.359324 np0000005723 devstack@neutron-api.service[87679]: DEBUG neutron.db.ovn_revision_numbers_db [None req-f8763200-2297-4818-a67e-771c3291f7f9 admin admin] create_initial_revision uuid=0f0eb74b-edab-48e6-a655-5eec9f37e250, type=networks, rev=-1 {{(pid=87679) create_initial_revision /opt/stack/neutron/neutron/db/ovn_revision_numbers_db.py:98}}
Jul 23 06:12:25.376698 np0000005723 devstack@neutron-api.service[87679]: DEBUG neutron_lib.callbacks.manager [None req-f8763200-2297-4818-a67e-771c3291f7f9 admin admin] Publish callbacks ['neutron.plugins.ml2.ovo_rpc._ObjectChangeHandler.handle_event-6997839'] for network (0f0eb74b-edab-48e6-a655-5eec9f37e250), after_create {{(pid=87679) _notify_loop /opt/stack/data/venv/lib/python3.12/site-packages/neutron_lib/callbacks/manager.py:184}}
Jul 23 06:12:25.431242 np0000005723 devstack@neutron-api.service[87679]: DEBUG neutron.api.rpc.handlers.resources_rpc [None req-f8763200-2297-4818-a67e-771c3291f7f9 admin admin] Pushing event updated for resources: {'Network': ['ID=0f0eb74b-edab-48e6-a655-5eec9f37e250,revision_number=1']} {{(pid=87679) push /opt/stack/neutron/neutron/api/rpc/handlers/resources_rpc.py:237}}
Jul 23 06:12:25.439980 np0000005723 devstack@neutron-api.service[87679]: DEBUG ovsdbapp.backend.ovs_idl.transaction [-] Running txn n=1 command(idx=0): AddNetworkCommand(_result=None, network_uuid=0f0eb74b-edab-48e6-a655-5eec9f37e250, may_exist=True, columns={'external_ids': {'neutron:network_name': 'private', 'neutron:mtu': '1372', 'neutron:revision_number': '1', 'neutron:availability_zone_hints': '', 'neutron:provnet-network-type': 'geneve'}, 'other_config': {'mcast_snoop': 'false', 'mcast_flood_unregistered': 'false', 'vlan-passthru': 'false'}}) {{(pid=87679) do_commit /opt/stack/data/venv/lib/python3.12/site-packages/ovsdbapp/backend/ovs_idl/transaction.py:89}}
Jul 23 06:12:25.440178 np0000005723 devstack@neutron-api.service[87679]: DEBUG neutron.common.ovn.utils [-] OVS persist_uuid supported=True {{(pid=87679) ovs_persist_uuid_supported /opt/stack/neutron/neutron/common/ovn/utils.py:1565}}
