Jul 23 06:18:34.937725 np0000005723 devstack@placement-api.service[90128]: DEBUG placement.objects.research_context [req-17dc3cbe-89d5-4e43-b70b-ccddd6b3054a req-bdcadc1e-f17f-4938-b85b-5608597dc13e service nova] found 1 providers with available 1 VCPU {{(pid=90128) get_provider_ids_matching /opt/stack/placement/placement/objects/research_context.py:563}}
Jul 23 06:18:34.937725 np0000005723 devstack@placement-api.service[90128]: DEBUG placement.objects.research_context [req-17dc3cbe-89d5-4e43-b70b-ccddd6b3054a req-bdcadc1e-f17f-4938-b85b-5608597dc13e service nova] found 1 providers after filtering by previous result {{(pid=90128) get_provider_ids_matching /opt/stack/placement/placement/objects/research_context.py:594}}
Jul 23 06:18:34.954764 np0000005723 devstack@placement-api.service[90128]: DEBUG placement.objects.allocation_candidate [req-17dc3cbe-89d5-4e43-b70b-ccddd6b3054a req-bdcadc1e-f17f-4938-b85b-5608597dc13e service nova] RequestGroup(use_same_provider=False, resources={DISK_GB:1, MEMORY_MB:192, VCPU:1}, traits=(), aggregates=[]) (suffix '') returned 1 matches {{(pid=90128) _get_by_requests /opt/stack/placement/placement/objects/allocation_candidate.py:158}}
Jul 23 06:18:34.955248 np0000005723 devstack@placement-api.service[90128]: DEBUG placement.objects.allocation_candidate [req-17dc3cbe-89d5-4e43-b70b-ccddd6b3054a req-bdcadc1e-f17f-4938-b85b-5608597dc13e service nova] Merging candidates yields 1 allocation requests and 1 provider summaries {{(pid=90128) _merge_candidates /opt/stack/placement/placement/objects/allocation_candidate.py:908}}
Jul 23 06:18:34.958740 np0000005723 devstack@placement-api.service[90128]: INFO placement.requestlog [req-17dc3cbe-89d5-4e43-b70b-ccddd6b3054a req-bdcadc1e-f17f-4938-b85b-5608597dc13e service nova] 10.4.3.184 "GET /placement/allocation_candidates?limit=1000&resources=DISK_GB%3A1%2CMEMORY_MB%3A192%2CVCPU%3A1&root_required=%21COMPUTE_STATUS_DISABLED" status: 200 len: 2494 microversion: 1.36
Jul 23 06:18:34.958740 np0000005723 devstack@placement-api.service[90128]: [pid: 90128|app: 0|req: 161/482] 10.4.3.184 () {68 vars in 1625 bytes} [Thu Jul 23 06:18:34 2026] GET /placement/allocation_candidates?limit=1000&resources=DISK_GB%3A1%2CMEMORY_MB%3A192%2CVCPU%3A1&root_required=%21COMPUTE_STATUS_DISABLED => generated 2494 bytes in 68 msecs (HTTP/1.1 200) 8 headers in 297 bytes (2 switches on core 0)
Jul 23 06:18:35.077765 np0000005723 devstack@placement-api.service[90129]: DEBUG placement.requestlog [req-17dc3cbe-89d5-4e43-b70b-ccddd6b3054a req-035a393d-49ab-4ea3-a6c9-6c22f4377ea6 None None] Starting request: 10.4.3.184 "GET /placement/allocations/5ff261cb-9ec0-4b40-b4e5-8e465311033c" {{(pid=90129) __call__ /opt/stack/placement/placement/requestlog.py:55}}
Jul 23 06:18:35.087365 np0000005723 devstack@placement-api.service[90129]: INFO placement.requestlog [req-17dc3cbe-89d5-4e43-b70b-ccddd6b3054a req-035a393d-49ab-4ea3-a6c9-6c22f4377ea6 service nova] 10.4.3.184 "GET /placement/allocations/5ff261cb-9ec0-4b40-b4e5-8e465311033c" status: 200 len: 19 microversion: 1.28
Jul 23 06:18:35.087527 np0000005723 devstack@placement-api.service[90129]: [pid: 90129|app: 0|req: 161/483] 10.4.3.184 () {68 vars in 1501 bytes} [Thu Jul 23 06:18:35 2026] GET /placement/allocations/5ff261cb-9ec0-4b40-b4e5-8e465311033c => generated 19 bytes in 10 msecs (HTTP/1.1 200) 8 headers in 295 bytes (1 switches on core 0)
Jul 23 06:18:35.145194 np0000005723 devstack@placement-api.service[90127]: DEBUG placement.requestlog [req-17dc3cbe-89d5-4e43-b70b-ccddd6b3054a req-6f9fb076-f508-4340-87a7-0c61bb8f3be6 None None] Starting request: 10.4.3.184 "PUT /placement/allocations/5ff261cb-9ec0-4b40-b4e5-8e465311033c" {{(pid=90127) __call__ /opt/stack/placement/placement/requestlog.py:55}}
Jul 23 06:18:35.220447 np0000005723 devstack@placement-api.service[90127]: DEBUG placement.handlers.allocation [req-17dc3cbe-89d5-4e43-b70b-ccddd6b3054a req-6f9fb076-f508-4340-87a7-0c61bb8f3be6 service nova] Successfully wrote allocations [, , ] {{(pid=90127) _update_consumers_and_create_allocations /opt/stack/placement/placement/handlers/allocation.py:462}}
Jul 23 06:18:35.227177 np0000005723 devstack@placement-api.service[90127]: INFO placement.requestlog [req-17dc3cbe-89d5-4e43-b70b-ccddd6b3054a req-6f9fb076-f508-4340-87a7-0c61bb8f3be6 service nova] 10.4.3.184 "PUT /placement/allocations/5ff261cb-9ec0-4b40-b4e5-8e465311033c" status: 204 len: 0 microversion: 1.36
Jul 23 06:18:35.227177 np0000005723 devstack@placement-api.service[90127]: [pid: 90127|app: 0|req: 162/484] 10.4.3.184 () {72 vars in 1554 bytes} [Thu Jul 23 06:18:35 2026] PUT /placement/allocations/5ff261cb-9ec0-4b40-b4e5-8e465311033c => generated 0 bytes in 82 msecs (HTTP/1.1 204) 5 headers in 199 bytes (1 switches on core 0)
Jul 23 06:18:35.588645 np0000005723 devstack@placement-api.service[90128]: DEBUG placement.requestlog [req-17dc3cbe-89d5-4e43-b70b-ccddd6b3054a req-620a5cf4-bed0-4132-b48a-bfb99cb3d801 None None] Starting request: 10.4.3.184 "GET /placement/allocations/5ff261cb-9ec0-4b40-b4e5-8e465311033c" {{(pid=90128) __call__ /opt/stack/placement/placement/requestlog.py:55}}
Jul 23 06:18:35.592944 np0000005723 devstack@placement-api.service[90129]: DEBUG placement.requestlog [req-99f4cbb5-52b6-4573-b966-b50e0f17915d req-fdca4d88-8d18-4a95-9ace-56881057b3ec None None] Starting request: 10.4.3.184 "GET /placement/allocations/34f4824b-ed93-4e42-9f84-e81057036121" {{(pid=90129) __call__ /opt/stack/placement/placement/requestlog.py:55}}
Jul 23 06:18:35.602897 np0000005723 devstack@placement-api.service[90128]: INFO placement.requestlog [req-17dc3cbe-89d5-4e43-b70b-ccddd6b3054a req-620a5cf4-bed0-4132-b48a-bfb99cb3d801 service nova] 10.4.3.184 "GET /placement/allocations/5ff261cb-9ec0-4b40-b4e5-8e465311033c" status: 200 len: 258 microversion: 1.28
Jul 23 06:18:35.603269 np0000005723 devstack@placement-api.service[90128]: [pid: 90128|app: 0|req: 162/485] 10.4.3.184 () {68 vars in 1499 bytes} [Thu Jul 23 06:18:35 2026] GET /placement/allocations/5ff261cb-9ec0-4b40-b4e5-8e465311033c => generated 258 bytes in 15 msecs (HTTP/1.1 200) 8 headers in 296 bytes (1 switches on core 0)
Jul 23 06:18:35.777009 np0000005723 devstack@placement-api.service[90129]: INFO placement.requestlog [req-99f4cbb5-52b6-4573-b966-b50e0f17915d req-fdca4d88-8d18-4a95-9ace-56881057b3ec service nova] 10.4.3.184 "GET /placement/allocations/34f4824b-ed93-4e42-9f84-e81057036121" status: 200 len: 244 microversion: 1.28
Jul 23 06:18:35.777474 np0000005723 devstack@placement-api.service[90129]: [pid: 90129|app: 0|req: 162/486] 10.4.3.184 () {68 vars in 1501 bytes} [Thu Jul 23 06:18:35 2026] GET /placement/allocations/34f4824b-ed93-4e42-9f84-e81057036121 => generated 244 bytes in 184 msecs (HTTP/1.1 200) 8 headers in 296 bytes (1 switches on core 0)
Jul 23 06:18:35.794914 np0000005723 devstack@placement-api.service[90127]: DEBUG placement.requestlog [req-17dc3cbe-89d5-4e43-b70b-ccddd6b3054a req-1b86a1c1-1503-4b46-969a-d79d519bcc31 None None] Starting request: 10.4.3.184 "GET /placement/resource_providers/fa8cacd2-3b65-4a53-9f8d-591b77e7ab11/allocations" {{(pid=90127) __call__ /opt/stack/placement/placement/requestlog.py:55}}
Jul 23 06:18:35.810230 np0000005723 devstack@placement-api.service[90128]: DEBUG placement.requestlog [req-99f4cbb5-52b6-4573-b966-b50e0f17915d req-bf63e830-5b3c-4447-bb76-9ac9d69a4226 None None] Starting request: 10.4.3.184 "GET /placement/allocations/34f4824b-ed93-4e42-9f84-e81057036121" {{(pid=90128) __call__ /opt/stack/placement/placement/requestlog.py:55}}
Jul 23 06:18:35.812730 np0000005723 devstack@placement-api.service[90127]: INFO placement.requestlog [req-17dc3cbe-89d5-4e43-b70b-ccddd6b3054a req-1b86a1c1-1503-4b46-969a-d79d519bcc31 service nova] 10.4.3.184 "GET /placement/resource_providers/fa8cacd2-3b65-4a53-9f8d-591b77e7ab11/allocations" status: 200 len: 1125 microversion: 1.0
Jul 23 06:18:35.813010 np0000005723 devstack@placement-api.service[90127]: [pid: 90127|app: 0|req: 163/487] 10.4.3.184 () {66 vars in 1512 bytes} [Thu Jul 23 06:18:35 2026] GET /placement/resource_providers/fa8cacd2-3b65-4a53-9f8d-591b77e7ab11/allocations => generated 1125 bytes in 18 msecs (HTTP/1.1 200) 6 headers in 225 bytes (1 switches on core 0)
Jul 23 06:18:35.829364 np0000005723 devstack@placement-api.service[90128]: INFO placement.requestlog [req-99f4cbb5-52b6-4573-b966-b50e0f17915d req-bf63e830-5b3c-4447-bb76-9ac9d69a4226 service nova] 10.4.3.184 "GET /placement/allocations/34f4824b-ed93-4e42-9f84-e81057036121" status: 200 len: 244 microversion: 1.28
Jul 23 06:18:35.830352 np0000005723 devstack@placement-api.service[90128]: [pid: 90128|app: 0|req: 163/488] 10.4.3.184 () {68 vars in 1501 bytes} [Thu Jul 23 06:18:35 2026] GET /placement/allocations/34f4824b-ed93-4e42-9f84-e81057036121 => generated 244 bytes in 21 msecs (HTTP/1.1 200) 8 headers in 296 bytes (1 switches on core 0)
Jul 23 06:18:35.857959 np0000005723 devstack@placement-api.service[90129]: DEBUG placement.requestlog [req-17dc3cbe-89d5-4e43-b70b-ccddd6b3054a req-6784cbc3-2460-4f5f-bd8f-593c44231f56 None None] Starting request: 10.4.3.184 "GET /placement/allocations/081e26a3-38ab-41ef-a808-b729431dafea" {{(pid=90129) __call__ /opt/stack/placement/placement/requestlog.py:55}}
Jul 23 06:18:35.871532 np0000005723 devstack@placement-api.service[90129]: INFO placement.requestlog [req-17dc3cbe-89d5-4e43-b70b-ccddd6b3054a req-6784cbc3-2460-4f5f-bd8f-593c44231f56 service nova] 10.4.3.184 "GET /placement/allocations/081e26a3-38ab-41ef-a808-b729431dafea" status: 200 len: 258 microversion: 1.28
Jul 23 06:18:35.871986 np0000005723 devstack@placement-api.service[90129]: [pid: 90129|app: 0|req: 163/489] 10.4.3.184 () {68 vars in 1499 bytes} [Thu Jul 23 06:18:35 2026] GET /placement/allocations/081e26a3-38ab-41ef-a808-b729431dafea => generated 258 bytes in 14 msecs (HTTP/1.1 200) 8 headers in 296 bytes (1 switches on core 0)
Jul 23 06:18:35.873048 np0000005723 devstack@placement-api.service[90127]: DEBUG placement.requestlog [req-99f4cbb5-52b6-4573-b966-b50e0f17915d req-ca096161-a7d8-4762-9a79-3eb592470cd7 None None] Starting request: 10.4.3.184 "GET /placement/allocations/3eb95ca7-9d2e-456c-b033-a7b286c1b538" {{(pid=90127) __call__ /opt/stack/placement/placement/requestlog.py:55}}
Jul 23 06:18:35.884979 np0000005723 devstack@placement-api.service[90127]: INFO placement.requestlog [req-99f4cbb5-52b6-4573-b966-b50e0f17915d req-ca096161-a7d8-4762-9a79-3eb592470cd7 service nova] 10.4.3.184 "GET /placement/allocations/3eb95ca7-9d2e-456c-b033-a7b286c1b538" status: 200 len: 19 microversion: 1.28
Jul 23 06:18:35.885258 np0000005723 devstack@placement-api.service[90127]: [pid: 90127|app: 0|req: 164/490] 10.4.3.184 () {68 vars in 1501 bytes} [Thu Jul 23 06:18:35 2026] GET /placement/allocations/3eb95ca7-9d2e-456c-b033-a7b286c1b538 => generated 19 bytes in 13 msecs (HTTP/1.1 200) 8 headers in 295 bytes (1 switches on core 0)
Jul 23 06:18:35.915283 np0000005723 devstack@placement-api.service[90128]: DEBUG placement.requestlog [req-99f4cbb5-52b6-4573-b966-b50e0f17915d req-cb2eb8dc-4b10-452d-956d-f1af592e0f37 None None] Starting request: 10.4.3.184 "POST /placement/allocations" {{(pid=90128) __call__ /opt/stack/placement/placement/requestlog.py:55}}
Jul 23 06:18:35.935543 np0000005723 devstack@placement-api.service[90129]: DEBUG placement.requestlog [req-17dc3cbe-89d5-4e43-b70b-ccddd6b3054a req-8698ec1d-9478-4da5-b39b-c0659451a81d None None] Starting request: 10.4.3.184 "GET /placement/allocations/5ff261cb-9ec0-4b40-b4e5-8e465311033c" {{(pid=90129) __call__ /opt/stack/placement/placement/requestlog.py:55}}
Jul 23 06:18:35.954266 np0000005723 devstack@placement-api.service[90129]: INFO placement.requestlog [req-17dc3cbe-89d5-4e43-b70b-ccddd6b3054a req-8698ec1d-9478-4da5-b39b-c0659451a81d service nova] 10.4.3.184 "GET /placement/allocations/5ff261cb-9ec0-4b40-b4e5-8e465311033c" status: 200 len: 258 microversion: 1.28
Jul 23 06:18:35.954266 np0000005723 devstack@placement-api.service[90129]: [pid: 90129|app: 0|req: 164/491] 10.4.3.184 () {68 vars in 1499 bytes} [Thu Jul 23 06:18:35 2026] GET /placement/allocations/5ff261cb-9ec0-4b40-b4e5-8e465311033c => generated 258 bytes in 19 msecs (HTTP/1.1 200) 8 headers in 296 bytes (1 switches on core 0)
Jul 23 06:18:35.999309 np0000005723 devstack@placement-api.service[90128]: DEBUG placement.handlers.allocation [req-99f4cbb5-52b6-4573-b966-b50e0f17915d req-cb2eb8dc-4b10-452d-956d-f1af592e0f37 service nova] Successfully wrote allocations [, , , ] {{(pid=90128) _update_consumers_and_create_allocations /opt/stack/placement/placement/handlers/allocation.py:572}}
Jul 23 06:18:36.003278 np0000005723 devstack@placement-api.service[90128]: INFO placement.requestlog [req-99f4cbb5-52b6-4573-b966-b50e0f17915d req-cb2eb8dc-4b10-452d-956d-f1af592e0f37 service nova] 10.4.3.184 "POST /placement/allocations" status: 204 len: 0 microversion: 1.28
Jul 23 06:18:36.003395 np0000005723 devstack@placement-api.service[90128]: [pid: 90128|app: 0|req: 164/492] 10.4.3.184 () {72 vars in 1444 bytes} [Thu Jul 23 06:18:35 2026] POST /placement/allocations => generated 0 bytes in 89 msecs (HTTP/1.1 204) 5 headers in 199 bytes (1 switches on core 0)
Jul 23 06:18:36.030685 np0000005723 devstack@placement-api.service[90127]: DEBUG placement.requestlog [req-17dc3cbe-89d5-4e43-b70b-ccddd6b3054a req-dbb87903-eaee-4657-a7ec-f773d04660d2 None None] Starting request: 10.4.3.184 "GET /placement/allocations/ac0a50ff-8909-4851-8ee5-9c3608a9ca95" {{(pid=90127) __call__ /opt/stack/placement/placement/requestlog.py:55}}
Jul 23 06:18:36.046347 np0000005723 devstack@placement-api.service[90127]: INFO placement.requestlog [req-17dc3cbe-89d5-4e43-b70b-ccddd6b3054a req-dbb87903-eaee-4657-a7ec-f773d04660d2 service nova] 10.4.3.184 "GET /placement/allocations/ac0a50ff-8909-4851-8ee5-9c3608a9ca95" status: 200 len: 258 microversion: 1.28
Jul 23 06:18:36.046731 np0000005723 devstack@placement-api.service[90127]: [pid: 90127|app: 0|req: 165/493] 10.4.3.184 () {68 vars in 1499 bytes} [Thu Jul 23 06:18:36 2026] GET /placement/allocations/ac0a50ff-8909-4851-8ee5-9c3608a9ca95 => generated 258 bytes in 16 msecs (HTTP/1.1 200) 8 headers in 296 bytes (1 switches on core 0)
Jul 23 06:18:36.096655 np0000005723 devstack@placement-api.service[90129]: DEBUG placement.requestlog [req-17dc3cbe-89d5-4e43-b70b-ccddd6b3054a req-0c657391-6768-4565-847c-37e8848af7d5 None None] Starting request: 10.4.3.184 "GET /placement/allocations/3ece1f59-62ee-4bb9-b016-306d8bc86122" {{(pid=90129) __call__ /opt/stack/placement/placement/requestlog.py:55}}
Jul 23 06:18:36.114801 np0000005723 devstack@placement-api.service[90129]: INFO placement.requestlog [req-17dc3cbe-89d5-4e43-b70b-ccddd6b3054a req-0c657391-6768-4565-847c-37e8848af7d5 service nova] 10.4.3.184 "GET /placement/allocations/3ece1f59-62ee-4bb9-b016-306d8bc86122" status: 200 len: 258 microversion: 1.28
Jul 23 06:18:36.115342 np0000005723 devstack@placement-api.service[90129]: [pid: 90129|app: 0|req: 165/494] 10.4.3.184 () {68 vars in 1499 bytes} [Thu Jul 23 06:18:36 2026] GET /placement/allocations/3ece1f59-62ee-4bb9-b016-306d8bc86122 => generated 258 bytes in 19 msecs (HTTP/1.1 200) 8 headers in 296 bytes (1 switches on core 0)
Jul 23 06:18:36.168334 np0000005723 devstack@placement-api.service[90128]: DEBUG placement.requestlog [req-17dc3cbe-89d5-4e43-b70b-ccddd6b3054a req-c295d454-89c2-4cb8-a0ef-ee45e7f57775 None None] Starting request: 10.4.3.184 "GET /placement/allocations/faac6d3b-292f-45e4-bd89-482d4471093e" {{(pid=90128) __call__ /opt/stack/placement/placement/requestlog.py:55}}
Jul 23 06:18:36.180223 np0000005723 devstack@placement-api.service[90128]: INFO placement.requestlog [req-17dc3cbe-89d5-4e43-b70b-ccddd6b3054a req-c295d454-89c2-4cb8-a0ef-ee45e7f57775 service nova] 10.4.3.184 "GET /placement/allocations/faac6d3b-292f-45e4-bd89-482d4471093e" status: 200 len: 244 microversion: 1.28
Jul 23 06:18:36.180750 np0000005723 devstack@placement-api.service[90127]: DEBUG placement.requestlog [req-99f4cbb5-52b6-4573-b966-b50e0f17915d req-0698fe68-302e-4f16-86f9-77462a8c6182 None None] Starting request: 10.4.3.184 "GET /placement/allocation_candidates?limit=1000&resources=MEMORY_MB%3A256%2CVCPU%3A1&root_required=%21COMPUTE_STATUS_DISABLED" {{(pid=90127) __call__ /opt/stack/placement/placement/requestlog.py:55}}
Jul 23 06:18:36.180903 np0000005723 devstack@placement-api.service[90128]: [pid: 90128|app: 0|req: 165/495] 10.4.3.184 () {68 vars in 1499 bytes} [Thu Jul 23 06:18:36 2026] GET /placement/allocations/faac6d3b-292f-45e4-bd89-482d4471093e => generated 244 bytes in 12 msecs (HTTP/1.1 200) 8 headers in 296 bytes (1 switches on core 0)
Jul 23 06:18:36.210963 np0000005723 devstack@placement-api.service[90127]: DEBUG placement.objects.research_context [req-99f4cbb5-52b6-4573-b966-b50e0f17915d req-0698fe68-302e-4f16-86f9-77462a8c6182 service nova] getting providers with 256 MEMORY_MB {{(pid=90127) __init__ /opt/stack/placement/placement/objects/research_context.py:137}}
Jul 23 06:18:36.218221 np0000005723 devstack@placement-api.service[90127]: DEBUG placement.objects.research_context [req-99f4cbb5-52b6-4573-b966-b50e0f17915d req-0698fe68-302e-4f16-86f9-77462a8c6182 service nova] getting providers with 1 VCPU {{(pid=90127) __init__ /opt/stack/placement/placement/objects/research_context.py:137}}
Jul 23 06:18:36.231097 np0000005723 devstack@placement-api.service[90127]: DEBUG placement.objects.research_context [req-99f4cbb5-52b6-4573-b966-b50e0f17915d req-0698fe68-302e-4f16-86f9-77462a8c6182 service nova] found 1 providers with available 256 MEMORY_MB {{(pid=90127) get_provider_ids_matching /opt/stack/placement/placement/objects/research_context.py:563}}
Jul 23 06:18:36.231097 np0000005723 devstack@placement-api.service[90127]: DEBUG placement.objects.research_context [req-99f4cbb5-52b6-4573-b966-b50e0f17915d req-0698fe68-302e-4f16-86f9-77462a8c6182 service nova] found 1 providers with available 1 VCPU {{(pid=90127) get_provider_ids_matching /opt/stack/placement/placement/objects/research_context.py:563}}
Jul 23 06:18:36.231097 np0000005723 devstack@placement-api.service[90127]: DEBUG placement.objects.research_context [req-99f4cbb5-52b6-4573-b966-b50e0f17915d req-0698fe68-302e-4f16-86f9-77462a8c6182 service nova] found 1 providers after filtering by previous result {{(pid=90127) get_provider_ids_matching /opt/stack/placement/placement/objects/research_context.py:594}}
Jul 23 06:18:36.243593 np0000005723 devstack@placement-api.service[90129]: DEBUG placement.requestlog [req-17dc3cbe-89d5-4e43-b70b-ccddd6b3054a req-65b30f88-9919-4b56-98ac-db960f2b04a9 None None] Starting request: 10.4.3.184 "GET /placement/allocations/85d08395-476f-40ae-8158-c8924e379b4e" {{(pid=90129) __call__ /opt/stack/placement/placement/requestlog.py:55}}
Jul 23 06:18:36.254352 np0000005723 devstack@placement-api.service[90127]: DEBUG placement.objects.allocation_candidate [req-99f4cbb5-52b6-4573-b966-b50e0f17915d req-0698fe68-302e-4f16-86f9-77462a8c6182 service nova] RequestGroup(use_same_provider=False, resources={MEMORY_MB:256, VCPU:1}, traits=(), aggregates=[]) (suffix '') returned 1 matches {{(pid=90127) _get_by_requests /opt/stack/placement/placement/objects/allocation_candidate.py:158}}
Jul 23 06:18:36.254759 np0000005723 devstack@placement-api.service[90127]: DEBUG placement.objects.allocation_candidate [req-99f4cbb5-52b6-4573-b966-b50e0f17915d req-0698fe68-302e-4f16-86f9-77462a8c6182 service nova] Merging candidates yields 1 allocation requests and 1 provider summaries {{(pid=90127) _merge_candidates /opt/stack/placement/placement/objects/allocation_candidate.py:908}}
Jul 23 06:18:36.257307 np0000005723 devstack@placement-api.service[90127]: INFO placement.requestlog [req-99f4cbb5-52b6-4573-b966-b50e0f17915d req-0698fe68-302e-4f16-86f9-77462a8c6182 service nova] 10.4.3.184 "GET /placement/allocation_candidates?limit=1000&resources=MEMORY_MB%3A256%2CVCPU%3A1&root_required=%21COMPUTE_STATUS_DISABLED" status: 200 len: 2480 microversion: 1.36
Jul 23 06:18:36.260101 np0000005723 devstack@placement-api.service[90127]: [pid: 90127|app: 0|req: 166/496] 10.4.3.184 () {68 vars in 1597 bytes} [Thu Jul 23 06:18:36 2026] GET /placement/allocation_candidates?limit=1000&resources=MEMORY_MB%3A256%2CVCPU%3A1&root_required=%21COMPUTE_STATUS_DISABLED => generated 2480 bytes in 82 msecs (HTTP/1.1 200) 8 headers in 297 bytes (1 switches on core 0)
Jul 23 06:18:36.266218 np0000005723 devstack@placement-api.service[90129]: INFO placement.requestlog [req-17dc3cbe-89d5-4e43-b70b-ccddd6b3054a req-65b30f88-9919-4b56-98ac-db960f2b04a9 service nova] 10.4.3.184 "GET /placement/allocations/85d08395-476f-40ae-8158-c8924e379b4e" status: 200 len: 258 microversion: 1.28
Jul 23 06:18:36.266794 np0000005723 devstack@placement-api.service[90129]: [pid: 90129|app: 0|req: 166/497] 10.4.3.184 () {68 vars in 1499 bytes} [Thu Jul 23 06:18:36 2026] GET /placement/allocations/85d08395-476f-40ae-8158-c8924e379b4e => generated 258 bytes in 25 msecs (HTTP/1.1 200) 8 headers in 296 bytes (1 switches on core 0)
Jul 23 06:18:36.312444 np0000005723 devstack@placement-api.service[90128]: DEBUG placement.requestlog [req-17dc3cbe-89d5-4e43-b70b-ccddd6b3054a req-2cfa2ee6-c454-4559-afa4-900c41d2e657 None None] Starting request: 10.4.3.184 "GET /placement/allocations/28671b53-6a11-4d2e-a329-ff692e0536ac" {{(pid=90128) __call__ /opt/stack/placement/placement/requestlog.py:55}}
Jul 23 06:18:36.329658 np0000005723 devstack@placement-api.service[90128]: INFO placement.requestlog [req-17dc3cbe-89d5-4e43-b70b-ccddd6b3054a req-2cfa2ee6-c454-4559-afa4-900c41d2e657 service nova] 10.4.3.184 "GET /placement/allocations/28671b53-6a11-4d2e-a329-ff692e0536ac" status: 200 len: 258 microversion: 1.28
Jul 23 06:18:36.330670 np0000005723 devstack@placement-api.service[90128]: [pid: 90128|app: 0|req: 166/498] 10.4.3.184 () {68 vars in 1499 bytes} [Thu Jul 23 06:18:36 2026] GET /placement/allocations/28671b53-6a11-4d2e-a329-ff692e0536ac => generated 258 bytes in 18 msecs (HTTP/1.1 200) 8 headers in 296 bytes (2 switches on core 0)
Jul 23 06:18:36.349329 np0000005723 devstack@placement-api.service[90127]: DEBUG placement.requestlog [req-99f4cbb5-52b6-4573-b966-b50e0f17915d req-aef6e082-a004-49fa-92bf-49ee85611b72 None None] Starting request: 10.4.3.184 "GET /placement/allocations/34f4824b-ed93-4e42-9f84-e81057036121" {{(pid=90127) __call__ /opt/stack/placement/placement/requestlog.py:55}}
Jul 23 06:18:36.366157 np0000005723 devstack@placement-api.service[90127]: INFO placement.requestlog [req-99f4cbb5-52b6-4573-b966-b50e0f17915d req-aef6e082-a004-49fa-92bf-49ee85611b72 service nova] 10.4.3.184 "GET /placement/allocations/34f4824b-ed93-4e42-9f84-e81057036121" status: 200 len: 19 microversion: 1.28
Jul 23 06:18:36.366157 np0000005723 devstack@placement-api.service[90127]: [pid: 90127|app: 0|req: 167/499] 10.4.3.184 () {68 vars in 1501 bytes} [Thu Jul 23 06:18:36 2026] GET /placement/allocations/34f4824b-ed93-4e42-9f84-e81057036121 => generated 19 bytes in 16 msecs (HTTP/1.1 200) 8 headers in 295 bytes (1 switches on core 0)
Jul 23 06:18:36.394158 np0000005723 devstack@placement-api.service[90129]: DEBUG placement.requestlog [req-17dc3cbe-89d5-4e43-b70b-ccddd6b3054a req-acdd1d54-ae20-4127-91dc-740df34b458b None None] Starting request: 10.4.3.184 "GET /placement/allocations/023c7e33-fb2f-48f3-ad6a-29a6418be2e7" {{(pid=90129) __call__ /opt/stack/placement/placement/requestlog.py:55}}
Jul 23 06:18:36.405668 np0000005723 devstack@placement-api.service[90129]: INFO placement.requestlog [req-17dc3cbe-89d5-4e43-b70b-ccddd6b3054a req-acdd1d54-ae20-4127-91dc-740df34b458b service nova] 10.4.3.184 "GET /placement/allocations/023c7e33-fb2f-48f3-ad6a-29a6418be2e7" status: 200 len: 258 microversion: 1.28
Jul 23 06:18:36.405959 np0000005723 devstack@placement-api.service[90129]: [pid: 90129|app: 0|req: 167/500] 10.4.3.184 () {68 vars in 1499 bytes} [Thu Jul 23 06:18:36 2026] GET /placement/allocations/023c7e33-fb2f-48f3-ad6a-29a6418be2e7 => generated 258 bytes in 12 msecs (HTTP/1.1 200) 8 headers in 296 bytes (1 switches on core 0)
Jul 23 06:18:36.411247 np0000005723 devstack@placement-api.service[90128]: DEBUG placement.requestlog [req-99f4cbb5-52b6-4573-b966-b50e0f17915d req-fd63c89c-621f-4dea-ad0c-33dbdaf5556e None None] Starting request: 10.4.3.184 "PUT /placement/allocations/34f4824b-ed93-4e42-9f84-e81057036121" {{(pid=90128) __call__ /opt/stack/placement/placement/requestlog.py:55}}
Jul 23 06:18:36.459278 np0000005723 devstack@placement-api.service[90128]: DEBUG placement.handlers.allocation [req-99f4cbb5-52b6-4573-b966-b50e0f17915d req-fd63c89c-621f-4dea-ad0c-33dbdaf5556e service nova] Successfully wrote allocations [, ] {{(pid=90128) _update_consumers_and_create_allocations /opt/stack/placement/placement/handlers/allocation.py:462}}
Jul 23 06:18:36.460039 np0000005723 devstack@placement-api.service[90127]: DEBUG placement.requestlog [req-17dc3cbe-89d5-4e43-b70b-ccddd6b3054a req-9511aa80-9b61-49aa-a089-f5f99311781a None None] Starting request: 10.4.3.184 "GET /placement/allocations/412b1394-3700-4a9c-8275-8096d5e50d8a" {{(pid=90127) __call__ /opt/stack/placement/placement/requestlog.py:55}}
Jul 23 06:18:36.464792 np0000005723 devstack@placement-api.service[90128]: INFO placement.requestlog [req-99f4cbb5-52b6-4573-b966-b50e0f17915d req-fd63c89c-621f-4dea-ad0c-33dbdaf5556e service nova] 10.4.3.184 "PUT /placement/allocations/34f4824b-ed93-4e42-9f84-e81057036121" status: 204 len: 0 microversion: 1.36
Jul 23 06:18:36.465298 np0000005723 devstack@placement-api.service[90128]: [pid: 90128|app: 0|req: 167/501] 10.4.3.184 () {72 vars in 1554 bytes} [Thu Jul 23 06:18:36 2026] PUT /placement/allocations/34f4824b-ed93-4e42-9f84-e81057036121 => generated 0 bytes in 54 msecs (HTTP/1.1 204) 5 headers in 199 bytes (1 switches on core 0)
Jul 23 06:18:36.479771 np0000005723 devstack@placement-api.service[90127]: INFO placement.requestlog [req-17dc3cbe-89d5-4e43-b70b-ccddd6b3054a req-9511aa80-9b61-49aa-a089-f5f99311781a service nova] 10.4.3.184 "GET /placement/allocations/412b1394-3700-4a9c-8275-8096d5e50d8a" status: 200 len: 258 microversion: 1.28
Jul 23 06:18:36.480125 np0000005723 devstack@placement-api.service[90127]: [pid: 90127|app: 0|req: 168/502] 10.4.3.184 () {68 vars in 1499 bytes} [Thu Jul 23 06:18:36 2026] GET /placement/allocations/412b1394-3700-4a9c-8275-8096d5e50d8a => generated 258 bytes in 21 msecs (HTTP/1.1 200) 8 headers in 296 bytes (1 switches on core 0)
Jul 23 06:18:36.578221 np0000005723 devstack@placement-api.service[90129]: DEBUG placement.requestlog [req-17dc3cbe-89d5-4e43-b70b-ccddd6b3054a req-e29bf37a-499e-442e-99d7-3b593ee5ea19 None None] Starting request: 10.4.3.184 "GET /placement/allocations/34f4824b-ed93-4e42-9f84-e81057036121" {{(pid=90129) __call__ /opt/stack/placement/placement/requestlog.py:55}}
Jul 23 06:18:36.589179 np0000005723 devstack@placement-api.service[90129]: INFO placement.requestlog [req-17dc3cbe-89d5-4e43-b70b-ccddd6b3054a req-e29bf37a-499e-442e-99d7-3b593ee5ea19 service nova] 10.4.3.184 "GET /placement/allocations/34f4824b-ed93-4e42-9f84-e81057036121" status: 200 len: 244 microversion: 1.28
Jul 23 06:18:36.589179 np0000005723 devstack@placement-api.service[90129]: [pid: 90129|app: 0|req: 168/503] 10.4.3.184 () {68 vars in 1499 bytes} [Thu Jul 23 06:18:36 2026] GET /placement/allocations/34f4824b-ed93-4e42-9f84-e81057036121 => generated 244 bytes in 10 msecs (HTTP/1.1 200) 8 headers in 296 bytes (1 switches on core 0)
Jul 23 06:18:36.636827 np0000005723 devstack@placement-api.service[90128]: DEBUG placement.requestlog [req-17dc3cbe-89d5-4e43-b70b-ccddd6b3054a req-06fd9395-c462-43e8-bc88-a1da0c428655 None None] Starting request: 10.4.3.184 "GET /placement/allocations/9abc48ef-be66-460f-af42-dccffe5fe10c" {{(pid=90128) __call__ /opt/stack/placement/placement/requestlog.py:55}}
Jul 23 06:18:36.655787 np0000005723 devstack@placement-api.service[90128]: INFO placement.requestlog [req-17dc3cbe-89d5-4e43-b70b-ccddd6b3054a req-06fd9395-c462-43e8-bc88-a1da0c428655 service nova] 10.4.3.184 "GET /placement/allocations/9abc48ef-be66-460f-af42-dccffe5fe10c" status: 200 len: 258 microversion: 1.28
Jul 23 06:18:36.655787 np0000005723 devstack@placement-api.service[90128]: [pid: 90128|app: 0|req: 168/504] 10.4.3.184 () {68 vars in 1499 bytes} [Thu Jul 23 06:18:36 2026] GET /placement/allocations/9abc48ef-be66-460f-af42-dccffe5fe10c => generated 258 bytes in 19 msecs (HTTP/1.1 200) 8 headers in 296 bytes (1 switches on core 0)
Jul 23 06:18:36.758788 np0000005723 devstack@placement-api.service[90127]: DEBUG placement.requestlog [req-99f4cbb5-52b6-4573-b966-b50e0f17915d req-215fed75-f16d-4c0d-bf43-627d0b745983 None None] Starting request: 10.4.3.184 "GET /placement/allocations/34f4824b-ed93-4e42-9f84-e81057036121" {{(pid=90127) __call__ /opt/stack/placement/placement/requestlog.py:55}}
Jul 23 06:18:36.773435 np0000005723 devstack@placement-api.service[90127]: INFO placement.requestlog [req-99f4cbb5-52b6-4573-b966-b50e0f17915d req-215fed75-f16d-4c0d-bf43-627d0b745983 service nova] 10.4.3.184 "GET /placement/allocations/34f4824b-ed93-4e42-9f84-e81057036121" status: 200 len: 244 microversion: 1.28
Jul 23 06:18:36.773802 np0000005723 devstack@placement-api.service[90127]: [pid: 90127|app: 0|req: 169/505] 10.4.3.184 () {68 vars in 1499 bytes} [Thu Jul 23 06:18:36 2026] GET /placement/allocations/34f4824b-ed93-4e42-9f84-e81057036121 => generated 244 bytes in 16 msecs (HTTP/1.1 200) 8 headers in 296 bytes (1 switches on core 0)
Jul 23 06:18:37.068664 np0000005723 devstack@placement-api.service[90129]: DEBUG placement.requestlog [req-99f4cbb5-52b6-4573-b966-b50e0f17915d req-802ea1d6-c39b-47af-8ae1-554d73fd0007 None None] Starting request: 10.4.3.184 "GET /placement/resource_providers/fa8cacd2-3b65-4a53-9f8d-591b77e7ab11/allocations" {{(pid=90129) __call__ /opt/stack/placement/placement/requestlog.py:55}}
Jul 23 06:18:37.115324 np0000005723 devstack@placement-api.service[90129]: INFO placement.requestlog [req-99f4cbb5-52b6-4573-b966-b50e0f17915d req-802ea1d6-c39b-47af-8ae1-554d73fd0007 service nova] 10.4.3.184 "GET /placement/resource_providers/fa8cacd2-3b65-4a53-9f8d-591b77e7ab11/allocations" status: 200 len: 1211 microversion: 1.0
Jul 23 06:18:37.115638 np0000005723 devstack@placement-api.service[90129]: [pid: 90129|app: 0|req: 169/506] 10.4.3.184 () {66 vars in 1512 bytes} [Thu Jul 23 06:18:37 2026] GET /placement/resource_providers/fa8cacd2-3b65-4a53-9f8d-591b77e7ab11/allocations => generated 1211 bytes in 47 msecs (HTTP/1.1 200) 6 headers in 225 bytes (1 switches on core 0)
Jul 23 06:18:37.196472 np0000005723 devstack@placement-api.service[90128]: DEBUG placement.requestlog [req-99f4cbb5-52b6-4573-b966-b50e0f17915d req-d4c6c4c0-25c4-44b2-b2c4-e2c39ed5727a None None] Starting request: 10.4.3.184 "GET /placement/allocations/081e26a3-38ab-41ef-a808-b729431dafea" {{(pid=90128) __call__ /opt/stack/placement/placement/requestlog.py:55}}
Jul 23 06:18:37.208092 np0000005723 devstack@placement-api.service[90128]: INFO placement.requestlog [req-99f4cbb5-52b6-4573-b966-b50e0f17915d req-d4c6c4c0-25c4-44b2-b2c4-e2c39ed5727a service nova] 10.4.3.184 "GET /placement/allocations/081e26a3-38ab-41ef-a808-b729431dafea" status: 200 len: 258 microversion: 1.28
Jul 23 06:18:37.209505 np0000005723 devstack@placement-api.service[90128]: [pid: 90128|app: 0|req: 169/507] 10.4.3.184 () {68 vars in 1499 bytes} [Thu Jul 23 06:18:37 2026] GET /placement/allocations/081e26a3-38ab-41ef-a808-b729431dafea => generated 258 bytes in 12 msecs (HTTP/1.1 200) 8 headers in 296 bytes (1 switches on core 0)
Jul 23 06:18:37.321782 np0000005723 devstack@placement-api.service[90127]: DEBUG placement.requestlog [req-99f4cbb5-52b6-4573-b966-b50e0f17915d req-242e66c6-95ac-45f3-90d0-4a1b329dc514 None None] Starting request: 10.4.3.184 "GET /placement/allocations/5ff261cb-9ec0-4b40-b4e5-8e465311033c" {{(pid=90127) __call__ /opt/stack/placement/placement/requestlog.py:55}}
Jul 23 06:18:37.350308 np0000005723 devstack@placement-api.service[90127]: INFO placement.requestlog [req-99f4cbb5-52b6-4573-b966-b50e0f17915d req-242e66c6-95ac-45f3-90d0-4a1b329dc514 service nova] 10.4.3.184 "GET /placement/allocations/5ff261cb-9ec0-4b40-b4e5-8e465311033c" status: 200 len: 258 microversion: 1.28
Jul 23 06:18:37.350813 np0000005723 devstack@placement-api.service[90127]: [pid: 90127|app: 0|req: 170/508] 10.4.3.184 () {68 vars in 1499 bytes} [Thu Jul 23 06:18:37 2026] GET /placement/allocations/5ff261cb-9ec0-4b40-b4e5-8e465311033c => generated 258 bytes in 29 msecs (HTTP/1.1 200) 8 headers in 296 bytes (1 switches on core 0)
Jul 23 06:18:37.493261 np0000005723 devstack@placement-api.service[90129]: DEBUG placement.requestlog [req-99f4cbb5-52b6-4573-b966-b50e0f17915d req-c9e6d50e-751e-47c7-85d2-64cb09dce0dc None None] Starting request: 10.4.3.184 "GET /placement/allocations/ac0a50ff-8909-4851-8ee5-9c3608a9ca95" {{(pid=90129) __call__ /opt/stack/placement/placement/requestlog.py:55}}
Jul 23 06:18:37.503473 np0000005723 devstack@placement-api.service[90129]: INFO placement.requestlog [req-99f4cbb5-52b6-4573-b966-b50e0f17915d req-c9e6d50e-751e-47c7-85d2-64cb09dce0dc service nova] 10.4.3.184 "GET /placement/allocations/ac0a50ff-8909-4851-8ee5-9c3608a9ca95" status: 200 len: 258 microversion: 1.28
Jul 23 06:18:37.503747 np0000005723 devstack@placement-api.service[90129]: [pid: 90129|app: 0|req: 170/509] 10.4.3.184 () {68 vars in 1499 bytes} [Thu Jul 23 06:18:37 2026] GET /placement/allocations/ac0a50ff-8909-4851-8ee5-9c3608a9ca95 => generated 258 bytes in 11 msecs (HTTP/1.1 200) 8 headers in 296 bytes (1 switches on core 0)
Jul 23 06:18:37.596108 np0000005723 devstack@placement-api.service[90128]: DEBUG placement.requestlog [req-99f4cbb5-52b6-4573-b966-b50e0f17915d req-903eb8f4-01ca-49f7-8901-d66551d0404d None None] Starting request: 10.4.3.184 "GET /placement/allocations/3ece1f59-62ee-4bb9-b016-306d8bc86122" {{(pid=90128) __call__ /opt/stack/placement/placement/requestlog.py:55}}
Jul 23 06:18:37.618040 np0000005723 devstack@placement-api.service[90128]: INFO placement.requestlog [req-99f4cbb5-52b6-4573-b966-b50e0f17915d req-903eb8f4-01ca-49f7-8901-d66551d0404d service nova] 10.4.3.184 "GET /placement/allocations/3ece1f59-62ee-4bb9-b016-306d8bc86122" status: 200 len: 258 microversion: 1.28
Jul 23 06:18:37.618362 np0000005723 devstack@placement-api.service[90128]: [pid: 90128|app: 0|req: 170/510] 10.4.3.184 () {68 vars in 1499 bytes} [Thu Jul 23 06:18:37 2026] GET /placement/allocations/3ece1f59-62ee-4bb9-b016-306d8bc86122 => generated 258 bytes in 23 msecs (HTTP/1.1 200) 8 headers in 296 bytes (1 switches on core 0)
Jul 23 06:18:37.713196 np0000005723 devstack@placement-api.service[90127]: DEBUG placement.requestlog [req-99f4cbb5-52b6-4573-b966-b50e0f17915d req-87232d07-cd66-4dff-8a9c-5aaa32e471ec None None] Starting request: 10.4.3.184 "GET /placement/allocations/faac6d3b-292f-45e4-bd89-482d4471093e" {{(pid=90127) __call__ /opt/stack/placement/placement/requestlog.py:55}}
Jul 23 06:18:37.728440 np0000005723 devstack@placement-api.service[90127]: INFO placement.requestlog [req-99f4cbb5-52b6-4573-b966-b50e0f17915d req-87232d07-cd66-4dff-8a9c-5aaa32e471ec service nova] 10.4.3.184 "GET /placement/allocations/faac6d3b-292f-45e4-bd89-482d4471093e" status: 200 len: 244 microversion: 1.28
Jul 23 06:18:37.728747 np0000005723 devstack@placement-api.service[90127]: [pid: 90127|app: 0|req: 171/511] 10.4.3.184 () {68 vars in 1499 bytes} [Thu Jul 23 06:18:37 2026] GET /placement/allocations/faac6d3b-292f-45e4-bd89-482d4471093e => generated 244 bytes in 16 msecs (HTTP/1.1 200) 8 headers in 296 bytes (1 switches on core 0)
Jul 23 06:18:37.781313 np0000005723 devstack@placement-api.service[90129]: DEBUG placement.requestlog [req-99f4cbb5-52b6-4573-b966-b50e0f17915d req-d5b5239e-c8e6-4ce6-82a1-121e2a63ce90 None None] Starting request: 10.4.3.184 "GET /placement/allocations/85d08395-476f-40ae-8158-c8924e379b4e" {{(pid=90129) __call__ /opt/stack/placement/placement/requestlog.py:55}}
Jul 23 06:18:37.796626 np0000005723 devstack@placement-api.service[90129]: INFO placement.requestlog [req-99f4cbb5-52b6-4573-b966-b50e0f17915d req-d5b5239e-c8e6-4ce6-82a1-121e2a63ce90 service nova] 10.4.3.184 "GET /placement/allocations/85d08395-476f-40ae-8158-c8924e379b4e" status: 200 len: 258 microversion: 1.28
Jul 23 06:18:37.796886 np0000005723 devstack@placement-api.service[90129]: [pid: 90129|app: 0|req: 171/512] 10.4.3.184 () {68 vars in 1499 bytes} [Thu Jul 23 06:18:37 2026] GET /placement/allocations/85d08395-476f-40ae-8158-c8924e379b4e => generated 258 bytes in 16 msecs (HTTP/1.1 200) 8 headers in 296 bytes (1 switches on core 0)
Jul 23 06:18:37.866526 np0000005723 devstack@placement-api.service[90128]: DEBUG placement.requestlog [req-99f4cbb5-52b6-4573-b966-b50e0f17915d req-6b576b6a-088e-4e9c-99b6-c08f3894d5a3 None None] Starting request: 10.4.3.184 "GET /placement/allocations/28671b53-6a11-4d2e-a329-ff692e0536ac" {{(pid=90128) __call__ /opt/stack/placement/placement/requestlog.py:55}}
Jul 23 06:18:37.883980 np0000005723 devstack@placement-api.service[90128]: INFO placement.requestlog [req-99f4cbb5-52b6-4573-b966-b50e0f17915d req-6b576b6a-088e-4e9c-99b6-c08f3894d5a3 service nova] 10.4.3.184 "GET /placement/allocations/28671b53-6a11-4d2e-a329-ff692e0536ac" status: 200 len: 258 microversion: 1.28
Jul 23 06:18:37.885022 np0000005723 devstack@placement-api.service[90128]: [pid: 90128|app: 0|req: 171/513] 10.4.3.184 () {68 vars in 1499 bytes} [Thu Jul 23 06:18:37 2026] GET /placement/allocations/28671b53-6a11-4d2e-a329-ff692e0536ac => generated 258 bytes in 19 msecs (HTTP/1.1 200) 8 headers in 296 bytes (1 switches on core 0)
Jul 23 06:18:37.929959 np0000005723 devstack@placement-api.service[90127]: DEBUG placement.requestlog [req-99f4cbb5-52b6-4573-b966-b50e0f17915d req-659ca8cc-a432-4e09-a644-6e2088f14018 None None] Starting request: 10.4.3.184 "GET /placement/allocations/023c7e33-fb2f-48f3-ad6a-29a6418be2e7" {{(pid=90127) __call__ /opt/stack/placement/placement/requestlog.py:55}}
Jul 23 06:18:37.941771 np0000005723 devstack@placement-api.service[90127]: INFO placement.requestlog [req-99f4cbb5-52b6-4573-b966-b50e0f17915d req-659ca8cc-a432-4e09-a644-6e2088f14018 service nova] 10.4.3.184 "GET /placement/allocations/023c7e33-fb2f-48f3-ad6a-29a6418be2e7" status: 200 len: 258 microversion: 1.28
Jul 23 06:18:37.942337 np0000005723 devstack@placement-api.service[90127]: [pid: 90127|app: 0|req: 172/514] 10.4.3.184 () {68 vars in 1499 bytes} [Thu Jul 23 06:18:37 2026] GET /placement/allocations/023c7e33-fb2f-48f3-ad6a-29a6418be2e7 => generated 258 bytes in 14 msecs (HTTP/1.1 200) 8 headers in 296 bytes (1 switches on core 0)
Jul 23 06:18:37.992442 np0000005723 devstack@placement-api.service[90129]: DEBUG placement.requestlog [req-99f4cbb5-52b6-4573-b966-b50e0f17915d req-284b9086-b067-4c5c-ba3b-4e18075b1a9a None None] Starting request: 10.4.3.184 "GET /placement/allocations/412b1394-3700-4a9c-8275-8096d5e50d8a" {{(pid=90129) __call__ /opt/stack/placement/placement/requestlog.py:55}}
Jul 23 06:18:38.007563 np0000005723 devstack@placement-api.service[90129]: INFO placement.requestlog [req-99f4cbb5-52b6-4573-b966-b50e0f17915d req-284b9086-b067-4c5c-ba3b-4e18075b1a9a service nova] 10.4.3.184 "GET /placement/allocations/412b1394-3700-4a9c-8275-8096d5e50d8a" status: 200 len: 258 microversion: 1.28
Jul 23 06:18:38.007840 np0000005723 devstack@placement-api.service[90129]: [pid: 90129|app: 0|req: 172/515] 10.4.3.184 () {68 vars in 1499 bytes} [Thu Jul 23 06:18:37 2026] GET /placement/allocations/412b1394-3700-4a9c-8275-8096d5e50d8a => generated 258 bytes in 16 msecs (HTTP/1.1 200) 8 headers in 296 bytes (1 switches on core 0)
Jul 23 06:18:38.081625 np0000005723 devstack@placement-api.service[90128]: DEBUG placement.requestlog [req-99f4cbb5-52b6-4573-b966-b50e0f17915d req-4c261960-1dfe-4ed5-b86c-db3ddcf799d0 None None] Starting request: 10.4.3.184 "GET /placement/allocations/34f4824b-ed93-4e42-9f84-e81057036121" {{(pid=90128) __call__ /opt/stack/placement/placement/requestlog.py:55}}
Jul 23 06:18:38.093208 np0000005723 devstack@placement-api.service[90128]: INFO placement.requestlog [req-99f4cbb5-52b6-4573-b966-b50e0f17915d req-4c261960-1dfe-4ed5-b86c-db3ddcf799d0 service nova] 10.4.3.184 "GET /placement/allocations/34f4824b-ed93-4e42-9f84-e81057036121" status: 200 len: 244 microversion: 1.28
Jul 23 06:18:38.093739 np0000005723 devstack@placement-api.service[90128]: [pid: 90128|app: 0|req: 172/516] 10.4.3.184 () {68 vars in 1499 bytes} [Thu Jul 23 06:18:38 2026] GET /placement/allocations/34f4824b-ed93-4e42-9f84-e81057036121 => generated 244 bytes in 13 msecs (HTTP/1.1 200) 8 headers in 296 bytes (1 switches on core 0)
Jul 23 06:18:38.159312 np0000005723 devstack@placement-api.service[90127]: DEBUG placement.requestlog [req-99f4cbb5-52b6-4573-b966-b50e0f17915d req-760bac3c-fd0f-4884-8ab7-81765b2c1f26 None None] Starting request: 10.4.3.184 "GET /placement/allocations/3eb95ca7-9d2e-456c-b033-a7b286c1b538" {{(pid=90127) __call__ /opt/stack/placement/placement/requestlog.py:55}}
Jul 23 06:18:38.172319 np0000005723 devstack@placement-api.service[90127]: INFO placement.requestlog [req-99f4cbb5-52b6-4573-b966-b50e0f17915d req-760bac3c-fd0f-4884-8ab7-81765b2c1f26 service nova] 10.4.3.184 "GET /placement/allocations/3eb95ca7-9d2e-456c-b033-a7b286c1b538" status: 200 len: 244 microversion: 1.28
Jul 23 06:18:38.172319 np0000005723 devstack@placement-api.service[90127]: [pid: 90127|app: 0|req: 173/517] 10.4.3.184 () {68 vars in 1499 bytes} [Thu Jul 23 06:18:38 2026] GET /placement/allocations/3eb95ca7-9d2e-456c-b033-a7b286c1b538 => generated 244 bytes in 13 msecs (HTTP/1.1 200) 8 headers in 296 bytes (1 switches on core 0)
Jul 23 06:18:38.242116 np0000005723 devstack@placement-api.service[90129]: DEBUG placement.requestlog [req-99f4cbb5-52b6-4573-b966-b50e0f17915d req-f1a1520c-74fd-4c19-b65b-cad9772bf46b None None] Starting request: 10.4.3.184 "GET /placement/allocations/9abc48ef-be66-460f-af42-dccffe5fe10c" {{(pid=90129) __call__ /opt/stack/placement/placement/requestlog.py:55}}
Jul 23 06:18:38.258706 np0000005723 devstack@placement-api.service[90129]: INFO placement.requestlog [req-99f4cbb5-52b6-4573-b966-b50e0f17915d req-f1a1520c-74fd-4c19-b65b-cad9772bf46b service nova] 10.4.3.184 "GET /placement/allocations/9abc48ef-be66-460f-af42-dccffe5fe10c" status: 200 len: 258 microversion: 1.28
Jul 23 06:18:38.258706 np0000005723 devstack@placement-api.service[90129]: [pid: 90129|app: 0|req: 173/518] 10.4.3.184 () {68 vars in 1499 bytes} [Thu Jul 23 06:18:38 2026] GET /placement/allocations/9abc48ef-be66-460f-af42-dccffe5fe10c => generated 258 bytes in 16 msecs (HTTP/1.1 200) 8 headers in 296 bytes (1 switches on core 0)
Jul 23 06:18:43.408194 np0000005723 devstack@placement-api.service[90128]: DEBUG placement.requestlog [None req-7f42f039-46e9-4a28-a859-dfe04319bc97 None None] Starting request: 10.4.3.184 "GET /placement/resource_providers/e7a382b9-75ad-4b40-8088-630f84bec1e4/aggregates" {{(pid=90128) __call__ /opt/stack/placement/placement/requestlog.py:55}}
Jul 23 06:18:43.423724 np0000005723 devstack@placement-api.service[90128]: INFO placement.requestlog [None req-7f42f039-46e9-4a28-a859-dfe04319bc97 service placement] 10.4.3.184 "GET /placement/resource_providers/e7a382b9-75ad-4b40-8088-630f84bec1e4/aggregates" status: 404 len: 235 microversion: 1.1
Jul 23 06:18:43.423724 np0000005723 devstack@placement-api.service[90128]: [pid: 90128|app: 0|req: 173/519] 10.4.3.184 () {66 vars in 1474 bytes} [Thu Jul 23 06:18:43 2026] GET /placement/resource_providers/e7a382b9-75ad-4b40-8088-630f84bec1e4/aggregates => generated 235 bytes in 15 msecs (HTTP/1.1 404) 5 headers in 202 bytes (2 switches on core 0)
Jul 23 06:18:43.493945 np0000005723 devstack@placement-api.service[90127]: DEBUG placement.requestlog [None req-cf5520f4-6fc6-4edb-998a-9d11f1952301 None None] Starting request: 10.4.3.184 "DELETE /placement/resource_providers/e7a382b9-75ad-4b40-8088-630f84bec1e4" {{(pid=90127) __call__ /opt/stack/placement/placement/requestlog.py:55}}
Jul 23 06:18:43.505597 np0000005723 devstack@placement-api.service[90127]: DEBUG placement.wsgi_wrapper [None req-cf5520f4-6fc6-4edb-998a-9d11f1952301 service placement] Placement API returning an error response: No resource provider with uuid e7a382b9-75ad-4b40-8088-630f84bec1e4 found for delete {{(pid=90127) call_func /opt/stack/placement/placement/wsgi_wrapper.py:31}}
Jul 23 06:18:43.506475 np0000005723 devstack@placement-api.service[90127]: INFO placement.requestlog [None req-cf5520f4-6fc6-4edb-998a-9d11f1952301 service placement] 10.4.3.184 "DELETE /placement/resource_providers/e7a382b9-75ad-4b40-8088-630f84bec1e4" status: 404 len: 246 microversion: 1.1
Jul 23 06:18:43.508187 np0000005723 devstack@placement-api.service[90127]: [pid: 90127|app: 0|req: 174/520] 10.4.3.184 () {68 vars in 1463 bytes} [Thu Jul 23 06:18:43 2026] DELETE /placement/resource_providers/e7a382b9-75ad-4b40-8088-630f84bec1e4 => generated 246 bytes in 16 msecs (HTTP/1.1 404) 6 headers in 231 bytes (1 switches on core 0)
Jul 23 06:18:43.972821 np0000005723 devstack@placement-api.service[90129]: DEBUG placement.requestlog [req-5852cfd2-e632-4459-a326-dad49e0b1ca9 req-85a62b1f-cf65-444b-b185-51d10e5f8397 None None] Starting request: 10.4.3.184 "GET /placement/allocation_candidates?limit=1000&resources=DISK_GB%3A1%2CMEMORY_MB%3A192%2CVCPU%3A1&root_required=%21COMPUTE_STATUS_DISABLED" {{(pid=90129) __call__ /opt/stack/placement/placement/requestlog.py:55}}
Jul 23 06:18:44.016601 np0000005723 devstack@placement-api.service[90129]: DEBUG placement.objects.research_context [req-5852cfd2-e632-4459-a326-dad49e0b1ca9 req-85a62b1f-cf65-444b-b185-51d10e5f8397 service nova] getting providers with 1 DISK_GB {{(pid=90129) __init__ /opt/stack/placement/placement/objects/research_context.py:137}}
Jul 23 06:18:44.020016 np0000005723 devstack@placement-api.service[90129]: DEBUG placement.objects.research_context [req-5852cfd2-e632-4459-a326-dad49e0b1ca9 req-85a62b1f-cf65-444b-b185-51d10e5f8397 service nova] getting providers with 192 MEMORY_MB {{(pid=90129) __init__ /opt/stack/placement/placement/objects/research_context.py:137}}
Jul 23 06:18:44.024502 np0000005723 devstack@placement-api.service[90129]: DEBUG placement.objects.research_context [req-5852cfd2-e632-4459-a326-dad49e0b1ca9 req-85a62b1f-cf65-444b-b185-51d10e5f8397 service nova] getting providers with 1 VCPU {{(pid=90129) __init__ /opt/stack/placement/placement/objects/research_context.py:137}}
Jul 23 06:18:44.028943 np0000005723 devstack@placement-api.service[90129]: DEBUG placement.objects.research_context [req-5852cfd2-e632-4459-a326-dad49e0b1ca9 req-85a62b1f-cf65-444b-b185-51d10e5f8397 service nova] found 1 providers with available 1 DISK_GB {{(pid=90129) get_provider_ids_matching /opt/stack/placement/placement/objects/research_context.py:563}}
Jul 23 06:18:44.029126 np0000005723 devstack@placement-api.service[90129]: DEBUG placement.objects.research_context [req-5852cfd2-e632-4459-a326-dad49e0b1ca9 req-85a62b1f-cf65-444b-b185-51d10e5f8397 service nova] found 1 providers with available 192 MEMORY_MB {{(pid=90129) get_provider_ids_matching /opt/stack/placement/placement/objects/research_context.py:563}}
Jul 23 06:18:44.029288 np0000005723 devstack@placement-api.service[90129]: DEBUG placement.objects.research_context [req-5852cfd2-e632-4459-a326-dad49e0b1ca9 req-85a62b1f-cf65-444b-b185-51d10e5f8397 service nova] found 1 providers after filtering by previous result {{(pid=90129) get_provider_ids_matching /opt/stack/placement/placement/objects/research_context.py:594}}
Jul 23 06:18:44.029438 np0000005723 devstack@placement-api.service[90129]: DEBUG placement.objects.research_context [req-5852cfd2-e632-4459-a326-dad49e0b1ca9 req-85a62b1f-cf65-444b-b185-51d10e5f8397 service nova] found 1 providers with available 1 VCPU {{(pid=90129) get_provider_ids_matching /opt/stack/placement/placement/objects/research_context.py:563}}
Jul 23 06:18:44.029591 np0000005723 devstack@placement-api.service[90129]: DEBUG placement.objects.research_context [req-5852cfd2-e632-4459-a326-dad49e0b1ca9 req-85a62b1f-cf65-444b-b185-51d10e5f8397 service nova] found 1 providers after filtering by previous result {{(pid=90129) get_provider_ids_matching /opt/stack/placement/placement/objects/research_context.py:594}}
Jul 23 06:18:44.051240 np0000005723 devstack@placement-api.service[90129]: DEBUG placement.objects.allocation_candidate [req-5852cfd2-e632-4459-a326-dad49e0b1ca9 req-85a62b1f-cf65-444b-b185-51d10e5f8397 service nova] RequestGroup(use_same_provider=False, resources={DISK_GB:1, MEMORY_MB:192, VCPU:1}, traits=(), aggregates=[]) (suffix '') returned 1 matches {{(pid=90129) _get_by_requests /opt/stack/placement/placement/objects/allocation_candidate.py:158}}
Jul 23 06:18:44.051483 np0000005723 devstack@placement-api.service[90129]: DEBUG placement.objects.allocation_candidate [req-5852cfd2-e632-4459-a326-dad49e0b1ca9 req-85a62b1f-cf65-444b-b185-51d10e5f8397 service nova] Merging candidates yields 1 allocation requests and 1 provider summaries {{(pid=90129) _merge_candidates /opt/stack/placement/placement/objects/allocation_candidate.py:908}}
Jul 23 06:18:44.052886 np0000005723 devstack@placement-api.service[90129]: INFO placement.requestlog [req-5852cfd2-e632-4459-a326-dad49e0b1ca9 req-85a62b1f-cf65-444b-b185-51d10e5f8397 service nova] 10.4.3.184 "GET /placement/allocation_candidates?limit=1000&resources=DISK_GB%3A1%2CMEMORY_MB%3A192%2CVCPU%3A1&root_required=%21COMPUTE_STATUS_DISABLED" status: 200 len: 2494 microversion: 1.36
Jul 23 06:18:44.053167 np0000005723 devstack@placement-api.service[90129]: [pid: 90129|app: 0|req: 174/521] 10.4.3.184 () {68 vars in 1625 bytes} [Thu Jul 23 06:18:43 2026] GET /placement/allocation_candidates?limit=1000&resources=DISK_GB%3A1%2CMEMORY_MB%3A192%2CVCPU%3A1&root_required=%21COMPUTE_STATUS_DISABLED => generated 2494 bytes in 80 msecs (HTTP/1.1 200) 8 headers in 297 bytes (1 switches on core 0)
