May 22 15:05:34.180033 np0000001280 devstack@g-api.service[101890]: DEBUG glance.api.middleware.version_negotiation [None req-1546c2ba-0f53-4dfd-a3fd-433ed18d8c6e tempest-VolumesGetTest-1280812482 tempest-VolumesGetTest-1280812482-project-member] Determining version of request: GET /v2/images/9cd82094-0fe8-4cb3-83b8-0445d9b37d01 Accept: */* {{(pid=101890) process_request /opt/stack/glance/glance/api/middleware/version_negotiation.py:44}}
May 22 15:05:34.180217 np0000001280 devstack@g-api.service[101890]: DEBUG glance.api.middleware.version_negotiation [None req-1546c2ba-0f53-4dfd-a3fd-433ed18d8c6e tempest-VolumesGetTest-1280812482 tempest-VolumesGetTest-1280812482-project-member] Using url versioning {{(pid=101890) process_request /opt/stack/glance/glance/api/middleware/version_negotiation.py:57}}
May 22 15:05:34.180382 np0000001280 devstack@g-api.service[101890]: DEBUG glance.api.middleware.version_negotiation [None req-1546c2ba-0f53-4dfd-a3fd-433ed18d8c6e tempest-VolumesGetTest-1280812482 tempest-VolumesGetTest-1280812482-project-member] Matched version: v2 {{(pid=101890) process_request /opt/stack/glance/glance/api/middleware/version_negotiation.py:69}}
May 22 15:05:34.180531 np0000001280 devstack@g-api.service[101890]: DEBUG glance.api.middleware.version_negotiation [None req-1546c2ba-0f53-4dfd-a3fd-433ed18d8c6e tempest-VolumesGetTest-1280812482 tempest-VolumesGetTest-1280812482-project-member] new path /v2/images/9cd82094-0fe8-4cb3-83b8-0445d9b37d01 {{(pid=101890) process_request /opt/stack/glance/glance/api/middleware/version_negotiation.py:70}}
May 22 15:05:34.192814 np0000001280 devstack@g-api.service[101890]: [pid: 101890|app: 0|req: 81/242] 127.0.0.1 () {44 vars in 1115 bytes} [Fri May 22 15:05:34 2026] GET /v2/images/9cd82094-0fe8-4cb3-83b8-0445d9b37d01 => generated 1044 bytes in 13 msecs (HTTP/1.1 200) 4 headers in 158 bytes (1 switches on core 0)
May 22 15:05:34.203091 np0000001280 devstack@g-api.service[101888]: DEBUG glance.api.middleware.version_negotiation [None req-1546c2ba-0f53-4dfd-a3fd-433ed18d8c6e tempest-VolumesGetTest-1280812482 tempest-VolumesGetTest-1280812482-project-member] Determining version of request: GET /v2/schemas/image Accept: */* {{(pid=101888) process_request /opt/stack/glance/glance/api/middleware/version_negotiation.py:44}}
May 22 15:05:34.203295 np0000001280 devstack@g-api.service[101888]: DEBUG glance.api.middleware.version_negotiation [None req-1546c2ba-0f53-4dfd-a3fd-433ed18d8c6e tempest-VolumesGetTest-1280812482 tempest-VolumesGetTest-1280812482-project-member] Using url versioning {{(pid=101888) process_request /opt/stack/glance/glance/api/middleware/version_negotiation.py:57}}
May 22 15:05:34.203352 np0000001280 devstack@g-api.service[101888]: DEBUG glance.api.middleware.version_negotiation [None req-1546c2ba-0f53-4dfd-a3fd-433ed18d8c6e tempest-VolumesGetTest-1280812482 tempest-VolumesGetTest-1280812482-project-member] Matched version: v2 {{(pid=101888) process_request /opt/stack/glance/glance/api/middleware/version_negotiation.py:69}}
May 22 15:05:34.203436 np0000001280 devstack@g-api.service[101888]: DEBUG glance.api.middleware.version_negotiation [None req-1546c2ba-0f53-4dfd-a3fd-433ed18d8c6e tempest-VolumesGetTest-1280812482 tempest-VolumesGetTest-1280812482-project-member] new path /v2/schemas/image {{(pid=101888) process_request /opt/stack/glance/glance/api/middleware/version_negotiation.py:70}}
May 22 15:05:34.205536 np0000001280 devstack@g-api.service[101888]: [pid: 101888|app: 0|req: 81/243] 127.0.0.1 () {44 vars in 1055 bytes} [Fri May 22 15:05:34 2026] GET /v2/schemas/image => generated 6083 bytes in 3 msecs (HTTP/1.1 200) 4 headers in 158 bytes (1 switches on core 0)
May 22 15:05:34.213133 np0000001280 devstack@g-api.service[101889]: DEBUG glance.api.middleware.version_negotiation [None req-1546c2ba-0f53-4dfd-a3fd-433ed18d8c6e tempest-VolumesGetTest-1280812482 tempest-VolumesGetTest-1280812482-project-member] Determining version of request: GET /v2/schemas/image Accept: */* {{(pid=101889) process_request /opt/stack/glance/glance/api/middleware/version_negotiation.py:44}}
May 22 15:05:34.213254 np0000001280 devstack@g-api.service[101889]: DEBUG glance.api.middleware.version_negotiation [None req-1546c2ba-0f53-4dfd-a3fd-433ed18d8c6e tempest-VolumesGetTest-1280812482 tempest-VolumesGetTest-1280812482-project-member] Using url versioning {{(pid=101889) process_request /opt/stack/glance/glance/api/middleware/version_negotiation.py:57}}
May 22 15:05:34.213572 np0000001280 devstack@g-api.service[101889]: DEBUG glance.api.middleware.version_negotiation [None req-1546c2ba-0f53-4dfd-a3fd-433ed18d8c6e tempest-VolumesGetTest-1280812482 tempest-VolumesGetTest-1280812482-project-member] Matched version: v2 {{(pid=101889) process_request /opt/stack/glance/glance/api/middleware/version_negotiation.py:69}}
May 22 15:05:34.213698 np0000001280 devstack@g-api.service[101889]: DEBUG glance.api.middleware.version_negotiation [None req-1546c2ba-0f53-4dfd-a3fd-433ed18d8c6e tempest-VolumesGetTest-1280812482 tempest-VolumesGetTest-1280812482-project-member] new path /v2/schemas/image {{(pid=101889) process_request /opt/stack/glance/glance/api/middleware/version_negotiation.py:70}}
May 22 15:05:34.218248 np0000001280 devstack@g-api.service[101889]: [pid: 101889|app: 0|req: 82/244] 127.0.0.1 () {44 vars in 1055 bytes} [Fri May 22 15:05:34 2026] GET /v2/schemas/image => generated 6083 bytes in 5 msecs (HTTP/1.1 200) 4 headers in 158 bytes (1 switches on core 0)
May 22 15:05:34.242750 np0000001280 devstack@g-api.service[101890]: DEBUG glance.api.middleware.version_negotiation [None req-1546c2ba-0f53-4dfd-a3fd-433ed18d8c6e tempest-VolumesGetTest-1280812482 tempest-VolumesGetTest-1280812482-project-member] Determining version of request: GET /v2/images/9cd82094-0fe8-4cb3-83b8-0445d9b37d01 Accept: */* {{(pid=101890) process_request /opt/stack/glance/glance/api/middleware/version_negotiation.py:44}}
May 22 15:05:34.242945 np0000001280 devstack@g-api.service[101890]: DEBUG glance.api.middleware.version_negotiation [None req-1546c2ba-0f53-4dfd-a3fd-433ed18d8c6e tempest-VolumesGetTest-1280812482 tempest-VolumesGetTest-1280812482-project-member] Using url versioning {{(pid=101890) process_request /opt/stack/glance/glance/api/middleware/version_negotiation.py:57}}
May 22 15:05:34.243090 np0000001280 devstack@g-api.service[101890]: DEBUG glance.api.middleware.version_negotiation [None req-1546c2ba-0f53-4dfd-a3fd-433ed18d8c6e tempest-VolumesGetTest-1280812482 tempest-VolumesGetTest-1280812482-project-member] Matched version: v2 {{(pid=101890) process_request /opt/stack/glance/glance/api/middleware/version_negotiation.py:69}}
May 22 15:05:34.243214 np0000001280 devstack@g-api.service[101890]: DEBUG glance.api.middleware.version_negotiation [None req-1546c2ba-0f53-4dfd-a3fd-433ed18d8c6e tempest-VolumesGetTest-1280812482 tempest-VolumesGetTest-1280812482-project-member] new path /v2/images/9cd82094-0fe8-4cb3-83b8-0445d9b37d01 {{(pid=101890) process_request /opt/stack/glance/glance/api/middleware/version_negotiation.py:70}}
May 22 15:05:34.250686 np0000001280 devstack@g-api.service[101890]: [pid: 101890|app: 0|req: 82/245] 127.0.0.1 () {44 vars in 1115 bytes} [Fri May 22 15:05:34 2026] GET /v2/images/9cd82094-0fe8-4cb3-83b8-0445d9b37d01 => generated 1044 bytes in 8 msecs (HTTP/1.1 200) 4 headers in 158 bytes (1 switches on core 0)
May 22 15:05:34.262964 np0000001280 devstack@g-api.service[101888]: DEBUG glance.api.middleware.version_negotiation [None req-1546c2ba-0f53-4dfd-a3fd-433ed18d8c6e tempest-VolumesGetTest-1280812482 tempest-VolumesGetTest-1280812482-project-member] Determining version of request: GET /v2/schemas/image Accept: */* {{(pid=101888) process_request /opt/stack/glance/glance/api/middleware/version_negotiation.py:44}}
May 22 15:05:34.263117 np0000001280 devstack@g-api.service[101888]: DEBUG glance.api.middleware.version_negotiation [None req-1546c2ba-0f53-4dfd-a3fd-433ed18d8c6e tempest-VolumesGetTest-1280812482 tempest-VolumesGetTest-1280812482-project-member] Using url versioning {{(pid=101888) process_request /opt/stack/glance/glance/api/middleware/version_negotiation.py:57}}
May 22 15:05:34.263231 np0000001280 devstack@g-api.service[101888]: DEBUG glance.api.middleware.version_negotiation [None req-1546c2ba-0f53-4dfd-a3fd-433ed18d8c6e tempest-VolumesGetTest-1280812482 tempest-VolumesGetTest-1280812482-project-member] Matched version: v2 {{(pid=101888) process_request /opt/stack/glance/glance/api/middleware/version_negotiation.py:69}}
May 22 15:05:34.263313 np0000001280 devstack@g-api.service[101888]: DEBUG glance.api.middleware.version_negotiation [None req-1546c2ba-0f53-4dfd-a3fd-433ed18d8c6e tempest-VolumesGetTest-1280812482 tempest-VolumesGetTest-1280812482-project-member] new path /v2/schemas/image {{(pid=101888) process_request /opt/stack/glance/glance/api/middleware/version_negotiation.py:70}}
May 22 15:05:34.266312 np0000001280 devstack@g-api.service[101888]: [pid: 101888|app: 0|req: 82/246] 127.0.0.1 () {44 vars in 1055 bytes} [Fri May 22 15:05:34 2026] GET /v2/schemas/image => generated 6083 bytes in 3 msecs (HTTP/1.1 200) 4 headers in 158 bytes (1 switches on core 0)
May 22 15:05:34.308559 np0000001280 devstack@g-api.service[101889]: DEBUG glance.api.middleware.version_negotiation [None req-1546c2ba-0f53-4dfd-a3fd-433ed18d8c6e tempest-VolumesGetTest-1280812482 tempest-VolumesGetTest-1280812482-project-member] Determining version of request: GET /v2/images/53fe1628-7fb6-45de-81e1-bcdb06dc710c Accept: */* {{(pid=101889) process_request /opt/stack/glance/glance/api/middleware/version_negotiation.py:44}}
May 22 15:05:34.308720 np0000001280 devstack@g-api.service[101889]: DEBUG glance.api.middleware.version_negotiation [None req-1546c2ba-0f53-4dfd-a3fd-433ed18d8c6e tempest-VolumesGetTest-1280812482 tempest-VolumesGetTest-1280812482-project-member] Using url versioning {{(pid=101889) process_request /opt/stack/glance/glance/api/middleware/version_negotiation.py:57}}
May 22 15:05:34.308890 np0000001280 devstack@g-api.service[101889]: DEBUG glance.api.middleware.version_negotiation [None req-1546c2ba-0f53-4dfd-a3fd-433ed18d8c6e tempest-VolumesGetTest-1280812482 tempest-VolumesGetTest-1280812482-project-member] Matched version: v2 {{(pid=101889) process_request /opt/stack/glance/glance/api/middleware/version_negotiation.py:69}}
May 22 15:05:34.309013 np0000001280 devstack@g-api.service[101889]: DEBUG glance.api.middleware.version_negotiation [None req-1546c2ba-0f53-4dfd-a3fd-433ed18d8c6e tempest-VolumesGetTest-1280812482 tempest-VolumesGetTest-1280812482-project-member] new path /v2/images/53fe1628-7fb6-45de-81e1-bcdb06dc710c {{(pid=101889) process_request /opt/stack/glance/glance/api/middleware/version_negotiation.py:70}}
May 22 15:05:34.318285 np0000001280 devstack@g-api.service[101889]: [pid: 101889|app: 0|req: 83/247] 127.0.0.1 () {44 vars in 1115 bytes} [Fri May 22 15:05:34 2026] GET /v2/images/53fe1628-7fb6-45de-81e1-bcdb06dc710c => generated 1359 bytes in 10 msecs (HTTP/1.1 200) 4 headers in 158 bytes (1 switches on core 0)
May 22 15:05:34.362477 np0000001280 devstack@g-api.service[101890]: DEBUG glance.api.middleware.version_negotiation [None req-1546c2ba-0f53-4dfd-a3fd-433ed18d8c6e tempest-VolumesGetTest-1280812482 tempest-VolumesGetTest-1280812482-project-member] Determining version of request: GET /v2/schemas/image Accept: */* {{(pid=101890) process_request /opt/stack/glance/glance/api/middleware/version_negotiation.py:44}}
May 22 15:05:34.362612 np0000001280 devstack@g-api.service[101890]: DEBUG glance.api.middleware.version_negotiation [None req-1546c2ba-0f53-4dfd-a3fd-433ed18d8c6e tempest-VolumesGetTest-1280812482 tempest-VolumesGetTest-1280812482-project-member] Using url versioning {{(pid=101890) process_request /opt/stack/glance/glance/api/middleware/version_negotiation.py:57}}
May 22 15:05:34.362794 np0000001280 devstack@g-api.service[101890]: DEBUG glance.api.middleware.version_negotiation [None req-1546c2ba-0f53-4dfd-a3fd-433ed18d8c6e tempest-VolumesGetTest-1280812482 tempest-VolumesGetTest-1280812482-project-member] Matched version: v2 {{(pid=101890) process_request /opt/stack/glance/glance/api/middleware/version_negotiation.py:69}}
May 22 15:05:34.362963 np0000001280 devstack@g-api.service[101890]: DEBUG glance.api.middleware.version_negotiation [None req-1546c2ba-0f53-4dfd-a3fd-433ed18d8c6e tempest-VolumesGetTest-1280812482 tempest-VolumesGetTest-1280812482-project-member] new path /v2/schemas/image {{(pid=101890) process_request /opt/stack/glance/glance/api/middleware/version_negotiation.py:70}}
May 22 15:05:34.365356 np0000001280 devstack@g-api.service[101890]: [pid: 101890|app: 0|req: 83/248] 127.0.0.1 () {44 vars in 1055 bytes} [Fri May 22 15:05:34 2026] GET /v2/schemas/image => generated 6083 bytes in 3 msecs (HTTP/1.1 200) 4 headers in 158 bytes (1 switches on core 0)
May 22 15:05:34.414338 np0000001280 devstack@g-api.service[101888]: DEBUG glance.api.middleware.version_negotiation [None req-1546c2ba-0f53-4dfd-a3fd-433ed18d8c6e tempest-VolumesGetTest-1280812482 tempest-VolumesGetTest-1280812482-project-member] Determining version of request: GET /v2/schemas/image Accept: */* {{(pid=101888) process_request /opt/stack/glance/glance/api/middleware/version_negotiation.py:44}}
May 22 15:05:34.414499 np0000001280 devstack@g-api.service[101888]: DEBUG glance.api.middleware.version_negotiation [None req-1546c2ba-0f53-4dfd-a3fd-433ed18d8c6e tempest-VolumesGetTest-1280812482 tempest-VolumesGetTest-1280812482-project-member] Using url versioning {{(pid=101888) process_request /opt/stack/glance/glance/api/middleware/version_negotiation.py:57}}
May 22 15:05:34.414603 np0000001280 devstack@g-api.service[101888]: DEBUG glance.api.middleware.version_negotiation [None req-1546c2ba-0f53-4dfd-a3fd-433ed18d8c6e tempest-VolumesGetTest-1280812482 tempest-VolumesGetTest-1280812482-project-member] Matched version: v2 {{(pid=101888) process_request /opt/stack/glance/glance/api/middleware/version_negotiation.py:69}}
May 22 15:05:34.414718 np0000001280 devstack@g-api.service[101888]: DEBUG glance.api.middleware.version_negotiation [None req-1546c2ba-0f53-4dfd-a3fd-433ed18d8c6e tempest-VolumesGetTest-1280812482 tempest-VolumesGetTest-1280812482-project-member] new path /v2/schemas/image {{(pid=101888) process_request /opt/stack/glance/glance/api/middleware/version_negotiation.py:70}}
May 22 15:05:34.417838 np0000001280 devstack@g-api.service[101888]: [pid: 101888|app: 0|req: 83/249] 127.0.0.1 () {44 vars in 1055 bytes} [Fri May 22 15:05:34 2026] GET /v2/schemas/image => generated 6083 bytes in 3 msecs (HTTP/1.1 200) 4 headers in 158 bytes (1 switches on core 0)
May 22 15:05:34.456758 np0000001280 devstack@g-api.service[101889]: DEBUG glance.api.middleware.version_negotiation [None req-bc12556f-5234-47f5-984e-45eedfeaa3db tempest-ServerBootFromVolumeStableRescueTest-1428600452 tempest-ServerBootFromVolumeStableRescueTest-1428600452-project-member] Determining version of request: PATCH /v2/images/53fe1628-7fb6-45de-81e1-bcdb06dc710c Accept: */* {{(pid=101889) process_request /opt/stack/glance/glance/api/middleware/version_negotiation.py:44}}
May 22 15:05:34.456960 np0000001280 devstack@g-api.service[101889]: DEBUG glance.api.middleware.version_negotiation [None req-bc12556f-5234-47f5-984e-45eedfeaa3db tempest-ServerBootFromVolumeStableRescueTest-1428600452 tempest-ServerBootFromVolumeStableRescueTest-1428600452-project-member] Using url versioning {{(pid=101889) process_request /opt/stack/glance/glance/api/middleware/version_negotiation.py:57}}
May 22 15:05:34.457111 np0000001280 devstack@g-api.service[101889]: DEBUG glance.api.middleware.version_negotiation [None req-bc12556f-5234-47f5-984e-45eedfeaa3db tempest-ServerBootFromVolumeStableRescueTest-1428600452 tempest-ServerBootFromVolumeStableRescueTest-1428600452-project-member] Matched version: v2 {{(pid=101889) process_request /opt/stack/glance/glance/api/middleware/version_negotiation.py:69}}
May 22 15:05:34.460201 np0000001280 devstack@g-api.service[101889]: DEBUG glance.api.middleware.version_negotiation [None req-bc12556f-5234-47f5-984e-45eedfeaa3db tempest-ServerBootFromVolumeStableRescueTest-1428600452 tempest-ServerBootFromVolumeStableRescueTest-1428600452-project-member] new path /v2/images/53fe1628-7fb6-45de-81e1-bcdb06dc710c {{(pid=101889) process_request /opt/stack/glance/glance/api/middleware/version_negotiation.py:70}}
May 22 15:05:34.599125 np0000001280 devstack@g-api.service[101889]: [pid: 101889|app: 0|req: 84/250] 127.0.0.1 () {46 vars in 1158 bytes} [Fri May 22 15:05:34 2026] PATCH /v2/images/53fe1628-7fb6-45de-81e1-bcdb06dc710c => generated 1470 bytes in 142 msecs (HTTP/1.1 200) 4 headers in 158 bytes (1 switches on core 0)
May 22 15:05:34.605380 np0000001280 devstack@g-api.service[101890]: DEBUG glance.api.middleware.version_negotiation [None req-bc12556f-5234-47f5-984e-45eedfeaa3db tempest-ServerBootFromVolumeStableRescueTest-1428600452 tempest-ServerBootFromVolumeStableRescueTest-1428600452-project-member] Determining version of request: GET /versions Accept: */* {{(pid=101890) process_request /opt/stack/glance/glance/api/middleware/version_negotiation.py:44}}
May 22 15:05:34.606018 np0000001280 devstack@g-api.service[101890]: [pid: 101890|app: 0|req: 84/251] 127.0.0.1 () {44 vars in 1039 bytes} [Fri May 22 15:05:34 2026] GET /versions => generated 1407 bytes in 1 msecs (HTTP/1.1 200) 3 headers in 92 bytes (1 switches on core 0)
May 22 15:05:34.614735 np0000001280 devstack@g-api.service[101888]: DEBUG glance.api.middleware.version_negotiation [None req-bc12556f-5234-47f5-984e-45eedfeaa3db tempest-ServerBootFromVolumeStableRescueTest-1428600452 tempest-ServerBootFromVolumeStableRescueTest-1428600452-project-member] Determining version of request: GET /v2/images/9cd82094-0fe8-4cb3-83b8-0445d9b37d01/locations Accept: */* {{(pid=101888) process_request /opt/stack/glance/glance/api/middleware/version_negotiation.py:44}}
May 22 15:05:34.614879 np0000001280 devstack@g-api.service[101888]: DEBUG glance.api.middleware.version_negotiation [None req-bc12556f-5234-47f5-984e-45eedfeaa3db tempest-ServerBootFromVolumeStableRescueTest-1428600452 tempest-ServerBootFromVolumeStableRescueTest-1428600452-project-member] Using url versioning {{(pid=101888) process_request /opt/stack/glance/glance/api/middleware/version_negotiation.py:57}}
May 22 15:05:34.614996 np0000001280 devstack@g-api.service[101888]: DEBUG glance.api.middleware.version_negotiation [None req-bc12556f-5234-47f5-984e-45eedfeaa3db tempest-ServerBootFromVolumeStableRescueTest-1428600452 tempest-ServerBootFromVolumeStableRescueTest-1428600452-project-member] Matched version: v2 {{(pid=101888) process_request /opt/stack/glance/glance/api/middleware/version_negotiation.py:69}}
May 22 15:05:34.615089 np0000001280 devstack@g-api.service[101888]: DEBUG glance.api.middleware.version_negotiation [None req-bc12556f-5234-47f5-984e-45eedfeaa3db tempest-ServerBootFromVolumeStableRescueTest-1428600452 tempest-ServerBootFromVolumeStableRescueTest-1428600452-project-member] new path /v2/images/9cd82094-0fe8-4cb3-83b8-0445d9b37d01/locations {{(pid=101888) process_request /opt/stack/glance/glance/api/middleware/version_negotiation.py:70}}
May 22 15:05:34.646242 np0000001280 devstack@g-api.service[101889]: DEBUG glance.api.middleware.version_negotiation [None req-bc12556f-5234-47f5-984e-45eedfeaa3db tempest-ServerBootFromVolumeStableRescueTest-1428600452 tempest-ServerBootFromVolumeStableRescueTest-1428600452-project-member] Determining version of request: GET /v2/images/53fe1628-7fb6-45de-81e1-bcdb06dc710c Accept: */* {{(pid=101889) process_request /opt/stack/glance/glance/api/middleware/version_negotiation.py:44}}
May 22 15:05:34.646391 np0000001280 devstack@g-api.service[101889]: DEBUG glance.api.middleware.version_negotiation [None req-bc12556f-5234-47f5-984e-45eedfeaa3db tempest-ServerBootFromVolumeStableRescueTest-1428600452 tempest-ServerBootFromVolumeStableRescueTest-1428600452-project-member] Using url versioning {{(pid=101889) process_request /opt/stack/glance/glance/api/middleware/version_negotiation.py:57}}
May 22 15:05:34.646534 np0000001280 devstack@g-api.service[101889]: DEBUG glance.api.middleware.version_negotiation [None req-bc12556f-5234-47f5-984e-45eedfeaa3db tempest-ServerBootFromVolumeStableRescueTest-1428600452 tempest-ServerBootFromVolumeStableRescueTest-1428600452-project-member] Matched version: v2 {{(pid=101889) process_request /opt/stack/glance/glance/api/middleware/version_negotiation.py:69}}
May 22 15:05:34.646654 np0000001280 devstack@g-api.service[101889]: DEBUG glance.api.middleware.version_negotiation [None req-bc12556f-5234-47f5-984e-45eedfeaa3db tempest-ServerBootFromVolumeStableRescueTest-1428600452 tempest-ServerBootFromVolumeStableRescueTest-1428600452-project-member] new path /v2/images/53fe1628-7fb6-45de-81e1-bcdb06dc710c {{(pid=101889) process_request /opt/stack/glance/glance/api/middleware/version_negotiation.py:70}}
May 22 15:05:34.656924 np0000001280 devstack@g-api.service[101889]: [pid: 101889|app: 0|req: 85/252] 127.0.0.1 () {44 vars in 1115 bytes} [Fri May 22 15:05:34 2026] GET /v2/images/53fe1628-7fb6-45de-81e1-bcdb06dc710c => generated 1470 bytes in 11 msecs (HTTP/1.1 200) 4 headers in 158 bytes (1 switches on core 0)
May 22 15:05:34.699955 np0000001280 devstack@g-api.service[101890]: DEBUG glance.api.middleware.version_negotiation [None req-bc12556f-5234-47f5-984e-45eedfeaa3db tempest-ServerBootFromVolumeStableRescueTest-1428600452 tempest-ServerBootFromVolumeStableRescueTest-1428600452-project-member] Determining version of request: PUT /v2/images/53fe1628-7fb6-45de-81e1-bcdb06dc710c/file Accept: */* {{(pid=101890) process_request /opt/stack/glance/glance/api/middleware/version_negotiation.py:44}}
May 22 15:05:34.700079 np0000001280 devstack@g-api.service[101890]: DEBUG glance.api.middleware.version_negotiation [None req-bc12556f-5234-47f5-984e-45eedfeaa3db tempest-ServerBootFromVolumeStableRescueTest-1428600452 tempest-ServerBootFromVolumeStableRescueTest-1428600452-project-member] Using url versioning {{(pid=101890) process_request /opt/stack/glance/glance/api/middleware/version_negotiation.py:57}}
May 22 15:05:34.700191 np0000001280 devstack@g-api.service[101890]: DEBUG glance.api.middleware.version_negotiation [None req-bc12556f-5234-47f5-984e-45eedfeaa3db tempest-ServerBootFromVolumeStableRescueTest-1428600452 tempest-ServerBootFromVolumeStableRescueTest-1428600452-project-member] Matched version: v2 {{(pid=101890) process_request /opt/stack/glance/glance/api/middleware/version_negotiation.py:69}}
May 22 15:05:34.700304 np0000001280 devstack@g-api.service[101890]: DEBUG glance.api.middleware.version_negotiation [None req-bc12556f-5234-47f5-984e-45eedfeaa3db tempest-ServerBootFromVolumeStableRescueTest-1428600452 tempest-ServerBootFromVolumeStableRescueTest-1428600452-project-member] new path /v2/images/53fe1628-7fb6-45de-81e1-bcdb06dc710c/file {{(pid=101890) process_request /opt/stack/glance/glance/api/middleware/version_negotiation.py:70}}
May 22 15:05:34.710581 np0000001280 devstack@g-api.service[101888]: [pid: 101888|app: 0|req: 84/253] 127.0.0.1 () {44 vars in 1135 bytes} [Fri May 22 15:05:34 2026] GET /v2/images/9cd82094-0fe8-4cb3-83b8-0445d9b37d01/locations => generated 92 bytes in 96 msecs (HTTP/1.1 200) 4 headers in 156 bytes (1 switches on core 0)
May 22 15:05:34.724618 np0000001280 devstack@g-api.service[101889]: DEBUG glance.api.middleware.version_negotiation [None req-bc12556f-5234-47f5-984e-45eedfeaa3db tempest-ServerBootFromVolumeStableRescueTest-1428600452 tempest-ServerBootFromVolumeStableRescueTest-1428600452-project-member] Determining version of request: GET /v2/images/9cd82094-0fe8-4cb3-83b8-0445d9b37d01 Accept: */* {{(pid=101889) process_request /opt/stack/glance/glance/api/middleware/version_negotiation.py:44}}
May 22 15:05:34.724815 np0000001280 devstack@g-api.service[101889]: DEBUG glance.api.middleware.version_negotiation [None req-bc12556f-5234-47f5-984e-45eedfeaa3db tempest-ServerBootFromVolumeStableRescueTest-1428600452 tempest-ServerBootFromVolumeStableRescueTest-1428600452-project-member] Using url versioning {{(pid=101889) process_request /opt/stack/glance/glance/api/middleware/version_negotiation.py:57}}
May 22 15:05:34.725357 np0000001280 devstack@g-api.service[101889]: DEBUG glance.api.middleware.version_negotiation [None req-bc12556f-5234-47f5-984e-45eedfeaa3db tempest-ServerBootFromVolumeStableRescueTest-1428600452 tempest-ServerBootFromVolumeStableRescueTest-1428600452-project-member] Matched version: v2 {{(pid=101889) process_request /opt/stack/glance/glance/api/middleware/version_negotiation.py:69}}
May 22 15:05:34.725357 np0000001280 devstack@g-api.service[101889]: DEBUG glance.api.middleware.version_negotiation [None req-bc12556f-5234-47f5-984e-45eedfeaa3db tempest-ServerBootFromVolumeStableRescueTest-1428600452 tempest-ServerBootFromVolumeStableRescueTest-1428600452-project-member] new path /v2/images/9cd82094-0fe8-4cb3-83b8-0445d9b37d01 {{(pid=101889) process_request /opt/stack/glance/glance/api/middleware/version_negotiation.py:70}}
May 22 15:05:34.735571 np0000001280 devstack@g-api.service[101889]: [pid: 101889|app: 0|req: 86/254] 127.0.0.1 () {44 vars in 1115 bytes} [Fri May 22 15:05:34 2026] GET /v2/images/9cd82094-0fe8-4cb3-83b8-0445d9b37d01 => generated 1044 bytes in 11 msecs (HTTP/1.1 200) 4 headers in 158 bytes (1 switches on core 0)
May 22 15:05:34.748338 np0000001280 devstack@g-api.service[101888]: DEBUG glance.api.middleware.version_negotiation [None req-1546c2ba-0f53-4dfd-a3fd-433ed18d8c6e service glance] Determining version of request: GET /v2/schemas/image Accept: */* {{(pid=101888) process_request /opt/stack/glance/glance/api/middleware/version_negotiation.py:44}}
May 22 15:05:34.748561 np0000001280 devstack@g-api.service[101888]: DEBUG glance.api.middleware.version_negotiation [None req-1546c2ba-0f53-4dfd-a3fd-433ed18d8c6e service glance] Using url versioning {{(pid=101888) process_request /opt/stack/glance/glance/api/middleware/version_negotiation.py:57}}
May 22 15:05:34.748791 np0000001280 devstack@g-api.service[101888]: DEBUG glance.api.middleware.version_negotiation [None req-1546c2ba-0f53-4dfd-a3fd-433ed18d8c6e service glance] Matched version: v2 {{(pid=101888) process_request /opt/stack/glance/glance/api/middleware/version_negotiation.py:69}}
May 22 15:05:34.748957 np0000001280 devstack@g-api.service[101888]: DEBUG glance.api.middleware.version_negotiation [None req-1546c2ba-0f53-4dfd-a3fd-433ed18d8c6e service glance] new path /v2/schemas/image {{(pid=101888) process_request /opt/stack/glance/glance/api/middleware/version_negotiation.py:70}}
May 22 15:05:34.761269 np0000001280 devstack@g-api.service[101888]: [pid: 101888|app: 0|req: 85/255] 127.0.0.1 () {44 vars in 1055 bytes} [Fri May 22 15:05:34 2026] GET /v2/schemas/image => generated 6083 bytes in 13 msecs (HTTP/1.1 200) 4 headers in 158 bytes (1 switches on core 0)
May 22 15:05:34.768460 np0000001280 devstack@g-api.service[101889]: DEBUG glance.api.middleware.version_negotiation [None req-1546c2ba-0f53-4dfd-a3fd-433ed18d8c6e tempest-VolumesGetTest-1280812482 tempest-VolumesGetTest-1280812482-project-member] Determining version of request: GET /v2/schemas/image Accept: */* {{(pid=101889) process_request /opt/stack/glance/glance/api/middleware/version_negotiation.py:44}}
May 22 15:05:34.768650 np0000001280 devstack@g-api.service[101889]: DEBUG glance.api.middleware.version_negotiation [None req-1546c2ba-0f53-4dfd-a3fd-433ed18d8c6e tempest-VolumesGetTest-1280812482 tempest-VolumesGetTest-1280812482-project-member] Using url versioning {{(pid=101889) process_request /opt/stack/glance/glance/api/middleware/version_negotiation.py:57}}
May 22 15:05:34.768849 np0000001280 devstack@g-api.service[101889]: DEBUG glance.api.middleware.version_negotiation [None req-1546c2ba-0f53-4dfd-a3fd-433ed18d8c6e tempest-VolumesGetTest-1280812482 tempest-VolumesGetTest-1280812482-project-member] Matched version: v2 {{(pid=101889) process_request /opt/stack/glance/glance/api/middleware/version_negotiation.py:69}}
May 22 15:05:34.768999 np0000001280 devstack@g-api.service[101889]: DEBUG glance.api.middleware.version_negotiation [None req-1546c2ba-0f53-4dfd-a3fd-433ed18d8c6e tempest-VolumesGetTest-1280812482 tempest-VolumesGetTest-1280812482-project-member] new path /v2/schemas/image {{(pid=101889) process_request /opt/stack/glance/glance/api/middleware/version_negotiation.py:70}}
May 22 15:05:34.772797 np0000001280 devstack@g-api.service[101889]: [pid: 101889|app: 0|req: 87/256] 127.0.0.1 () {44 vars in 1055 bytes} [Fri May 22 15:05:34 2026] GET /v2/schemas/image => generated 6083 bytes in 4 msecs (HTTP/1.1 200) 4 headers in 158 bytes (1 switches on core 0)
May 22 15:05:35.033089 np0000001280 devstack@g-api.service[101888]: DEBUG glance.api.middleware.version_negotiation [None req-1546c2ba-0f53-4dfd-a3fd-433ed18d8c6e tempest-VolumesGetTest-1280812482 tempest-VolumesGetTest-1280812482-project-member] Determining version of request: GET /v2/images/53fe1628-7fb6-45de-81e1-bcdb06dc710c Accept: application/json {{(pid=101888) process_request /opt/stack/glance/glance/api/middleware/version_negotiation.py:44}}
May 22 15:05:35.033574 np0000001280 devstack@g-api.service[101888]: DEBUG glance.api.middleware.version_negotiation [None req-1546c2ba-0f53-4dfd-a3fd-433ed18d8c6e tempest-VolumesGetTest-1280812482 tempest-VolumesGetTest-1280812482-project-member] Using url versioning {{(pid=101888) process_request /opt/stack/glance/glance/api/middleware/version_negotiation.py:57}}
May 22 15:05:35.033574 np0000001280 devstack@g-api.service[101888]: DEBUG glance.api.middleware.version_negotiation [None req-1546c2ba-0f53-4dfd-a3fd-433ed18d8c6e tempest-VolumesGetTest-1280812482 tempest-VolumesGetTest-1280812482-project-member] Matched version: v2 {{(pid=101888) process_request /opt/stack/glance/glance/api/middleware/version_negotiation.py:69}}
May 22 15:05:35.033574 np0000001280 devstack@g-api.service[101888]: DEBUG glance.api.middleware.version_negotiation [None req-1546c2ba-0f53-4dfd-a3fd-433ed18d8c6e tempest-VolumesGetTest-1280812482 tempest-VolumesGetTest-1280812482-project-member] new path /v2/images/53fe1628-7fb6-45de-81e1-bcdb06dc710c {{(pid=101888) process_request /opt/stack/glance/glance/api/middleware/version_negotiation.py:70}}
May 22 15:05:35.052525 np0000001280 devstack@g-api.service[101888]: [pid: 101888|app: 0|req: 86/257] 127.0.0.1 () {40 vars in 838 bytes} [Fri May 22 15:05:35 2026] GET /v2/images/53fe1628-7fb6-45de-81e1-bcdb06dc710c => generated 1470 bytes in 20 msecs (HTTP/1.1 200) 4 headers in 158 bytes (1 switches on core 0)
May 22 15:05:35.150065 np0000001280 devstack@g-api.service[101890]: INFO glance.api.v2.image_data [None req-bc12556f-5234-47f5-984e-45eedfeaa3db tempest-ServerBootFromVolumeStableRescueTest-1428600452 tempest-ServerBootFromVolumeStableRescueTest-1428600452-project-member] Unable to create trust: no such option collect_timing in group [keystone_authtoken] Use the existing user token.
May 22 15:05:35.728368 np0000001280 devstack@g-api.service[101890]: DEBUG glance.location [None req-bc12556f-5234-47f5-984e-45eedfeaa3db tempest-ServerBootFromVolumeStableRescueTest-1428600452 tempest-ServerBootFromVolumeStableRescueTest-1428600452-project-member] Enabling in-flight format inspection for qcow2 {{(pid=101890) set_data /opt/stack/glance/glance/location.py:616}}
May 22 15:05:35.728780 np0000001280 devstack@g-api.service[101890]: DEBUG glance_store.backend [None req-bc12556f-5234-47f5-984e-45eedfeaa3db tempest-ServerBootFromVolumeStableRescueTest-1428600452 tempest-ServerBootFromVolumeStableRescueTest-1428600452-project-member] Attempting to import store swift {{(pid=101890) _load_store /opt/stack/data/venv/lib/python3.12/site-packages/glance_store/backend.py:215}}
May 22 15:05:35.730464 np0000001280 devstack@g-api.service[101890]: DEBUG glance_store.capabilities [None req-bc12556f-5234-47f5-984e-45eedfeaa3db tempest-ServerBootFromVolumeStableRescueTest-1428600452 tempest-ServerBootFromVolumeStableRescueTest-1428600452-project-member] Store glance_store._drivers.swift.store.SingleTenantStore doesn't support updating dynamic storage capabilities. Please overwrite 'update_capabilities' method of the store to implement updating logics if needed. {{(pid=101890) update_capabilities /opt/stack/data/venv/lib/python3.12/site-packages/glance_store/capabilities.py:91}}
May 22 15:05:35.730590 np0000001280 devstack@g-api.service[101890]: DEBUG glance_store.driver [None req-bc12556f-5234-47f5-984e-45eedfeaa3db tempest-ServerBootFromVolumeStableRescueTest-1428600452 tempest-ServerBootFromVolumeStableRescueTest-1428600452-project-member] Late loading location class glance_store._drivers.swift.store.StoreLocation {{(pid=101890) get_store_location_class /opt/stack/data/venv/lib/python3.12/site-packages/glance_store/driver.py:134}}
May 22 15:05:35.730706 np0000001280 devstack@g-api.service[101890]: DEBUG glance_store.location [None req-bc12556f-5234-47f5-984e-45eedfeaa3db tempest-ServerBootFromVolumeStableRescueTest-1428600452 tempest-ServerBootFromVolumeStableRescueTest-1428600452-project-member] Registering scheme swift+https with {'store': , 'location_class': , 'store_entry': 'swift'} {{(pid=101890) register_scheme_map /opt/stack/data/venv/lib/python3.12/site-packages/glance_store/location.py:146}}
May 22 15:05:35.730808 np0000001280 devstack@g-api.service[101890]: DEBUG glance_store.location [None req-bc12556f-5234-47f5-984e-45eedfeaa3db tempest-ServerBootFromVolumeStableRescueTest-1428600452 tempest-ServerBootFromVolumeStableRescueTest-1428600452-project-member] Registering scheme swift+https with {'store': , 'location_class': , 'store_entry': 'swift'} {{(pid=101890) register_scheme_map /opt/stack/data/venv/lib/python3.12/site-packages/glance_store/location.py:146}}
May 22 15:05:35.732876 np0000001280 devstack@g-api.service[101890]: DEBUG glance_store.location [None req-bc12556f-5234-47f5-984e-45eedfeaa3db tempest-ServerBootFromVolumeStableRescueTest-1428600452 tempest-ServerBootFromVolumeStableRescueTest-1428600452-project-member] Registering scheme swift with {'store': , 'location_class': , 'store_entry': 'swift'} {{(pid=101890) register_scheme_map /opt/stack/data/venv/lib/python3.12/site-packages/glance_store/location.py:146}}
May 22 15:05:35.732988 np0000001280 devstack@g-api.service[101890]: DEBUG glance_store.location [None req-bc12556f-5234-47f5-984e-45eedfeaa3db tempest-ServerBootFromVolumeStableRescueTest-1428600452 tempest-ServerBootFromVolumeStableRescueTest-1428600452-project-member] Registering scheme swift+https with {'store': , 'location_class': , 'store_entry': 'swift'} {{(pid=101890) register_scheme_map /opt/stack/data/venv/lib/python3.12/site-packages/glance_store/location.py:146}}
May 22 15:05:35.733085 np0000001280 devstack@g-api.service[101890]: DEBUG glance_store.location [None req-bc12556f-5234-47f5-984e-45eedfeaa3db tempest-ServerBootFromVolumeStableRescueTest-1428600452 tempest-ServerBootFromVolumeStableRescueTest-1428600452-project-member] Registering scheme swift with {'store': , 'location_class': , 'store_entry': 'swift'} {{(pid=101890) register_scheme_map /opt/stack/data/venv/lib/python3.12/site-packages/glance_store/location.py:146}}
May 22 15:05:35.733179 np0000001280 devstack@g-api.service[101890]: DEBUG glance_store.location [None req-bc12556f-5234-47f5-984e-45eedfeaa3db tempest-ServerBootFromVolumeStableRescueTest-1428600452 tempest-ServerBootFromVolumeStableRescueTest-1428600452-project-member] Registering scheme swift+http with {'store': , 'location_class': , 'store_entry': 'swift'} {{(pid=101890) register_scheme_map /opt/stack/data/venv/lib/python3.12/site-packages/glance_store/location.py:146}}
May 22 15:05:35.733272 np0000001280 devstack@g-api.service[101890]: DEBUG glance_store.location [None req-bc12556f-5234-47f5-984e-45eedfeaa3db tempest-ServerBootFromVolumeStableRescueTest-1428600452 tempest-ServerBootFromVolumeStableRescueTest-1428600452-project-member] Registering scheme swift+https with {'store': , 'location_class': , 'store_entry': 'swift'} {{(pid=101890) register_scheme_map /opt/stack/data/venv/lib/python3.12/site-packages/glance_store/location.py:146}}
May 22 15:05:35.733376 np0000001280 devstack@g-api.service[101890]: DEBUG glance_store.location [None req-bc12556f-5234-47f5-984e-45eedfeaa3db tempest-ServerBootFromVolumeStableRescueTest-1428600452 tempest-ServerBootFromVolumeStableRescueTest-1428600452-project-member] Registering scheme swift with {'store': , 'location_class': , 'store_entry': 'swift'} {{(pid=101890) register_scheme_map /opt/stack/data/venv/lib/python3.12/site-packages/glance_store/location.py:146}}
May 22 15:05:35.733481 np0000001280 devstack@g-api.service[101890]: DEBUG glance_store.location [None req-bc12556f-5234-47f5-984e-45eedfeaa3db tempest-ServerBootFromVolumeStableRescueTest-1428600452 tempest-ServerBootFromVolumeStableRescueTest-1428600452-project-member] Registering scheme swift+http with {'store': , 'location_class': , 'store_entry': 'swift'} {{(pid=101890) register_scheme_map /opt/stack/data/venv/lib/python3.12/site-packages/glance_store/location.py:146}}
May 22 15:05:35.733579 np0000001280 devstack@g-api.service[101890]: DEBUG glance_store.location [None req-bc12556f-5234-47f5-984e-45eedfeaa3db tempest-ServerBootFromVolumeStableRescueTest-1428600452 tempest-ServerBootFromVolumeStableRescueTest-1428600452-project-member] Registering scheme swift+config with {'store': , 'location_class': , 'store_entry': 'swift'} {{(pid=101890) register_scheme_map /opt/stack/data/venv/lib/python3.12/site-packages/glance_store/location.py:146}}
May 22 15:05:35.938156 np0000001280 devstack@g-api.service[101890]: DEBUG swiftclient [None req-bc12556f-5234-47f5-984e-45eedfeaa3db tempest-ServerBootFromVolumeStableRescueTest-1428600452 tempest-ServerBootFromVolumeStableRescueTest-1428600452-project-member] REQ: curl -i https://10.4.3.119:8080/v1/AUTH_27d1cc3a977c4143aff99f8e6abb4347/glance -I -H "X-Auth-Token: gAAAAABqEHC_nnhm..." {{(pid=101890) http_log /opt/stack/data/venv/lib/python3.12/site-packages/swiftclient/client.py:160}}
May 22 15:05:35.938229 np0000001280 devstack@g-api.service[101890]: DEBUG swiftclient [None req-bc12556f-5234-47f5-984e-45eedfeaa3db tempest-ServerBootFromVolumeStableRescueTest-1428600452 tempest-ServerBootFromVolumeStableRescueTest-1428600452-project-member] RESP STATUS: 204 No Content {{(pid=101890) http_log /opt/stack/data/venv/lib/python3.12/site-packages/swiftclient/client.py:161}}
May 22 15:05:35.938369 np0000001280 devstack@g-api.service[101890]: DEBUG swiftclient [None req-bc12556f-5234-47f5-984e-45eedfeaa3db tempest-ServerBootFromVolumeStableRescueTest-1428600452 tempest-ServerBootFromVolumeStableRescueTest-1428600452-project-member] RESP HEADERS: {'Date': 'Fri, 22 May 2026 15:05:35 GMT', 'Server': 'Apache/2.4.58 (Ubuntu)', 'Content-Type': 'text/plain; charset=utf-8', 'X-Container-Object-Count': '5', 'X-Container-Bytes-Used': '86048768', 'X-Timestamp': '1779462002.42174', 'Last-Modified': 'Fri, 22 May 2026 15:00:03 GMT', 'Accept-Ranges': 'bytes', 'X-Storage-Policy': 'Policy-0', 'X-Container-Sharding': 'False', 'Vary': 'Accept', 'X-Trans-Id': 'tx2214b211b2de42588cd1c-006a1070bf', 'X-Openstack-Request-Id': 'tx2214b211b2de42588cd1c-006a1070bf', 'Connection': 'close'} {{(pid=101890) http_log /opt/stack/data/venv/lib/python3.12/site-packages/swiftclient/client.py:162}}
May 22 15:05:35.938978 np0000001280 devstack@g-api.service[101890]: DEBUG glance_store._drivers.swift.store [None req-bc12556f-5234-47f5-984e-45eedfeaa3db tempest-ServerBootFromVolumeStableRescueTest-1428600452 tempest-ServerBootFromVolumeStableRescueTest-1428600452-project-member] Adding image object '53fe1628-7fb6-45de-81e1-bcdb06dc710c' to Swift {{(pid=101890) add /opt/stack/data/venv/lib/python3.12/site-packages/glance_store/_drivers/swift/store.py:978}}
May 22 15:05:35.938978 np0000001280 devstack@g-api.service[101890]: DEBUG glance_store._drivers.swift.store [None req-bc12556f-5234-47f5-984e-45eedfeaa3db tempest-ServerBootFromVolumeStableRescueTest-1428600452 tempest-ServerBootFromVolumeStableRescueTest-1428600452-project-member] Cannot determine image size because it is either not provided in the request or chunked-transfer encoding is used. Adding image as a segmented object to Swift. {{(pid=101890) add /opt/stack/data/venv/lib/python3.12/site-packages/glance_store/_drivers/swift/store.py:1002}}
May 22 15:05:35.944224 np0000001280 devstack@g-api.service[101890]: DEBUG oslo_utils.imageutils.format_inspector [None req-bc12556f-5234-47f5-984e-45eedfeaa3db tempest-ServerBootFromVolumeStableRescueTest-1428600452 tempest-ServerBootFromVolumeStableRescueTest-1428600452-project-member] Format inspector for vmdk does not match, excluding from consideration (Signature KDMV not found: b'QFI\xfb') {{(pid=101890) _process_chunk /opt/stack/data/venv/lib/python3.12/site-packages/oslo_utils/imageutils/format_inspector.py:1538}}
May 22 15:05:35.948998 np0000001280 devstack@g-api.service[101890]: DEBUG oslo_utils.imageutils.format_inspector [None req-bc12556f-5234-47f5-984e-45eedfeaa3db tempest-ServerBootFromVolumeStableRescueTest-1428600452 tempest-ServerBootFromVolumeStableRescueTest-1428600452-project-member] Format inspector for vhdx does not match, excluding from consideration (Region signature not found at 30000) {{(pid=101890) _process_chunk /opt/stack/data/venv/lib/python3.12/site-packages/oslo_utils/imageutils/format_inspector.py:1538}}
May 22 15:05:36.061159 np0000001280 devstack@g-api.service[101889]: DEBUG glance.api.middleware.version_negotiation [None req-1546c2ba-0f53-4dfd-a3fd-433ed18d8c6e tempest-VolumesGetTest-1280812482 tempest-VolumesGetTest-1280812482-project-member] Determining version of request: GET /v2/images/53fe1628-7fb6-45de-81e1-bcdb06dc710c Accept: application/json {{(pid=101889) process_request /opt/stack/glance/glance/api/middleware/version_negotiation.py:44}}
May 22 15:05:36.061558 np0000001280 devstack@g-api.service[101889]: DEBUG glance.api.middleware.version_negotiation [None req-1546c2ba-0f53-4dfd-a3fd-433ed18d8c6e tempest-VolumesGetTest-1280812482 tempest-VolumesGetTest-1280812482-project-member] Using url versioning {{(pid=101889) process_request /opt/stack/glance/glance/api/middleware/version_negotiation.py:57}}
May 22 15:05:36.061558 np0000001280 devstack@g-api.service[101889]: DEBUG glance.api.middleware.version_negotiation [None req-1546c2ba-0f53-4dfd-a3fd-433ed18d8c6e tempest-VolumesGetTest-1280812482 tempest-VolumesGetTest-1280812482-project-member] Matched version: v2 {{(pid=101889) process_request /opt/stack/glance/glance/api/middleware/version_negotiation.py:69}}
May 22 15:05:36.061558 np0000001280 devstack@g-api.service[101889]: DEBUG glance.api.middleware.version_negotiation [None req-1546c2ba-0f53-4dfd-a3fd-433ed18d8c6e tempest-VolumesGetTest-1280812482 tempest-VolumesGetTest-1280812482-project-member] new path /v2/images/53fe1628-7fb6-45de-81e1-bcdb06dc710c {{(pid=101889) process_request /opt/stack/glance/glance/api/middleware/version_negotiation.py:70}}
May 22 15:05:36.088185 np0000001280 devstack@g-api.service[101889]: [pid: 101889|app: 0|req: 88/258] 127.0.0.1 () {40 vars in 838 bytes} [Fri May 22 15:05:36 2026] GET /v2/images/53fe1628-7fb6-45de-81e1-bcdb06dc710c => generated 1470 bytes in 27 msecs (HTTP/1.1 200) 4 headers in 158 bytes (1 switches on core 0)
May 22 15:05:36.195078 np0000001280 devstack@g-api.service[101890]: DEBUG swiftclient [None req-bc12556f-5234-47f5-984e-45eedfeaa3db tempest-ServerBootFromVolumeStableRescueTest-1428600452 tempest-ServerBootFromVolumeStableRescueTest-1428600452-project-member] REQ: curl -i https://10.4.3.119:8080/v1/AUTH_27d1cc3a977c4143aff99f8e6abb4347/glance/53fe1628-7fb6-45de-81e1-bcdb06dc710c-00001 -X PUT -H "X-Auth-Token: gAAAAABqEHC_nnhm..." {{(pid=101890) http_log /opt/stack/data/venv/lib/python3.12/site-packages/swiftclient/client.py:160}}
May 22 15:05:36.195338 np0000001280 devstack@g-api.service[101890]: DEBUG swiftclient [None req-bc12556f-5234-47f5-984e-45eedfeaa3db tempest-ServerBootFromVolumeStableRescueTest-1428600452 tempest-ServerBootFromVolumeStableRescueTest-1428600452-project-member] RESP STATUS: 201 Created {{(pid=101890) http_log /opt/stack/data/venv/lib/python3.12/site-packages/swiftclient/client.py:161}}
May 22 15:05:36.195422 np0000001280 devstack@g-api.service[101890]: DEBUG swiftclient [None req-bc12556f-5234-47f5-984e-45eedfeaa3db tempest-ServerBootFromVolumeStableRescueTest-1428600452 tempest-ServerBootFromVolumeStableRescueTest-1428600452-project-member] RESP HEADERS: {'Date': 'Fri, 22 May 2026 15:05:36 GMT', 'Server': 'Apache/2.4.58 (Ubuntu)', 'Content-Type': 'text/html; charset=UTF-8', 'Content-Length': '0', 'Etag': '4fa343ee581d8d2e78533191fd1ac3e1', 'Last-Modified': 'Fri, 22 May 2026 15:05:36 GMT', 'X-Trans-Id': 'tx4ababdc8cfaa4c38947ee-006a1070bf', 'X-Openstack-Request-Id': 'tx4ababdc8cfaa4c38947ee-006a1070bf', 'Connection': 'close'} {{(pid=101890) http_log /opt/stack/data/venv/lib/python3.12/site-packages/swiftclient/client.py:162}}
May 22 15:05:36.195582 np0000001280 devstack@g-api.service[101890]: DEBUG glance_store._drivers.swift.store [None req-bc12556f-5234-47f5-984e-45eedfeaa3db tempest-ServerBootFromVolumeStableRescueTest-1428600452 tempest-ServerBootFromVolumeStableRescueTest-1428600452-project-member] Wrote chunk 53fe1628-7fb6-45de-81e1-bcdb06dc710c-00001 (1/?) of length 23527424 to Swift returning MD5 of content: 4fa343ee581d8d2e78533191fd1ac3e1 {{(pid=101890) add /opt/stack/data/venv/lib/python3.12/site-packages/glance_store/_drivers/swift/store.py:1067}}
May 22 15:05:36.195940 np0000001280 devstack@g-api.service[101890]: DEBUG glance_store._drivers.swift.store [None req-bc12556f-5234-47f5-984e-45eedfeaa3db tempest-ServerBootFromVolumeStableRescueTest-1428600452 tempest-ServerBootFromVolumeStableRescueTest-1428600452-project-member] Not writing zero-length chunk. {{(pid=101890) add /opt/stack/data/venv/lib/python3.12/site-packages/glance_store/_drivers/swift/store.py:1036}}
May 22 15:05:36.224468 np0000001280 devstack@g-api.service[101890]: DEBUG swiftclient [None req-bc12556f-5234-47f5-984e-45eedfeaa3db tempest-ServerBootFromVolumeStableRescueTest-1428600452 tempest-ServerBootFromVolumeStableRescueTest-1428600452-project-member] REQ: curl -i https://10.4.3.119:8080/v1/AUTH_27d1cc3a977c4143aff99f8e6abb4347/glance/53fe1628-7fb6-45de-81e1-bcdb06dc710c -X PUT -H "X-Object-Manifest: glance/53fe1628-7fb6-45de-81e1-bcdb06dc710c-" -H "X-Auth-Token: gAAAAABqEHC_nnhm..." -H "Content-Length: 0" {{(pid=101890) http_log /opt/stack/data/venv/lib/python3.12/site-packages/swiftclient/client.py:160}}
May 22 15:05:36.224600 np0000001280 devstack@g-api.service[101890]: DEBUG swiftclient [None req-bc12556f-5234-47f5-984e-45eedfeaa3db tempest-ServerBootFromVolumeStableRescueTest-1428600452 tempest-ServerBootFromVolumeStableRescueTest-1428600452-project-member] RESP STATUS: 201 Created {{(pid=101890) http_log /opt/stack/data/venv/lib/python3.12/site-packages/swiftclient/client.py:161}}
May 22 15:05:36.224848 np0000001280 devstack@g-api.service[101890]: DEBUG swiftclient [None req-bc12556f-5234-47f5-984e-45eedfeaa3db tempest-ServerBootFromVolumeStableRescueTest-1428600452 tempest-ServerBootFromVolumeStableRescueTest-1428600452-project-member] RESP HEADERS: {'Date': 'Fri, 22 May 2026 15:05:36 GMT', 'Server': 'Apache/2.4.58 (Ubuntu)', 'Content-Type': 'text/html; charset=UTF-8', 'Content-Length': '0', 'Etag': 'd41d8cd98f00b204e9800998ecf8427e', 'Last-Modified': 'Fri, 22 May 2026 15:05:37 GMT', 'X-Trans-Id': 'txd6ce6f32a6ba475cad652-006a1070c0', 'X-Openstack-Request-Id': 'txd6ce6f32a6ba475cad652-006a1070c0', 'Connection': 'close'} {{(pid=101890) http_log /opt/stack/data/venv/lib/python3.12/site-packages/swiftclient/client.py:162}}
May 22 15:05:36.225374 np0000001280 devstack@g-api.service[101890]: INFO glance.location [None req-bc12556f-5234-47f5-984e-45eedfeaa3db tempest-ServerBootFromVolumeStableRescueTest-1428600452 tempest-ServerBootFromVolumeStableRescueTest-1428600452-project-member] Image format matched and virtual size computed: 1073741824
May 22 15:05:36.265474 np0000001280 devstack@g-api.service[101890]: DEBUG glance_store.backend [None req-bc12556f-5234-47f5-984e-45eedfeaa3db tempest-ServerBootFromVolumeStableRescueTest-1428600452 tempest-ServerBootFromVolumeStableRescueTest-1428600452-project-member] Attempting to import store swift {{(pid=101890) _load_store /opt/stack/data/venv/lib/python3.12/site-packages/glance_store/backend.py:215}}
May 22 15:05:36.266661 np0000001280 devstack@g-api.service[101890]: DEBUG glance_store.capabilities [None req-bc12556f-5234-47f5-984e-45eedfeaa3db tempest-ServerBootFromVolumeStableRescueTest-1428600452 tempest-ServerBootFromVolumeStableRescueTest-1428600452-project-member] Store glance_store._drivers.swift.store.SingleTenantStore doesn't support updating dynamic storage capabilities. Please overwrite 'update_capabilities' method of the store to implement updating logics if needed. {{(pid=101890) update_capabilities /opt/stack/data/venv/lib/python3.12/site-packages/glance_store/capabilities.py:91}}
May 22 15:05:36.266750 np0000001280 devstack@g-api.service[101890]: DEBUG glance_store.driver [None req-bc12556f-5234-47f5-984e-45eedfeaa3db tempest-ServerBootFromVolumeStableRescueTest-1428600452 tempest-ServerBootFromVolumeStableRescueTest-1428600452-project-member] Late loading location class glance_store._drivers.swift.store.StoreLocation {{(pid=101890) get_store_location_class /opt/stack/data/venv/lib/python3.12/site-packages/glance_store/driver.py:134}}
