Jul 31 05:15:05.924660 np0000006179 nova-scheduler[93468]: DEBUG cotyledon.oslo_config_glue [-] oslo_messaging_rabbit.rabbit_login_method = AMQPLAIN {{(pid=93468) log_opt_values /opt/stack/data/venv/lib/python3.12/site-packages/oslo_config/cfg.py:3253}}
Jul 31 05:15:05.924700 np0000006179 nova-scheduler[93468]: DEBUG cotyledon.oslo_config_glue [-] oslo_messaging_rabbit.rabbit_qos_prefetch_count = 0 {{(pid=93468) log_opt_values /opt/stack/data/venv/lib/python3.12/site-packages/oslo_config/cfg.py:3253}}
Jul 31 05:15:05.924756 np0000006179 nova-scheduler[93468]: DEBUG cotyledon.oslo_config_glue [-] oslo_messaging_rabbit.rabbit_quorum_delivery_limit = 0 {{(pid=93468) log_opt_values /opt/stack/data/venv/lib/python3.12/site-packages/oslo_config/cfg.py:3253}}
Jul 31 05:15:05.924800 np0000006179 nova-scheduler[93468]: DEBUG cotyledon.oslo_config_glue [-] oslo_messaging_rabbit.rabbit_quorum_max_memory_bytes = 0 {{(pid=93468) log_opt_values /opt/stack/data/venv/lib/python3.12/site-packages/oslo_config/cfg.py:3253}}
Jul 31 05:15:05.924828 np0000006179 nova-scheduler[93468]: DEBUG cotyledon.oslo_config_glue [-] oslo_messaging_rabbit.rabbit_quorum_max_memory_length = 0 {{(pid=93468) log_opt_values /opt/stack/data/venv/lib/python3.12/site-packages/oslo_config/cfg.py:3253}}
Jul 31 05:15:05.924861 np0000006179 nova-scheduler[93468]: DEBUG cotyledon.oslo_config_glue [-] oslo_messaging_rabbit.rabbit_quorum_queue = False {{(pid=93468) log_opt_values /opt/stack/data/venv/lib/python3.12/site-packages/oslo_config/cfg.py:3253}}
Jul 31 05:15:05.924891 np0000006179 nova-scheduler[93468]: DEBUG cotyledon.oslo_config_glue [-] oslo_messaging_rabbit.rabbit_retry_backoff = 2 {{(pid=93468) log_opt_values /opt/stack/data/venv/lib/python3.12/site-packages/oslo_config/cfg.py:3253}}
Jul 31 05:15:05.924916 np0000006179 nova-scheduler[93468]: DEBUG cotyledon.oslo_config_glue [-] oslo_messaging_rabbit.rabbit_retry_interval = 1 {{(pid=93468) log_opt_values /opt/stack/data/venv/lib/python3.12/site-packages/oslo_config/cfg.py:3253}}
Jul 31 05:15:05.924941 np0000006179 nova-scheduler[93468]: DEBUG cotyledon.oslo_config_glue [-] oslo_messaging_rabbit.rabbit_stream_fanout = False {{(pid=93468) log_opt_values /opt/stack/data/venv/lib/python3.12/site-packages/oslo_config/cfg.py:3253}}
Jul 31 05:15:05.924975 np0000006179 nova-scheduler[93468]: DEBUG cotyledon.oslo_config_glue [-] oslo_messaging_rabbit.rabbit_transient_queues_ttl = 1800 {{(pid=93468) log_opt_values /opt/stack/data/venv/lib/python3.12/site-packages/oslo_config/cfg.py:3253}}
Jul 31 05:15:05.925010 np0000006179 nova-scheduler[93468]: DEBUG cotyledon.oslo_config_glue [-] oslo_messaging_rabbit.rabbit_transient_quorum_queue = False {{(pid=93468) log_opt_values /opt/stack/data/venv/lib/python3.12/site-packages/oslo_config/cfg.py:3253}}
Jul 31 05:15:05.925038 np0000006179 nova-scheduler[93468]: DEBUG cotyledon.oslo_config_glue [-] oslo_messaging_rabbit.rpc_conn_pool_size = 30 {{(pid=93468) log_opt_values /opt/stack/data/venv/lib/python3.12/site-packages/oslo_config/cfg.py:3253}}
Jul 31 05:15:05.925074 np0000006179 nova-scheduler[93468]: DEBUG cotyledon.oslo_config_glue [-] oslo_messaging_rabbit.ssl = False {{(pid=93468) log_opt_values /opt/stack/data/venv/lib/python3.12/site-packages/oslo_config/cfg.py:3253}}
Jul 31 05:15:05.925106 np0000006179 nova-scheduler[93468]: DEBUG cotyledon.oslo_config_glue [-] oslo_messaging_rabbit.ssl_ca_file = {{(pid=93468) log_opt_values /opt/stack/data/venv/lib/python3.12/site-packages/oslo_config/cfg.py:3253}}
Jul 31 05:15:05.925185 np0000006179 nova-scheduler[93468]: DEBUG cotyledon.oslo_config_glue [-] oslo_messaging_rabbit.ssl_cert_file = {{(pid=93468) log_opt_values /opt/stack/data/venv/lib/python3.12/site-packages/oslo_config/cfg.py:3253}}
Jul 31 05:15:05.925225 np0000006179 nova-scheduler[93468]: DEBUG cotyledon.oslo_config_glue [-] oslo_messaging_rabbit.ssl_enforce_fips_mode = False {{(pid=93468) log_opt_values /opt/stack/data/venv/lib/python3.12/site-packages/oslo_config/cfg.py:3253}}
Jul 31 05:15:05.925259 np0000006179 nova-scheduler[93468]: DEBUG cotyledon.oslo_config_glue [-] oslo_messaging_rabbit.ssl_enforce_hostname_verification = True {{(pid=93468) log_opt_values /opt/stack/data/venv/lib/python3.12/site-packages/oslo_config/cfg.py:3253}}
Jul 31 05:15:05.925293 np0000006179 nova-scheduler[93468]: DEBUG cotyledon.oslo_config_glue [-] oslo_messaging_rabbit.ssl_key_file = {{(pid=93468) log_opt_values /opt/stack/data/venv/lib/python3.12/site-packages/oslo_config/cfg.py:3253}}
Jul 31 05:15:05.925335 np0000006179 nova-scheduler[93468]: DEBUG cotyledon.oslo_config_glue [-] oslo_messaging_rabbit.ssl_version = {{(pid=93468) log_opt_values /opt/stack/data/venv/lib/python3.12/site-packages/oslo_config/cfg.py:3253}}
Jul 31 05:15:05.925370 np0000006179 nova-scheduler[93468]: DEBUG cotyledon.oslo_config_glue [-] oslo_messaging_rabbit.use_queue_manager = False {{(pid=93468) log_opt_values /opt/stack/data/venv/lib/python3.12/site-packages/oslo_config/cfg.py:3253}}
Jul 31 05:15:05.925425 np0000006179 nova-scheduler[93468]: DEBUG cotyledon.oslo_config_glue [-] oslo_messaging_notifications.driver = ['messagingv2'] {{(pid=93468) log_opt_values /opt/stack/data/venv/lib/python3.12/site-packages/oslo_config/cfg.py:3253}}
Jul 31 05:15:05.925471 np0000006179 nova-scheduler[93468]: DEBUG cotyledon.oslo_config_glue [-] oslo_messaging_notifications.retry = -1 {{(pid=93468) log_opt_values /opt/stack/data/venv/lib/python3.12/site-packages/oslo_config/cfg.py:3253}}
Jul 31 05:15:05.925522 np0000006179 nova-scheduler[93468]: DEBUG cotyledon.oslo_config_glue [-] oslo_messaging_notifications.topics = ['notifications'] {{(pid=93468) log_opt_values /opt/stack/data/venv/lib/python3.12/site-packages/oslo_config/cfg.py:3253}}
Jul 31 05:15:05.925555 np0000006179 nova-scheduler[93468]: DEBUG cotyledon.oslo_config_glue [-] oslo_messaging_notifications.transport_url = **** {{(pid=93468) log_opt_values /opt/stack/data/venv/lib/python3.12/site-packages/oslo_config/cfg.py:3253}}
Jul 31 05:15:05.925603 np0000006179 nova-scheduler[93468]: DEBUG cotyledon.oslo_config_glue [-] oslo_limit.auth_section = None {{(pid=93468) log_opt_values /opt/stack/data/venv/lib/python3.12/site-packages/oslo_config/cfg.py:3253}}
Jul 31 05:15:05.925644 np0000006179 nova-scheduler[93468]: DEBUG cotyledon.oslo_config_glue [-] oslo_limit.auth_type = None {{(pid=93468) log_opt_values /opt/stack/data/venv/lib/python3.12/site-packages/oslo_config/cfg.py:3253}}
Jul 31 05:15:05.925679 np0000006179 nova-scheduler[93468]: DEBUG cotyledon.oslo_config_glue [-] oslo_limit.cafile = None {{(pid=93468) log_opt_values /opt/stack/data/venv/lib/python3.12/site-packages/oslo_config/cfg.py:3253}}
Jul 31 05:15:05.925714 np0000006179 nova-scheduler[93468]: DEBUG cotyledon.oslo_config_glue [-] oslo_limit.certfile = None {{(pid=93468) log_opt_values /opt/stack/data/venv/lib/python3.12/site-packages/oslo_config/cfg.py:3253}}
Jul 31 05:15:05.925748 np0000006179 nova-scheduler[93468]: DEBUG cotyledon.oslo_config_glue [-] oslo_limit.collect_timing = False {{(pid=93468) log_opt_values /opt/stack/data/venv/lib/python3.12/site-packages/oslo_config/cfg.py:3253}}
Jul 31 05:15:05.925780 np0000006179 nova-scheduler[93468]: DEBUG cotyledon.oslo_config_glue [-] oslo_limit.connect_retries = None {{(pid=93468) log_opt_values /opt/stack/data/venv/lib/python3.12/site-packages/oslo_config/cfg.py:3253}}
Jul 31 05:15:05.925814 np0000006179 nova-scheduler[93468]: DEBUG cotyledon.oslo_config_glue [-] oslo_limit.connect_retry_delay = None {{(pid=93468) log_opt_values /opt/stack/data/venv/lib/python3.12/site-packages/oslo_config/cfg.py:3253}}
Jul 31 05:15:05.925847 np0000006179 nova-scheduler[93468]: DEBUG cotyledon.oslo_config_glue [-] oslo_limit.endpoint_id = None {{(pid=93468) log_opt_values /opt/stack/data/venv/lib/python3.12/site-packages/oslo_config/cfg.py:3253}}
Jul 31 05:15:05.925872 np0000006179 nova-scheduler[93468]: DEBUG cotyledon.oslo_config_glue [-] oslo_limit.endpoint_interface = public {{(pid=93468) log_opt_values /opt/stack/data/venv/lib/python3.12/site-packages/oslo_config/cfg.py:3253}}
Jul 31 05:15:05.925907 np0000006179 nova-scheduler[93468]: DEBUG cotyledon.oslo_config_glue [-] oslo_limit.endpoint_override = None {{(pid=93468) log_opt_values /opt/stack/data/venv/lib/python3.12/site-packages/oslo_config/cfg.py:3253}}
Jul 31 05:15:05.925939 np0000006179 nova-scheduler[93468]: DEBUG cotyledon.oslo_config_glue [-] oslo_limit.endpoint_region_name = None {{(pid=93468) log_opt_values /opt/stack/data/venv/lib/python3.12/site-packages/oslo_config/cfg.py:3253}}
Jul 31 05:15:05.925968 np0000006179 nova-scheduler[93468]: DEBUG cotyledon.oslo_config_glue [-] oslo_limit.endpoint_service_name = None {{(pid=93468) log_opt_values /opt/stack/data/venv/lib/python3.12/site-packages/oslo_config/cfg.py:3253}}
Jul 31 05:15:05.926013 np0000006179 nova-scheduler[93468]: DEBUG cotyledon.oslo_config_glue [-] oslo_limit.endpoint_service_type = None {{(pid=93468) log_opt_values /opt/stack/data/venv/lib/python3.12/site-packages/oslo_config/cfg.py:3253}}
Jul 31 05:15:05.926045 np0000006179 nova-scheduler[93468]: DEBUG cotyledon.oslo_config_glue [-] oslo_limit.insecure = False {{(pid=93468) log_opt_values /opt/stack/data/venv/lib/python3.12/site-packages/oslo_config/cfg.py:3253}}
Jul 31 05:15:05.926079 np0000006179 nova-scheduler[93468]: DEBUG cotyledon.oslo_config_glue [-] oslo_limit.keyfile = None {{(pid=93468) log_opt_values /opt/stack/data/venv/lib/python3.12/site-packages/oslo_config/cfg.py:3253}}
Jul 31 05:15:05.926114 np0000006179 nova-scheduler[93468]: DEBUG cotyledon.oslo_config_glue [-] oslo_limit.max_version = None {{(pid=93468) log_opt_values /opt/stack/data/venv/lib/python3.12/site-packages/oslo_config/cfg.py:3253}}
Jul 31 05:15:05.926177 np0000006179 nova-scheduler[93468]: DEBUG cotyledon.oslo_config_glue [-] oslo_limit.min_version = None {{(pid=93468) log_opt_values /opt/stack/data/venv/lib/python3.12/site-packages/oslo_config/cfg.py:3253}}
Jul 31 05:15:05.926227 np0000006179 nova-scheduler[93468]: DEBUG cotyledon.oslo_config_glue [-] oslo_limit.region_name = None {{(pid=93468) log_opt_values /opt/stack/data/venv/lib/python3.12/site-packages/oslo_config/cfg.py:3253}}
Jul 31 05:15:05.926261 np0000006179 nova-scheduler[93468]: DEBUG cotyledon.oslo_config_glue [-] oslo_limit.retriable_status_codes = None {{(pid=93468) log_opt_values /opt/stack/data/venv/lib/python3.12/site-packages/oslo_config/cfg.py:3253}}
Jul 31 05:15:05.926303 np0000006179 nova-scheduler[93468]: DEBUG cotyledon.oslo_config_glue [-] oslo_limit.service_name = None {{(pid=93468) log_opt_values /opt/stack/data/venv/lib/python3.12/site-packages/oslo_config/cfg.py:3253}}
Jul 31 05:15:05.926339 np0000006179 nova-scheduler[93468]: DEBUG cotyledon.oslo_config_glue [-] oslo_limit.service_type = None {{(pid=93468) log_opt_values /opt/stack/data/venv/lib/python3.12/site-packages/oslo_config/cfg.py:3253}}
Jul 31 05:15:05.926386 np0000006179 nova-scheduler[93468]: DEBUG cotyledon.oslo_config_glue [-] oslo_limit.split_loggers = False {{(pid=93468) log_opt_values /opt/stack/data/venv/lib/python3.12/site-packages/oslo_config/cfg.py:3253}}
Jul 31 05:15:05.926422 np0000006179 nova-scheduler[93468]: DEBUG cotyledon.oslo_config_glue [-] oslo_limit.status_code_retries = None {{(pid=93468) log_opt_values /opt/stack/data/venv/lib/python3.12/site-packages/oslo_config/cfg.py:3253}}
Jul 31 05:15:05.926460 np0000006179 nova-scheduler[93468]: DEBUG cotyledon.oslo_config_glue [-] oslo_limit.status_code_retry_delay = None {{(pid=93468) log_opt_values /opt/stack/data/venv/lib/python3.12/site-packages/oslo_config/cfg.py:3253}}
Jul 31 05:15:05.926516 np0000006179 nova-scheduler[93468]: DEBUG cotyledon.oslo_config_glue [-] oslo_limit.timeout = None {{(pid=93468) log_opt_values /opt/stack/data/venv/lib/python3.12/site-packages/oslo_config/cfg.py:3253}}
Jul 31 05:15:05.926556 np0000006179 nova-scheduler[93468]: DEBUG cotyledon.oslo_config_glue [-] oslo_limit.valid_interfaces = None {{(pid=93468) log_opt_values /opt/stack/data/venv/lib/python3.12/site-packages/oslo_config/cfg.py:3253}}
Jul 31 05:15:05.926590 np0000006179 nova-scheduler[93468]: DEBUG cotyledon.oslo_config_glue [-] oslo_limit.version = None {{(pid=93468) log_opt_values /opt/stack/data/venv/lib/python3.12/site-packages/oslo_config/cfg.py:3253}}
Jul 31 05:15:05.926639 np0000006179 nova-scheduler[93468]: DEBUG cotyledon.oslo_config_glue [-] oslo_reports.file_event_handler = None {{(pid=93468) log_opt_values /opt/stack/data/venv/lib/python3.12/site-packages/oslo_config/cfg.py:3253}}
Jul 31 05:15:05.926683 np0000006179 nova-scheduler[93468]: DEBUG cotyledon.oslo_config_glue [-] oslo_reports.file_event_handler_interval = 1 {{(pid=93468) log_opt_values /opt/stack/data/venv/lib/python3.12/site-packages/oslo_config/cfg.py:3253}}
Jul 31 05:15:05.926724 np0000006179 nova-scheduler[93468]: DEBUG cotyledon.oslo_config_glue [-] oslo_reports.log_dir = None {{(pid=93468) log_opt_values /opt/stack/data/venv/lib/python3.12/site-packages/oslo_config/cfg.py:3253}}
Jul 31 05:15:05.926763 np0000006179 nova-scheduler[93468]: DEBUG cotyledon.oslo_config_glue [-] ******************************************************************************** {{(pid=93468) log_opt_values /opt/stack/data/venv/lib/python3.12/site-packages/oslo_config/cfg.py:3260}}
Jul 31 05:15:05.926900 np0000006179 nova-scheduler[93468]: DEBUG cotyledon._service_worker [-] Run service ServiceWrapper(2) [93468] {{(pid=93468) wait_forever /opt/stack/data/venv/lib/python3.12/site-packages/cotyledon/_service_worker.py:218}}
Jul 31 05:15:05.927996 np0000006179 nova-scheduler[93468]: INFO nova.service [-] Starting scheduler node (version 33.1.0)
Jul 31 05:15:05.932175 np0000006179 nova-scheduler[93464]: DEBUG dbcounter [-] [93464] Writer thread running {{(pid=93464) stat_writer /opt/stack/data/venv/lib/python3.12/site-packages/dbcounter.py:102}}
Jul 31 05:15:05.933288 np0000006179 nova-scheduler[93468]: INFO dbcounter [None req-01bcd326-b7f6-4113-a4fe-84cc03b74a47 None None] Registered counter for database nova_cell0
Jul 31 05:15:05.951887 np0000006179 nova-scheduler[93464]: DEBUG nova.service [None req-34612bff-5d13-4fbe-8e4c-5e5cd48b6cd8 None None] Creating RPC server for service: nova-scheduler on topic: scheduler {{(pid=93464) start /opt/stack/nova/nova/service.py:196}}
Jul 31 05:15:05.962005 np0000006179 nova-scheduler[93466]: DEBUG oslo_db.sqlalchemy.engines [None req-49869470-ae13-41b7-b458-d2e39d2504cc None None] MySQL server mode set to STRICT_TRANS_TABLES,STRICT_ALL_TABLES,NO_ZERO_IN_DATE,NO_ZERO_DATE,ERROR_FOR_DIVISION_BY_ZERO,TRADITIONAL,NO_ENGINE_SUBSTITUTION {{(pid=93466) _check_effective_sql_mode /opt/stack/data/venv/lib/python3.12/site-packages/oslo_db/sqlalchemy/engines.py:325}}
Jul 31 05:15:05.972374 np0000006179 nova-scheduler[93466]: DEBUG dbcounter [-] [93466] Writer thread running {{(pid=93466) stat_writer /opt/stack/data/venv/lib/python3.12/site-packages/dbcounter.py:102}}
Jul 31 05:15:05.972482 np0000006179 nova-scheduler[93468]: DEBUG oslo_db.sqlalchemy.engines [None req-01bcd326-b7f6-4113-a4fe-84cc03b74a47 None None] MySQL server mode set to STRICT_TRANS_TABLES,STRICT_ALL_TABLES,NO_ZERO_IN_DATE,NO_ZERO_DATE,ERROR_FOR_DIVISION_BY_ZERO,TRADITIONAL,NO_ENGINE_SUBSTITUTION {{(pid=93468) _check_effective_sql_mode /opt/stack/data/venv/lib/python3.12/site-packages/oslo_db/sqlalchemy/engines.py:325}}
Jul 31 05:15:05.975218 np0000006179 nova-scheduler[93466]: DEBUG nova.service [None req-49869470-ae13-41b7-b458-d2e39d2504cc None None] Creating RPC server for service: nova-scheduler on topic: scheduler {{(pid=93466) start /opt/stack/nova/nova/service.py:196}}
Jul 31 05:15:05.975779 np0000006179 nova-scheduler[93464]: DEBUG nova.service [None req-34612bff-5d13-4fbe-8e4c-5e5cd48b6cd8 None None] Join ServiceGroup membership for this service scheduler {{(pid=93464) start /opt/stack/nova/nova/service.py:222}}
Jul 31 05:15:05.976166 np0000006179 nova-scheduler[93464]: DEBUG nova.servicegroup.drivers.db [None req-34612bff-5d13-4fbe-8e4c-5e5cd48b6cd8 None None] DB_Driver: join new ServiceGroup member np0000006179 to the scheduler group, service = {{(pid=93464) join /opt/stack/nova/nova/servicegroup/drivers/db.py:44}}
Jul 31 05:15:05.982945 np0000006179 nova-scheduler[93468]: DEBUG dbcounter [-] [93468] Writer thread running {{(pid=93468) stat_writer /opt/stack/data/venv/lib/python3.12/site-packages/dbcounter.py:102}}
Jul 31 05:15:05.990827 np0000006179 nova-scheduler[93468]: DEBUG nova.service [None req-01bcd326-b7f6-4113-a4fe-84cc03b74a47 None None] Creating RPC server for service: nova-scheduler on topic: scheduler {{(pid=93468) start /opt/stack/nova/nova/service.py:196}}
Jul 31 05:15:05.993228 np0000006179 nova-scheduler[93466]: DEBUG nova.service [None req-49869470-ae13-41b7-b458-d2e39d2504cc None None] Join ServiceGroup membership for this service scheduler {{(pid=93466) start /opt/stack/nova/nova/service.py:222}}
Jul 31 05:15:05.993451 np0000006179 nova-scheduler[93466]: DEBUG nova.servicegroup.drivers.db [None req-49869470-ae13-41b7-b458-d2e39d2504cc None None] DB_Driver: join new ServiceGroup member np0000006179 to the scheduler group, service = {{(pid=93466) join /opt/stack/nova/nova/servicegroup/drivers/db.py:44}}
Jul 31 05:15:05.995543 np0000006179 nova-scheduler[93466]: DEBUG oslo.service.backend._threading.loopingcall [None req-8b520a3e-1e22-4335-9237-bdc77e64a7e8 None None] Dynamic interval looping call 'nova.service.Service.periodic_tasks' sleeping for 60.00 seconds {{(pid=93466) _run_loop /opt/stack/data/venv/lib/python3.12/site-packages/oslo_service/backend/_threading/loopingcall.py:125}}
Jul 31 05:15:06.006995 np0000006179 nova-scheduler[93468]: DEBUG nova.service [None req-01bcd326-b7f6-4113-a4fe-84cc03b74a47 None None] Join ServiceGroup membership for this service scheduler {{(pid=93468) start /opt/stack/nova/nova/service.py:222}}
Jul 31 05:15:06.007257 np0000006179 nova-scheduler[93468]: DEBUG nova.servicegroup.drivers.db [None req-01bcd326-b7f6-4113-a4fe-84cc03b74a47 None None] DB_Driver: join new ServiceGroup member np0000006179 to the scheduler group, service = {{(pid=93468) join /opt/stack/nova/nova/servicegroup/drivers/db.py:44}}
Jul 31 05:15:10.991674 np0000006179 nova-scheduler[93464]: DEBUG oslo.service.backend._threading.loopingcall [-] Fixed interval looping call 'nova.servicegroup.drivers.db.DbDriver._report_state' sleeping for 119.99 seconds {{(pid=93464) _run_loop /opt/stack/data/venv/lib/python3.12/site-packages/oslo_service/backend/_threading/loopingcall.py:125}}
Jul 31 05:15:11.003722 np0000006179 nova-scheduler[93466]: DEBUG oslo.service.backend._threading.loopingcall [-] Fixed interval looping call 'nova.servicegroup.drivers.db.DbDriver._report_state' sleeping for 119.99 seconds {{(pid=93466) _run_loop /opt/stack/data/venv/lib/python3.12/site-packages/oslo_service/backend/_threading/loopingcall.py:125}}
Jul 31 05:15:11.018038 np0000006179 nova-scheduler[93468]: DEBUG oslo.service.backend._threading.loopingcall [-] Fixed interval looping call 'nova.servicegroup.drivers.db.DbDriver._report_state' sleeping for 119.99 seconds {{(pid=93468) _run_loop /opt/stack/data/venv/lib/python3.12/site-packages/oslo_service/backend/_threading/loopingcall.py:125}}
Jul 31 05:15:14.557723 np0000006179 nova-scheduler[92188]: DEBUG dbcounter [-] [92188] Writing DB stats nova_api:SELECT=3 {{(pid=92188) stat_writer /opt/stack/data/venv/lib/python3.12/site-packages/dbcounter.py:115}}
Jul 31 05:15:14.696447 np0000006179 nova-scheduler[92188]: DEBUG dbcounter [-] [92188] Writing DB stats nova_cell0:SELECT=1 {{(pid=92188) stat_writer /opt/stack/data/venv/lib/python3.12/site-packages/dbcounter.py:115}}
Jul 31 05:15:14.701313 np0000006179 nova-scheduler[92188]: DEBUG dbcounter [-] [92188] Writing DB stats nova_cell1:SELECT=1 {{(pid=92188) stat_writer /opt/stack/data/venv/lib/python3.12/site-packages/dbcounter.py:115}}
Jul 31 05:15:20.990160 np0000006179 nova-scheduler[93464]: DEBUG dbcounter [-] [93464] Writing DB stats nova_cell0:SELECT=4,nova_cell0:INSERT=1,nova_cell0:UPDATE=1 {{(pid=93464) stat_writer /opt/stack/data/venv/lib/python3.12/site-packages/dbcounter.py:115}}
Jul 31 05:15:21.000824 np0000006179 nova-scheduler[93466]: DEBUG dbcounter [-] [93466] Writing DB stats nova_cell0:SELECT=3 {{(pid=93466) stat_writer /opt/stack/data/venv/lib/python3.12/site-packages/dbcounter.py:115}}
Jul 31 05:15:21.016041 np0000006179 nova-scheduler[93468]: DEBUG dbcounter [-] [93468] Writing DB stats nova_cell0:SELECT=3 {{(pid=93468) stat_writer /opt/stack/data/venv/lib/python3.12/site-packages/dbcounter.py:115}}
Jul 31 05:15:40.978260 np0000006179 nova-scheduler[93464]: DEBUG oslo.service.backend._threading.loopingcall [None req-5819b8d6-f384-44c1-b51d-73f308e78b84 None None] Dynamic interval looping call 'nova.service.Service.periodic_tasks' sleeping for 60.00 seconds {{(pid=93464) _run_loop /opt/stack/data/venv/lib/python3.12/site-packages/oslo_service/backend/_threading/loopingcall.py:125}}
Jul 31 05:15:43.009522 np0000006179 nova-scheduler[93468]: DEBUG oslo.service.backend._threading.loopingcall [None req-2f77c6d0-bf09-4f7e-8bdb-175dfb3eb33f None None] Dynamic interval looping call 'nova.service.Service.periodic_tasks' sleeping for 60.00 seconds {{(pid=93468) _run_loop /opt/stack/data/venv/lib/python3.12/site-packages/oslo_service/backend/_threading/loopingcall.py:125}}
Jul 31 05:16:05.996155 np0000006179 nova-scheduler[93466]: DEBUG oslo.service.backend._threading.loopingcall [None req-8b520a3e-1e22-4335-9237-bdc77e64a7e8 None None] Dynamic interval looping call 'nova.service.Service.periodic_tasks' sleeping for 60.00 seconds {{(pid=93466) _run_loop /opt/stack/data/venv/lib/python3.12/site-packages/oslo_service/backend/_threading/loopingcall.py:125}}
Jul 31 05:16:40.979561 np0000006179 nova-scheduler[93464]: DEBUG oslo.service.backend._threading.loopingcall [None req-5819b8d6-f384-44c1-b51d-73f308e78b84 None None] Dynamic interval looping call 'nova.service.Service.periodic_tasks' sleeping for 60.00 seconds {{(pid=93464) _run_loop /opt/stack/data/venv/lib/python3.12/site-packages/oslo_service/backend/_threading/loopingcall.py:125}}
Jul 31 05:16:43.010078 np0000006179 nova-scheduler[93468]: DEBUG oslo.service.backend._threading.loopingcall [None req-2f77c6d0-bf09-4f7e-8bdb-175dfb3eb33f None None] Dynamic interval looping call 'nova.service.Service.periodic_tasks' sleeping for 60.00 seconds {{(pid=93468) _run_loop /opt/stack/data/venv/lib/python3.12/site-packages/oslo_service/backend/_threading/loopingcall.py:125}}
Jul 31 05:17:05.996633 np0000006179 nova-scheduler[93466]: DEBUG oslo.service.backend._threading.loopingcall [None req-8b520a3e-1e22-4335-9237-bdc77e64a7e8 None None] Dynamic interval looping call 'nova.service.Service.periodic_tasks' sleeping for 60.00 seconds {{(pid=93466) _run_loop /opt/stack/data/venv/lib/python3.12/site-packages/oslo_service/backend/_threading/loopingcall.py:125}}
Jul 31 05:17:10.990293 np0000006179 nova-scheduler[93464]: DEBUG oslo.service.backend._threading.loopingcall [-] Fixed interval looping call 'nova.servicegroup.drivers.db.DbDriver._report_state' sleeping for 119.99 seconds {{(pid=93464) _run_loop /opt/stack/data/venv/lib/python3.12/site-packages/oslo_service/backend/_threading/loopingcall.py:125}}
Jul 31 05:17:10.999236 np0000006179 nova-scheduler[93466]: DEBUG oslo.service.backend._threading.loopingcall [-] Fixed interval looping call 'nova.servicegroup.drivers.db.DbDriver._report_state' sleeping for 119.99 seconds {{(pid=93466) _run_loop /opt/stack/data/venv/lib/python3.12/site-packages/oslo_service/backend/_threading/loopingcall.py:125}}
Jul 31 05:17:11.011590 np0000006179 nova-scheduler[93468]: DEBUG oslo.service.backend._threading.loopingcall [-] Fixed interval looping call 'nova.servicegroup.drivers.db.DbDriver._report_state' sleeping for 120.00 seconds {{(pid=93468) _run_loop /opt/stack/data/venv/lib/python3.12/site-packages/oslo_service/backend/_threading/loopingcall.py:125}}
Jul 31 05:17:20.986640 np0000006179 nova-scheduler[93464]: DEBUG dbcounter [-] [93464] Writing DB stats nova_cell0:SELECT=1,nova_cell0:UPDATE=1 {{(pid=93464) stat_writer /opt/stack/data/venv/lib/python3.12/site-packages/dbcounter.py:115}}
Jul 31 05:17:20.996468 np0000006179 nova-scheduler[93466]: DEBUG dbcounter [-] [93466] Writing DB stats nova_cell0:SELECT=1 {{(pid=93466) stat_writer /opt/stack/data/venv/lib/python3.12/site-packages/dbcounter.py:115}}
Jul 31 05:17:21.011334 np0000006179 nova-scheduler[93468]: DEBUG dbcounter [-] [93468] Writing DB stats nova_cell0:SELECT=1 {{(pid=93468) stat_writer /opt/stack/data/venv/lib/python3.12/site-packages/dbcounter.py:115}}
Jul 31 05:17:34.855901 np0000006179 nova-scheduler[93464]: DEBUG nova.scheduler.manager [None req-2fb03d04-c67e-4b6f-971e-9a0a4b240925 tempest-DeleteServersTestJSON-1655297375 tempest-DeleteServersTestJSON-1655297375-project-member] Starting to schedule for instances: ['d837ccbf-4e51-45e8-823c-0ed15847b1ea'] {{(pid=93464) select_destinations /opt/stack/nova/nova/scheduler/manager.py:209}}
Jul 31 05:17:34.856432 np0000006179 nova-scheduler[93464]: DEBUG nova.scheduler.request_filter [None req-2fb03d04-c67e-4b6f-971e-9a0a4b240925 tempest-DeleteServersTestJSON-1655297375 tempest-DeleteServersTestJSON-1655297375-project-member] compute_status_filter request filter added forbidden trait COMPUTE_STATUS_DISABLED {{(pid=93464) compute_status_filter /opt/stack/nova/nova/scheduler/request_filter.py:253}}
Jul 31 05:17:34.856518 np0000006179 nova-scheduler[93464]: DEBUG nova.scheduler.request_filter [None req-2fb03d04-c67e-4b6f-971e-9a0a4b240925 tempest-DeleteServersTestJSON-1655297375 tempest-DeleteServersTestJSON-1655297375-project-member] Request filter 'compute_status_filter' took 0.0 seconds {{(pid=93464) wrapper /opt/stack/nova/nova/scheduler/request_filter.py:46}}
Jul 31 05:17:34.856708 np0000006179 nova-scheduler[93464]: DEBUG nova.scheduler.request_filter [None req-2fb03d04-c67e-4b6f-971e-9a0a4b240925 tempest-DeleteServersTestJSON-1655297375 tempest-DeleteServersTestJSON-1655297375-project-member] Request filter 'accelerators_filter' took 0.0 seconds {{(pid=93464) wrapper /opt/stack/nova/nova/scheduler/request_filter.py:46}}
Jul 31 05:17:34.856708 np0000006179 nova-scheduler[93464]: DEBUG nova.scheduler.request_filter [None req-2fb03d04-c67e-4b6f-971e-9a0a4b240925 tempest-DeleteServersTestJSON-1655297375 tempest-DeleteServersTestJSON-1655297375-project-member] Request filter 'packed_virtqueue_filter' took 0.0 seconds {{(pid=93464) wrapper /opt/stack/nova/nova/scheduler/request_filter.py:46}}
Jul 31 05:17:34.856708 np0000006179 nova-scheduler[93464]: DEBUG nova.scheduler.request_filter [None req-2fb03d04-c67e-4b6f-971e-9a0a4b240925 tempest-DeleteServersTestJSON-1655297375 tempest-DeleteServersTestJSON-1655297375-project-member] Request filter 'remote_managed_ports_filter' took 0.0 seconds {{(pid=93464) wrapper /opt/stack/nova/nova/scheduler/request_filter.py:46}}
Jul 31 05:17:34.857407 np0000006179 nova-scheduler[93464]: DEBUG nova.scheduler.request_filter [None req-2fb03d04-c67e-4b6f-971e-9a0a4b240925 tempest-DeleteServersTestJSON-1655297375 tempest-DeleteServersTestJSON-1655297375-project-member] ephemeral_encryption_filter skipped {{(pid=93464) ephemeral_encryption_filter /opt/stack/nova/nova/scheduler/request_filter.py:426}}
Jul 31 05:17:34.857443 np0000006179 nova-scheduler[93464]: DEBUG nova.scheduler.request_filter [None req-2fb03d04-c67e-4b6f-971e-9a0a4b240925 tempest-DeleteServersTestJSON-1655297375 tempest-DeleteServersTestJSON-1655297375-project-member] virtio_sound_filter skipped {{(pid=93464) virtio_sound_filter /opt/stack/nova/nova/scheduler/request_filter.py:460}}
Jul 31 05:17:34.857568 np0000006179 nova-scheduler[93464]: DEBUG nova.scheduler.request_filter [None req-2fb03d04-c67e-4b6f-971e-9a0a4b240925 tempest-DeleteServersTestJSON-1655297375 tempest-DeleteServersTestJSON-1655297375-project-member] tpm_secret_security_filter skipped {{(pid=93464) tpm_secret_security_filter /opt/stack/nova/nova/scheduler/request_filter.py:477}}
Jul 31 05:17:35.440786 np0000006179 nova-scheduler[93464]: INFO nova.utils [None req-2fb03d04-c67e-4b6f-971e-9a0a4b240925 tempest-DeleteServersTestJSON-1655297375 tempest-DeleteServersTestJSON-1655297375-project-member] The cell worker thread pool ForkProcess-1.cell_worker is initialized
Jul 31 05:17:35.441157 np0000006179 nova-scheduler[93464]: DEBUG oslo_concurrency.lockutils [None req-2fb03d04-c67e-4b6f-971e-9a0a4b240925 tempest-DeleteServersTestJSON-1655297375 tempest-DeleteServersTestJSON-1655297375-project-member] Acquiring lock "944bc017-e552-440c-84df-dabfb1dbe5c4" by "nova.context.set_target_cell..get_or_set_cached_cell_and_set_connections" {{(pid=93464) inner /opt/stack/data/venv/lib/python3.12/site-packages/oslo_concurrency/lockutils.py:512}}
Jul 31 05:17:35.441332 np0000006179 nova-scheduler[93464]: DEBUG oslo_concurrency.lockutils [None req-2fb03d04-c67e-4b6f-971e-9a0a4b240925 tempest-DeleteServersTestJSON-1655297375 tempest-DeleteServersTestJSON-1655297375-project-member] Lock "944bc017-e552-440c-84df-dabfb1dbe5c4" acquired by "nova.context.set_target_cell..get_or_set_cached_cell_and_set_connections" :: waited 0.000s {{(pid=93464) inner /opt/stack/data/venv/lib/python3.12/site-packages/oslo_concurrency/lockutils.py:525}}
Jul 31 05:17:35.442621 np0000006179 nova-scheduler[93464]: DEBUG oslo_concurrency.lockutils [None req-2fb03d04-c67e-4b6f-971e-9a0a4b240925 tempest-DeleteServersTestJSON-1655297375 tempest-DeleteServersTestJSON-1655297375-project-member] Lock "944bc017-e552-440c-84df-dabfb1dbe5c4" "released" by "nova.context.set_target_cell..get_or_set_cached_cell_and_set_connections" :: held 0.001s {{(pid=93464) inner /opt/stack/data/venv/lib/python3.12/site-packages/oslo_concurrency/lockutils.py:544}}
Jul 31 05:17:35.444633 np0000006179 nova-scheduler[93464]: INFO dbcounter [None req-2fb03d04-c67e-4b6f-971e-9a0a4b240925 tempest-DeleteServersTestJSON-1655297375 tempest-DeleteServersTestJSON-1655297375-project-member] Registered counter for database nova_cell1
Jul 31 05:17:35.480928 np0000006179 nova-scheduler[93464]: DEBUG oslo_db.sqlalchemy.engines [None req-2fb03d04-c67e-4b6f-971e-9a0a4b240925 tempest-DeleteServersTestJSON-1655297375 tempest-DeleteServersTestJSON-1655297375-project-member] MySQL server mode set to STRICT_TRANS_TABLES,STRICT_ALL_TABLES,NO_ZERO_IN_DATE,NO_ZERO_DATE,ERROR_FOR_DIVISION_BY_ZERO,TRADITIONAL,NO_ENGINE_SUBSTITUTION {{(pid=93464) _check_effective_sql_mode /opt/stack/data/venv/lib/python3.12/site-packages/oslo_db/sqlalchemy/engines.py:325}}
Jul 31 05:17:35.486438 np0000006179 nova-scheduler[93464]: DEBUG dbcounter [-] [93464] Writer thread running {{(pid=93464) stat_writer /opt/stack/data/venv/lib/python3.12/site-packages/dbcounter.py:102}}
Jul 31 05:17:35.497864 np0000006179 nova-scheduler[93464]: DEBUG oslo_db.sqlalchemy.engines [None req-2fb03d04-c67e-4b6f-971e-9a0a4b240925 tempest-DeleteServersTestJSON-1655297375 tempest-DeleteServersTestJSON-1655297375-project-member] Parent process 92188 forked (93464) with an open database connection, which is being discarded and recreated. {{(pid=93464) checkout /opt/stack/data/venv/lib/python3.12/site-packages/oslo_db/sqlalchemy/engines.py:402}}
Jul 31 05:17:35.541421 np0000006179 nova-scheduler[93464]: DEBUG dbcounter [-] [93464] Writer thread running {{(pid=93464) stat_writer /opt/stack/data/venv/lib/python3.12/site-packages/dbcounter.py:102}}
Jul 31 05:17:35.544266 np0000006179 nova-scheduler[93464]: DEBUG oslo_concurrency.lockutils [None req-2fb03d04-c67e-4b6f-971e-9a0a4b240925 tempest-DeleteServersTestJSON-1655297375 tempest-DeleteServersTestJSON-1655297375-project-member] Acquiring lock "944bc017-e552-440c-84df-dabfb1dbe5c4" by "nova.context.set_target_cell..get_or_set_cached_cell_and_set_connections" {{(pid=93464) inner /opt/stack/data/venv/lib/python3.12/site-packages/oslo_concurrency/lockutils.py:512}}
Jul 31 05:17:35.544577 np0000006179 nova-scheduler[93464]: DEBUG oslo_concurrency.lockutils [None req-2fb03d04-c67e-4b6f-971e-9a0a4b240925 tempest-DeleteServersTestJSON-1655297375 tempest-DeleteServersTestJSON-1655297375-project-member] Lock "944bc017-e552-440c-84df-dabfb1dbe5c4" acquired by "nova.context.set_target_cell..get_or_set_cached_cell_and_set_connections" :: waited 0.000s {{(pid=93464) inner /opt/stack/data/venv/lib/python3.12/site-packages/oslo_concurrency/lockutils.py:525}}
Jul 31 05:17:35.544577 np0000006179 nova-scheduler[93464]: DEBUG oslo_concurrency.lockutils [None req-2fb03d04-c67e-4b6f-971e-9a0a4b240925 tempest-DeleteServersTestJSON-1655297375 tempest-DeleteServersTestJSON-1655297375-project-member] Lock "944bc017-e552-440c-84df-dabfb1dbe5c4" "released" by "nova.context.set_target_cell..get_or_set_cached_cell_and_set_connections" :: held 0.000s {{(pid=93464) inner /opt/stack/data/venv/lib/python3.12/site-packages/oslo_concurrency/lockutils.py:544}}
Jul 31 05:17:35.548076 np0000006179 nova-scheduler[93464]: DEBUG oslo_concurrency.lockutils [None req-2fb03d04-c67e-4b6f-971e-9a0a4b240925 tempest-DeleteServersTestJSON-1655297375 tempest-DeleteServersTestJSON-1655297375-project-member] Acquiring lock "np0000006179-np0000006179" by "nova.scheduler.host_manager.HostState.update.._locked_update" {{(pid=93464) inner /opt/stack/data/venv/lib/python3.12/site-packages/oslo_concurrency/lockutils.py:512}}
Jul 31 05:17:35.548263 np0000006179 nova-scheduler[93464]: DEBUG oslo_concurrency.lockutils [None req-2fb03d04-c67e-4b6f-971e-9a0a4b240925 tempest-DeleteServersTestJSON-1655297375 tempest-DeleteServersTestJSON-1655297375-project-member] Lock "np0000006179-np0000006179" acquired by "nova.scheduler.host_manager.HostState.update.._locked_update" :: waited 0.000s {{(pid=93464) inner /opt/stack/data/venv/lib/python3.12/site-packages/oslo_concurrency/lockutils.py:525}}
Jul 31 05:17:35.549267 np0000006179 nova-scheduler[93464]: DEBUG nova.scheduler.host_manager [None req-2fb03d04-c67e-4b6f-971e-9a0a4b240925 tempest-DeleteServersTestJSON-1655297375 tempest-DeleteServersTestJSON-1655297375-project-member] Update host state from compute node: ComputeNode(cpu_allocation_ratio=4.0,cpu_info='{"arch": "x86_64", "model": "EPYC-Milan", "vendor": "AMD", "topology": {"cells": 1, "sockets": 16, "cores": 1, "threads": 1}, "maxphysaddr": {"mode": "emulate", "bits": 40}, "features": ["pat", "cr8legacy", "vpclmulqdq", "spec-ctrl", "syscall", "smap", "popcnt", "fsrm", "mds-no", "tsc", "avx", "mce", "fpu", "misalignsse", "rdctl-no", "pfthreshold", "perfctr_core", "xsaves", "bmi1", "mmx", "rdseed", "clzero", "invpcid", "v-vmsave-vmload", "clflush", "vmcb-clean", "cx8", "apic", "pclmuldq", "cx16", "bmi2", "skip-l1dfl-vmentry", "aes", "fma", "wbnoinvd", "lm", "pdpe1gb", "pae", "abm", "sse", "gds-no", "lfence-always-serializing", "null-sel-clr-base", "mtrr", "lbrv", "3dnowprefetch", "tsc-deadline", "virt-ssbd", "movbe", "lahf_lm", "arch-capabilities", "cmov", "adx", "sse4a", "sse2", "sse4.1", "ssse3", "f16c", "sha-ni", "pse36", "ibrs", "nrip-save", "amd-ssbd", "vaes", "sep", "flushbyasid", "stibp-always-on", "pause-filter", "mmxext", "cmp_legacy", "rdpid", "tsc-scale", "amd-stibp", "svm", "de", "clwb", "fxsr", "arat", "fsgsbase", "pschange-mc-no", "xgetbv1", "pni", "avx2", "npt", "umip", "pcid", "amd-psfd", "erms", "hypervisor", "msr", "mca", "x2apic", "smep", "ssbd", "pku", "topoext", "stibp", "fxsr_opt", "xsave", "tsc_adjust", "ibpb", "pse", "clflushopt", "pge", "no-nested-data-bp", "vme", "xsavec", "rdrand", "svme-addr-chk", "rdtscp", "xsaveerptr", "nx", "sse4.2", "vgif", "xsaveopt", "osvw"]}',created_at=2026-07-31T05:15:26Z,current_workload=0,deleted=False,deleted_at=None,disk_allocation_ratio=1.0,disk_available_least=73,free_disk_gb=95,free_ram_mb=62765,host='np0000006179',host_ip=10.4.3.76,hypervisor_hostname='np0000006179',hypervisor_type='QEMU',hypervisor_version=8002002,id=1,local_gb=95,local_gb_used=0,mapped=1,memory_mb=63277,memory_mb_used=512,metrics='[]',numa_topology='{"nova_object.name": "NUMATopology", "nova_object.namespace": "nova", "nova_object.version": "1.2", "nova_object.data": {"cells": [{"nova_object.name": "NUMACell", "nova_object.namespace": "nova", "nova_object.version": "1.5", "nova_object.data": {"id": 0, "cpuset": [0, 1, 2, 3, 4, 5, 6, 7, 8, 9, 10, 11, 12, 13, 14, 15], "pcpuset": [0, 1, 2, 3, 4, 5, 6, 7, 8, 9, 10, 11, 12, 13, 14, 15], "memory": 63277, "cpu_usage": 0, "memory_usage": 0, "pinned_cpus": [], "siblings": [[6], [12], [2], [15], [5], [11], [8], [14], [4], [1], [7], [10], [0], [13], [3], [9]], "mempages": [{"nova_object.name": "NUMAPagesTopology", "nova_object.namespace": "nova", "nova_object.version": "1.1", "nova_object.data": {"size_kb": 4, "total": 16177928, "used": 0, "reserved": 0}, "nova_object.changes": ["total", "used", "size_kb", "reserved"]}, {"nova_object.name": "NUMAPagesTopology", "nova_object.namespace": "nova", "nova_object.version": "1.1", "nova_object.data": {"size_kb": 2048, "total": 41, "used": 0, "reserved": 0}, "nova_object.changes": ["total", "used", "size_kb", "reserved"]}, {"nova_object.name": "NUMAPagesTopology", "nova_object.namespace": "nova", "nova_object.version": "1.1", "nova_object.data": {"size_kb": 1048576, "total": 0, "used": 0, "reserved": 0}, "nova_object.changes": ["total", "used", "size_kb", "reserved"]}], "network_metadata": {"nova_object.name": "NetworkMetadata", "nova_object.namespace": "nova", "nova_object.version": "1.0", "nova_object.data": {"physnets": [], "tunneled": false}, "nova_object.changes": ["tunneled", "physnets"]}, "socket": null}, "nova_object.changes": ["id", "memory", "pcpuset", "network_metadata", "siblings", "cpuset", "mempages", "cpu_usage", "memory_usage", "socket", "pinned_cpus"]}]}, "nova_object.changes": ["cells"]}',pci_device_pools=PciDevicePoolList,ram_allocation_ratio=1.0,running_vms=0,service_id=4,stats={failed_builds='0',uptime=' 05:17:15 up 13 min, 2 users, load average: 1.66, 1.35, 0.75
Jul 31 05:17:35.549267 np0000006179 nova-scheduler[93464]: '},supported_hv_specs=[HVSpec,HVSpec,HVSpec,HVSpec,HVSpec,HVSpec,HVSpec,HVSpec,HVSpec,HVSpec,HVSpec,HVSpec,HVSpec,HVSpec,HVSpec,HVSpec,HVSpec,HVSpec,HVSpec,HVSpec,HVSpec,HVSpec,HVSpec,HVSpec,HVSpec],updated_at=2026-07-31T05:17:16Z,uuid=ca9365f9-8986-4ba2-b5e3-ca590dd39dda,vcpus=16,vcpus_used=0) {{(pid=93464) _locked_update /opt/stack/nova/nova/scheduler/host_manager.py:168}}
Jul 31 05:17:35.550161 np0000006179 nova-scheduler[93464]: DEBUG nova.scheduler.host_manager [None req-2fb03d04-c67e-4b6f-971e-9a0a4b240925 tempest-DeleteServersTestJSON-1655297375 tempest-DeleteServersTestJSON-1655297375-project-member] Update host state with aggregates: [] {{(pid=93464) _locked_update /opt/stack/nova/nova/scheduler/host_manager.py:171}}
Jul 31 05:17:35.550283 np0000006179 nova-scheduler[93464]: DEBUG nova.scheduler.host_manager [None req-2fb03d04-c67e-4b6f-971e-9a0a4b240925 tempest-DeleteServersTestJSON-1655297375 tempest-DeleteServersTestJSON-1655297375-project-member] Update host state with service dict: {'id': 4, 'uuid': '702e7047-9a0e-4184-80ea-12b02b5129b0', 'host': 'np0000006179', 'binary': 'nova-compute', 'topic': 'compute', 'report_count': 2, 'disabled': False, 'disabled_reason': None, 'last_seen_up': datetime.datetime(2026, 7, 31, 5, 17, 32, tzinfo=datetime.timezone.utc), 'forced_down': False, 'version': 72, 'created_at': datetime.datetime(2026, 7, 31, 5, 15, 26, tzinfo=datetime.timezone.utc), 'updated_at': datetime.datetime(2026, 7, 31, 5, 17, 32, tzinfo=datetime.timezone.utc), 'deleted_at': None, 'deleted': False} {{(pid=93464) _locked_update /opt/stack/nova/nova/scheduler/host_manager.py:174}}
Jul 31 05:17:35.550836 np0000006179 nova-scheduler[93464]: DEBUG nova.scheduler.host_manager [None req-2fb03d04-c67e-4b6f-971e-9a0a4b240925 tempest-DeleteServersTestJSON-1655297375 tempest-DeleteServersTestJSON-1655297375-project-member] Update host state with instances: [] {{(pid=93464) _locked_update /opt/stack/nova/nova/scheduler/host_manager.py:177}}
Jul 31 05:17:35.550836 np0000006179 nova-scheduler[93464]: DEBUG oslo_concurrency.lockutils [None req-2fb03d04-c67e-4b6f-971e-9a0a4b240925 tempest-DeleteServersTestJSON-1655297375 tempest-DeleteServersTestJSON-1655297375-project-member] Lock "np0000006179-np0000006179" "released" by "nova.scheduler.host_manager.HostState.update.._locked_update" :: held 0.002s {{(pid=93464) inner /opt/stack/data/venv/lib/python3.12/site-packages/oslo_concurrency/lockutils.py:544}}
Jul 31 05:17:35.551029 np0000006179 nova-scheduler[93464]: DEBUG nova.filters [None req-2fb03d04-c67e-4b6f-971e-9a0a4b240925 tempest-DeleteServersTestJSON-1655297375 tempest-DeleteServersTestJSON-1655297375-project-member] Starting with 1 host(s) {{(pid=93464) get_filtered_objects /opt/stack/nova/nova/filters.py:70}}
Jul 31 05:17:35.551120 np0000006179 nova-scheduler[93464]: DEBUG nova.filters [None req-2fb03d04-c67e-4b6f-971e-9a0a4b240925 tempest-DeleteServersTestJSON-1655297375 tempest-DeleteServersTestJSON-1655297375-project-member] Filter ComputeFilter returned 1 host(s) {{(pid=93464) get_filtered_objects /opt/stack/nova/nova/filters.py:102}}
Jul 31 05:17:35.551451 np0000006179 nova-scheduler[93464]: DEBUG nova.filters [None req-2fb03d04-c67e-4b6f-971e-9a0a4b240925 tempest-DeleteServersTestJSON-1655297375 tempest-DeleteServersTestJSON-1655297375-project-member] Filter ComputeCapabilitiesFilter returned 1 host(s) {{(pid=93464) get_filtered_objects /opt/stack/nova/nova/filters.py:102}}
Jul 31 05:17:35.551451 np0000006179 nova-scheduler[93464]: DEBUG nova.filters [None req-2fb03d04-c67e-4b6f-971e-9a0a4b240925 tempest-DeleteServersTestJSON-1655297375 tempest-DeleteServersTestJSON-1655297375-project-member] Filter ImagePropertiesFilter returned 1 host(s) {{(pid=93464) get_filtered_objects /opt/stack/nova/nova/filters.py:102}}
Jul 31 05:17:35.551570 np0000006179 nova-scheduler[93464]: DEBUG nova.filters [None req-2fb03d04-c67e-4b6f-971e-9a0a4b240925 tempest-DeleteServersTestJSON-1655297375 tempest-DeleteServersTestJSON-1655297375-project-member] Filter ServerGroupAntiAffinityFilter returned 1 host(s) {{(pid=93464) get_filtered_objects /opt/stack/nova/nova/filters.py:102}}
Jul 31 05:17:35.551821 np0000006179 nova-scheduler[93464]: DEBUG nova.filters [None req-2fb03d04-c67e-4b6f-971e-9a0a4b240925 tempest-DeleteServersTestJSON-1655297375 tempest-DeleteServersTestJSON-1655297375-project-member] Filter ServerGroupAffinityFilter returned 1 host(s) {{(pid=93464) get_filtered_objects /opt/stack/nova/nova/filters.py:102}}
Jul 31 05:17:35.551957 np0000006179 nova-scheduler[93464]: DEBUG nova.filters [None req-2fb03d04-c67e-4b6f-971e-9a0a4b240925 tempest-DeleteServersTestJSON-1655297375 tempest-DeleteServersTestJSON-1655297375-project-member] Filter SameHostFilter returned 1 host(s) {{(pid=93464) get_filtered_objects /opt/stack/nova/nova/filters.py:102}}
Jul 31 05:17:35.552079 np0000006179 nova-scheduler[93464]: DEBUG nova.filters [None req-2fb03d04-c67e-4b6f-971e-9a0a4b240925 tempest-DeleteServersTestJSON-1655297375 tempest-DeleteServersTestJSON-1655297375-project-member] Filter DifferentHostFilter returned 1 host(s) {{(pid=93464) get_filtered_objects /opt/stack/nova/nova/filters.py:102}}
Jul 31 05:17:35.552209 np0000006179 nova-scheduler[93464]: DEBUG nova.scheduler.manager [None req-2fb03d04-c67e-4b6f-971e-9a0a4b240925 tempest-DeleteServersTestJSON-1655297375 tempest-DeleteServersTestJSON-1655297375-project-member] Filtered [(np0000006179, np0000006179) ram: 62765MB disk: 74752MB io_ops: 0 instances: 0, allocation_candidates: 1] {{(pid=93464) _get_sorted_hosts /opt/stack/nova/nova/scheduler/manager.py:742}}
Jul 31 05:17:35.552502 np0000006179 nova-scheduler[93464]: DEBUG nova.scheduler.manager [None req-2fb03d04-c67e-4b6f-971e-9a0a4b240925 tempest-DeleteServersTestJSON-1655297375 tempest-DeleteServersTestJSON-1655297375-project-member] Weighed [WeighedHost [host: (np0000006179, np0000006179) ram: 62765MB disk: 74752MB io_ops: 0 instances: 0, allocation_candidates: 1, weight: 0.0]] {{(pid=93464) _get_sorted_hosts /opt/stack/nova/nova/scheduler/manager.py:764}}
Jul 31 05:17:35.552590 np0000006179 nova-scheduler[93464]: DEBUG nova.scheduler.utils [None req-2fb03d04-c67e-4b6f-971e-9a0a4b240925 tempest-DeleteServersTestJSON-1655297375 tempest-DeleteServersTestJSON-1655297375-project-member] Attempting to claim resources in the placement API for instance d837ccbf-4e51-45e8-823c-0ed15847b1ea {{(pid=93464) claim_resources /opt/stack/nova/nova/scheduler/utils.py:1345}}
Jul 31 05:17:35.687680 np0000006179 nova-scheduler[93464]: DEBUG nova.scheduler.manager [None req-2fb03d04-c67e-4b6f-971e-9a0a4b240925 tempest-DeleteServersTestJSON-1655297375 tempest-DeleteServersTestJSON-1655297375-project-member] [instance: d837ccbf-4e51-45e8-823c-0ed15847b1ea] Selected host: (np0000006179, np0000006179) ram: 62765MB disk: 74752MB io_ops: 0 instances: 0, allocation_candidates: 1 {{(pid=93464) _consume_selected_host /opt/stack/nova/nova/scheduler/manager.py:624}}
Jul 31 05:17:35.688100 np0000006179 nova-scheduler[93464]: DEBUG oslo_concurrency.lockutils [None req-2fb03d04-c67e-4b6f-971e-9a0a4b240925 tempest-DeleteServersTestJSON-1655297375 tempest-DeleteServersTestJSON-1655297375-project-member] Acquiring lock "np0000006179-np0000006179" by "nova.scheduler.host_manager.HostState.consume_from_request.._locked" {{(pid=93464) inner /opt/stack/data/venv/lib/python3.12/site-packages/oslo_concurrency/lockutils.py:512}}
Jul 31 05:17:35.688477 np0000006179 nova-scheduler[93464]: DEBUG oslo_concurrency.lockutils [None req-2fb03d04-c67e-4b6f-971e-9a0a4b240925 tempest-DeleteServersTestJSON-1655297375 tempest-DeleteServersTestJSON-1655297375-project-member] Lock "np0000006179-np0000006179" acquired by "nova.scheduler.host_manager.HostState.consume_from_request.._locked" :: waited 0.000s {{(pid=93464) inner /opt/stack/data/venv/lib/python3.12/site-packages/oslo_concurrency/lockutils.py:525}}
Jul 31 05:17:35.688636 np0000006179 nova-scheduler[93464]: DEBUG oslo_concurrency.lockutils [None req-2fb03d04-c67e-4b6f-971e-9a0a4b240925 tempest-DeleteServersTestJSON-1655297375 tempest-DeleteServersTestJSON-1655297375-project-member] Lock "np0000006179-np0000006179" "released" by "nova.scheduler.host_manager.HostState.consume_from_request.._locked" :: held 0.000s {{(pid=93464) inner /opt/stack/data/venv/lib/python3.12/site-packages/oslo_concurrency/lockutils.py:544}}
Jul 31 05:17:40.980163 np0000006179 nova-scheduler[93464]: DEBUG oslo.service.backend._threading.loopingcall [None req-5819b8d6-f384-44c1-b51d-73f308e78b84 None None] Dynamic interval looping call 'nova.service.Service.periodic_tasks' sleeping for 60.00 seconds {{(pid=93464) _run_loop /opt/stack/data/venv/lib/python3.12/site-packages/oslo_service/backend/_threading/loopingcall.py:125}}
Jul 31 05:17:43.011161 np0000006179 nova-scheduler[93468]: DEBUG oslo.service.backend._threading.loopingcall [None req-2f77c6d0-bf09-4f7e-8bdb-175dfb3eb33f None None] Dynamic interval looping call 'nova.service.Service.periodic_tasks' sleeping for 60.00 seconds {{(pid=93468) _run_loop /opt/stack/data/venv/lib/python3.12/site-packages/oslo_service/backend/_threading/loopingcall.py:125}}
Jul 31 05:17:43.797127 np0000006179 nova-scheduler[93466]: DEBUG nova.scheduler.manager [None req-448c6adb-884a-41d2-9899-b4465a19b4bf tempest-ServerStableDeviceRescueTest-1592398793 tempest-ServerStableDeviceRescueTest-1592398793-project-member] Starting to schedule for instances: ['c06ac1bd-6927-440e-b041-946efe2750a3'] {{(pid=93466) select_destinations /opt/stack/nova/nova/scheduler/manager.py:209}}
Jul 31 05:17:43.797633 np0000006179 nova-scheduler[93466]: DEBUG nova.scheduler.request_filter [None req-448c6adb-884a-41d2-9899-b4465a19b4bf tempest-ServerStableDeviceRescueTest-1592398793 tempest-ServerStableDeviceRescueTest-1592398793-project-member] compute_status_filter request filter added forbidden trait COMPUTE_STATUS_DISABLED {{(pid=93466) compute_status_filter /opt/stack/nova/nova/scheduler/request_filter.py:253}}
Jul 31 05:17:43.797713 np0000006179 nova-scheduler[93466]: DEBUG nova.scheduler.request_filter [None req-448c6adb-884a-41d2-9899-b4465a19b4bf tempest-ServerStableDeviceRescueTest-1592398793 tempest-ServerStableDeviceRescueTest-1592398793-project-member] Request filter 'compute_status_filter' took 0.0 seconds {{(pid=93466) wrapper /opt/stack/nova/nova/scheduler/request_filter.py:46}}
Jul 31 05:17:43.797945 np0000006179 nova-scheduler[93466]: DEBUG nova.scheduler.request_filter [None req-448c6adb-884a-41d2-9899-b4465a19b4bf tempest-ServerStableDeviceRescueTest-1592398793 tempest-ServerStableDeviceRescueTest-1592398793-project-member] Request filter 'accelerators_filter' took 0.0 seconds {{(pid=93466) wrapper /opt/stack/nova/nova/scheduler/request_filter.py:46}}
Jul 31 05:17:43.798417 np0000006179 nova-scheduler[93466]: DEBUG nova.scheduler.request_filter [None req-448c6adb-884a-41d2-9899-b4465a19b4bf tempest-ServerStableDeviceRescueTest-1592398793 tempest-ServerStableDeviceRescueTest-1592398793-project-member] Request filter 'packed_virtqueue_filter' took 0.0 seconds {{(pid=93466) wrapper /opt/stack/nova/nova/scheduler/request_filter.py:46}}
Jul 31 05:17:43.798679 np0000006179 nova-scheduler[93466]: DEBUG nova.scheduler.request_filter [None req-448c6adb-884a-41d2-9899-b4465a19b4bf tempest-ServerStableDeviceRescueTest-1592398793 tempest-ServerStableDeviceRescueTest-1592398793-project-member] Request filter 'remote_managed_ports_filter' took 0.0 seconds {{(pid=93466) wrapper /opt/stack/nova/nova/scheduler/request_filter.py:46}}
Jul 31 05:17:43.798858 np0000006179 nova-scheduler[93466]: DEBUG nova.scheduler.request_filter [None req-448c6adb-884a-41d2-9899-b4465a19b4bf tempest-ServerStableDeviceRescueTest-1592398793 tempest-ServerStableDeviceRescueTest-1592398793-project-member] ephemeral_encryption_filter skipped {{(pid=93466) ephemeral_encryption_filter /opt/stack/nova/nova/scheduler/request_filter.py:426}}
