Aug 07 09:47:08.850049 np0000006704 nova-conductor[95821]: DEBUG cotyledon.oslo_config_glue [-] oslo_messaging_rabbit.rabbit_qos_prefetch_count = 0 {{(pid=95821) log_opt_values /opt/stack/data/venv/lib/python3.12/site-packages/oslo_config/cfg.py:3545}}
Aug 07 09:47:08.850049 np0000006704 nova-conductor[95821]: DEBUG cotyledon.oslo_config_glue [-] oslo_messaging_rabbit.rabbit_quorum_delivery_limit = 0 {{(pid=95821) log_opt_values /opt/stack/data/venv/lib/python3.12/site-packages/oslo_config/cfg.py:3545}}
Aug 07 09:47:08.850049 np0000006704 nova-conductor[95821]: DEBUG cotyledon.oslo_config_glue [-] oslo_messaging_rabbit.rabbit_quorum_max_memory_bytes = 0 {{(pid=95821) log_opt_values /opt/stack/data/venv/lib/python3.12/site-packages/oslo_config/cfg.py:3545}}
Aug 07 09:47:08.850049 np0000006704 nova-conductor[95821]: DEBUG cotyledon.oslo_config_glue [-] oslo_messaging_rabbit.rabbit_quorum_max_memory_length = 0 {{(pid=95821) log_opt_values /opt/stack/data/venv/lib/python3.12/site-packages/oslo_config/cfg.py:3545}}
Aug 07 09:47:08.850049 np0000006704 nova-conductor[95821]: DEBUG cotyledon.oslo_config_glue [-] oslo_messaging_rabbit.rabbit_quorum_queue = False {{(pid=95821) log_opt_values /opt/stack/data/venv/lib/python3.12/site-packages/oslo_config/cfg.py:3545}}
Aug 07 09:47:08.850049 np0000006704 nova-conductor[95821]: DEBUG cotyledon.oslo_config_glue [-] oslo_messaging_rabbit.rabbit_retry_backoff = 2 {{(pid=95821) log_opt_values /opt/stack/data/venv/lib/python3.12/site-packages/oslo_config/cfg.py:3545}}
Aug 07 09:47:08.850049 np0000006704 nova-conductor[95821]: DEBUG cotyledon.oslo_config_glue [-] oslo_messaging_rabbit.rabbit_retry_interval = 1 {{(pid=95821) log_opt_values /opt/stack/data/venv/lib/python3.12/site-packages/oslo_config/cfg.py:3545}}
Aug 07 09:47:08.850049 np0000006704 nova-conductor[95821]: DEBUG cotyledon.oslo_config_glue [-] oslo_messaging_rabbit.rabbit_stream_fanout = False {{(pid=95821) log_opt_values /opt/stack/data/venv/lib/python3.12/site-packages/oslo_config/cfg.py:3545}}
Aug 07 09:47:08.850369 np0000006704 nova-conductor[95821]: DEBUG cotyledon.oslo_config_glue [-] oslo_messaging_rabbit.rabbit_transient_queues_ttl = 1800 {{(pid=95821) log_opt_values /opt/stack/data/venv/lib/python3.12/site-packages/oslo_config/cfg.py:3545}}
Aug 07 09:47:08.850369 np0000006704 nova-conductor[95821]: DEBUG cotyledon.oslo_config_glue [-] oslo_messaging_rabbit.rabbit_transient_quorum_queue = False {{(pid=95821) log_opt_values /opt/stack/data/venv/lib/python3.12/site-packages/oslo_config/cfg.py:3545}}
Aug 07 09:47:08.850369 np0000006704 nova-conductor[95821]: DEBUG cotyledon.oslo_config_glue [-] oslo_messaging_rabbit.rpc_conn_pool_size = 30 {{(pid=95821) log_opt_values /opt/stack/data/venv/lib/python3.12/site-packages/oslo_config/cfg.py:3545}}
Aug 07 09:47:08.850369 np0000006704 nova-conductor[95821]: DEBUG cotyledon.oslo_config_glue [-] oslo_messaging_rabbit.ssl = False {{(pid=95821) log_opt_values /opt/stack/data/venv/lib/python3.12/site-packages/oslo_config/cfg.py:3545}}
Aug 07 09:47:08.850369 np0000006704 nova-conductor[95821]: DEBUG cotyledon.oslo_config_glue [-] oslo_messaging_rabbit.ssl_ca_file = {{(pid=95821) log_opt_values /opt/stack/data/venv/lib/python3.12/site-packages/oslo_config/cfg.py:3545}}
Aug 07 09:47:08.850369 np0000006704 nova-conductor[95821]: DEBUG cotyledon.oslo_config_glue [-] oslo_messaging_rabbit.ssl_cert_file = {{(pid=95821) log_opt_values /opt/stack/data/venv/lib/python3.12/site-packages/oslo_config/cfg.py:3545}}
Aug 07 09:47:08.850369 np0000006704 nova-conductor[95821]: DEBUG cotyledon.oslo_config_glue [-] oslo_messaging_rabbit.ssl_enforce_fips_mode = False {{(pid=95821) log_opt_values /opt/stack/data/venv/lib/python3.12/site-packages/oslo_config/cfg.py:3545}}
Aug 07 09:47:08.850369 np0000006704 nova-conductor[95821]: DEBUG cotyledon.oslo_config_glue [-] oslo_messaging_rabbit.ssl_enforce_hostname_verification = True {{(pid=95821) log_opt_values /opt/stack/data/venv/lib/python3.12/site-packages/oslo_config/cfg.py:3545}}
Aug 07 09:47:08.850369 np0000006704 nova-conductor[95821]: DEBUG cotyledon.oslo_config_glue [-] oslo_messaging_rabbit.ssl_key_file = {{(pid=95821) log_opt_values /opt/stack/data/venv/lib/python3.12/site-packages/oslo_config/cfg.py:3545}}
Aug 07 09:47:08.850746 np0000006704 nova-conductor[95821]: DEBUG cotyledon.oslo_config_glue [-] oslo_messaging_rabbit.ssl_version = {{(pid=95821) log_opt_values /opt/stack/data/venv/lib/python3.12/site-packages/oslo_config/cfg.py:3545}}
Aug 07 09:47:08.850746 np0000006704 nova-conductor[95821]: DEBUG cotyledon.oslo_config_glue [-] oslo_messaging_rabbit.use_queue_manager = False {{(pid=95821) log_opt_values /opt/stack/data/venv/lib/python3.12/site-packages/oslo_config/cfg.py:3545}}
Aug 07 09:47:08.850746 np0000006704 nova-conductor[95821]: DEBUG cotyledon.oslo_config_glue [-] oslo_messaging_notifications.driver = ['messagingv2'] {{(pid=95821) log_opt_values /opt/stack/data/venv/lib/python3.12/site-packages/oslo_config/cfg.py:3545}}
Aug 07 09:47:08.850746 np0000006704 nova-conductor[95821]: DEBUG cotyledon.oslo_config_glue [-] oslo_messaging_notifications.retry = -1 {{(pid=95821) log_opt_values /opt/stack/data/venv/lib/python3.12/site-packages/oslo_config/cfg.py:3545}}
Aug 07 09:47:08.850746 np0000006704 nova-conductor[95821]: DEBUG cotyledon.oslo_config_glue [-] oslo_messaging_notifications.topics = ['notifications'] {{(pid=95821) log_opt_values /opt/stack/data/venv/lib/python3.12/site-packages/oslo_config/cfg.py:3545}}
Aug 07 09:47:08.850746 np0000006704 nova-conductor[95821]: DEBUG cotyledon.oslo_config_glue [-] oslo_messaging_notifications.transport_url = **** {{(pid=95821) log_opt_values /opt/stack/data/venv/lib/python3.12/site-packages/oslo_config/cfg.py:3545}}
Aug 07 09:47:08.850746 np0000006704 nova-conductor[95821]: DEBUG cotyledon.oslo_config_glue [-] oslo_limit.auth_section = None {{(pid=95821) log_opt_values /opt/stack/data/venv/lib/python3.12/site-packages/oslo_config/cfg.py:3545}}
Aug 07 09:47:08.850746 np0000006704 nova-conductor[95821]: DEBUG cotyledon.oslo_config_glue [-] oslo_limit.auth_type = None {{(pid=95821) log_opt_values /opt/stack/data/venv/lib/python3.12/site-packages/oslo_config/cfg.py:3545}}
Aug 07 09:47:08.850746 np0000006704 nova-conductor[95821]: DEBUG cotyledon.oslo_config_glue [-] oslo_limit.cafile = None {{(pid=95821) log_opt_values /opt/stack/data/venv/lib/python3.12/site-packages/oslo_config/cfg.py:3545}}
Aug 07 09:47:08.851109 np0000006704 nova-conductor[95821]: DEBUG cotyledon.oslo_config_glue [-] oslo_limit.certfile = None {{(pid=95821) log_opt_values /opt/stack/data/venv/lib/python3.12/site-packages/oslo_config/cfg.py:3545}}
Aug 07 09:47:08.851109 np0000006704 nova-conductor[95821]: DEBUG cotyledon.oslo_config_glue [-] oslo_limit.collect_timing = False {{(pid=95821) log_opt_values /opt/stack/data/venv/lib/python3.12/site-packages/oslo_config/cfg.py:3545}}
Aug 07 09:47:08.851109 np0000006704 nova-conductor[95821]: DEBUG cotyledon.oslo_config_glue [-] oslo_limit.connect_retries = None {{(pid=95821) log_opt_values /opt/stack/data/venv/lib/python3.12/site-packages/oslo_config/cfg.py:3545}}
Aug 07 09:47:08.851109 np0000006704 nova-conductor[95821]: DEBUG cotyledon.oslo_config_glue [-] oslo_limit.connect_retry_delay = None {{(pid=95821) log_opt_values /opt/stack/data/venv/lib/python3.12/site-packages/oslo_config/cfg.py:3545}}
Aug 07 09:47:08.851109 np0000006704 nova-conductor[95821]: DEBUG cotyledon.oslo_config_glue [-] oslo_limit.endpoint_id = None {{(pid=95821) log_opt_values /opt/stack/data/venv/lib/python3.12/site-packages/oslo_config/cfg.py:3545}}
Aug 07 09:47:08.851109 np0000006704 nova-conductor[95821]: DEBUG cotyledon.oslo_config_glue [-] oslo_limit.endpoint_interface = public {{(pid=95821) log_opt_values /opt/stack/data/venv/lib/python3.12/site-packages/oslo_config/cfg.py:3545}}
Aug 07 09:47:08.851109 np0000006704 nova-conductor[95821]: DEBUG cotyledon.oslo_config_glue [-] oslo_limit.endpoint_override = None {{(pid=95821) log_opt_values /opt/stack/data/venv/lib/python3.12/site-packages/oslo_config/cfg.py:3545}}
Aug 07 09:47:08.851109 np0000006704 nova-conductor[95821]: DEBUG cotyledon.oslo_config_glue [-] oslo_limit.endpoint_region_name = None {{(pid=95821) log_opt_values /opt/stack/data/venv/lib/python3.12/site-packages/oslo_config/cfg.py:3545}}
Aug 07 09:47:08.851109 np0000006704 nova-conductor[95821]: DEBUG cotyledon.oslo_config_glue [-] oslo_limit.endpoint_service_name = None {{(pid=95821) log_opt_values /opt/stack/data/venv/lib/python3.12/site-packages/oslo_config/cfg.py:3545}}
Aug 07 09:47:08.851392 np0000006704 nova-conductor[95821]: DEBUG cotyledon.oslo_config_glue [-] oslo_limit.endpoint_service_type = None {{(pid=95821) log_opt_values /opt/stack/data/venv/lib/python3.12/site-packages/oslo_config/cfg.py:3545}}
Aug 07 09:47:08.851392 np0000006704 nova-conductor[95821]: DEBUG cotyledon.oslo_config_glue [-] oslo_limit.insecure = False {{(pid=95821) log_opt_values /opt/stack/data/venv/lib/python3.12/site-packages/oslo_config/cfg.py:3545}}
Aug 07 09:47:08.851392 np0000006704 nova-conductor[95821]: DEBUG cotyledon.oslo_config_glue [-] oslo_limit.keyfile = None {{(pid=95821) log_opt_values /opt/stack/data/venv/lib/python3.12/site-packages/oslo_config/cfg.py:3545}}
Aug 07 09:47:08.851392 np0000006704 nova-conductor[95821]: DEBUG cotyledon.oslo_config_glue [-] oslo_limit.max_version = None {{(pid=95821) log_opt_values /opt/stack/data/venv/lib/python3.12/site-packages/oslo_config/cfg.py:3545}}
Aug 07 09:47:08.851392 np0000006704 nova-conductor[95821]: DEBUG cotyledon.oslo_config_glue [-] oslo_limit.min_version = None {{(pid=95821) log_opt_values /opt/stack/data/venv/lib/python3.12/site-packages/oslo_config/cfg.py:3545}}
Aug 07 09:47:08.851392 np0000006704 nova-conductor[95821]: DEBUG cotyledon.oslo_config_glue [-] oslo_limit.region_name = None {{(pid=95821) log_opt_values /opt/stack/data/venv/lib/python3.12/site-packages/oslo_config/cfg.py:3545}}
Aug 07 09:47:08.851392 np0000006704 nova-conductor[95821]: DEBUG cotyledon.oslo_config_glue [-] oslo_limit.retriable_status_codes = None {{(pid=95821) log_opt_values /opt/stack/data/venv/lib/python3.12/site-packages/oslo_config/cfg.py:3545}}
Aug 07 09:47:08.851392 np0000006704 nova-conductor[95821]: DEBUG cotyledon.oslo_config_glue [-] oslo_limit.service_name = None {{(pid=95821) log_opt_values /opt/stack/data/venv/lib/python3.12/site-packages/oslo_config/cfg.py:3545}}
Aug 07 09:47:08.851392 np0000006704 nova-conductor[95821]: DEBUG cotyledon.oslo_config_glue [-] oslo_limit.service_type = None {{(pid=95821) log_opt_values /opt/stack/data/venv/lib/python3.12/site-packages/oslo_config/cfg.py:3545}}
Aug 07 09:47:08.851660 np0000006704 nova-conductor[95821]: DEBUG cotyledon.oslo_config_glue [-] oslo_limit.split_loggers = False {{(pid=95821) log_opt_values /opt/stack/data/venv/lib/python3.12/site-packages/oslo_config/cfg.py:3545}}
Aug 07 09:47:08.851660 np0000006704 nova-conductor[95821]: DEBUG cotyledon.oslo_config_glue [-] oslo_limit.status_code_retries = None {{(pid=95821) log_opt_values /opt/stack/data/venv/lib/python3.12/site-packages/oslo_config/cfg.py:3545}}
Aug 07 09:47:08.851660 np0000006704 nova-conductor[95821]: DEBUG cotyledon.oslo_config_glue [-] oslo_limit.status_code_retry_delay = None {{(pid=95821) log_opt_values /opt/stack/data/venv/lib/python3.12/site-packages/oslo_config/cfg.py:3545}}
Aug 07 09:47:08.851660 np0000006704 nova-conductor[95821]: DEBUG cotyledon.oslo_config_glue [-] oslo_limit.timeout = None {{(pid=95821) log_opt_values /opt/stack/data/venv/lib/python3.12/site-packages/oslo_config/cfg.py:3545}}
Aug 07 09:47:08.851660 np0000006704 nova-conductor[95821]: DEBUG cotyledon.oslo_config_glue [-] oslo_limit.valid_interfaces = None {{(pid=95821) log_opt_values /opt/stack/data/venv/lib/python3.12/site-packages/oslo_config/cfg.py:3545}}
Aug 07 09:47:08.851660 np0000006704 nova-conductor[95821]: DEBUG cotyledon.oslo_config_glue [-] oslo_limit.version = None {{(pid=95821) log_opt_values /opt/stack/data/venv/lib/python3.12/site-packages/oslo_config/cfg.py:3545}}
Aug 07 09:47:08.851660 np0000006704 nova-conductor[95821]: DEBUG cotyledon.oslo_config_glue [-] oslo_reports.file_event_handler = None {{(pid=95821) log_opt_values /opt/stack/data/venv/lib/python3.12/site-packages/oslo_config/cfg.py:3545}}
Aug 07 09:47:08.851660 np0000006704 nova-conductor[95821]: DEBUG cotyledon.oslo_config_glue [-] oslo_reports.file_event_handler_interval = 1 {{(pid=95821) log_opt_values /opt/stack/data/venv/lib/python3.12/site-packages/oslo_config/cfg.py:3545}}
Aug 07 09:47:08.851660 np0000006704 nova-conductor[95821]: DEBUG cotyledon.oslo_config_glue [-] oslo_reports.log_dir = None {{(pid=95821) log_opt_values /opt/stack/data/venv/lib/python3.12/site-packages/oslo_config/cfg.py:3545}}
Aug 07 09:47:08.851898 np0000006704 nova-conductor[95821]: DEBUG cotyledon.oslo_config_glue [-] ******************************************************************************** {{(pid=95821) log_opt_values /opt/stack/data/venv/lib/python3.12/site-packages/oslo_config/cfg.py:3552}}
Aug 07 09:47:08.851898 np0000006704 nova-conductor[95821]: DEBUG cotyledon._service_worker [-] Run service ServiceWrapper(2) [95821] {{(pid=95821) wait_forever /opt/stack/data/venv/lib/python3.12/site-packages/cotyledon/_service_worker.py:218}}
Aug 07 09:47:08.851898 np0000006704 nova-conductor[95821]: INFO nova.service [-] Starting conductor node (version 33.1.0)
Aug 07 09:47:08.851898 np0000006704 nova-conductor[95821]: INFO dbcounter [None req-885893ff-a941-4930-9fe6-9bd9c0ed7702 None None] Registered counter for database nova_cell0
Aug 07 09:47:08.852017 np0000006704 nova-conductor[95809]: DEBUG oslo_db.sqlalchemy.engines [None req-568550d5-5087-4626-8ccd-b5b5e1681ba2 None None] MySQL server mode set to STRICT_TRANS_TABLES,STRICT_ALL_TABLES,NO_ZERO_IN_DATE,NO_ZERO_DATE,ERROR_FOR_DIVISION_BY_ZERO,TRADITIONAL,NO_ENGINE_SUBSTITUTION {{(pid=95809) _check_effective_sql_mode /opt/stack/data/venv/lib/python3.12/site-packages/oslo_db/sqlalchemy/engines.py:325}}
Aug 07 09:47:08.852061 np0000006704 nova-conductor[95816]: DEBUG oslo_db.sqlalchemy.engines [None req-b1bcdab0-5bb4-4c31-91ad-09cf95ca3ea7 None None] MySQL server mode set to STRICT_TRANS_TABLES,STRICT_ALL_TABLES,NO_ZERO_IN_DATE,NO_ZERO_DATE,ERROR_FOR_DIVISION_BY_ZERO,TRADITIONAL,NO_ENGINE_SUBSTITUTION {{(pid=95816) _check_effective_sql_mode /opt/stack/data/venv/lib/python3.12/site-packages/oslo_db/sqlalchemy/engines.py:325}}
Aug 07 09:47:08.852061 np0000006704 nova-conductor[95816]: DEBUG dbcounter [-] [95816] Writer thread running {{(pid=95816) stat_writer /opt/stack/data/venv/lib/python3.12/site-packages/dbcounter.py:102}}
Aug 07 09:47:08.852150 np0000006704 nova-conductor[95809]: DEBUG dbcounter [-] [95809] Writer thread running {{(pid=95809) stat_writer /opt/stack/data/venv/lib/python3.12/site-packages/dbcounter.py:102}}
Aug 07 09:47:08.852188 np0000006704 nova-conductor[95821]: DEBUG oslo_db.sqlalchemy.engines [None req-885893ff-a941-4930-9fe6-9bd9c0ed7702 None None] MySQL server mode set to STRICT_TRANS_TABLES,STRICT_ALL_TABLES,NO_ZERO_IN_DATE,NO_ZERO_DATE,ERROR_FOR_DIVISION_BY_ZERO,TRADITIONAL,NO_ENGINE_SUBSTITUTION {{(pid=95821) _check_effective_sql_mode /opt/stack/data/venv/lib/python3.12/site-packages/oslo_db/sqlalchemy/engines.py:325}}
Aug 07 09:47:08.852229 np0000006704 nova-conductor[95816]: DEBUG nova.service [None req-b1bcdab0-5bb4-4c31-91ad-09cf95ca3ea7 None None] Creating RPC server for service: nova-conductor on topic: conductor {{(pid=95816) start /opt/stack/nova/nova/service.py:196}}
Aug 07 09:47:08.853809 np0000006704 nova-conductor[95809]: DEBUG nova.service [None req-568550d5-5087-4626-8ccd-b5b5e1681ba2 None None] Creating RPC server for service: nova-conductor on topic: conductor {{(pid=95809) start /opt/stack/nova/nova/service.py:196}}
Aug 07 09:47:08.859168 np0000006704 nova-conductor[95821]: DEBUG dbcounter [-] [95821] Writer thread running {{(pid=95821) stat_writer /opt/stack/data/venv/lib/python3.12/site-packages/dbcounter.py:102}}
Aug 07 09:47:08.862421 np0000006704 nova-conductor[95821]: DEBUG nova.service [None req-885893ff-a941-4930-9fe6-9bd9c0ed7702 None None] Creating RPC server for service: nova-conductor on topic: conductor {{(pid=95821) start /opt/stack/nova/nova/service.py:196}}
Aug 07 09:47:08.876946 np0000006704 nova-conductor[95809]: DEBUG nova.service [None req-568550d5-5087-4626-8ccd-b5b5e1681ba2 None None] Join ServiceGroup membership for this service conductor {{(pid=95809) start /opt/stack/nova/nova/service.py:222}}
Aug 07 09:47:08.877185 np0000006704 nova-conductor[95809]: DEBUG nova.servicegroup.drivers.db [None req-568550d5-5087-4626-8ccd-b5b5e1681ba2 None None] DB_Driver: join new ServiceGroup member np0000006704 to the conductor group, service = {{(pid=95809) join /opt/stack/nova/nova/servicegroup/drivers/db.py:44}}
Aug 07 09:47:08.878951 np0000006704 nova-conductor[95816]: DEBUG nova.service [None req-b1bcdab0-5bb4-4c31-91ad-09cf95ca3ea7 None None] Join ServiceGroup membership for this service conductor {{(pid=95816) start /opt/stack/nova/nova/service.py:222}}
Aug 07 09:47:08.879656 np0000006704 nova-conductor[95816]: DEBUG nova.servicegroup.drivers.db [None req-b1bcdab0-5bb4-4c31-91ad-09cf95ca3ea7 None None] DB_Driver: join new ServiceGroup member np0000006704 to the conductor group, service = {{(pid=95816) join /opt/stack/nova/nova/servicegroup/drivers/db.py:44}}
Aug 07 09:47:08.881050 np0000006704 nova-conductor[95821]: DEBUG nova.service [None req-885893ff-a941-4930-9fe6-9bd9c0ed7702 None None] Join ServiceGroup membership for this service conductor {{(pid=95821) start /opt/stack/nova/nova/service.py:222}}
Aug 07 09:47:08.881294 np0000006704 nova-conductor[95821]: DEBUG nova.servicegroup.drivers.db [None req-885893ff-a941-4930-9fe6-9bd9c0ed7702 None None] DB_Driver: join new ServiceGroup member np0000006704 to the conductor group, service = {{(pid=95821) join /opt/stack/nova/nova/servicegroup/drivers/db.py:44}}
Aug 07 09:47:13.890386 np0000006704 nova-conductor[95809]: DEBUG oslo.service.backend._threading.loopingcall [-] Fixed interval looping call 'nova.servicegroup.drivers.db.DbDriver._report_state' sleeping for 119.99 seconds {{(pid=95809) _run_loop /opt/stack/data/venv/lib/python3.12/site-packages/oslo_service/backend/_threading/loopingcall.py:125}}
Aug 07 09:47:13.891393 np0000006704 nova-conductor[95816]: DEBUG oslo.service.backend._threading.loopingcall [-] Fixed interval looping call 'nova.servicegroup.drivers.db.DbDriver._report_state' sleeping for 119.99 seconds {{(pid=95816) _run_loop /opt/stack/data/venv/lib/python3.12/site-packages/oslo_service/backend/_threading/loopingcall.py:125}}
Aug 07 09:47:13.895410 np0000006704 nova-conductor[95821]: DEBUG oslo.service.backend._threading.loopingcall [-] Fixed interval looping call 'nova.servicegroup.drivers.db.DbDriver._report_state' sleeping for 119.99 seconds {{(pid=95821) _run_loop /opt/stack/data/venv/lib/python3.12/site-packages/oslo_service/backend/_threading/loopingcall.py:125}}
Aug 07 09:47:17.458253 np0000006704 nova-conductor[94368]: DEBUG dbcounter [-] [94368] Writing DB stats nova_api:SELECT=1 {{(pid=94368) stat_writer /opt/stack/data/venv/lib/python3.12/site-packages/dbcounter.py:115}}
Aug 07 09:47:17.591694 np0000006704 nova-conductor[94368]: DEBUG dbcounter [-] [94368] Writing DB stats nova_cell0:SELECT=1 {{(pid=94368) stat_writer /opt/stack/data/venv/lib/python3.12/site-packages/dbcounter.py:115}}
Aug 07 09:47:17.595776 np0000006704 nova-conductor[94368]: DEBUG dbcounter [-] [94368] Writing DB stats nova_cell1:SELECT=1 {{(pid=94368) stat_writer /opt/stack/data/venv/lib/python3.12/site-packages/dbcounter.py:115}}
Aug 07 09:47:21.883324 np0000006704 nova-conductor[95821]: DEBUG oslo.service.backend._threading.loopingcall [None req-680ebbeb-d567-45cf-a44f-00c03e7c0446 None None] Dynamic interval looping call 'nova.service.Service.periodic_tasks' sleeping for 60.00 seconds {{(pid=95821) _run_loop /opt/stack/data/venv/lib/python3.12/site-packages/oslo_service/backend/_threading/loopingcall.py:125}}
Aug 07 09:47:23.886027 np0000006704 nova-conductor[95809]: DEBUG dbcounter [-] [95809] Writing DB stats nova_cell0:SELECT=5,nova_cell0:INSERT=1,nova_cell0:UPDATE=1 {{(pid=95809) stat_writer /opt/stack/data/venv/lib/python3.12/site-packages/dbcounter.py:115}}
Aug 07 09:47:23.889981 np0000006704 nova-conductor[95816]: DEBUG dbcounter [-] [95816] Writing DB stats nova_cell0:SELECT=4,nova_cell0:INSERT=1,nova_cell0:UPDATE=1 {{(pid=95816) stat_writer /opt/stack/data/venv/lib/python3.12/site-packages/dbcounter.py:115}}
Aug 07 09:47:23.892712 np0000006704 nova-conductor[95821]: DEBUG dbcounter [-] [95821] Writing DB stats nova_cell0:SELECT=3,nova_cell0:UPDATE=1 {{(pid=95821) stat_writer /opt/stack/data/venv/lib/python3.12/site-packages/dbcounter.py:115}}
Aug 07 09:47:28.878963 np0000006704 nova-conductor[95809]: DEBUG oslo.service.backend._threading.loopingcall [None req-ea33f4a9-a39f-4913-a898-eb67650ec880 None None] Dynamic interval looping call 'nova.service.Service.periodic_tasks' sleeping for 60.00 seconds {{(pid=95809) _run_loop /opt/stack/data/venv/lib/python3.12/site-packages/oslo_service/backend/_threading/loopingcall.py:125}}
Aug 07 09:48:07.882222 np0000006704 nova-conductor[95816]: DEBUG oslo.service.backend._threading.loopingcall [None req-d7913dd2-ba7e-4b12-b843-a1e165806eb3 None None] Dynamic interval looping call 'nova.service.Service.periodic_tasks' sleeping for 60.00 seconds {{(pid=95816) _run_loop /opt/stack/data/venv/lib/python3.12/site-packages/oslo_service/backend/_threading/loopingcall.py:125}}
Aug 07 09:48:21.883839 np0000006704 nova-conductor[95821]: DEBUG oslo.service.backend._threading.loopingcall [None req-680ebbeb-d567-45cf-a44f-00c03e7c0446 None None] Dynamic interval looping call 'nova.service.Service.periodic_tasks' sleeping for 60.00 seconds {{(pid=95821) _run_loop /opt/stack/data/venv/lib/python3.12/site-packages/oslo_service/backend/_threading/loopingcall.py:125}}
Aug 07 09:48:28.879469 np0000006704 nova-conductor[95809]: DEBUG oslo.service.backend._threading.loopingcall [None req-ea33f4a9-a39f-4913-a898-eb67650ec880 None None] Dynamic interval looping call 'nova.service.Service.periodic_tasks' sleeping for 60.00 seconds {{(pid=95809) _run_loop /opt/stack/data/venv/lib/python3.12/site-packages/oslo_service/backend/_threading/loopingcall.py:125}}
Aug 07 09:49:07.882730 np0000006704 nova-conductor[95816]: DEBUG oslo.service.backend._threading.loopingcall [None req-d7913dd2-ba7e-4b12-b843-a1e165806eb3 None None] Dynamic interval looping call 'nova.service.Service.periodic_tasks' sleeping for 60.00 seconds {{(pid=95816) _run_loop /opt/stack/data/venv/lib/python3.12/site-packages/oslo_service/backend/_threading/loopingcall.py:125}}
Aug 07 09:49:13.890974 np0000006704 nova-conductor[95809]: DEBUG oslo.service.backend._threading.loopingcall [-] Fixed interval looping call 'nova.servicegroup.drivers.db.DbDriver._report_state' sleeping for 119.99 seconds {{(pid=95809) _run_loop /opt/stack/data/venv/lib/python3.12/site-packages/oslo_service/backend/_threading/loopingcall.py:125}}
Aug 07 09:49:13.891845 np0000006704 nova-conductor[95816]: DEBUG oslo.service.backend._threading.loopingcall [-] Fixed interval looping call 'nova.servicegroup.drivers.db.DbDriver._report_state' sleeping for 119.99 seconds {{(pid=95816) _run_loop /opt/stack/data/venv/lib/python3.12/site-packages/oslo_service/backend/_threading/loopingcall.py:125}}
Aug 07 09:49:13.892745 np0000006704 nova-conductor[95821]: DEBUG oslo.service.backend._threading.loopingcall [-] Fixed interval looping call 'nova.servicegroup.drivers.db.DbDriver._report_state' sleeping for 119.99 seconds {{(pid=95821) _run_loop /opt/stack/data/venv/lib/python3.12/site-packages/oslo_service/backend/_threading/loopingcall.py:125}}
Aug 07 09:49:21.885206 np0000006704 nova-conductor[95821]: DEBUG oslo.service.backend._threading.loopingcall [None req-680ebbeb-d567-45cf-a44f-00c03e7c0446 None None] Dynamic interval looping call 'nova.service.Service.periodic_tasks' sleeping for 60.00 seconds {{(pid=95821) _run_loop /opt/stack/data/venv/lib/python3.12/site-packages/oslo_service/backend/_threading/loopingcall.py:125}}
Aug 07 09:49:23.885180 np0000006704 nova-conductor[95809]: DEBUG dbcounter [-] [95809] Writing DB stats nova_cell0:SELECT=1,nova_cell0:UPDATE=1 {{(pid=95809) stat_writer /opt/stack/data/venv/lib/python3.12/site-packages/dbcounter.py:115}}
Aug 07 09:49:23.885695 np0000006704 nova-conductor[95816]: DEBUG dbcounter [-] [95816] Writing DB stats nova_cell0:SELECT=1,nova_cell0:UPDATE=1 {{(pid=95816) stat_writer /opt/stack/data/venv/lib/python3.12/site-packages/dbcounter.py:115}}
Aug 07 09:49:23.889158 np0000006704 nova-conductor[95821]: DEBUG dbcounter [-] [95821] Writing DB stats nova_cell0:SELECT=1,nova_cell0:UPDATE=1 {{(pid=95821) stat_writer /opt/stack/data/venv/lib/python3.12/site-packages/dbcounter.py:115}}
Aug 07 09:49:28.879915 np0000006704 nova-conductor[95809]: DEBUG oslo.service.backend._threading.loopingcall [None req-ea33f4a9-a39f-4913-a898-eb67650ec880 None None] Dynamic interval looping call 'nova.service.Service.periodic_tasks' sleeping for 60.00 seconds {{(pid=95809) _run_loop /opt/stack/data/venv/lib/python3.12/site-packages/oslo_service/backend/_threading/loopingcall.py:125}}
Aug 07 09:49:36.191029 np0000006704 nova-conductor[95809]: DEBUG oslo_db.sqlalchemy.engines [None req-3bcbb41f-bce5-4de3-84d4-be7e854df78f tempest-DeleteServersTestJSON-270601428 tempest-DeleteServersTestJSON-270601428-project-member] Parent process 94368 forked (95809) with an open database connection, which is being discarded and recreated. {{(pid=95809) checkout /opt/stack/data/venv/lib/python3.12/site-packages/oslo_db/sqlalchemy/engines.py:402}}
Aug 07 09:49:36.250338 np0000006704 nova-conductor[95809]: DEBUG dbcounter [-] [95809] Writer thread running {{(pid=95809) stat_writer /opt/stack/data/venv/lib/python3.12/site-packages/dbcounter.py:102}}
Aug 07 09:49:37.329280 np0000006704 nova-conductor[95809]: DEBUG nova.conductor.manager [None req-3bcbb41f-bce5-4de3-84d4-be7e854df78f tempest-DeleteServersTestJSON-270601428 tempest-DeleteServersTestJSON-270601428-project-member] Took 1.07 seconds to select destinations for 1 instance(s). {{(pid=95809) _schedule_instances /opt/stack/nova/nova/conductor/manager.py:968}}
Aug 07 09:49:37.380702 np0000006704 nova-conductor[95809]: DEBUG oslo_concurrency.lockutils [None req-3bcbb41f-bce5-4de3-84d4-be7e854df78f tempest-DeleteServersTestJSON-270601428 tempest-DeleteServersTestJSON-270601428-project-member] Acquiring lock "b7a93c2b-aa1e-4655-8b1c-afece40d87a7" by "nova.context.set_target_cell..get_or_set_cached_cell_and_set_connections" {{(pid=95809) inner /opt/stack/data/venv/lib/python3.12/site-packages/oslo_concurrency/lockutils.py:512}}
Aug 07 09:49:37.381024 np0000006704 nova-conductor[95809]: DEBUG oslo_concurrency.lockutils [None req-3bcbb41f-bce5-4de3-84d4-be7e854df78f tempest-DeleteServersTestJSON-270601428 tempest-DeleteServersTestJSON-270601428-project-member] Lock "b7a93c2b-aa1e-4655-8b1c-afece40d87a7" acquired by "nova.context.set_target_cell..get_or_set_cached_cell_and_set_connections" :: waited 0.000s {{(pid=95809) inner /opt/stack/data/venv/lib/python3.12/site-packages/oslo_concurrency/lockutils.py:525}}
Aug 07 09:49:37.382896 np0000006704 nova-conductor[95809]: DEBUG oslo_concurrency.lockutils [None req-3bcbb41f-bce5-4de3-84d4-be7e854df78f tempest-DeleteServersTestJSON-270601428 tempest-DeleteServersTestJSON-270601428-project-member] Lock "b7a93c2b-aa1e-4655-8b1c-afece40d87a7" "released" by "nova.context.set_target_cell..get_or_set_cached_cell_and_set_connections" :: held 0.002s {{(pid=95809) inner /opt/stack/data/venv/lib/python3.12/site-packages/oslo_concurrency/lockutils.py:544}}
Aug 07 09:49:37.385439 np0000006704 nova-conductor[95809]: INFO dbcounter [None req-3bcbb41f-bce5-4de3-84d4-be7e854df78f tempest-DeleteServersTestJSON-270601428 tempest-DeleteServersTestJSON-270601428-project-member] Registered counter for database nova_cell1
Aug 07 09:49:37.427658 np0000006704 nova-conductor[95809]: DEBUG oslo_db.sqlalchemy.engines [None req-3bcbb41f-bce5-4de3-84d4-be7e854df78f tempest-DeleteServersTestJSON-270601428 tempest-DeleteServersTestJSON-270601428-project-member] MySQL server mode set to STRICT_TRANS_TABLES,STRICT_ALL_TABLES,NO_ZERO_IN_DATE,NO_ZERO_DATE,ERROR_FOR_DIVISION_BY_ZERO,TRADITIONAL,NO_ENGINE_SUBSTITUTION {{(pid=95809) _check_effective_sql_mode /opt/stack/data/venv/lib/python3.12/site-packages/oslo_db/sqlalchemy/engines.py:325}}
Aug 07 09:49:37.437983 np0000006704 nova-conductor[95809]: DEBUG dbcounter [-] [95809] Writer thread running {{(pid=95809) stat_writer /opt/stack/data/venv/lib/python3.12/site-packages/dbcounter.py:102}}
Aug 07 09:49:37.509900 np0000006704 nova-conductor[95809]: INFO nova.utils [None req-3bcbb41f-bce5-4de3-84d4-be7e854df78f tempest-DeleteServersTestJSON-270601428 tempest-DeleteServersTestJSON-270601428-project-member] The cell worker thread pool ForkProcess-1.cell_worker is initialized
Aug 07 09:49:37.510368 np0000006704 nova-conductor[95809]: DEBUG oslo_concurrency.lockutils [None req-3bcbb41f-bce5-4de3-84d4-be7e854df78f tempest-DeleteServersTestJSON-270601428 tempest-DeleteServersTestJSON-270601428-project-member] Acquiring lock "00000000-0000-0000-0000-000000000000" by "nova.context.set_target_cell..get_or_set_cached_cell_and_set_connections" {{(pid=95809) inner /opt/stack/data/venv/lib/python3.12/site-packages/oslo_concurrency/lockutils.py:512}}
Aug 07 09:49:37.510889 np0000006704 nova-conductor[95809]: DEBUG oslo_concurrency.lockutils [None req-3bcbb41f-bce5-4de3-84d4-be7e854df78f tempest-DeleteServersTestJSON-270601428 tempest-DeleteServersTestJSON-270601428-project-member] Lock "00000000-0000-0000-0000-000000000000" acquired by "nova.context.set_target_cell..get_or_set_cached_cell_and_set_connections" :: waited 0.000s {{(pid=95809) inner /opt/stack/data/venv/lib/python3.12/site-packages/oslo_concurrency/lockutils.py:525}}
Aug 07 09:49:37.512382 np0000006704 nova-conductor[95809]: DEBUG oslo_concurrency.lockutils [None req-3bcbb41f-bce5-4de3-84d4-be7e854df78f tempest-DeleteServersTestJSON-270601428 tempest-DeleteServersTestJSON-270601428-project-member] Lock "00000000-0000-0000-0000-000000000000" "released" by "nova.context.set_target_cell..get_or_set_cached_cell_and_set_connections" :: held 0.000s {{(pid=95809) inner /opt/stack/data/venv/lib/python3.12/site-packages/oslo_concurrency/lockutils.py:544}}
Aug 07 09:49:37.512382 np0000006704 nova-conductor[95809]: DEBUG oslo_concurrency.lockutils [None req-3bcbb41f-bce5-4de3-84d4-be7e854df78f tempest-DeleteServersTestJSON-270601428 tempest-DeleteServersTestJSON-270601428-project-member] Acquiring lock "b7a93c2b-aa1e-4655-8b1c-afece40d87a7" by "nova.context.set_target_cell..get_or_set_cached_cell_and_set_connections" {{(pid=95809) inner /opt/stack/data/venv/lib/python3.12/site-packages/oslo_concurrency/lockutils.py:512}}
Aug 07 09:49:37.512382 np0000006704 nova-conductor[95809]: DEBUG oslo_concurrency.lockutils [None req-3bcbb41f-bce5-4de3-84d4-be7e854df78f tempest-DeleteServersTestJSON-270601428 tempest-DeleteServersTestJSON-270601428-project-member] Lock "b7a93c2b-aa1e-4655-8b1c-afece40d87a7" acquired by "nova.context.set_target_cell..get_or_set_cached_cell_and_set_connections" :: waited 0.000s {{(pid=95809) inner /opt/stack/data/venv/lib/python3.12/site-packages/oslo_concurrency/lockutils.py:525}}
Aug 07 09:49:37.512382 np0000006704 nova-conductor[95809]: DEBUG oslo_concurrency.lockutils [None req-3bcbb41f-bce5-4de3-84d4-be7e854df78f tempest-DeleteServersTestJSON-270601428 tempest-DeleteServersTestJSON-270601428-project-member] Lock "b7a93c2b-aa1e-4655-8b1c-afece40d87a7" "released" by "nova.context.set_target_cell..get_or_set_cached_cell_and_set_connections" :: held 0.000s {{(pid=95809) inner /opt/stack/data/venv/lib/python3.12/site-packages/oslo_concurrency/lockutils.py:544}}
Aug 07 09:49:37.514591 np0000006704 nova-conductor[95809]: INFO dbcounter [None req-3bcbb41f-bce5-4de3-84d4-be7e854df78f tempest-DeleteServersTestJSON-270601428 tempest-DeleteServersTestJSON-270601428-project-member] Registered counter for database nova_cell0
Aug 07 09:49:37.570014 np0000006704 nova-conductor[95809]: DEBUG oslo_db.sqlalchemy.engines [None req-3bcbb41f-bce5-4de3-84d4-be7e854df78f tempest-DeleteServersTestJSON-270601428 tempest-DeleteServersTestJSON-270601428-project-member] MySQL server mode set to STRICT_TRANS_TABLES,STRICT_ALL_TABLES,NO_ZERO_IN_DATE,NO_ZERO_DATE,ERROR_FOR_DIVISION_BY_ZERO,TRADITIONAL,NO_ENGINE_SUBSTITUTION {{(pid=95809) _check_effective_sql_mode /opt/stack/data/venv/lib/python3.12/site-packages/oslo_db/sqlalchemy/engines.py:325}}
Aug 07 09:49:37.578901 np0000006704 nova-conductor[95809]: DEBUG dbcounter [-] [95809] Writer thread running {{(pid=95809) stat_writer /opt/stack/data/venv/lib/python3.12/site-packages/dbcounter.py:102}}
Aug 07 09:49:37.595255 np0000006704 nova-conductor[95809]: DEBUG nova.quota [None req-3bcbb41f-bce5-4de3-84d4-be7e854df78f tempest-DeleteServersTestJSON-270601428 tempest-DeleteServersTestJSON-270601428-project-member] Getting quotas for project 864ac4e02f624bb5b67dbb4d92fb4ab0. Resources: {'instances', 'ram', 'cores'} {{(pid=95809) _get_quotas /opt/stack/nova/nova/quota.py:389}}
Aug 07 09:49:37.599153 np0000006704 nova-conductor[95809]: DEBUG nova.quota [None req-3bcbb41f-bce5-4de3-84d4-be7e854df78f tempest-DeleteServersTestJSON-270601428 tempest-DeleteServersTestJSON-270601428-project-member] Getting quotas for user 3926075cd8254eb1878508ad53761605 and project 864ac4e02f624bb5b67dbb4d92fb4ab0. Resources: {'instances', 'ram', 'cores'} {{(pid=95809) _get_quotas /opt/stack/nova/nova/quota.py:379}}
Aug 07 09:49:37.617441 np0000006704 nova-conductor[95809]: DEBUG nova.conductor.manager [None req-3bcbb41f-bce5-4de3-84d4-be7e854df78f tempest-DeleteServersTestJSON-270601428 tempest-DeleteServersTestJSON-270601428-project-member] [instance: a001df0a-0a9b-4ee7-9808-da5fc17dd588] Selected host: np0000006704; Selected node: np0000006704; Alternates: [] {{(pid=95809) schedule_and_build_instances /opt/stack/nova/nova/conductor/manager.py:1784}}
Aug 07 09:49:37.617867 np0000006704 nova-conductor[95809]: DEBUG oslo_concurrency.lockutils [None req-3bcbb41f-bce5-4de3-84d4-be7e854df78f tempest-DeleteServersTestJSON-270601428 tempest-DeleteServersTestJSON-270601428-project-member] Acquiring lock "b7a93c2b-aa1e-4655-8b1c-afece40d87a7" by "nova.context.set_target_cell..get_or_set_cached_cell_and_set_connections" {{(pid=95809) inner /opt/stack/data/venv/lib/python3.12/site-packages/oslo_concurrency/lockutils.py:512}}
Aug 07 09:49:37.618120 np0000006704 nova-conductor[95809]: DEBUG oslo_concurrency.lockutils [None req-3bcbb41f-bce5-4de3-84d4-be7e854df78f tempest-DeleteServersTestJSON-270601428 tempest-DeleteServersTestJSON-270601428-project-member] Lock "b7a93c2b-aa1e-4655-8b1c-afece40d87a7" acquired by "nova.context.set_target_cell..get_or_set_cached_cell_and_set_connections" :: waited 0.000s {{(pid=95809) inner /opt/stack/data/venv/lib/python3.12/site-packages/oslo_concurrency/lockutils.py:525}}
Aug 07 09:49:37.619250 np0000006704 nova-conductor[95809]: DEBUG oslo_concurrency.lockutils [None req-3bcbb41f-bce5-4de3-84d4-be7e854df78f tempest-DeleteServersTestJSON-270601428 tempest-DeleteServersTestJSON-270601428-project-member] Lock "b7a93c2b-aa1e-4655-8b1c-afece40d87a7" "released" by "nova.context.set_target_cell..get_or_set_cached_cell_and_set_connections" :: held 0.000s {{(pid=95809) inner /opt/stack/data/venv/lib/python3.12/site-packages/oslo_concurrency/lockutils.py:544}}
Aug 07 09:49:37.637660 np0000006704 nova-conductor[95809]: DEBUG nova.conductor.manager [None req-3bcbb41f-bce5-4de3-84d4-be7e854df78f tempest-DeleteServersTestJSON-270601428 tempest-DeleteServersTestJSON-270601428-project-member] [instance: a001df0a-0a9b-4ee7-9808-da5fc17dd588] block_device_mapping [BlockDeviceMapping(attachment_id=,boot_index=0,connection_info=None,created_at=,delete_on_termination=True,deleted=,deleted_at=,destination_type='local',device_name=None,device_type='disk',disk_bus=None,encrypted=False,encryption_format=None,encryption_options=None,encryption_secret_uuid=None,guest_format=None,id=,image_id='eb17d252-8dbe-43e3-8148-67abcbaa73ec',instance=,instance_uuid=,no_device=False,snapshot_id=None,source_type='image',tag=None,updated_at=,uuid=,volume_id=None,volume_size=None,volume_type=None)] {{(pid=95809) _create_block_device_mapping /opt/stack/nova/nova/conductor/manager.py:1529}}
Aug 07 09:49:37.638978 np0000006704 nova-conductor[95809]: DEBUG oslo_concurrency.lockutils [None req-3bcbb41f-bce5-4de3-84d4-be7e854df78f tempest-DeleteServersTestJSON-270601428 tempest-DeleteServersTestJSON-270601428-project-member] Acquiring lock "b7a93c2b-aa1e-4655-8b1c-afece40d87a7" by "nova.context.set_target_cell..get_or_set_cached_cell_and_set_connections" {{(pid=95809) inner /opt/stack/data/venv/lib/python3.12/site-packages/oslo_concurrency/lockutils.py:512}}
Aug 07 09:49:37.639169 np0000006704 nova-conductor[95809]: DEBUG oslo_concurrency.lockutils [None req-3bcbb41f-bce5-4de3-84d4-be7e854df78f tempest-DeleteServersTestJSON-270601428 tempest-DeleteServersTestJSON-270601428-project-member] Lock "b7a93c2b-aa1e-4655-8b1c-afece40d87a7" acquired by "nova.context.set_target_cell..get_or_set_cached_cell_and_set_connections" :: waited 0.000s {{(pid=95809) inner /opt/stack/data/venv/lib/python3.12/site-packages/oslo_concurrency/lockutils.py:525}}
Aug 07 09:49:37.639274 np0000006704 nova-conductor[95809]: DEBUG oslo_concurrency.lockutils [None req-3bcbb41f-bce5-4de3-84d4-be7e854df78f tempest-DeleteServersTestJSON-270601428 tempest-DeleteServersTestJSON-270601428-project-member] Lock "b7a93c2b-aa1e-4655-8b1c-afece40d87a7" "released" by "nova.context.set_target_cell..get_or_set_cached_cell_and_set_connections" :: held 0.000s {{(pid=95809) inner /opt/stack/data/venv/lib/python3.12/site-packages/oslo_concurrency/lockutils.py:544}}
Aug 07 09:49:37.700814 np0000006704 nova-conductor[95809]: DEBUG oslo_concurrency.lockutils [None req-3bcbb41f-bce5-4de3-84d4-be7e854df78f tempest-DeleteServersTestJSON-270601428 tempest-DeleteServersTestJSON-270601428-project-member] Acquiring lock "b7a93c2b-aa1e-4655-8b1c-afece40d87a7" by "nova.context.set_target_cell..get_or_set_cached_cell_and_set_connections" {{(pid=95809) inner /opt/stack/data/venv/lib/python3.12/site-packages/oslo_concurrency/lockutils.py:512}}
Aug 07 09:49:37.703192 np0000006704 nova-conductor[95809]: DEBUG oslo_concurrency.lockutils [None req-3bcbb41f-bce5-4de3-84d4-be7e854df78f tempest-DeleteServersTestJSON-270601428 tempest-DeleteServersTestJSON-270601428-project-member] Lock "b7a93c2b-aa1e-4655-8b1c-afece40d87a7" acquired by "nova.context.set_target_cell..get_or_set_cached_cell_and_set_connections" :: waited 0.001s {{(pid=95809) inner /opt/stack/data/venv/lib/python3.12/site-packages/oslo_concurrency/lockutils.py:525}}
Aug 07 09:49:37.703815 np0000006704 nova-conductor[95809]: DEBUG oslo_concurrency.lockutils [None req-3bcbb41f-bce5-4de3-84d4-be7e854df78f tempest-DeleteServersTestJSON-270601428 tempest-DeleteServersTestJSON-270601428-project-member] Lock "b7a93c2b-aa1e-4655-8b1c-afece40d87a7" "released" by "nova.context.set_target_cell..get_or_set_cached_cell_and_set_connections" :: held 0.002s {{(pid=95809) inner /opt/stack/data/venv/lib/python3.12/site-packages/oslo_concurrency/lockutils.py:544}}
Aug 07 09:49:37.704704 np0000006704 nova-conductor[95809]: DEBUG oslo_concurrency.lockutils [None req-3bcbb41f-bce5-4de3-84d4-be7e854df78f tempest-DeleteServersTestJSON-270601428 tempest-DeleteServersTestJSON-270601428-project-member] Acquiring lock "compute-rpcapi-router" {{(pid=95809) lock /opt/stack/data/venv/lib/python3.12/site-packages/oslo_concurrency/lockutils.py:396}}
Aug 07 09:49:37.704802 np0000006704 nova-conductor[95809]: DEBUG oslo_concurrency.lockutils [None req-3bcbb41f-bce5-4de3-84d4-be7e854df78f tempest-DeleteServersTestJSON-270601428 tempest-DeleteServersTestJSON-270601428-project-member] Acquired lock "compute-rpcapi-router" {{(pid=95809) lock /opt/stack/data/venv/lib/python3.12/site-packages/oslo_concurrency/lockutils.py:399}}
Aug 07 09:49:37.705479 np0000006704 nova-conductor[95809]: DEBUG oslo_concurrency.lockutils [None req-5db320e0-b7c2-482b-93f1-17034faa0dc5 None None] Acquiring lock "00000000-0000-0000-0000-000000000000" by "nova.context.set_target_cell..get_or_set_cached_cell_and_set_connections" {{(pid=95809) inner /opt/stack/data/venv/lib/python3.12/site-packages/oslo_concurrency/lockutils.py:512}}
Aug 07 09:49:37.706361 np0000006704 nova-conductor[95809]: DEBUG oslo_concurrency.lockutils [None req-5db320e0-b7c2-482b-93f1-17034faa0dc5 None None] Lock "00000000-0000-0000-0000-000000000000" acquired by "nova.context.set_target_cell..get_or_set_cached_cell_and_set_connections" :: waited 0.000s {{(pid=95809) inner /opt/stack/data/venv/lib/python3.12/site-packages/oslo_concurrency/lockutils.py:525}}
Aug 07 09:49:37.706361 np0000006704 nova-conductor[95809]: DEBUG oslo_concurrency.lockutils [None req-5db320e0-b7c2-482b-93f1-17034faa0dc5 None None] Lock "00000000-0000-0000-0000-000000000000" "released" by "nova.context.set_target_cell..get_or_set_cached_cell_and_set_connections" :: held 0.000s {{(pid=95809) inner /opt/stack/data/venv/lib/python3.12/site-packages/oslo_concurrency/lockutils.py:544}}
Aug 07 09:49:37.707070 np0000006704 nova-conductor[95809]: DEBUG oslo_concurrency.lockutils [None req-5db320e0-b7c2-482b-93f1-17034faa0dc5 None None] Acquiring lock "b7a93c2b-aa1e-4655-8b1c-afece40d87a7" by "nova.context.set_target_cell..get_or_set_cached_cell_and_set_connections" {{(pid=95809) inner /opt/stack/data/venv/lib/python3.12/site-packages/oslo_concurrency/lockutils.py:512}}
Aug 07 09:49:37.707253 np0000006704 nova-conductor[95809]: DEBUG oslo_concurrency.lockutils [None req-5db320e0-b7c2-482b-93f1-17034faa0dc5 None None] Lock "b7a93c2b-aa1e-4655-8b1c-afece40d87a7" acquired by "nova.context.set_target_cell..get_or_set_cached_cell_and_set_connections" :: waited 0.000s {{(pid=95809) inner /opt/stack/data/venv/lib/python3.12/site-packages/oslo_concurrency/lockutils.py:525}}
Aug 07 09:49:37.707391 np0000006704 nova-conductor[95809]: DEBUG oslo_concurrency.lockutils [None req-5db320e0-b7c2-482b-93f1-17034faa0dc5 None None] Lock "b7a93c2b-aa1e-4655-8b1c-afece40d87a7" "released" by "nova.context.set_target_cell..get_or_set_cached_cell_and_set_connections" :: held 0.000s {{(pid=95809) inner /opt/stack/data/venv/lib/python3.12/site-packages/oslo_concurrency/lockutils.py:544}}
Aug 07 09:49:37.719811 np0000006704 nova-conductor[95809]: INFO nova.compute.rpcapi [None req-5db320e0-b7c2-482b-93f1-17034faa0dc5 None None] Automatically selected compute RPC version 6.5 from minimum service version 72
Aug 07 09:49:37.720350 np0000006704 nova-conductor[95809]: DEBUG oslo_concurrency.lockutils [None req-5db320e0-b7c2-482b-93f1-17034faa0dc5 None None] Releasing lock "compute-rpcapi-router" {{(pid=95809) lock /opt/stack/data/venv/lib/python3.12/site-packages/oslo_concurrency/lockutils.py:419}}
Aug 07 09:49:42.850242 np0000006704 nova-conductor[95816]: DEBUG dbcounter [-] [95816] Writer thread running {{(pid=95816) stat_writer /opt/stack/data/venv/lib/python3.12/site-packages/dbcounter.py:102}}
Aug 07 09:49:43.360064 np0000006704 nova-conductor[95816]: DEBUG nova.conductor.manager [None req-dfff2b5b-b32e-4722-a660-fc80c7ccbd67 tempest-ServerActionsV293TestJSON-935558217 tempest-ServerActionsV293TestJSON-935558217-project-member] Took 0.51 seconds to select destinations for 1 instance(s). {{(pid=95816) _schedule_instances /opt/stack/nova/nova/conductor/manager.py:968}}
Aug 07 09:49:43.396845 np0000006704 nova-conductor[95816]: DEBUG oslo_concurrency.lockutils [None req-dfff2b5b-b32e-4722-a660-fc80c7ccbd67 tempest-ServerActionsV293TestJSON-935558217 tempest-ServerActionsV293TestJSON-935558217-project-member] Acquiring lock "b7a93c2b-aa1e-4655-8b1c-afece40d87a7" by "nova.context.set_target_cell..get_or_set_cached_cell_and_set_connections" {{(pid=95816) inner /opt/stack/data/venv/lib/python3.12/site-packages/oslo_concurrency/lockutils.py:512}}
Aug 07 09:49:43.397004 np0000006704 nova-conductor[95816]: DEBUG oslo_concurrency.lockutils [None req-dfff2b5b-b32e-4722-a660-fc80c7ccbd67 tempest-ServerActionsV293TestJSON-935558217 tempest-ServerActionsV293TestJSON-935558217-project-member] Lock "b7a93c2b-aa1e-4655-8b1c-afece40d87a7" acquired by "nova.context.set_target_cell..get_or_set_cached_cell_and_set_connections" :: waited 0.000s {{(pid=95816) inner /opt/stack/data/venv/lib/python3.12/site-packages/oslo_concurrency/lockutils.py:525}}
Aug 07 09:49:43.398227 np0000006704 nova-conductor[95816]: DEBUG oslo_concurrency.lockutils [None req-dfff2b5b-b32e-4722-a660-fc80c7ccbd67 tempest-ServerActionsV293TestJSON-935558217 tempest-ServerActionsV293TestJSON-935558217-project-member] Lock "b7a93c2b-aa1e-4655-8b1c-afece40d87a7" "released" by "nova.context.set_target_cell..get_or_set_cached_cell_and_set_connections" :: held 0.001s {{(pid=95816) inner /opt/stack/data/venv/lib/python3.12/site-packages/oslo_concurrency/lockutils.py:544}}
Aug 07 09:49:43.400621 np0000006704 nova-conductor[95816]: INFO dbcounter [None req-dfff2b5b-b32e-4722-a660-fc80c7ccbd67 tempest-ServerActionsV293TestJSON-935558217 tempest-ServerActionsV293TestJSON-935558217-project-member] Registered counter for database nova_cell1
Aug 07 09:49:43.436533 np0000006704 nova-conductor[95816]: DEBUG oslo_db.sqlalchemy.engines [None req-dfff2b5b-b32e-4722-a660-fc80c7ccbd67 tempest-ServerActionsV293TestJSON-935558217 tempest-ServerActionsV293TestJSON-935558217-project-member] MySQL server mode set to STRICT_TRANS_TABLES,STRICT_ALL_TABLES,NO_ZERO_IN_DATE,NO_ZERO_DATE,ERROR_FOR_DIVISION_BY_ZERO,TRADITIONAL,NO_ENGINE_SUBSTITUTION {{(pid=95816) _check_effective_sql_mode /opt/stack/data/venv/lib/python3.12/site-packages/oslo_db/sqlalchemy/engines.py:325}}
Aug 07 09:49:43.443898 np0000006704 nova-conductor[95816]: DEBUG dbcounter [-] [95816] Writer thread running {{(pid=95816) stat_writer /opt/stack/data/venv/lib/python3.12/site-packages/dbcounter.py:102}}
Aug 07 09:49:43.499187 np0000006704 nova-conductor[95816]: INFO nova.utils [None req-dfff2b5b-b32e-4722-a660-fc80c7ccbd67 tempest-ServerActionsV293TestJSON-935558217 tempest-ServerActionsV293TestJSON-935558217-project-member] The cell worker thread pool ForkProcess-2.cell_worker is initialized
Aug 07 09:49:43.499562 np0000006704 nova-conductor[95816]: DEBUG oslo_concurrency.lockutils [None req-dfff2b5b-b32e-4722-a660-fc80c7ccbd67 tempest-ServerActionsV293TestJSON-935558217 tempest-ServerActionsV293TestJSON-935558217-project-member] Acquiring lock "00000000-0000-0000-0000-000000000000" by "nova.context.set_target_cell..get_or_set_cached_cell_and_set_connections" {{(pid=95816) inner /opt/stack/data/venv/lib/python3.12/site-packages/oslo_concurrency/lockutils.py:512}}
Aug 07 09:49:43.499792 np0000006704 nova-conductor[95816]: DEBUG oslo_concurrency.lockutils [None req-dfff2b5b-b32e-4722-a660-fc80c7ccbd67 tempest-ServerActionsV293TestJSON-935558217 tempest-ServerActionsV293TestJSON-935558217-project-member] Lock "00000000-0000-0000-0000-000000000000" acquired by "nova.context.set_target_cell..get_or_set_cached_cell_and_set_connections" :: waited 0.000s {{(pid=95816) inner /opt/stack/data/venv/lib/python3.12/site-packages/oslo_concurrency/lockutils.py:525}}
Aug 07 09:49:43.500135 np0000006704 nova-conductor[95816]: DEBUG oslo_concurrency.lockutils [None req-dfff2b5b-b32e-4722-a660-fc80c7ccbd67 tempest-ServerActionsV293TestJSON-935558217 tempest-ServerActionsV293TestJSON-935558217-project-member] Lock "00000000-0000-0000-0000-000000000000" "released" by "nova.context.set_target_cell..get_or_set_cached_cell_and_set_connections" :: held 0.000s {{(pid=95816) inner /opt/stack/data/venv/lib/python3.12/site-packages/oslo_concurrency/lockutils.py:544}}
Aug 07 09:49:43.500773 np0000006704 nova-conductor[95816]: DEBUG oslo_concurrency.lockutils [None req-dfff2b5b-b32e-4722-a660-fc80c7ccbd67 tempest-ServerActionsV293TestJSON-935558217 tempest-ServerActionsV293TestJSON-935558217-project-member] Acquiring lock "b7a93c2b-aa1e-4655-8b1c-afece40d87a7" by "nova.context.set_target_cell..get_or_set_cached_cell_and_set_connections" {{(pid=95816) inner /opt/stack/data/venv/lib/python3.12/site-packages/oslo_concurrency/lockutils.py:512}}
Aug 07 09:49:43.501643 np0000006704 nova-conductor[95816]: DEBUG oslo_concurrency.lockutils [None req-dfff2b5b-b32e-4722-a660-fc80c7ccbd67 tempest-ServerActionsV293TestJSON-935558217 tempest-ServerActionsV293TestJSON-935558217-project-member] Lock "b7a93c2b-aa1e-4655-8b1c-afece40d87a7" acquired by "nova.context.set_target_cell..get_or_set_cached_cell_and_set_connections" :: waited 0.000s {{(pid=95816) inner /opt/stack/data/venv/lib/python3.12/site-packages/oslo_concurrency/lockutils.py:525}}
Aug 07 09:49:43.501643 np0000006704 nova-conductor[95816]: DEBUG oslo_concurrency.lockutils [None req-dfff2b5b-b32e-4722-a660-fc80c7ccbd67 tempest-ServerActionsV293TestJSON-935558217 tempest-ServerActionsV293TestJSON-935558217-project-member] Lock "b7a93c2b-aa1e-4655-8b1c-afece40d87a7" "released" by "nova.context.set_target_cell..get_or_set_cached_cell_and_set_connections" :: held 0.000s {{(pid=95816) inner /opt/stack/data/venv/lib/python3.12/site-packages/oslo_concurrency/lockutils.py:544}}
Aug 07 09:49:43.503046 np0000006704 nova-conductor[95816]: INFO dbcounter [None req-dfff2b5b-b32e-4722-a660-fc80c7ccbd67 tempest-ServerActionsV293TestJSON-935558217 tempest-ServerActionsV293TestJSON-935558217-project-member] Registered counter for database nova_cell0
