Aug 03 10:19:04.820601 np0000006338 devstack@g-api.service[103131]: DEBUG glance.api.middleware.version_negotiation [None req-ae3b697c-7575-4757-93a8-90b4b6e5f5ff tempest-ServerBootFromVolumeStableRescueTest-491111323 tempest-ServerBootFromVolumeStableRescueTest-491111323-project-member] new path /v2/schemas/image {{(pid=103131) process_request /opt/stack/glance/glance/api/middleware/version_negotiation.py:70}}
Aug 03 10:19:04.824737 np0000006338 devstack@g-api.service[103131]: [pid: 103131|app: 0|req: 83/324] 127.0.0.1 () {44 vars in 1055 bytes} [Mon Aug 3 10:19:04 2026] GET /v2/schemas/image => generated 6083 bytes in 3 msecs (HTTP/1.1 200) 4 headers in 158 bytes (1 switches on core 0)
Aug 03 10:19:05.706684 np0000006338 devstack@g-api.service[103129]: DEBUG glance.api.middleware.version_negotiation [None req-52200587-0d1f-4403-9b7e-89e82844d9fe tempest-ServersNegativeTestJSON-873827735 tempest-ServersNegativeTestJSON-873827735-project-member] Determining version of request: GET /v2/schemas/image Accept: */* {{(pid=103129) process_request /opt/stack/glance/glance/api/middleware/version_negotiation.py:44}}
Aug 03 10:19:05.707390 np0000006338 devstack@g-api.service[103129]: DEBUG glance.api.middleware.version_negotiation [None req-52200587-0d1f-4403-9b7e-89e82844d9fe tempest-ServersNegativeTestJSON-873827735 tempest-ServersNegativeTestJSON-873827735-project-member] Using url versioning {{(pid=103129) process_request /opt/stack/glance/glance/api/middleware/version_negotiation.py:57}}
Aug 03 10:19:05.707390 np0000006338 devstack@g-api.service[103129]: DEBUG glance.api.middleware.version_negotiation [None req-52200587-0d1f-4403-9b7e-89e82844d9fe tempest-ServersNegativeTestJSON-873827735 tempest-ServersNegativeTestJSON-873827735-project-member] Matched version: v2 {{(pid=103129) process_request /opt/stack/glance/glance/api/middleware/version_negotiation.py:69}}
Aug 03 10:19:05.707390 np0000006338 devstack@g-api.service[103129]: DEBUG glance.api.middleware.version_negotiation [None req-52200587-0d1f-4403-9b7e-89e82844d9fe tempest-ServersNegativeTestJSON-873827735 tempest-ServersNegativeTestJSON-873827735-project-member] new path /v2/schemas/image {{(pid=103129) process_request /opt/stack/glance/glance/api/middleware/version_negotiation.py:70}}
Aug 03 10:19:05.712071 np0000006338 devstack@g-api.service[103129]: [pid: 103129|app: 0|req: 81/325] 127.0.0.1 () {44 vars in 1055 bytes} [Mon Aug 3 10:19:05 2026] GET /v2/schemas/image => generated 6083 bytes in 6 msecs (HTTP/1.1 200) 4 headers in 158 bytes (1 switches on core 0)
Aug 03 10:19:05.780160 np0000006338 devstack@g-api.service[103130]: DEBUG glance.api.middleware.version_negotiation [None req-52200587-0d1f-4403-9b7e-89e82844d9fe tempest-ServersNegativeTestJSON-873827735 tempest-ServersNegativeTestJSON-873827735-project-member] Determining version of request: POST /v2/images Accept: */* {{(pid=103130) process_request /opt/stack/glance/glance/api/middleware/version_negotiation.py:44}}
Aug 03 10:19:05.780546 np0000006338 devstack@g-api.service[103130]: DEBUG glance.api.middleware.version_negotiation [None req-52200587-0d1f-4403-9b7e-89e82844d9fe tempest-ServersNegativeTestJSON-873827735 tempest-ServersNegativeTestJSON-873827735-project-member] Using url versioning {{(pid=103130) process_request /opt/stack/glance/glance/api/middleware/version_negotiation.py:57}}
Aug 03 10:19:05.780546 np0000006338 devstack@g-api.service[103130]: DEBUG glance.api.middleware.version_negotiation [None req-52200587-0d1f-4403-9b7e-89e82844d9fe tempest-ServersNegativeTestJSON-873827735 tempest-ServersNegativeTestJSON-873827735-project-member] Matched version: v2 {{(pid=103130) process_request /opt/stack/glance/glance/api/middleware/version_negotiation.py:69}}
Aug 03 10:19:05.780666 np0000006338 devstack@g-api.service[103130]: DEBUG glance.api.middleware.version_negotiation [None req-52200587-0d1f-4403-9b7e-89e82844d9fe tempest-ServersNegativeTestJSON-873827735 tempest-ServersNegativeTestJSON-873827735-project-member] new path /v2/images {{(pid=103130) process_request /opt/stack/glance/glance/api/middleware/version_negotiation.py:70}}
Aug 03 10:19:06.600045 np0000006338 devstack@g-api.service[103130]: [pid: 103130|app: 0|req: 84/326] 127.0.0.1 () {46 vars in 1055 bytes} [Mon Aug 3 10:19:05 2026] POST /v2/images => generated 1358 bytes in 820 msecs (HTTP/1.1 201) 6 headers in 316 bytes (1 switches on core 0)
Aug 03 10:19:06.709842 np0000006338 devstack@g-api.service[103132]: DEBUG glance.api.middleware.version_negotiation [None req-a606456a-76d4-494b-bae1-0d5e68db0b35 tempest-ServerRescueNegativeTestJSON-871829601 tempest-ServerRescueNegativeTestJSON-871829601-project-member] Determining version of request: GET /v2/images/097bd431-2d92-4b3f-97de-7735c16df828 Accept: application/json {{(pid=103132) process_request /opt/stack/glance/glance/api/middleware/version_negotiation.py:44}}
Aug 03 10:19:06.710256 np0000006338 devstack@g-api.service[103132]: DEBUG glance.api.middleware.version_negotiation [None req-a606456a-76d4-494b-bae1-0d5e68db0b35 tempest-ServerRescueNegativeTestJSON-871829601 tempest-ServerRescueNegativeTestJSON-871829601-project-member] Using url versioning {{(pid=103132) process_request /opt/stack/glance/glance/api/middleware/version_negotiation.py:57}}
Aug 03 10:19:06.710256 np0000006338 devstack@g-api.service[103132]: DEBUG glance.api.middleware.version_negotiation [None req-a606456a-76d4-494b-bae1-0d5e68db0b35 tempest-ServerRescueNegativeTestJSON-871829601 tempest-ServerRescueNegativeTestJSON-871829601-project-member] Matched version: v2 {{(pid=103132) process_request /opt/stack/glance/glance/api/middleware/version_negotiation.py:69}}
Aug 03 10:19:06.710441 np0000006338 devstack@g-api.service[103132]: DEBUG glance.api.middleware.version_negotiation [None req-a606456a-76d4-494b-bae1-0d5e68db0b35 tempest-ServerRescueNegativeTestJSON-871829601 tempest-ServerRescueNegativeTestJSON-871829601-project-member] new path /v2/images/097bd431-2d92-4b3f-97de-7735c16df828 {{(pid=103132) process_request /opt/stack/glance/glance/api/middleware/version_negotiation.py:70}}
Aug 03 10:19:06.732337 np0000006338 devstack@g-api.service[103132]: [pid: 103132|app: 0|req: 79/327] 127.0.0.1 () {40 vars in 838 bytes} [Mon Aug 3 10:19:06 2026] GET /v2/images/097bd431-2d92-4b3f-97de-7735c16df828 => generated 1358 bytes in 23 msecs (HTTP/1.1 200) 4 headers in 158 bytes (1 switches on core 0)
Aug 03 10:19:07.094948 np0000006338 devstack@g-api.service[103131]: DEBUG glance.api.middleware.version_negotiation [None req-a606456a-76d4-494b-bae1-0d5e68db0b35 tempest-ServerRescueNegativeTestJSON-871829601 tempest-ServerRescueNegativeTestJSON-871829601-project-member] Determining version of request: GET /v2/images/097bd431-2d92-4b3f-97de-7735c16df828 Accept: */* {{(pid=103131) process_request /opt/stack/glance/glance/api/middleware/version_negotiation.py:44}}
Aug 03 10:19:07.094948 np0000006338 devstack@g-api.service[103131]: DEBUG glance.api.middleware.version_negotiation [None req-a606456a-76d4-494b-bae1-0d5e68db0b35 tempest-ServerRescueNegativeTestJSON-871829601 tempest-ServerRescueNegativeTestJSON-871829601-project-member] Using url versioning {{(pid=103131) process_request /opt/stack/glance/glance/api/middleware/version_negotiation.py:57}}
Aug 03 10:19:07.095419 np0000006338 devstack@g-api.service[103131]: DEBUG glance.api.middleware.version_negotiation [None req-a606456a-76d4-494b-bae1-0d5e68db0b35 tempest-ServerRescueNegativeTestJSON-871829601 tempest-ServerRescueNegativeTestJSON-871829601-project-member] Matched version: v2 {{(pid=103131) process_request /opt/stack/glance/glance/api/middleware/version_negotiation.py:69}}
Aug 03 10:19:07.095419 np0000006338 devstack@g-api.service[103131]: DEBUG glance.api.middleware.version_negotiation [None req-a606456a-76d4-494b-bae1-0d5e68db0b35 tempest-ServerRescueNegativeTestJSON-871829601 tempest-ServerRescueNegativeTestJSON-871829601-project-member] new path /v2/images/097bd431-2d92-4b3f-97de-7735c16df828 {{(pid=103131) process_request /opt/stack/glance/glance/api/middleware/version_negotiation.py:70}}
Aug 03 10:19:07.116054 np0000006338 devstack@g-api.service[103131]: [pid: 103131|app: 0|req: 84/328] 127.0.0.1 () {44 vars in 1115 bytes} [Mon Aug 3 10:19:07 2026] GET /v2/images/097bd431-2d92-4b3f-97de-7735c16df828 => generated 1358 bytes in 21 msecs (HTTP/1.1 200) 4 headers in 158 bytes (1 switches on core 0)
Aug 03 10:19:07.154700 np0000006338 devstack@g-api.service[103129]: DEBUG glance.api.middleware.version_negotiation [None req-e6a27a87-39f2-40ca-8eac-5d8884d40d98 tempest-ServerBootFromVolumeStableRescueTest-491111323 tempest-ServerBootFromVolumeStableRescueTest-491111323-project-member] Determining version of request: GET /v2/schemas/image Accept: */* {{(pid=103129) process_request /opt/stack/glance/glance/api/middleware/version_negotiation.py:44}}
Aug 03 10:19:07.155249 np0000006338 devstack@g-api.service[103129]: DEBUG glance.api.middleware.version_negotiation [None req-e6a27a87-39f2-40ca-8eac-5d8884d40d98 tempest-ServerBootFromVolumeStableRescueTest-491111323 tempest-ServerBootFromVolumeStableRescueTest-491111323-project-member] Using url versioning {{(pid=103129) process_request /opt/stack/glance/glance/api/middleware/version_negotiation.py:57}}
Aug 03 10:19:07.155249 np0000006338 devstack@g-api.service[103129]: DEBUG glance.api.middleware.version_negotiation [None req-e6a27a87-39f2-40ca-8eac-5d8884d40d98 tempest-ServerBootFromVolumeStableRescueTest-491111323 tempest-ServerBootFromVolumeStableRescueTest-491111323-project-member] Matched version: v2 {{(pid=103129) process_request /opt/stack/glance/glance/api/middleware/version_negotiation.py:69}}
Aug 03 10:19:07.155249 np0000006338 devstack@g-api.service[103129]: DEBUG glance.api.middleware.version_negotiation [None req-e6a27a87-39f2-40ca-8eac-5d8884d40d98 tempest-ServerBootFromVolumeStableRescueTest-491111323 tempest-ServerBootFromVolumeStableRescueTest-491111323-project-member] new path /v2/schemas/image {{(pid=103129) process_request /opt/stack/glance/glance/api/middleware/version_negotiation.py:70}}
Aug 03 10:19:07.160598 np0000006338 devstack@g-api.service[103129]: [pid: 103129|app: 0|req: 82/329] 127.0.0.1 () {44 vars in 1055 bytes} [Mon Aug 3 10:19:07 2026] GET /v2/schemas/image => generated 6083 bytes in 6 msecs (HTTP/1.1 200) 4 headers in 158 bytes (1 switches on core 0)
Aug 03 10:19:07.744352 np0000006338 devstack@g-api.service[103130]: DEBUG glance.api.middleware.version_negotiation [None req-e6a27a87-39f2-40ca-8eac-5d8884d40d98 tempest-ServerBootFromVolumeStableRescueTest-491111323 tempest-ServerBootFromVolumeStableRescueTest-491111323-project-member] Determining version of request: GET /v2/images/097bd431-2d92-4b3f-97de-7735c16df828 Accept: application/json {{(pid=103130) process_request /opt/stack/glance/glance/api/middleware/version_negotiation.py:44}}
Aug 03 10:19:07.744715 np0000006338 devstack@g-api.service[103130]: DEBUG glance.api.middleware.version_negotiation [None req-e6a27a87-39f2-40ca-8eac-5d8884d40d98 tempest-ServerBootFromVolumeStableRescueTest-491111323 tempest-ServerBootFromVolumeStableRescueTest-491111323-project-member] Using url versioning {{(pid=103130) process_request /opt/stack/glance/glance/api/middleware/version_negotiation.py:57}}
Aug 03 10:19:07.744715 np0000006338 devstack@g-api.service[103130]: DEBUG glance.api.middleware.version_negotiation [None req-e6a27a87-39f2-40ca-8eac-5d8884d40d98 tempest-ServerBootFromVolumeStableRescueTest-491111323 tempest-ServerBootFromVolumeStableRescueTest-491111323-project-member] Matched version: v2 {{(pid=103130) process_request /opt/stack/glance/glance/api/middleware/version_negotiation.py:69}}
Aug 03 10:19:07.744715 np0000006338 devstack@g-api.service[103130]: DEBUG glance.api.middleware.version_negotiation [None req-e6a27a87-39f2-40ca-8eac-5d8884d40d98 tempest-ServerBootFromVolumeStableRescueTest-491111323 tempest-ServerBootFromVolumeStableRescueTest-491111323-project-member] new path /v2/images/097bd431-2d92-4b3f-97de-7735c16df828 {{(pid=103130) process_request /opt/stack/glance/glance/api/middleware/version_negotiation.py:70}}
Aug 03 10:19:07.780065 np0000006338 devstack@g-api.service[103130]: [pid: 103130|app: 0|req: 85/330] 127.0.0.1 () {40 vars in 838 bytes} [Mon Aug 3 10:19:07 2026] GET /v2/images/097bd431-2d92-4b3f-97de-7735c16df828 => generated 1358 bytes in 35 msecs (HTTP/1.1 200) 4 headers in 158 bytes (1 switches on core 0)
Aug 03 10:19:08.804236 np0000006338 devstack@g-api.service[103132]: DEBUG glance.api.middleware.version_negotiation [None req-e55d42ac-910f-4976-a856-6d4a1b01621e tempest-ServerBootFromVolumeStableRescueTest-491111323 tempest-ServerBootFromVolumeStableRescueTest-491111323-project-member] Determining version of request: GET /v2/images/097bd431-2d92-4b3f-97de-7735c16df828 Accept: application/json {{(pid=103132) process_request /opt/stack/glance/glance/api/middleware/version_negotiation.py:44}}
Aug 03 10:19:08.804572 np0000006338 devstack@g-api.service[103132]: DEBUG glance.api.middleware.version_negotiation [None req-e55d42ac-910f-4976-a856-6d4a1b01621e tempest-ServerBootFromVolumeStableRescueTest-491111323 tempest-ServerBootFromVolumeStableRescueTest-491111323-project-member] Using url versioning {{(pid=103132) process_request /opt/stack/glance/glance/api/middleware/version_negotiation.py:57}}
Aug 03 10:19:08.804676 np0000006338 devstack@g-api.service[103132]: DEBUG glance.api.middleware.version_negotiation [None req-e55d42ac-910f-4976-a856-6d4a1b01621e tempest-ServerBootFromVolumeStableRescueTest-491111323 tempest-ServerBootFromVolumeStableRescueTest-491111323-project-member] Matched version: v2 {{(pid=103132) process_request /opt/stack/glance/glance/api/middleware/version_negotiation.py:69}}
Aug 03 10:19:08.805128 np0000006338 devstack@g-api.service[103132]: DEBUG glance.api.middleware.version_negotiation [None req-e55d42ac-910f-4976-a856-6d4a1b01621e tempest-ServerBootFromVolumeStableRescueTest-491111323 tempest-ServerBootFromVolumeStableRescueTest-491111323-project-member] new path /v2/images/097bd431-2d92-4b3f-97de-7735c16df828 {{(pid=103132) process_request /opt/stack/glance/glance/api/middleware/version_negotiation.py:70}}
Aug 03 10:19:08.819714 np0000006338 devstack@g-api.service[103131]: DEBUG glance.api.middleware.version_negotiation [None req-e6a27a87-39f2-40ca-8eac-5d8884d40d98 tempest-ServerBootFromVolumeStableRescueTest-491111323 tempest-ServerBootFromVolumeStableRescueTest-491111323-project-member] Determining version of request: GET /v2/images/097bd431-2d92-4b3f-97de-7735c16df828 Accept: */* {{(pid=103131) process_request /opt/stack/glance/glance/api/middleware/version_negotiation.py:44}}
Aug 03 10:19:08.819714 np0000006338 devstack@g-api.service[103131]: DEBUG glance.api.middleware.version_negotiation [None req-e6a27a87-39f2-40ca-8eac-5d8884d40d98 tempest-ServerBootFromVolumeStableRescueTest-491111323 tempest-ServerBootFromVolumeStableRescueTest-491111323-project-member] Using url versioning {{(pid=103131) process_request /opt/stack/glance/glance/api/middleware/version_negotiation.py:57}}
Aug 03 10:19:08.820955 np0000006338 devstack@g-api.service[103131]: DEBUG glance.api.middleware.version_negotiation [None req-e6a27a87-39f2-40ca-8eac-5d8884d40d98 tempest-ServerBootFromVolumeStableRescueTest-491111323 tempest-ServerBootFromVolumeStableRescueTest-491111323-project-member] Matched version: v2 {{(pid=103131) process_request /opt/stack/glance/glance/api/middleware/version_negotiation.py:69}}
Aug 03 10:19:08.820955 np0000006338 devstack@g-api.service[103131]: DEBUG glance.api.middleware.version_negotiation [None req-e6a27a87-39f2-40ca-8eac-5d8884d40d98 tempest-ServerBootFromVolumeStableRescueTest-491111323 tempest-ServerBootFromVolumeStableRescueTest-491111323-project-member] new path /v2/images/097bd431-2d92-4b3f-97de-7735c16df828 {{(pid=103131) process_request /opt/stack/glance/glance/api/middleware/version_negotiation.py:70}}
Aug 03 10:19:08.831405 np0000006338 devstack@g-api.service[103132]: [pid: 103132|app: 0|req: 80/331] 127.0.0.1 () {40 vars in 838 bytes} [Mon Aug 3 10:19:08 2026] GET /v2/images/097bd431-2d92-4b3f-97de-7735c16df828 => generated 1358 bytes in 27 msecs (HTTP/1.1 200) 4 headers in 158 bytes (1 switches on core 0)
Aug 03 10:19:08.845041 np0000006338 devstack@g-api.service[103131]: [pid: 103131|app: 0|req: 85/332] 127.0.0.1 () {44 vars in 1115 bytes} [Mon Aug 3 10:19:08 2026] GET /v2/images/097bd431-2d92-4b3f-97de-7735c16df828 => generated 1358 bytes in 26 msecs (HTTP/1.1 200) 4 headers in 158 bytes (1 switches on core 0)
Aug 03 10:19:08.915207 np0000006338 devstack@g-api.service[103129]: DEBUG glance.api.middleware.version_negotiation [None req-e6a27a87-39f2-40ca-8eac-5d8884d40d98 tempest-ServerBootFromVolumeStableRescueTest-491111323 tempest-ServerBootFromVolumeStableRescueTest-491111323-project-member] Determining version of request: GET /v2/schemas/image Accept: */* {{(pid=103129) process_request /opt/stack/glance/glance/api/middleware/version_negotiation.py:44}}
Aug 03 10:19:08.915620 np0000006338 devstack@g-api.service[103129]: DEBUG glance.api.middleware.version_negotiation [None req-e6a27a87-39f2-40ca-8eac-5d8884d40d98 tempest-ServerBootFromVolumeStableRescueTest-491111323 tempest-ServerBootFromVolumeStableRescueTest-491111323-project-member] Using url versioning {{(pid=103129) process_request /opt/stack/glance/glance/api/middleware/version_negotiation.py:57}}
Aug 03 10:19:08.915620 np0000006338 devstack@g-api.service[103129]: DEBUG glance.api.middleware.version_negotiation [None req-e6a27a87-39f2-40ca-8eac-5d8884d40d98 tempest-ServerBootFromVolumeStableRescueTest-491111323 tempest-ServerBootFromVolumeStableRescueTest-491111323-project-member] Matched version: v2 {{(pid=103129) process_request /opt/stack/glance/glance/api/middleware/version_negotiation.py:69}}
Aug 03 10:19:08.915620 np0000006338 devstack@g-api.service[103129]: DEBUG glance.api.middleware.version_negotiation [None req-e6a27a87-39f2-40ca-8eac-5d8884d40d98 tempest-ServerBootFromVolumeStableRescueTest-491111323 tempest-ServerBootFromVolumeStableRescueTest-491111323-project-member] new path /v2/schemas/image {{(pid=103129) process_request /opt/stack/glance/glance/api/middleware/version_negotiation.py:70}}
Aug 03 10:19:08.920276 np0000006338 devstack@g-api.service[103129]: [pid: 103129|app: 0|req: 83/333] 127.0.0.1 () {44 vars in 1055 bytes} [Mon Aug 3 10:19:08 2026] GET /v2/schemas/image => generated 6083 bytes in 5 msecs (HTTP/1.1 200) 4 headers in 158 bytes (1 switches on core 0)
Aug 03 10:19:08.965518 np0000006338 devstack@g-api.service[103130]: DEBUG glance.api.middleware.version_negotiation [None req-5dfbff65-d51f-4fa3-8010-d899f58146ca tempest-ServerBootFromVolumeStableRescueTest-491111323 tempest-ServerBootFromVolumeStableRescueTest-491111323-project-member] Determining version of request: GET /v2/schemas/image Accept: */* {{(pid=103130) process_request /opt/stack/glance/glance/api/middleware/version_negotiation.py:44}}
Aug 03 10:19:08.965929 np0000006338 devstack@g-api.service[103130]: DEBUG glance.api.middleware.version_negotiation [None req-5dfbff65-d51f-4fa3-8010-d899f58146ca tempest-ServerBootFromVolumeStableRescueTest-491111323 tempest-ServerBootFromVolumeStableRescueTest-491111323-project-member] Using url versioning {{(pid=103130) process_request /opt/stack/glance/glance/api/middleware/version_negotiation.py:57}}
Aug 03 10:19:08.965929 np0000006338 devstack@g-api.service[103130]: DEBUG glance.api.middleware.version_negotiation [None req-5dfbff65-d51f-4fa3-8010-d899f58146ca tempest-ServerBootFromVolumeStableRescueTest-491111323 tempest-ServerBootFromVolumeStableRescueTest-491111323-project-member] Matched version: v2 {{(pid=103130) process_request /opt/stack/glance/glance/api/middleware/version_negotiation.py:69}}
Aug 03 10:19:08.966046 np0000006338 devstack@g-api.service[103130]: DEBUG glance.api.middleware.version_negotiation [None req-5dfbff65-d51f-4fa3-8010-d899f58146ca tempest-ServerBootFromVolumeStableRescueTest-491111323 tempest-ServerBootFromVolumeStableRescueTest-491111323-project-member] new path /v2/schemas/image {{(pid=103130) process_request /opt/stack/glance/glance/api/middleware/version_negotiation.py:70}}
Aug 03 10:19:08.969230 np0000006338 devstack@g-api.service[103130]: [pid: 103130|app: 0|req: 86/334] 127.0.0.1 () {44 vars in 1055 bytes} [Mon Aug 3 10:19:08 2026] GET /v2/schemas/image => generated 6083 bytes in 4 msecs (HTTP/1.1 200) 4 headers in 158 bytes (1 switches on core 0)
Aug 03 10:19:09.023732 np0000006338 devstack@g-api.service[103132]: DEBUG glance.api.middleware.version_negotiation [None req-dafc5c55-160c-4dda-b6a9-192ce3b04257 tempest-ServerBootFromVolumeStableRescueTest-491111323 tempest-ServerBootFromVolumeStableRescueTest-491111323-project-member] Determining version of request: PATCH /v2/images/097bd431-2d92-4b3f-97de-7735c16df828 Accept: */* {{(pid=103132) process_request /opt/stack/glance/glance/api/middleware/version_negotiation.py:44}}
Aug 03 10:19:09.023888 np0000006338 devstack@g-api.service[103132]: DEBUG glance.api.middleware.version_negotiation [None req-dafc5c55-160c-4dda-b6a9-192ce3b04257 tempest-ServerBootFromVolumeStableRescueTest-491111323 tempest-ServerBootFromVolumeStableRescueTest-491111323-project-member] Using url versioning {{(pid=103132) process_request /opt/stack/glance/glance/api/middleware/version_negotiation.py:57}}
Aug 03 10:19:09.024109 np0000006338 devstack@g-api.service[103132]: DEBUG glance.api.middleware.version_negotiation [None req-dafc5c55-160c-4dda-b6a9-192ce3b04257 tempest-ServerBootFromVolumeStableRescueTest-491111323 tempest-ServerBootFromVolumeStableRescueTest-491111323-project-member] Matched version: v2 {{(pid=103132) process_request /opt/stack/glance/glance/api/middleware/version_negotiation.py:69}}
Aug 03 10:19:09.024188 np0000006338 devstack@g-api.service[103132]: DEBUG glance.api.middleware.version_negotiation [None req-dafc5c55-160c-4dda-b6a9-192ce3b04257 tempest-ServerBootFromVolumeStableRescueTest-491111323 tempest-ServerBootFromVolumeStableRescueTest-491111323-project-member] new path /v2/images/097bd431-2d92-4b3f-97de-7735c16df828 {{(pid=103132) process_request /opt/stack/glance/glance/api/middleware/version_negotiation.py:70}}
Aug 03 10:19:09.254532 np0000006338 devstack@g-api.service[103132]: [pid: 103132|app: 0|req: 81/335] 127.0.0.1 () {46 vars in 1158 bytes} [Mon Aug 3 10:19:09 2026] PATCH /v2/images/097bd431-2d92-4b3f-97de-7735c16df828 => generated 1469 bytes in 231 msecs (HTTP/1.1 200) 4 headers in 158 bytes (1 switches on core 0)
Aug 03 10:19:09.309569 np0000006338 devstack@g-api.service[103131]: DEBUG glance.api.middleware.version_negotiation [None req-e6a27a87-39f2-40ca-8eac-5d8884d40d98 tempest-ServerBootFromVolumeStableRescueTest-491111323 tempest-ServerBootFromVolumeStableRescueTest-491111323-project-member] Determining version of request: GET /v2/images/097bd431-2d92-4b3f-97de-7735c16df828 Accept: */* {{(pid=103131) process_request /opt/stack/glance/glance/api/middleware/version_negotiation.py:44}}
Aug 03 10:19:09.310266 np0000006338 devstack@g-api.service[103131]: DEBUG glance.api.middleware.version_negotiation [None req-e6a27a87-39f2-40ca-8eac-5d8884d40d98 tempest-ServerBootFromVolumeStableRescueTest-491111323 tempest-ServerBootFromVolumeStableRescueTest-491111323-project-member] Using url versioning {{(pid=103131) process_request /opt/stack/glance/glance/api/middleware/version_negotiation.py:57}}
Aug 03 10:19:09.310266 np0000006338 devstack@g-api.service[103131]: DEBUG glance.api.middleware.version_negotiation [None req-e6a27a87-39f2-40ca-8eac-5d8884d40d98 tempest-ServerBootFromVolumeStableRescueTest-491111323 tempest-ServerBootFromVolumeStableRescueTest-491111323-project-member] Matched version: v2 {{(pid=103131) process_request /opt/stack/glance/glance/api/middleware/version_negotiation.py:69}}
Aug 03 10:19:09.310878 np0000006338 devstack@g-api.service[103131]: DEBUG glance.api.middleware.version_negotiation [None req-e6a27a87-39f2-40ca-8eac-5d8884d40d98 tempest-ServerBootFromVolumeStableRescueTest-491111323 tempest-ServerBootFromVolumeStableRescueTest-491111323-project-member] new path /v2/images/097bd431-2d92-4b3f-97de-7735c16df828 {{(pid=103131) process_request /opt/stack/glance/glance/api/middleware/version_negotiation.py:70}}
Aug 03 10:19:09.331411 np0000006338 devstack@g-api.service[103131]: [pid: 103131|app: 0|req: 86/336] 127.0.0.1 () {44 vars in 1115 bytes} [Mon Aug 3 10:19:09 2026] GET /v2/images/097bd431-2d92-4b3f-97de-7735c16df828 => generated 1469 bytes in 22 msecs (HTTP/1.1 200) 4 headers in 158 bytes (1 switches on core 0)
Aug 03 10:19:09.399963 np0000006338 devstack@g-api.service[103129]: DEBUG glance.api.middleware.version_negotiation [None req-e6a27a87-39f2-40ca-8eac-5d8884d40d98 tempest-ServerBootFromVolumeStableRescueTest-491111323 tempest-ServerBootFromVolumeStableRescueTest-491111323-project-member] Determining version of request: PUT /v2/images/097bd431-2d92-4b3f-97de-7735c16df828/file Accept: */* {{(pid=103129) process_request /opt/stack/glance/glance/api/middleware/version_negotiation.py:44}}
Aug 03 10:19:09.399963 np0000006338 devstack@g-api.service[103129]: DEBUG glance.api.middleware.version_negotiation [None req-e6a27a87-39f2-40ca-8eac-5d8884d40d98 tempest-ServerBootFromVolumeStableRescueTest-491111323 tempest-ServerBootFromVolumeStableRescueTest-491111323-project-member] Using url versioning {{(pid=103129) process_request /opt/stack/glance/glance/api/middleware/version_negotiation.py:57}}
Aug 03 10:19:09.399963 np0000006338 devstack@g-api.service[103129]: DEBUG glance.api.middleware.version_negotiation [None req-e6a27a87-39f2-40ca-8eac-5d8884d40d98 tempest-ServerBootFromVolumeStableRescueTest-491111323 tempest-ServerBootFromVolumeStableRescueTest-491111323-project-member] Matched version: v2 {{(pid=103129) process_request /opt/stack/glance/glance/api/middleware/version_negotiation.py:69}}
Aug 03 10:19:09.399963 np0000006338 devstack@g-api.service[103129]: DEBUG glance.api.middleware.version_negotiation [None req-e6a27a87-39f2-40ca-8eac-5d8884d40d98 tempest-ServerBootFromVolumeStableRescueTest-491111323 tempest-ServerBootFromVolumeStableRescueTest-491111323-project-member] new path /v2/images/097bd431-2d92-4b3f-97de-7735c16df828/file {{(pid=103129) process_request /opt/stack/glance/glance/api/middleware/version_negotiation.py:70}}
Aug 03 10:19:09.843224 np0000006338 devstack@g-api.service[103130]: DEBUG glance.api.middleware.version_negotiation [None req-e6a27a87-39f2-40ca-8eac-5d8884d40d98 tempest-ServerBootFromVolumeStableRescueTest-491111323 tempest-ServerBootFromVolumeStableRescueTest-491111323-project-member] Determining version of request: GET /v2/images/097bd431-2d92-4b3f-97de-7735c16df828 Accept: application/json {{(pid=103130) process_request /opt/stack/glance/glance/api/middleware/version_negotiation.py:44}}
Aug 03 10:19:09.843339 np0000006338 devstack@g-api.service[103130]: DEBUG glance.api.middleware.version_negotiation [None req-e6a27a87-39f2-40ca-8eac-5d8884d40d98 tempest-ServerBootFromVolumeStableRescueTest-491111323 tempest-ServerBootFromVolumeStableRescueTest-491111323-project-member] Using url versioning {{(pid=103130) process_request /opt/stack/glance/glance/api/middleware/version_negotiation.py:57}}
Aug 03 10:19:09.843389 np0000006338 devstack@g-api.service[103130]: DEBUG glance.api.middleware.version_negotiation [None req-e6a27a87-39f2-40ca-8eac-5d8884d40d98 tempest-ServerBootFromVolumeStableRescueTest-491111323 tempest-ServerBootFromVolumeStableRescueTest-491111323-project-member] Matched version: v2 {{(pid=103130) process_request /opt/stack/glance/glance/api/middleware/version_negotiation.py:69}}
Aug 03 10:19:09.844179 np0000006338 devstack@g-api.service[103130]: DEBUG glance.api.middleware.version_negotiation [None req-e6a27a87-39f2-40ca-8eac-5d8884d40d98 tempest-ServerBootFromVolumeStableRescueTest-491111323 tempest-ServerBootFromVolumeStableRescueTest-491111323-project-member] new path /v2/images/097bd431-2d92-4b3f-97de-7735c16df828 {{(pid=103130) process_request /opt/stack/glance/glance/api/middleware/version_negotiation.py:70}}
Aug 03 10:19:09.857749 np0000006338 devstack@g-api.service[103130]: [pid: 103130|app: 0|req: 87/337] 127.0.0.1 () {40 vars in 838 bytes} [Mon Aug 3 10:19:09 2026] GET /v2/images/097bd431-2d92-4b3f-97de-7735c16df828 => generated 1469 bytes in 15 msecs (HTTP/1.1 200) 4 headers in 158 bytes (1 switches on core 0)
Aug 03 10:19:10.186884 np0000006338 devstack@g-api.service[103129]: INFO glance.api.v2.image_data [None req-e6a27a87-39f2-40ca-8eac-5d8884d40d98 tempest-ServerBootFromVolumeStableRescueTest-491111323 tempest-ServerBootFromVolumeStableRescueTest-491111323-project-member] Unable to create trust: no such option collect_timing in group [keystone_authtoken] Use the existing user token.
Aug 03 10:19:10.868478 np0000006338 devstack@g-api.service[103132]: DEBUG glance.api.middleware.version_negotiation [None req-e6a27a87-39f2-40ca-8eac-5d8884d40d98 tempest-ServerBootFromVolumeStableRescueTest-491111323 tempest-ServerBootFromVolumeStableRescueTest-491111323-project-member] Determining version of request: GET /v2/images/097bd431-2d92-4b3f-97de-7735c16df828 Accept: application/json {{(pid=103132) process_request /opt/stack/glance/glance/api/middleware/version_negotiation.py:44}}
Aug 03 10:19:10.869249 np0000006338 devstack@g-api.service[103132]: DEBUG glance.api.middleware.version_negotiation [None req-e6a27a87-39f2-40ca-8eac-5d8884d40d98 tempest-ServerBootFromVolumeStableRescueTest-491111323 tempest-ServerBootFromVolumeStableRescueTest-491111323-project-member] Using url versioning {{(pid=103132) process_request /opt/stack/glance/glance/api/middleware/version_negotiation.py:57}}
Aug 03 10:19:10.869249 np0000006338 devstack@g-api.service[103132]: DEBUG glance.api.middleware.version_negotiation [None req-e6a27a87-39f2-40ca-8eac-5d8884d40d98 tempest-ServerBootFromVolumeStableRescueTest-491111323 tempest-ServerBootFromVolumeStableRescueTest-491111323-project-member] Matched version: v2 {{(pid=103132) process_request /opt/stack/glance/glance/api/middleware/version_negotiation.py:69}}
Aug 03 10:19:10.869249 np0000006338 devstack@g-api.service[103132]: DEBUG glance.api.middleware.version_negotiation [None req-e6a27a87-39f2-40ca-8eac-5d8884d40d98 tempest-ServerBootFromVolumeStableRescueTest-491111323 tempest-ServerBootFromVolumeStableRescueTest-491111323-project-member] new path /v2/images/097bd431-2d92-4b3f-97de-7735c16df828 {{(pid=103132) process_request /opt/stack/glance/glance/api/middleware/version_negotiation.py:70}}
Aug 03 10:19:10.893256 np0000006338 devstack@g-api.service[103132]: [pid: 103132|app: 0|req: 82/338] 127.0.0.1 () {40 vars in 838 bytes} [Mon Aug 3 10:19:10 2026] GET /v2/images/097bd431-2d92-4b3f-97de-7735c16df828 => generated 1469 bytes in 25 msecs (HTTP/1.1 200) 4 headers in 158 bytes (1 switches on core 0)
Aug 03 10:19:10.943319 np0000006338 devstack@g-api.service[103129]: DEBUG glance.location [None req-e6a27a87-39f2-40ca-8eac-5d8884d40d98 tempest-ServerBootFromVolumeStableRescueTest-491111323 tempest-ServerBootFromVolumeStableRescueTest-491111323-project-member] Enabling in-flight format inspection for qcow2 {{(pid=103129) set_data /opt/stack/glance/glance/location.py:596}}
Aug 03 10:19:10.943878 np0000006338 devstack@g-api.service[103129]: DEBUG glance_store.backend [None req-e6a27a87-39f2-40ca-8eac-5d8884d40d98 tempest-ServerBootFromVolumeStableRescueTest-491111323 tempest-ServerBootFromVolumeStableRescueTest-491111323-project-member] Attempting to import store swift {{(pid=103129) _load_store /opt/stack/data/venv/lib/python3.12/site-packages/glance_store/backend.py:215}}
Aug 03 10:19:10.946321 np0000006338 devstack@g-api.service[103129]: DEBUG glance_store.capabilities [None req-e6a27a87-39f2-40ca-8eac-5d8884d40d98 tempest-ServerBootFromVolumeStableRescueTest-491111323 tempest-ServerBootFromVolumeStableRescueTest-491111323-project-member] Store glance_store._drivers.swift.store.SingleTenantStore doesn't support updating dynamic storage capabilities. Please overwrite 'update_capabilities' method of the store to implement updating logics if needed. {{(pid=103129) update_capabilities /opt/stack/data/venv/lib/python3.12/site-packages/glance_store/capabilities.py:91}}
Aug 03 10:19:10.946321 np0000006338 devstack@g-api.service[103129]: DEBUG glance_store.driver [None req-e6a27a87-39f2-40ca-8eac-5d8884d40d98 tempest-ServerBootFromVolumeStableRescueTest-491111323 tempest-ServerBootFromVolumeStableRescueTest-491111323-project-member] Late loading location class glance_store._drivers.swift.store.StoreLocation {{(pid=103129) get_store_location_class /opt/stack/data/venv/lib/python3.12/site-packages/glance_store/driver.py:134}}
Aug 03 10:19:10.946321 np0000006338 devstack@g-api.service[103129]: DEBUG glance_store.location [None req-e6a27a87-39f2-40ca-8eac-5d8884d40d98 tempest-ServerBootFromVolumeStableRescueTest-491111323 tempest-ServerBootFromVolumeStableRescueTest-491111323-project-member] Registering scheme swift+https with {'store': , 'location_class': , 'store_entry': 'swift'} {{(pid=103129) register_scheme_map /opt/stack/data/venv/lib/python3.12/site-packages/glance_store/location.py:146}}
Aug 03 10:19:10.946321 np0000006338 devstack@g-api.service[103129]: DEBUG glance_store.location [None req-e6a27a87-39f2-40ca-8eac-5d8884d40d98 tempest-ServerBootFromVolumeStableRescueTest-491111323 tempest-ServerBootFromVolumeStableRescueTest-491111323-project-member] Registering scheme swift+https with {'store': , 'location_class': , 'store_entry': 'swift'} {{(pid=103129) register_scheme_map /opt/stack/data/venv/lib/python3.12/site-packages/glance_store/location.py:146}}
Aug 03 10:19:10.946321 np0000006338 devstack@g-api.service[103129]: DEBUG glance_store.location [None req-e6a27a87-39f2-40ca-8eac-5d8884d40d98 tempest-ServerBootFromVolumeStableRescueTest-491111323 tempest-ServerBootFromVolumeStableRescueTest-491111323-project-member] Registering scheme swift with {'store': , 'location_class': , 'store_entry': 'swift'} {{(pid=103129) register_scheme_map /opt/stack/data/venv/lib/python3.12/site-packages/glance_store/location.py:146}}
Aug 03 10:19:10.946321 np0000006338 devstack@g-api.service[103129]: DEBUG glance_store.location [None req-e6a27a87-39f2-40ca-8eac-5d8884d40d98 tempest-ServerBootFromVolumeStableRescueTest-491111323 tempest-ServerBootFromVolumeStableRescueTest-491111323-project-member] Registering scheme swift+https with {'store': , 'location_class': , 'store_entry': 'swift'} {{(pid=103129) register_scheme_map /opt/stack/data/venv/lib/python3.12/site-packages/glance_store/location.py:146}}
Aug 03 10:19:10.946321 np0000006338 devstack@g-api.service[103129]: DEBUG glance_store.location [None req-e6a27a87-39f2-40ca-8eac-5d8884d40d98 tempest-ServerBootFromVolumeStableRescueTest-491111323 tempest-ServerBootFromVolumeStableRescueTest-491111323-project-member] Registering scheme swift with {'store': , 'location_class': , 'store_entry': 'swift'} {{(pid=103129) register_scheme_map /opt/stack/data/venv/lib/python3.12/site-packages/glance_store/location.py:146}}
Aug 03 10:19:10.946321 np0000006338 devstack@g-api.service[103129]: DEBUG glance_store.location [None req-e6a27a87-39f2-40ca-8eac-5d8884d40d98 tempest-ServerBootFromVolumeStableRescueTest-491111323 tempest-ServerBootFromVolumeStableRescueTest-491111323-project-member] Registering scheme swift+http with {'store': , 'location_class': , 'store_entry': 'swift'} {{(pid=103129) register_scheme_map /opt/stack/data/venv/lib/python3.12/site-packages/glance_store/location.py:146}}
Aug 03 10:19:10.948087 np0000006338 devstack@g-api.service[103129]: DEBUG glance_store.location [None req-e6a27a87-39f2-40ca-8eac-5d8884d40d98 tempest-ServerBootFromVolumeStableRescueTest-491111323 tempest-ServerBootFromVolumeStableRescueTest-491111323-project-member] Registering scheme swift+https with {'store': , 'location_class': , 'store_entry': 'swift'} {{(pid=103129) register_scheme_map /opt/stack/data/venv/lib/python3.12/site-packages/glance_store/location.py:146}}
Aug 03 10:19:10.948087 np0000006338 devstack@g-api.service[103129]: DEBUG glance_store.location [None req-e6a27a87-39f2-40ca-8eac-5d8884d40d98 tempest-ServerBootFromVolumeStableRescueTest-491111323 tempest-ServerBootFromVolumeStableRescueTest-491111323-project-member] Registering scheme swift with {'store': , 'location_class': , 'store_entry': 'swift'} {{(pid=103129) register_scheme_map /opt/stack/data/venv/lib/python3.12/site-packages/glance_store/location.py:146}}
Aug 03 10:19:10.948087 np0000006338 devstack@g-api.service[103129]: DEBUG glance_store.location [None req-e6a27a87-39f2-40ca-8eac-5d8884d40d98 tempest-ServerBootFromVolumeStableRescueTest-491111323 tempest-ServerBootFromVolumeStableRescueTest-491111323-project-member] Registering scheme swift+http with {'store': , 'location_class': , 'store_entry': 'swift'} {{(pid=103129) register_scheme_map /opt/stack/data/venv/lib/python3.12/site-packages/glance_store/location.py:146}}
Aug 03 10:19:10.948087 np0000006338 devstack@g-api.service[103129]: DEBUG glance_store.location [None req-e6a27a87-39f2-40ca-8eac-5d8884d40d98 tempest-ServerBootFromVolumeStableRescueTest-491111323 tempest-ServerBootFromVolumeStableRescueTest-491111323-project-member] Registering scheme swift+config with {'store': , 'location_class': , 'store_entry': 'swift'} {{(pid=103129) register_scheme_map /opt/stack/data/venv/lib/python3.12/site-packages/glance_store/location.py:146}}
Aug 03 10:19:11.214695 np0000006338 devstack@g-api.service[103131]: DEBUG glance.api.middleware.version_negotiation [None req-e6a27a87-39f2-40ca-8eac-5d8884d40d98 tempest-ServerBootFromVolumeStableRescueTest-491111323 tempest-ServerBootFromVolumeStableRescueTest-491111323-project-member] Determining version of request: GET /v2/images/049fb228-6df0-4fbc-8603-6320a4f284be Accept: */* {{(pid=103131) process_request /opt/stack/glance/glance/api/middleware/version_negotiation.py:44}}
Aug 03 10:19:11.214695 np0000006338 devstack@g-api.service[103131]: DEBUG glance.api.middleware.version_negotiation [None req-e6a27a87-39f2-40ca-8eac-5d8884d40d98 tempest-ServerBootFromVolumeStableRescueTest-491111323 tempest-ServerBootFromVolumeStableRescueTest-491111323-project-member] Using url versioning {{(pid=103131) process_request /opt/stack/glance/glance/api/middleware/version_negotiation.py:57}}
Aug 03 10:19:11.214695 np0000006338 devstack@g-api.service[103131]: DEBUG glance.api.middleware.version_negotiation [None req-e6a27a87-39f2-40ca-8eac-5d8884d40d98 tempest-ServerBootFromVolumeStableRescueTest-491111323 tempest-ServerBootFromVolumeStableRescueTest-491111323-project-member] Matched version: v2 {{(pid=103131) process_request /opt/stack/glance/glance/api/middleware/version_negotiation.py:69}}
Aug 03 10:19:11.214695 np0000006338 devstack@g-api.service[103131]: DEBUG glance.api.middleware.version_negotiation [None req-e6a27a87-39f2-40ca-8eac-5d8884d40d98 tempest-ServerBootFromVolumeStableRescueTest-491111323 tempest-ServerBootFromVolumeStableRescueTest-491111323-project-member] new path /v2/images/049fb228-6df0-4fbc-8603-6320a4f284be {{(pid=103131) process_request /opt/stack/glance/glance/api/middleware/version_negotiation.py:70}}
Aug 03 10:19:11.233488 np0000006338 devstack@g-api.service[103131]: [pid: 103131|app: 0|req: 87/339] 127.0.0.1 () {44 vars in 1115 bytes} [Mon Aug 3 10:19:11 2026] GET /v2/images/049fb228-6df0-4fbc-8603-6320a4f284be => generated 1044 bytes in 20 msecs (HTTP/1.1 200) 4 headers in 158 bytes (1 switches on core 0)
Aug 03 10:19:11.257745 np0000006338 devstack@g-api.service[103129]: DEBUG swiftclient [None req-e6a27a87-39f2-40ca-8eac-5d8884d40d98 tempest-ServerBootFromVolumeStableRescueTest-491111323 tempest-ServerBootFromVolumeStableRescueTest-491111323-project-member] REQ: curl -i https://10.4.3.177:8080/v1/AUTH_79095edde95c4202b8acec22dd1f192c/glance -I -H "X-Auth-Token: gAAAAABqcGsfy9dV..." {{(pid=103129) http_log /opt/stack/data/venv/lib/python3.12/site-packages/swiftclient/client.py:160}}
Aug 03 10:19:11.257745 np0000006338 devstack@g-api.service[103129]: DEBUG swiftclient [None req-e6a27a87-39f2-40ca-8eac-5d8884d40d98 tempest-ServerBootFromVolumeStableRescueTest-491111323 tempest-ServerBootFromVolumeStableRescueTest-491111323-project-member] RESP STATUS: 204 No Content {{(pid=103129) http_log /opt/stack/data/venv/lib/python3.12/site-packages/swiftclient/client.py:161}}
Aug 03 10:19:11.257745 np0000006338 devstack@g-api.service[103129]: DEBUG swiftclient [None req-e6a27a87-39f2-40ca-8eac-5d8884d40d98 tempest-ServerBootFromVolumeStableRescueTest-491111323 tempest-ServerBootFromVolumeStableRescueTest-491111323-project-member] RESP HEADERS: {'Date': 'Mon, 03 Aug 2026 10:19:11 GMT', 'Server': 'Apache/2.4.58 (Ubuntu)', 'Content-Type': 'text/plain; charset=utf-8', 'X-Container-Object-Count': '7', 'X-Container-Bytes-Used': '109576192', 'X-Timestamp': '1785751929.45373', 'Last-Modified': 'Mon, 03 Aug 2026 10:12:10 GMT', 'Accept-Ranges': 'bytes', 'X-Storage-Policy': 'Policy-0', 'X-Container-Sharding': 'False', 'Vary': 'Accept', 'X-Trans-Id': 'txab3228bbea7142fba3ae9-006a706b1f', 'X-Openstack-Request-Id': 'txab3228bbea7142fba3ae9-006a706b1f', 'Connection': 'close'} {{(pid=103129) http_log /opt/stack/data/venv/lib/python3.12/site-packages/swiftclient/client.py:162}}
Aug 03 10:19:11.258961 np0000006338 devstack@g-api.service[103129]: DEBUG glance_store._drivers.swift.store [None req-e6a27a87-39f2-40ca-8eac-5d8884d40d98 tempest-ServerBootFromVolumeStableRescueTest-491111323 tempest-ServerBootFromVolumeStableRescueTest-491111323-project-member] Adding image object '097bd431-2d92-4b3f-97de-7735c16df828' to Swift {{(pid=103129) add /opt/stack/data/venv/lib/python3.12/site-packages/glance_store/_drivers/swift/store.py:970}}
Aug 03 10:19:11.258961 np0000006338 devstack@g-api.service[103129]: DEBUG glance_store._drivers.swift.store [None req-e6a27a87-39f2-40ca-8eac-5d8884d40d98 tempest-ServerBootFromVolumeStableRescueTest-491111323 tempest-ServerBootFromVolumeStableRescueTest-491111323-project-member] Cannot determine image size because it is either not provided in the request or chunked-transfer encoding is used. Adding image as a segmented object to Swift. {{(pid=103129) add /opt/stack/data/venv/lib/python3.12/site-packages/glance_store/_drivers/swift/store.py:994}}
Aug 03 10:19:11.266047 np0000006338 devstack@g-api.service[103129]: DEBUG oslo_utils.imageutils.format_inspector [None req-e6a27a87-39f2-40ca-8eac-5d8884d40d98 tempest-ServerBootFromVolumeStableRescueTest-491111323 tempest-ServerBootFromVolumeStableRescueTest-491111323-project-member] Format inspector for vmdk does not match, excluding from consideration (Signature KDMV not found: b'QFI\xfb') {{(pid=103129) _process_chunk /opt/stack/data/venv/lib/python3.12/site-packages/oslo_utils/imageutils/format_inspector.py:1758}}
Aug 03 10:19:11.272436 np0000006338 devstack@g-api.service[103129]: DEBUG oslo_utils.imageutils.format_inspector [None req-e6a27a87-39f2-40ca-8eac-5d8884d40d98 tempest-ServerBootFromVolumeStableRescueTest-491111323 tempest-ServerBootFromVolumeStableRescueTest-491111323-project-member] Format inspector for vhdx does not match, excluding from consideration (Region signature not found at 30000) {{(pid=103129) _process_chunk /opt/stack/data/venv/lib/python3.12/site-packages/oslo_utils/imageutils/format_inspector.py:1758}}
Aug 03 10:19:11.281966 np0000006338 devstack@g-api.service[103130]: DEBUG glance.api.middleware.version_negotiation [None req-fc958ac9-5e9c-4508-b2a2-5d8831dcc1b7 tempest-ServerBootFromVolumeStableRescueTest-491111323 tempest-ServerBootFromVolumeStableRescueTest-491111323-project-member] Determining version of request: GET /v2/schemas/image Accept: */* {{(pid=103130) process_request /opt/stack/glance/glance/api/middleware/version_negotiation.py:44}}
Aug 03 10:19:11.281966 np0000006338 devstack@g-api.service[103130]: DEBUG glance.api.middleware.version_negotiation [None req-fc958ac9-5e9c-4508-b2a2-5d8831dcc1b7 tempest-ServerBootFromVolumeStableRescueTest-491111323 tempest-ServerBootFromVolumeStableRescueTest-491111323-project-member] Using url versioning {{(pid=103130) process_request /opt/stack/glance/glance/api/middleware/version_negotiation.py:57}}
Aug 03 10:19:11.281966 np0000006338 devstack@g-api.service[103130]: DEBUG glance.api.middleware.version_negotiation [None req-fc958ac9-5e9c-4508-b2a2-5d8831dcc1b7 tempest-ServerBootFromVolumeStableRescueTest-491111323 tempest-ServerBootFromVolumeStableRescueTest-491111323-project-member] Matched version: v2 {{(pid=103130) process_request /opt/stack/glance/glance/api/middleware/version_negotiation.py:69}}
Aug 03 10:19:11.281966 np0000006338 devstack@g-api.service[103130]: DEBUG glance.api.middleware.version_negotiation [None req-fc958ac9-5e9c-4508-b2a2-5d8831dcc1b7 tempest-ServerBootFromVolumeStableRescueTest-491111323 tempest-ServerBootFromVolumeStableRescueTest-491111323-project-member] new path /v2/schemas/image {{(pid=103130) process_request /opt/stack/glance/glance/api/middleware/version_negotiation.py:70}}
Aug 03 10:19:11.285429 np0000006338 devstack@g-api.service[103130]: [pid: 103130|app: 0|req: 88/340] 127.0.0.1 () {44 vars in 1055 bytes} [Mon Aug 3 10:19:11 2026] GET /v2/schemas/image => generated 6083 bytes in 4 msecs (HTTP/1.1 200) 4 headers in 158 bytes (1 switches on core 0)
Aug 03 10:19:11.576442 np0000006338 devstack@g-api.service[103129]: DEBUG swiftclient [None req-e6a27a87-39f2-40ca-8eac-5d8884d40d98 tempest-ServerBootFromVolumeStableRescueTest-491111323 tempest-ServerBootFromVolumeStableRescueTest-491111323-project-member] REQ: curl -i https://10.4.3.177:8080/v1/AUTH_79095edde95c4202b8acec22dd1f192c/glance/097bd431-2d92-4b3f-97de-7735c16df828-00001 -X PUT -H "X-Auth-Token: gAAAAABqcGsfy9dV..." {{(pid=103129) http_log /opt/stack/data/venv/lib/python3.12/site-packages/swiftclient/client.py:160}}
Aug 03 10:19:11.576442 np0000006338 devstack@g-api.service[103129]: DEBUG swiftclient [None req-e6a27a87-39f2-40ca-8eac-5d8884d40d98 tempest-ServerBootFromVolumeStableRescueTest-491111323 tempest-ServerBootFromVolumeStableRescueTest-491111323-project-member] RESP STATUS: 201 Created {{(pid=103129) http_log /opt/stack/data/venv/lib/python3.12/site-packages/swiftclient/client.py:161}}
Aug 03 10:19:11.576584 np0000006338 devstack@g-api.service[103129]: DEBUG swiftclient [None req-e6a27a87-39f2-40ca-8eac-5d8884d40d98 tempest-ServerBootFromVolumeStableRescueTest-491111323 tempest-ServerBootFromVolumeStableRescueTest-491111323-project-member] RESP HEADERS: {'Date': 'Mon, 03 Aug 2026 10:19:11 GMT', 'Server': 'Apache/2.4.58 (Ubuntu)', 'Content-Type': 'text/html; charset=UTF-8', 'Content-Length': '0', 'Etag': '4fa343ee581d8d2e78533191fd1ac3e1', 'Last-Modified': 'Mon, 03 Aug 2026 10:19:12 GMT', 'X-Trans-Id': 'txd45833c78be54a8f97277-006a706b1f', 'X-Openstack-Request-Id': 'txd45833c78be54a8f97277-006a706b1f', 'Connection': 'close'} {{(pid=103129) http_log /opt/stack/data/venv/lib/python3.12/site-packages/swiftclient/client.py:162}}
Aug 03 10:19:11.576584 np0000006338 devstack@g-api.service[103129]: DEBUG glance_store._drivers.swift.store [None req-e6a27a87-39f2-40ca-8eac-5d8884d40d98 tempest-ServerBootFromVolumeStableRescueTest-491111323 tempest-ServerBootFromVolumeStableRescueTest-491111323-project-member] Wrote chunk 097bd431-2d92-4b3f-97de-7735c16df828-00001 (1/?) of length 23527424 to Swift returning MD5 of content: 4fa343ee581d8d2e78533191fd1ac3e1 {{(pid=103129) add /opt/stack/data/venv/lib/python3.12/site-packages/glance_store/_drivers/swift/store.py:1059}}
Aug 03 10:19:11.578193 np0000006338 devstack@g-api.service[103129]: DEBUG glance_store._drivers.swift.store [None req-e6a27a87-39f2-40ca-8eac-5d8884d40d98 tempest-ServerBootFromVolumeStableRescueTest-491111323 tempest-ServerBootFromVolumeStableRescueTest-491111323-project-member] Not writing zero-length chunk. {{(pid=103129) add /opt/stack/data/venv/lib/python3.12/site-packages/glance_store/_drivers/swift/store.py:1028}}
Aug 03 10:19:11.616708 np0000006338 devstack@g-api.service[103129]: DEBUG swiftclient [None req-e6a27a87-39f2-40ca-8eac-5d8884d40d98 tempest-ServerBootFromVolumeStableRescueTest-491111323 tempest-ServerBootFromVolumeStableRescueTest-491111323-project-member] REQ: curl -i https://10.4.3.177:8080/v1/AUTH_79095edde95c4202b8acec22dd1f192c/glance/097bd431-2d92-4b3f-97de-7735c16df828 -X PUT -H "X-Object-Manifest: glance/097bd431-2d92-4b3f-97de-7735c16df828-" -H "X-Auth-Token: gAAAAABqcGsfy9dV..." -H "Content-Length: 0" {{(pid=103129) http_log /opt/stack/data/venv/lib/python3.12/site-packages/swiftclient/client.py:160}}
Aug 03 10:19:11.616879 np0000006338 devstack@g-api.service[103129]: DEBUG swiftclient [None req-e6a27a87-39f2-40ca-8eac-5d8884d40d98 tempest-ServerBootFromVolumeStableRescueTest-491111323 tempest-ServerBootFromVolumeStableRescueTest-491111323-project-member] RESP STATUS: 201 Created {{(pid=103129) http_log /opt/stack/data/venv/lib/python3.12/site-packages/swiftclient/client.py:161}}
Aug 03 10:19:11.617150 np0000006338 devstack@g-api.service[103129]: DEBUG swiftclient [None req-e6a27a87-39f2-40ca-8eac-5d8884d40d98 tempest-ServerBootFromVolumeStableRescueTest-491111323 tempest-ServerBootFromVolumeStableRescueTest-491111323-project-member] RESP HEADERS: {'Date': 'Mon, 03 Aug 2026 10:19:11 GMT', 'Server': 'Apache/2.4.58 (Ubuntu)', 'Content-Type': 'text/html; charset=UTF-8', 'Content-Length': '0', 'Etag': 'd41d8cd98f00b204e9800998ecf8427e', 'Last-Modified': 'Mon, 03 Aug 2026 10:19:12 GMT', 'X-Trans-Id': 'tx23908f382a0d4b25b74fd-006a706b1f', 'X-Openstack-Request-Id': 'tx23908f382a0d4b25b74fd-006a706b1f', 'Connection': 'close'} {{(pid=103129) http_log /opt/stack/data/venv/lib/python3.12/site-packages/swiftclient/client.py:162}}
