Aug 03 10:16:20.366598 np0000006338 devstack@g-api.service[103131]: DEBUG glance.api.middleware.version_negotiation [None req-3ae44bae-b9f6-4eb7-a275-6e391ba1b8e3 tempest-ServerStableDeviceRescueTest-1229039016 tempest-ServerStableDeviceRescueTest-1229039016-project-member] Matched version: v2 {{(pid=103131) process_request /opt/stack/glance/glance/api/middleware/version_negotiation.py:69}}
Aug 03 10:16:20.366783 np0000006338 devstack@g-api.service[103131]: DEBUG glance.api.middleware.version_negotiation [None req-3ae44bae-b9f6-4eb7-a275-6e391ba1b8e3 tempest-ServerStableDeviceRescueTest-1229039016 tempest-ServerStableDeviceRescueTest-1229039016-project-member] new path /v2/schemas/image {{(pid=103131) process_request /opt/stack/glance/glance/api/middleware/version_negotiation.py:70}}
Aug 03 10:16:20.371657 np0000006338 devstack@g-api.service[103131]: [pid: 103131|app: 0|req: 39/153] 127.0.0.1 () {44 vars in 1055 bytes} [Mon Aug 3 10:16:20 2026] GET /v2/schemas/image => generated 6083 bytes in 6 msecs (HTTP/1.1 200) 4 headers in 158 bytes (1 switches on core 0)
Aug 03 10:16:20.525614 np0000006338 devstack@g-api.service[103130]: [pid: 103130|app: 0|req: 39/154] 127.0.0.1 () {46 vars in 1158 bytes} [Mon Aug 3 10:16:20 2026] PATCH /v2/images/a1899e35-33ea-4720-99be-92e4c3572750 => generated 1447 bytes in 196 msecs (HTTP/1.1 200) 4 headers in 158 bytes (1 switches on core 0)
Aug 03 10:16:20.578158 np0000006338 devstack@g-api.service[103129]: DEBUG glance.api.middleware.version_negotiation [None req-3ae44bae-b9f6-4eb7-a275-6e391ba1b8e3 tempest-ServerStableDeviceRescueTest-1229039016 tempest-ServerStableDeviceRescueTest-1229039016-project-member] Determining version of request: GET /v2/images/a1899e35-33ea-4720-99be-92e4c3572750 Accept: */* {{(pid=103129) process_request /opt/stack/glance/glance/api/middleware/version_negotiation.py:44}}
Aug 03 10:16:20.578710 np0000006338 devstack@g-api.service[103129]: DEBUG glance.api.middleware.version_negotiation [None req-3ae44bae-b9f6-4eb7-a275-6e391ba1b8e3 tempest-ServerStableDeviceRescueTest-1229039016 tempest-ServerStableDeviceRescueTest-1229039016-project-member] Using url versioning {{(pid=103129) process_request /opt/stack/glance/glance/api/middleware/version_negotiation.py:57}}
Aug 03 10:16:20.579506 np0000006338 devstack@g-api.service[103129]: DEBUG glance.api.middleware.version_negotiation [None req-3ae44bae-b9f6-4eb7-a275-6e391ba1b8e3 tempest-ServerStableDeviceRescueTest-1229039016 tempest-ServerStableDeviceRescueTest-1229039016-project-member] Matched version: v2 {{(pid=103129) process_request /opt/stack/glance/glance/api/middleware/version_negotiation.py:69}}
Aug 03 10:16:20.580265 np0000006338 devstack@g-api.service[103129]: DEBUG glance.api.middleware.version_negotiation [None req-3ae44bae-b9f6-4eb7-a275-6e391ba1b8e3 tempest-ServerStableDeviceRescueTest-1229039016 tempest-ServerStableDeviceRescueTest-1229039016-project-member] new path /v2/images/a1899e35-33ea-4720-99be-92e4c3572750 {{(pid=103129) process_request /opt/stack/glance/glance/api/middleware/version_negotiation.py:70}}
Aug 03 10:16:20.601208 np0000006338 devstack@g-api.service[103129]: [pid: 103129|app: 0|req: 38/155] 127.0.0.1 () {44 vars in 1115 bytes} [Mon Aug 3 10:16:20 2026] GET /v2/images/a1899e35-33ea-4720-99be-92e4c3572750 => generated 1447 bytes in 23 msecs (HTTP/1.1 200) 4 headers in 158 bytes (1 switches on core 0)
Aug 03 10:16:20.657152 np0000006338 devstack@g-api.service[103132]: DEBUG glance.api.middleware.version_negotiation [None req-5f51dcaa-d8ab-4d81-bbbb-de61072f31b1 tempest-ServerStableDeviceRescueTest-1229039016 tempest-ServerStableDeviceRescueTest-1229039016-project-member] Determining version of request: PUT /v2/images/a1899e35-33ea-4720-99be-92e4c3572750/file Accept: */* {{(pid=103132) process_request /opt/stack/glance/glance/api/middleware/version_negotiation.py:44}}
Aug 03 10:16:20.657549 np0000006338 devstack@g-api.service[103132]: DEBUG glance.api.middleware.version_negotiation [None req-5f51dcaa-d8ab-4d81-bbbb-de61072f31b1 tempest-ServerStableDeviceRescueTest-1229039016 tempest-ServerStableDeviceRescueTest-1229039016-project-member] Using url versioning {{(pid=103132) process_request /opt/stack/glance/glance/api/middleware/version_negotiation.py:57}}
Aug 03 10:16:20.657641 np0000006338 devstack@g-api.service[103132]: DEBUG glance.api.middleware.version_negotiation [None req-5f51dcaa-d8ab-4d81-bbbb-de61072f31b1 tempest-ServerStableDeviceRescueTest-1229039016 tempest-ServerStableDeviceRescueTest-1229039016-project-member] Matched version: v2 {{(pid=103132) process_request /opt/stack/glance/glance/api/middleware/version_negotiation.py:69}}
Aug 03 10:16:20.657853 np0000006338 devstack@g-api.service[103132]: DEBUG glance.api.middleware.version_negotiation [None req-5f51dcaa-d8ab-4d81-bbbb-de61072f31b1 tempest-ServerStableDeviceRescueTest-1229039016 tempest-ServerStableDeviceRescueTest-1229039016-project-member] new path /v2/images/a1899e35-33ea-4720-99be-92e4c3572750/file {{(pid=103132) process_request /opt/stack/glance/glance/api/middleware/version_negotiation.py:70}}
Aug 03 10:16:21.382017 np0000006338 devstack@g-api.service[103132]: INFO glance.api.v2.image_data [None req-3ae44bae-b9f6-4eb7-a275-6e391ba1b8e3 tempest-ServerStableDeviceRescueTest-1229039016 tempest-ServerStableDeviceRescueTest-1229039016-project-member] Unable to create trust: no such option collect_timing in group [keystone_authtoken] Use the existing user token.
Aug 03 10:16:21.445552 np0000006338 devstack@g-api.service[103131]: DEBUG glance.api.middleware.version_negotiation [None req-5f51dcaa-d8ab-4d81-bbbb-de61072f31b1 tempest-ServerStableDeviceRescueTest-1229039016 tempest-ServerStableDeviceRescueTest-1229039016-project-member] Determining version of request: GET /v2/images/049fb228-6df0-4fbc-8603-6320a4f284be Accept: */* {{(pid=103131) process_request /opt/stack/glance/glance/api/middleware/version_negotiation.py:44}}
Aug 03 10:16:21.445927 np0000006338 devstack@g-api.service[103131]: DEBUG glance.api.middleware.version_negotiation [None req-5f51dcaa-d8ab-4d81-bbbb-de61072f31b1 tempest-ServerStableDeviceRescueTest-1229039016 tempest-ServerStableDeviceRescueTest-1229039016-project-member] Using url versioning {{(pid=103131) process_request /opt/stack/glance/glance/api/middleware/version_negotiation.py:57}}
Aug 03 10:16:21.445927 np0000006338 devstack@g-api.service[103131]: DEBUG glance.api.middleware.version_negotiation [None req-5f51dcaa-d8ab-4d81-bbbb-de61072f31b1 tempest-ServerStableDeviceRescueTest-1229039016 tempest-ServerStableDeviceRescueTest-1229039016-project-member] Matched version: v2 {{(pid=103131) process_request /opt/stack/glance/glance/api/middleware/version_negotiation.py:69}}
Aug 03 10:16:21.446000 np0000006338 devstack@g-api.service[103131]: DEBUG glance.api.middleware.version_negotiation [None req-5f51dcaa-d8ab-4d81-bbbb-de61072f31b1 tempest-ServerStableDeviceRescueTest-1229039016 tempest-ServerStableDeviceRescueTest-1229039016-project-member] new path /v2/images/049fb228-6df0-4fbc-8603-6320a4f284be {{(pid=103131) process_request /opt/stack/glance/glance/api/middleware/version_negotiation.py:70}}
Aug 03 10:16:21.450212 np0000006338 devstack@g-api.service[103130]: DEBUG glance.api.middleware.version_negotiation [None req-3ae44bae-b9f6-4eb7-a275-6e391ba1b8e3 tempest-ServerStableDeviceRescueTest-1229039016 tempest-ServerStableDeviceRescueTest-1229039016-project-member] Determining version of request: GET /v2/images/a1899e35-33ea-4720-99be-92e4c3572750 Accept: */* {{(pid=103130) process_request /opt/stack/glance/glance/api/middleware/version_negotiation.py:44}}
Aug 03 10:16:21.450525 np0000006338 devstack@g-api.service[103130]: DEBUG glance.api.middleware.version_negotiation [None req-3ae44bae-b9f6-4eb7-a275-6e391ba1b8e3 tempest-ServerStableDeviceRescueTest-1229039016 tempest-ServerStableDeviceRescueTest-1229039016-project-member] Using url versioning {{(pid=103130) process_request /opt/stack/glance/glance/api/middleware/version_negotiation.py:57}}
Aug 03 10:16:21.450784 np0000006338 devstack@g-api.service[103130]: DEBUG glance.api.middleware.version_negotiation [None req-3ae44bae-b9f6-4eb7-a275-6e391ba1b8e3 tempest-ServerStableDeviceRescueTest-1229039016 tempest-ServerStableDeviceRescueTest-1229039016-project-member] Matched version: v2 {{(pid=103130) process_request /opt/stack/glance/glance/api/middleware/version_negotiation.py:69}}
Aug 03 10:16:21.450926 np0000006338 devstack@g-api.service[103130]: DEBUG glance.api.middleware.version_negotiation [None req-3ae44bae-b9f6-4eb7-a275-6e391ba1b8e3 tempest-ServerStableDeviceRescueTest-1229039016 tempest-ServerStableDeviceRescueTest-1229039016-project-member] new path /v2/images/a1899e35-33ea-4720-99be-92e4c3572750 {{(pid=103130) process_request /opt/stack/glance/glance/api/middleware/version_negotiation.py:70}}
Aug 03 10:16:21.459649 np0000006338 devstack@g-api.service[103131]: [pid: 103131|app: 0|req: 40/156] 127.0.0.1 () {44 vars in 1115 bytes} [Mon Aug 3 10:16:21 2026] GET /v2/images/049fb228-6df0-4fbc-8603-6320a4f284be => generated 1044 bytes in 14 msecs (HTTP/1.1 200) 4 headers in 158 bytes (1 switches on core 0)
Aug 03 10:16:21.471749 np0000006338 devstack@g-api.service[103129]: DEBUG glance.api.middleware.version_negotiation [None req-3ae44bae-b9f6-4eb7-a275-6e391ba1b8e3 tempest-ServerStableDeviceRescueTest-1229039016 tempest-ServerStableDeviceRescueTest-1229039016-project-member] Determining version of request: GET /v2/schemas/image Accept: */* {{(pid=103129) process_request /opt/stack/glance/glance/api/middleware/version_negotiation.py:44}}
Aug 03 10:16:21.472134 np0000006338 devstack@g-api.service[103129]: DEBUG glance.api.middleware.version_negotiation [None req-3ae44bae-b9f6-4eb7-a275-6e391ba1b8e3 tempest-ServerStableDeviceRescueTest-1229039016 tempest-ServerStableDeviceRescueTest-1229039016-project-member] Using url versioning {{(pid=103129) process_request /opt/stack/glance/glance/api/middleware/version_negotiation.py:57}}
Aug 03 10:16:21.472134 np0000006338 devstack@g-api.service[103129]: DEBUG glance.api.middleware.version_negotiation [None req-3ae44bae-b9f6-4eb7-a275-6e391ba1b8e3 tempest-ServerStableDeviceRescueTest-1229039016 tempest-ServerStableDeviceRescueTest-1229039016-project-member] Matched version: v2 {{(pid=103129) process_request /opt/stack/glance/glance/api/middleware/version_negotiation.py:69}}
Aug 03 10:16:21.472134 np0000006338 devstack@g-api.service[103129]: DEBUG glance.api.middleware.version_negotiation [None req-3ae44bae-b9f6-4eb7-a275-6e391ba1b8e3 tempest-ServerStableDeviceRescueTest-1229039016 tempest-ServerStableDeviceRescueTest-1229039016-project-member] new path /v2/schemas/image {{(pid=103129) process_request /opt/stack/glance/glance/api/middleware/version_negotiation.py:70}}
Aug 03 10:16:21.475572 np0000006338 devstack@g-api.service[103130]: [pid: 103130|app: 0|req: 40/157] 127.0.0.1 () {44 vars in 1115 bytes} [Mon Aug 3 10:16:21 2026] GET /v2/images/a1899e35-33ea-4720-99be-92e4c3572750 => generated 1447 bytes in 26 msecs (HTTP/1.1 200) 4 headers in 158 bytes (1 switches on core 0)
Aug 03 10:16:21.479146 np0000006338 devstack@g-api.service[103129]: [pid: 103129|app: 0|req: 39/158] 127.0.0.1 () {44 vars in 1055 bytes} [Mon Aug 3 10:16:21 2026] GET /v2/schemas/image => generated 6083 bytes in 5 msecs (HTTP/1.1 200) 4 headers in 158 bytes (1 switches on core 0)
Aug 03 10:16:21.487469 np0000006338 devstack@g-api.service[103131]: DEBUG glance.api.middleware.version_negotiation [None req-95fc8870-7442-4b70-abcf-7783e52b08f6 tempest-TaggedBootDevicesTest-1256285956 tempest-TaggedBootDevicesTest-1256285956-project-member] Determining version of request: GET /v2/schemas/image Accept: */* {{(pid=103131) process_request /opt/stack/glance/glance/api/middleware/version_negotiation.py:44}}
Aug 03 10:16:21.487640 np0000006338 devstack@g-api.service[103131]: DEBUG glance.api.middleware.version_negotiation [None req-95fc8870-7442-4b70-abcf-7783e52b08f6 tempest-TaggedBootDevicesTest-1256285956 tempest-TaggedBootDevicesTest-1256285956-project-member] Using url versioning {{(pid=103131) process_request /opt/stack/glance/glance/api/middleware/version_negotiation.py:57}}
Aug 03 10:16:21.487851 np0000006338 devstack@g-api.service[103131]: DEBUG glance.api.middleware.version_negotiation [None req-95fc8870-7442-4b70-abcf-7783e52b08f6 tempest-TaggedBootDevicesTest-1256285956 tempest-TaggedBootDevicesTest-1256285956-project-member] Matched version: v2 {{(pid=103131) process_request /opt/stack/glance/glance/api/middleware/version_negotiation.py:69}}
Aug 03 10:16:21.487981 np0000006338 devstack@g-api.service[103131]: DEBUG glance.api.middleware.version_negotiation [None req-95fc8870-7442-4b70-abcf-7783e52b08f6 tempest-TaggedBootDevicesTest-1256285956 tempest-TaggedBootDevicesTest-1256285956-project-member] new path /v2/schemas/image {{(pid=103131) process_request /opt/stack/glance/glance/api/middleware/version_negotiation.py:70}}
Aug 03 10:16:21.493355 np0000006338 devstack@g-api.service[103131]: [pid: 103131|app: 0|req: 41/159] 127.0.0.1 () {44 vars in 1055 bytes} [Mon Aug 3 10:16:21 2026] GET /v2/schemas/image => generated 6083 bytes in 6 msecs (HTTP/1.1 200) 4 headers in 158 bytes (1 switches on core 0)
Aug 03 10:16:21.504795 np0000006338 devstack@g-api.service[103130]: DEBUG glance.api.middleware.version_negotiation [None req-30aa2b7a-1db2-49d0-a2af-b3484ea4be98 tempest-ServerStableDeviceRescueTest-1229039016 tempest-ServerStableDeviceRescueTest-1229039016-project-member] Determining version of request: GET /v2/images/049fb228-6df0-4fbc-8603-6320a4f284be Accept: */* {{(pid=103130) process_request /opt/stack/glance/glance/api/middleware/version_negotiation.py:44}}
Aug 03 10:16:21.504945 np0000006338 devstack@g-api.service[103130]: DEBUG glance.api.middleware.version_negotiation [None req-30aa2b7a-1db2-49d0-a2af-b3484ea4be98 tempest-ServerStableDeviceRescueTest-1229039016 tempest-ServerStableDeviceRescueTest-1229039016-project-member] Using url versioning {{(pid=103130) process_request /opt/stack/glance/glance/api/middleware/version_negotiation.py:57}}
Aug 03 10:16:21.504989 np0000006338 devstack@g-api.service[103130]: DEBUG glance.api.middleware.version_negotiation [None req-30aa2b7a-1db2-49d0-a2af-b3484ea4be98 tempest-ServerStableDeviceRescueTest-1229039016 tempest-ServerStableDeviceRescueTest-1229039016-project-member] Matched version: v2 {{(pid=103130) process_request /opt/stack/glance/glance/api/middleware/version_negotiation.py:69}}
Aug 03 10:16:21.505203 np0000006338 devstack@g-api.service[103130]: DEBUG glance.api.middleware.version_negotiation [None req-30aa2b7a-1db2-49d0-a2af-b3484ea4be98 tempest-ServerStableDeviceRescueTest-1229039016 tempest-ServerStableDeviceRescueTest-1229039016-project-member] new path /v2/images/049fb228-6df0-4fbc-8603-6320a4f284be {{(pid=103130) process_request /opt/stack/glance/glance/api/middleware/version_negotiation.py:70}}
Aug 03 10:16:21.516154 np0000006338 devstack@g-api.service[103130]: [pid: 103130|app: 0|req: 41/160] 127.0.0.1 () {44 vars in 1115 bytes} [Mon Aug 3 10:16:21 2026] GET /v2/images/049fb228-6df0-4fbc-8603-6320a4f284be => generated 1044 bytes in 11 msecs (HTTP/1.1 200) 4 headers in 158 bytes (1 switches on core 0)
Aug 03 10:16:21.527033 np0000006338 devstack@g-api.service[103129]: DEBUG glance.api.middleware.version_negotiation [None req-95fc8870-7442-4b70-abcf-7783e52b08f6 tempest-TaggedBootDevicesTest-1256285956 tempest-TaggedBootDevicesTest-1256285956-project-member] Determining version of request: GET /v2/schemas/image Accept: */* {{(pid=103129) process_request /opt/stack/glance/glance/api/middleware/version_negotiation.py:44}}
Aug 03 10:16:21.527952 np0000006338 devstack@g-api.service[103129]: DEBUG glance.api.middleware.version_negotiation [None req-95fc8870-7442-4b70-abcf-7783e52b08f6 tempest-TaggedBootDevicesTest-1256285956 tempest-TaggedBootDevicesTest-1256285956-project-member] Using url versioning {{(pid=103129) process_request /opt/stack/glance/glance/api/middleware/version_negotiation.py:57}}
Aug 03 10:16:21.527952 np0000006338 devstack@g-api.service[103129]: DEBUG glance.api.middleware.version_negotiation [None req-95fc8870-7442-4b70-abcf-7783e52b08f6 tempest-TaggedBootDevicesTest-1256285956 tempest-TaggedBootDevicesTest-1256285956-project-member] Matched version: v2 {{(pid=103129) process_request /opt/stack/glance/glance/api/middleware/version_negotiation.py:69}}
Aug 03 10:16:21.528162 np0000006338 devstack@g-api.service[103131]: DEBUG glance.api.middleware.version_negotiation [None req-95fc8870-7442-4b70-abcf-7783e52b08f6 tempest-TaggedBootDevicesTest-1256285956 tempest-TaggedBootDevicesTest-1256285956-project-member] Determining version of request: GET /v2/schemas/image Accept: */* {{(pid=103131) process_request /opt/stack/glance/glance/api/middleware/version_negotiation.py:44}}
Aug 03 10:16:21.528518 np0000006338 devstack@g-api.service[103129]: DEBUG glance.api.middleware.version_negotiation [None req-95fc8870-7442-4b70-abcf-7783e52b08f6 tempest-TaggedBootDevicesTest-1256285956 tempest-TaggedBootDevicesTest-1256285956-project-member] new path /v2/schemas/image {{(pid=103129) process_request /opt/stack/glance/glance/api/middleware/version_negotiation.py:70}}
Aug 03 10:16:21.528560 np0000006338 devstack@g-api.service[103131]: DEBUG glance.api.middleware.version_negotiation [None req-95fc8870-7442-4b70-abcf-7783e52b08f6 tempest-TaggedBootDevicesTest-1256285956 tempest-TaggedBootDevicesTest-1256285956-project-member] Using url versioning {{(pid=103131) process_request /opt/stack/glance/glance/api/middleware/version_negotiation.py:57}}
Aug 03 10:16:21.528740 np0000006338 devstack@g-api.service[103131]: DEBUG glance.api.middleware.version_negotiation [None req-95fc8870-7442-4b70-abcf-7783e52b08f6 tempest-TaggedBootDevicesTest-1256285956 tempest-TaggedBootDevicesTest-1256285956-project-member] Matched version: v2 {{(pid=103131) process_request /opt/stack/glance/glance/api/middleware/version_negotiation.py:69}}
Aug 03 10:16:21.528811 np0000006338 devstack@g-api.service[103131]: DEBUG glance.api.middleware.version_negotiation [None req-95fc8870-7442-4b70-abcf-7783e52b08f6 tempest-TaggedBootDevicesTest-1256285956 tempest-TaggedBootDevicesTest-1256285956-project-member] new path /v2/schemas/image {{(pid=103131) process_request /opt/stack/glance/glance/api/middleware/version_negotiation.py:70}}
Aug 03 10:16:21.531942 np0000006338 devstack@g-api.service[103131]: [pid: 103131|app: 0|req: 42/161] 127.0.0.1 () {44 vars in 1055 bytes} [Mon Aug 3 10:16:21 2026] GET /v2/schemas/image => generated 6083 bytes in 4 msecs (HTTP/1.1 200) 4 headers in 158 bytes (1 switches on core 0)
Aug 03 10:16:21.536863 np0000006338 devstack@g-api.service[103129]: [pid: 103129|app: 0|req: 40/162] 127.0.0.1 () {44 vars in 1055 bytes} [Mon Aug 3 10:16:21 2026] GET /v2/schemas/image => generated 6083 bytes in 10 msecs (HTTP/1.1 200) 4 headers in 158 bytes (1 switches on core 0)
Aug 03 10:16:21.545355 np0000006338 devstack@g-api.service[103130]: DEBUG glance.api.middleware.version_negotiation [None req-95fc8870-7442-4b70-abcf-7783e52b08f6 tempest-TaggedBootDevicesTest-1256285956 tempest-TaggedBootDevicesTest-1256285956-project-member] Determining version of request: GET /v2/schemas/image Accept: */* {{(pid=103130) process_request /opt/stack/glance/glance/api/middleware/version_negotiation.py:44}}
Aug 03 10:16:21.545627 np0000006338 devstack@g-api.service[103130]: DEBUG glance.api.middleware.version_negotiation [None req-95fc8870-7442-4b70-abcf-7783e52b08f6 tempest-TaggedBootDevicesTest-1256285956 tempest-TaggedBootDevicesTest-1256285956-project-member] Using url versioning {{(pid=103130) process_request /opt/stack/glance/glance/api/middleware/version_negotiation.py:57}}
Aug 03 10:16:21.545690 np0000006338 devstack@g-api.service[103130]: DEBUG glance.api.middleware.version_negotiation [None req-95fc8870-7442-4b70-abcf-7783e52b08f6 tempest-TaggedBootDevicesTest-1256285956 tempest-TaggedBootDevicesTest-1256285956-project-member] Matched version: v2 {{(pid=103130) process_request /opt/stack/glance/glance/api/middleware/version_negotiation.py:69}}
Aug 03 10:16:21.545927 np0000006338 devstack@g-api.service[103130]: DEBUG glance.api.middleware.version_negotiation [None req-95fc8870-7442-4b70-abcf-7783e52b08f6 tempest-TaggedBootDevicesTest-1256285956 tempest-TaggedBootDevicesTest-1256285956-project-member] new path /v2/schemas/image {{(pid=103130) process_request /opt/stack/glance/glance/api/middleware/version_negotiation.py:70}}
Aug 03 10:16:21.549414 np0000006338 devstack@g-api.service[103130]: [pid: 103130|app: 0|req: 42/163] 127.0.0.1 () {44 vars in 1055 bytes} [Mon Aug 3 10:16:21 2026] GET /v2/schemas/image => generated 6083 bytes in 4 msecs (HTTP/1.1 200) 4 headers in 158 bytes (1 switches on core 0)
Aug 03 10:16:21.577771 np0000006338 devstack@g-api.service[103131]: DEBUG glance.api.middleware.version_negotiation [None req-95fc8870-7442-4b70-abcf-7783e52b08f6 tempest-TaggedBootDevicesTest-1256285956 tempest-TaggedBootDevicesTest-1256285956-project-member] Determining version of request: GET /v2/images/049fb228-6df0-4fbc-8603-6320a4f284be Accept: */* {{(pid=103131) process_request /opt/stack/glance/glance/api/middleware/version_negotiation.py:44}}
Aug 03 10:16:21.578016 np0000006338 devstack@g-api.service[103131]: DEBUG glance.api.middleware.version_negotiation [None req-95fc8870-7442-4b70-abcf-7783e52b08f6 tempest-TaggedBootDevicesTest-1256285956 tempest-TaggedBootDevicesTest-1256285956-project-member] Using url versioning {{(pid=103131) process_request /opt/stack/glance/glance/api/middleware/version_negotiation.py:57}}
Aug 03 10:16:21.578219 np0000006338 devstack@g-api.service[103131]: DEBUG glance.api.middleware.version_negotiation [None req-95fc8870-7442-4b70-abcf-7783e52b08f6 tempest-TaggedBootDevicesTest-1256285956 tempest-TaggedBootDevicesTest-1256285956-project-member] Matched version: v2 {{(pid=103131) process_request /opt/stack/glance/glance/api/middleware/version_negotiation.py:69}}
Aug 03 10:16:21.578359 np0000006338 devstack@g-api.service[103131]: DEBUG glance.api.middleware.version_negotiation [None req-95fc8870-7442-4b70-abcf-7783e52b08f6 tempest-TaggedBootDevicesTest-1256285956 tempest-TaggedBootDevicesTest-1256285956-project-member] new path /v2/images/049fb228-6df0-4fbc-8603-6320a4f284be {{(pid=103131) process_request /opt/stack/glance/glance/api/middleware/version_negotiation.py:70}}
Aug 03 10:16:21.597683 np0000006338 devstack@g-api.service[103131]: [pid: 103131|app: 0|req: 43/164] 127.0.0.1 () {44 vars in 1115 bytes} [Mon Aug 3 10:16:21 2026] GET /v2/images/049fb228-6df0-4fbc-8603-6320a4f284be => generated 1044 bytes in 20 msecs (HTTP/1.1 200) 4 headers in 158 bytes (1 switches on core 0)
Aug 03 10:16:21.608403 np0000006338 devstack@g-api.service[103129]: DEBUG glance.api.middleware.version_negotiation [None req-30aa2b7a-1db2-49d0-a2af-b3484ea4be98 tempest-ServerStableDeviceRescueTest-1229039016 tempest-ServerStableDeviceRescueTest-1229039016-project-member] Determining version of request: GET /v2/schemas/image Accept: */* {{(pid=103129) process_request /opt/stack/glance/glance/api/middleware/version_negotiation.py:44}}
Aug 03 10:16:21.608630 np0000006338 devstack@g-api.service[103129]: DEBUG glance.api.middleware.version_negotiation [None req-30aa2b7a-1db2-49d0-a2af-b3484ea4be98 tempest-ServerStableDeviceRescueTest-1229039016 tempest-ServerStableDeviceRescueTest-1229039016-project-member] Using url versioning {{(pid=103129) process_request /opt/stack/glance/glance/api/middleware/version_negotiation.py:57}}
Aug 03 10:16:21.608906 np0000006338 devstack@g-api.service[103129]: DEBUG glance.api.middleware.version_negotiation [None req-30aa2b7a-1db2-49d0-a2af-b3484ea4be98 tempest-ServerStableDeviceRescueTest-1229039016 tempest-ServerStableDeviceRescueTest-1229039016-project-member] Matched version: v2 {{(pid=103129) process_request /opt/stack/glance/glance/api/middleware/version_negotiation.py:69}}
Aug 03 10:16:21.609077 np0000006338 devstack@g-api.service[103129]: DEBUG glance.api.middleware.version_negotiation [None req-30aa2b7a-1db2-49d0-a2af-b3484ea4be98 tempest-ServerStableDeviceRescueTest-1229039016 tempest-ServerStableDeviceRescueTest-1229039016-project-member] new path /v2/schemas/image {{(pid=103129) process_request /opt/stack/glance/glance/api/middleware/version_negotiation.py:70}}
Aug 03 10:16:21.611964 np0000006338 devstack@g-api.service[103129]: [pid: 103129|app: 0|req: 41/165] 127.0.0.1 () {44 vars in 1055 bytes} [Mon Aug 3 10:16:21 2026] GET /v2/schemas/image => generated 6083 bytes in 4 msecs (HTTP/1.1 200) 4 headers in 158 bytes (1 switches on core 0)
Aug 03 10:16:21.965422 np0000006338 devstack@g-api.service[103132]: DEBUG glance.location [None req-3ae44bae-b9f6-4eb7-a275-6e391ba1b8e3 tempest-ServerStableDeviceRescueTest-1229039016 tempest-ServerStableDeviceRescueTest-1229039016-project-member] Enabling in-flight format inspection for qcow2 {{(pid=103132) set_data /opt/stack/glance/glance/location.py:596}}
Aug 03 10:16:21.965422 np0000006338 devstack@g-api.service[103132]: DEBUG glance_store.backend [None req-3ae44bae-b9f6-4eb7-a275-6e391ba1b8e3 tempest-ServerStableDeviceRescueTest-1229039016 tempest-ServerStableDeviceRescueTest-1229039016-project-member] Attempting to import store swift {{(pid=103132) _load_store /opt/stack/data/venv/lib/python3.12/site-packages/glance_store/backend.py:215}}
Aug 03 10:16:21.966202 np0000006338 devstack@g-api.service[103132]: DEBUG glance_store.capabilities [None req-3ae44bae-b9f6-4eb7-a275-6e391ba1b8e3 tempest-ServerStableDeviceRescueTest-1229039016 tempest-ServerStableDeviceRescueTest-1229039016-project-member] Store glance_store._drivers.swift.store.SingleTenantStore doesn't support updating dynamic storage capabilities. Please overwrite 'update_capabilities' method of the store to implement updating logics if needed. {{(pid=103132) update_capabilities /opt/stack/data/venv/lib/python3.12/site-packages/glance_store/capabilities.py:91}}
Aug 03 10:16:21.967875 np0000006338 devstack@g-api.service[103132]: DEBUG glance_store.driver [None req-3ae44bae-b9f6-4eb7-a275-6e391ba1b8e3 tempest-ServerStableDeviceRescueTest-1229039016 tempest-ServerStableDeviceRescueTest-1229039016-project-member] Late loading location class glance_store._drivers.swift.store.StoreLocation {{(pid=103132) get_store_location_class /opt/stack/data/venv/lib/python3.12/site-packages/glance_store/driver.py:134}}
Aug 03 10:16:21.968186 np0000006338 devstack@g-api.service[103132]: DEBUG glance_store.location [None req-3ae44bae-b9f6-4eb7-a275-6e391ba1b8e3 tempest-ServerStableDeviceRescueTest-1229039016 tempest-ServerStableDeviceRescueTest-1229039016-project-member] Registering scheme swift+https with {'store': , 'location_class': , 'store_entry': 'swift'} {{(pid=103132) register_scheme_map /opt/stack/data/venv/lib/python3.12/site-packages/glance_store/location.py:146}}
Aug 03 10:16:21.968352 np0000006338 devstack@g-api.service[103132]: DEBUG glance_store.location [None req-3ae44bae-b9f6-4eb7-a275-6e391ba1b8e3 tempest-ServerStableDeviceRescueTest-1229039016 tempest-ServerStableDeviceRescueTest-1229039016-project-member] Registering scheme swift+https with {'store': , 'location_class': , 'store_entry': 'swift'} {{(pid=103132) register_scheme_map /opt/stack/data/venv/lib/python3.12/site-packages/glance_store/location.py:146}}
Aug 03 10:16:21.968459 np0000006338 devstack@g-api.service[103132]: DEBUG glance_store.location [None req-3ae44bae-b9f6-4eb7-a275-6e391ba1b8e3 tempest-ServerStableDeviceRescueTest-1229039016 tempest-ServerStableDeviceRescueTest-1229039016-project-member] Registering scheme swift with {'store': , 'location_class': , 'store_entry': 'swift'} {{(pid=103132) register_scheme_map /opt/stack/data/venv/lib/python3.12/site-packages/glance_store/location.py:146}}
Aug 03 10:16:21.968726 np0000006338 devstack@g-api.service[103132]: DEBUG glance_store.location [None req-3ae44bae-b9f6-4eb7-a275-6e391ba1b8e3 tempest-ServerStableDeviceRescueTest-1229039016 tempest-ServerStableDeviceRescueTest-1229039016-project-member] Registering scheme swift+https with {'store': , 'location_class': , 'store_entry': 'swift'} {{(pid=103132) register_scheme_map /opt/stack/data/venv/lib/python3.12/site-packages/glance_store/location.py:146}}
Aug 03 10:16:21.968772 np0000006338 devstack@g-api.service[103132]: DEBUG glance_store.location [None req-3ae44bae-b9f6-4eb7-a275-6e391ba1b8e3 tempest-ServerStableDeviceRescueTest-1229039016 tempest-ServerStableDeviceRescueTest-1229039016-project-member] Registering scheme swift with {'store': , 'location_class': , 'store_entry': 'swift'} {{(pid=103132) register_scheme_map /opt/stack/data/venv/lib/python3.12/site-packages/glance_store/location.py:146}}
Aug 03 10:16:21.968935 np0000006338 devstack@g-api.service[103132]: DEBUG glance_store.location [None req-3ae44bae-b9f6-4eb7-a275-6e391ba1b8e3 tempest-ServerStableDeviceRescueTest-1229039016 tempest-ServerStableDeviceRescueTest-1229039016-project-member] Registering scheme swift+http with {'store': , 'location_class': , 'store_entry': 'swift'} {{(pid=103132) register_scheme_map /opt/stack/data/venv/lib/python3.12/site-packages/glance_store/location.py:146}}
Aug 03 10:16:21.969006 np0000006338 devstack@g-api.service[103132]: DEBUG glance_store.location [None req-3ae44bae-b9f6-4eb7-a275-6e391ba1b8e3 tempest-ServerStableDeviceRescueTest-1229039016 tempest-ServerStableDeviceRescueTest-1229039016-project-member] Registering scheme swift+https with {'store': , 'location_class': , 'store_entry': 'swift'} {{(pid=103132) register_scheme_map /opt/stack/data/venv/lib/python3.12/site-packages/glance_store/location.py:146}}
Aug 03 10:16:21.969142 np0000006338 devstack@g-api.service[103132]: DEBUG glance_store.location [None req-3ae44bae-b9f6-4eb7-a275-6e391ba1b8e3 tempest-ServerStableDeviceRescueTest-1229039016 tempest-ServerStableDeviceRescueTest-1229039016-project-member] Registering scheme swift with {'store': , 'location_class': , 'store_entry': 'swift'} {{(pid=103132) register_scheme_map /opt/stack/data/venv/lib/python3.12/site-packages/glance_store/location.py:146}}
Aug 03 10:16:21.969205 np0000006338 devstack@g-api.service[103132]: DEBUG glance_store.location [None req-3ae44bae-b9f6-4eb7-a275-6e391ba1b8e3 tempest-ServerStableDeviceRescueTest-1229039016 tempest-ServerStableDeviceRescueTest-1229039016-project-member] Registering scheme swift+http with {'store': , 'location_class': , 'store_entry': 'swift'} {{(pid=103132) register_scheme_map /opt/stack/data/venv/lib/python3.12/site-packages/glance_store/location.py:146}}
Aug 03 10:16:21.969313 np0000006338 devstack@g-api.service[103132]: DEBUG glance_store.location [None req-3ae44bae-b9f6-4eb7-a275-6e391ba1b8e3 tempest-ServerStableDeviceRescueTest-1229039016 tempest-ServerStableDeviceRescueTest-1229039016-project-member] Registering scheme swift+config with {'store': , 'location_class': , 'store_entry': 'swift'} {{(pid=103132) register_scheme_map /opt/stack/data/venv/lib/python3.12/site-packages/glance_store/location.py:146}}
Aug 03 10:16:22.151230 np0000006338 devstack@g-api.service[103130]: DEBUG glance.api.middleware.version_negotiation [None req-95fc8870-7442-4b70-abcf-7783e52b08f6 tempest-TaggedBootDevicesTest-1256285956 tempest-TaggedBootDevicesTest-1256285956-project-member] Determining version of request: GET /versions Accept: */* {{(pid=103130) process_request /opt/stack/glance/glance/api/middleware/version_negotiation.py:44}}
Aug 03 10:16:22.151914 np0000006338 devstack@g-api.service[103130]: [pid: 103130|app: 0|req: 43/166] 127.0.0.1 () {44 vars in 1039 bytes} [Mon Aug 3 10:16:22 2026] GET /versions => generated 1515 bytes in 1 msecs (HTTP/1.1 200) 3 headers in 92 bytes (1 switches on core 0)
Aug 03 10:16:22.161415 np0000006338 devstack@g-api.service[103131]: DEBUG glance.api.middleware.version_negotiation [None req-95fc8870-7442-4b70-abcf-7783e52b08f6 tempest-TaggedBootDevicesTest-1256285956 tempest-TaggedBootDevicesTest-1256285956-project-member] Determining version of request: GET /v2/images/049fb228-6df0-4fbc-8603-6320a4f284be/locations Accept: */* {{(pid=103131) process_request /opt/stack/glance/glance/api/middleware/version_negotiation.py:44}}
Aug 03 10:16:22.161624 np0000006338 devstack@g-api.service[103131]: DEBUG glance.api.middleware.version_negotiation [None req-95fc8870-7442-4b70-abcf-7783e52b08f6 tempest-TaggedBootDevicesTest-1256285956 tempest-TaggedBootDevicesTest-1256285956-project-member] Using url versioning {{(pid=103131) process_request /opt/stack/glance/glance/api/middleware/version_negotiation.py:57}}
Aug 03 10:16:22.161736 np0000006338 devstack@g-api.service[103131]: DEBUG glance.api.middleware.version_negotiation [None req-95fc8870-7442-4b70-abcf-7783e52b08f6 tempest-TaggedBootDevicesTest-1256285956 tempest-TaggedBootDevicesTest-1256285956-project-member] Matched version: v2 {{(pid=103131) process_request /opt/stack/glance/glance/api/middleware/version_negotiation.py:69}}
Aug 03 10:16:22.161846 np0000006338 devstack@g-api.service[103131]: DEBUG glance.api.middleware.version_negotiation [None req-95fc8870-7442-4b70-abcf-7783e52b08f6 tempest-TaggedBootDevicesTest-1256285956 tempest-TaggedBootDevicesTest-1256285956-project-member] new path /v2/images/049fb228-6df0-4fbc-8603-6320a4f284be/locations {{(pid=103131) process_request /opt/stack/glance/glance/api/middleware/version_negotiation.py:70}}
Aug 03 10:16:22.221265 np0000006338 devstack@g-api.service[103132]: DEBUG swiftclient [None req-3ae44bae-b9f6-4eb7-a275-6e391ba1b8e3 tempest-ServerStableDeviceRescueTest-1229039016 tempest-ServerStableDeviceRescueTest-1229039016-project-member] REQ: curl -i https://10.4.3.177:8080/v1/AUTH_79095edde95c4202b8acec22dd1f192c/glance -I -H "X-Auth-Token: gAAAAABqcGp1RgQF..." {{(pid=103132) http_log /opt/stack/data/venv/lib/python3.12/site-packages/swiftclient/client.py:160}}
Aug 03 10:16:22.223620 np0000006338 devstack@g-api.service[103132]: DEBUG swiftclient [None req-3ae44bae-b9f6-4eb7-a275-6e391ba1b8e3 tempest-ServerStableDeviceRescueTest-1229039016 tempest-ServerStableDeviceRescueTest-1229039016-project-member] RESP STATUS: 204 No Content {{(pid=103132) http_log /opt/stack/data/venv/lib/python3.12/site-packages/swiftclient/client.py:161}}
Aug 03 10:16:22.223620 np0000006338 devstack@g-api.service[103132]: DEBUG swiftclient [None req-3ae44bae-b9f6-4eb7-a275-6e391ba1b8e3 tempest-ServerStableDeviceRescueTest-1229039016 tempest-ServerStableDeviceRescueTest-1229039016-project-member] RESP HEADERS: {'Date': 'Mon, 03 Aug 2026 10:16:22 GMT', 'Server': 'Apache/2.4.58 (Ubuntu)', 'Content-Type': 'text/plain; charset=utf-8', 'X-Container-Object-Count': '5', 'X-Container-Bytes-Used': '86048768', 'X-Timestamp': '1785751929.45373', 'Last-Modified': 'Mon, 03 Aug 2026 10:12:10 GMT', 'Accept-Ranges': 'bytes', 'X-Storage-Policy': 'Policy-0', 'X-Container-Sharding': 'False', 'Vary': 'Accept', 'X-Trans-Id': 'tx6ceeee3fc5604930a9830-006a706a76', 'X-Openstack-Request-Id': 'tx6ceeee3fc5604930a9830-006a706a76', 'Connection': 'close'} {{(pid=103132) http_log /opt/stack/data/venv/lib/python3.12/site-packages/swiftclient/client.py:162}}
Aug 03 10:16:22.223620 np0000006338 devstack@g-api.service[103132]: DEBUG glance_store._drivers.swift.store [None req-3ae44bae-b9f6-4eb7-a275-6e391ba1b8e3 tempest-ServerStableDeviceRescueTest-1229039016 tempest-ServerStableDeviceRescueTest-1229039016-project-member] Adding image object 'a1899e35-33ea-4720-99be-92e4c3572750' to Swift {{(pid=103132) add /opt/stack/data/venv/lib/python3.12/site-packages/glance_store/_drivers/swift/store.py:970}}
Aug 03 10:16:22.223620 np0000006338 devstack@g-api.service[103132]: DEBUG glance_store._drivers.swift.store [None req-3ae44bae-b9f6-4eb7-a275-6e391ba1b8e3 tempest-ServerStableDeviceRescueTest-1229039016 tempest-ServerStableDeviceRescueTest-1229039016-project-member] Cannot determine image size because it is either not provided in the request or chunked-transfer encoding is used. Adding image as a segmented object to Swift. {{(pid=103132) add /opt/stack/data/venv/lib/python3.12/site-packages/glance_store/_drivers/swift/store.py:994}}
Aug 03 10:16:22.230639 np0000006338 devstack@g-api.service[103132]: DEBUG oslo_utils.imageutils.format_inspector [None req-3ae44bae-b9f6-4eb7-a275-6e391ba1b8e3 tempest-ServerStableDeviceRescueTest-1229039016 tempest-ServerStableDeviceRescueTest-1229039016-project-member] Format inspector for vmdk does not match, excluding from consideration (Signature KDMV not found: b'QFI\xfb') {{(pid=103132) _process_chunk /opt/stack/data/venv/lib/python3.12/site-packages/oslo_utils/imageutils/format_inspector.py:1758}}
Aug 03 10:16:22.233485 np0000006338 devstack@g-api.service[103132]: DEBUG oslo_utils.imageutils.format_inspector [None req-3ae44bae-b9f6-4eb7-a275-6e391ba1b8e3 tempest-ServerStableDeviceRescueTest-1229039016 tempest-ServerStableDeviceRescueTest-1229039016-project-member] Format inspector for vhdx does not match, excluding from consideration (Region signature not found at 30000) {{(pid=103132) _process_chunk /opt/stack/data/venv/lib/python3.12/site-packages/oslo_utils/imageutils/format_inspector.py:1758}}
Aug 03 10:16:22.265595 np0000006338 devstack@g-api.service[103131]: [pid: 103131|app: 0|req: 44/167] 127.0.0.1 () {44 vars in 1135 bytes} [Mon Aug 3 10:16:22 2026] GET /v2/images/049fb228-6df0-4fbc-8603-6320a4f284be/locations => generated 92 bytes in 104 msecs (HTTP/1.1 200) 4 headers in 156 bytes (1 switches on core 0)
Aug 03 10:16:22.286852 np0000006338 devstack@g-api.service[103129]: DEBUG glance.api.middleware.version_negotiation [None req-95fc8870-7442-4b70-abcf-7783e52b08f6 tempest-TaggedBootDevicesTest-1256285956 tempest-TaggedBootDevicesTest-1256285956-project-member] Determining version of request: GET /v2/images/049fb228-6df0-4fbc-8603-6320a4f284be Accept: */* {{(pid=103129) process_request /opt/stack/glance/glance/api/middleware/version_negotiation.py:44}}
Aug 03 10:16:22.287085 np0000006338 devstack@g-api.service[103129]: DEBUG glance.api.middleware.version_negotiation [None req-95fc8870-7442-4b70-abcf-7783e52b08f6 tempest-TaggedBootDevicesTest-1256285956 tempest-TaggedBootDevicesTest-1256285956-project-member] Using url versioning {{(pid=103129) process_request /opt/stack/glance/glance/api/middleware/version_negotiation.py:57}}
Aug 03 10:16:22.288248 np0000006338 devstack@g-api.service[103129]: DEBUG glance.api.middleware.version_negotiation [None req-95fc8870-7442-4b70-abcf-7783e52b08f6 tempest-TaggedBootDevicesTest-1256285956 tempest-TaggedBootDevicesTest-1256285956-project-member] Matched version: v2 {{(pid=103129) process_request /opt/stack/glance/glance/api/middleware/version_negotiation.py:69}}
Aug 03 10:16:22.289718 np0000006338 devstack@g-api.service[103129]: DEBUG glance.api.middleware.version_negotiation [None req-95fc8870-7442-4b70-abcf-7783e52b08f6 tempest-TaggedBootDevicesTest-1256285956 tempest-TaggedBootDevicesTest-1256285956-project-member] new path /v2/images/049fb228-6df0-4fbc-8603-6320a4f284be {{(pid=103129) process_request /opt/stack/glance/glance/api/middleware/version_negotiation.py:70}}
Aug 03 10:16:22.305534 np0000006338 devstack@g-api.service[103129]: [pid: 103129|app: 0|req: 42/168] 127.0.0.1 () {44 vars in 1115 bytes} [Mon Aug 3 10:16:22 2026] GET /v2/images/049fb228-6df0-4fbc-8603-6320a4f284be => generated 1044 bytes in 19 msecs (HTTP/1.1 200) 4 headers in 158 bytes (1 switches on core 0)
Aug 03 10:16:22.320610 np0000006338 devstack@g-api.service[103130]: DEBUG glance.api.middleware.version_negotiation [None req-95fc8870-7442-4b70-abcf-7783e52b08f6 tempest-TaggedBootDevicesTest-1256285956 tempest-TaggedBootDevicesTest-1256285956-project-member] Determining version of request: GET /v2/schemas/image Accept: */* {{(pid=103130) process_request /opt/stack/glance/glance/api/middleware/version_negotiation.py:44}}
Aug 03 10:16:22.320610 np0000006338 devstack@g-api.service[103130]: DEBUG glance.api.middleware.version_negotiation [None req-95fc8870-7442-4b70-abcf-7783e52b08f6 tempest-TaggedBootDevicesTest-1256285956 tempest-TaggedBootDevicesTest-1256285956-project-member] Using url versioning {{(pid=103130) process_request /opt/stack/glance/glance/api/middleware/version_negotiation.py:57}}
Aug 03 10:16:22.320740 np0000006338 devstack@g-api.service[103130]: DEBUG glance.api.middleware.version_negotiation [None req-95fc8870-7442-4b70-abcf-7783e52b08f6 tempest-TaggedBootDevicesTest-1256285956 tempest-TaggedBootDevicesTest-1256285956-project-member] Matched version: v2 {{(pid=103130) process_request /opt/stack/glance/glance/api/middleware/version_negotiation.py:69}}
Aug 03 10:16:22.321150 np0000006338 devstack@g-api.service[103130]: DEBUG glance.api.middleware.version_negotiation [None req-95fc8870-7442-4b70-abcf-7783e52b08f6 tempest-TaggedBootDevicesTest-1256285956 tempest-TaggedBootDevicesTest-1256285956-project-member] new path /v2/schemas/image {{(pid=103130) process_request /opt/stack/glance/glance/api/middleware/version_negotiation.py:70}}
Aug 03 10:16:22.332062 np0000006338 devstack@g-api.service[103130]: [pid: 103130|app: 0|req: 44/169] 127.0.0.1 () {44 vars in 1055 bytes} [Mon Aug 3 10:16:22 2026] GET /v2/schemas/image => generated 6083 bytes in 8 msecs (HTTP/1.1 200) 4 headers in 158 bytes (1 switches on core 0)
Aug 03 10:16:22.346601 np0000006338 devstack@g-api.service[103131]: DEBUG glance.api.middleware.version_negotiation [None req-95fc8870-7442-4b70-abcf-7783e52b08f6 service glance] Determining version of request: GET /v2/schemas/image Accept: */* {{(pid=103131) process_request /opt/stack/glance/glance/api/middleware/version_negotiation.py:44}}
Aug 03 10:16:22.346601 np0000006338 devstack@g-api.service[103131]: DEBUG glance.api.middleware.version_negotiation [None req-95fc8870-7442-4b70-abcf-7783e52b08f6 service glance] Using url versioning {{(pid=103131) process_request /opt/stack/glance/glance/api/middleware/version_negotiation.py:57}}
Aug 03 10:16:22.346601 np0000006338 devstack@g-api.service[103131]: DEBUG glance.api.middleware.version_negotiation [None req-95fc8870-7442-4b70-abcf-7783e52b08f6 service glance] Matched version: v2 {{(pid=103131) process_request /opt/stack/glance/glance/api/middleware/version_negotiation.py:69}}
Aug 03 10:16:22.346601 np0000006338 devstack@g-api.service[103131]: DEBUG glance.api.middleware.version_negotiation [None req-95fc8870-7442-4b70-abcf-7783e52b08f6 service glance] new path /v2/schemas/image {{(pid=103131) process_request /opt/stack/glance/glance/api/middleware/version_negotiation.py:70}}
Aug 03 10:16:22.347239 np0000006338 devstack@g-api.service[103131]: [pid: 103131|app: 0|req: 45/170] 127.0.0.1 () {44 vars in 1055 bytes} [Mon Aug 3 10:16:22 2026] GET /v2/schemas/image => generated 6083 bytes in 4 msecs (HTTP/1.1 200) 4 headers in 158 bytes (1 switches on core 0)
Aug 03 10:16:22.631795 np0000006338 devstack@g-api.service[103129]: DEBUG glance.api.middleware.version_negotiation [None req-95fc8870-7442-4b70-abcf-7783e52b08f6 tempest-TaggedBootDevicesTest-1256285956 tempest-TaggedBootDevicesTest-1256285956-project-member] Determining version of request: GET /v2/images/a1899e35-33ea-4720-99be-92e4c3572750 Accept: */* {{(pid=103129) process_request /opt/stack/glance/glance/api/middleware/version_negotiation.py:44}}
Aug 03 10:16:22.632244 np0000006338 devstack@g-api.service[103129]: DEBUG glance.api.middleware.version_negotiation [None req-95fc8870-7442-4b70-abcf-7783e52b08f6 tempest-TaggedBootDevicesTest-1256285956 tempest-TaggedBootDevicesTest-1256285956-project-member] Using url versioning {{(pid=103129) process_request /opt/stack/glance/glance/api/middleware/version_negotiation.py:57}}
Aug 03 10:16:22.632291 np0000006338 devstack@g-api.service[103129]: DEBUG glance.api.middleware.version_negotiation [None req-95fc8870-7442-4b70-abcf-7783e52b08f6 tempest-TaggedBootDevicesTest-1256285956 tempest-TaggedBootDevicesTest-1256285956-project-member] Matched version: v2 {{(pid=103129) process_request /opt/stack/glance/glance/api/middleware/version_negotiation.py:69}}
Aug 03 10:16:22.632657 np0000006338 devstack@g-api.service[103129]: DEBUG glance.api.middleware.version_negotiation [None req-95fc8870-7442-4b70-abcf-7783e52b08f6 tempest-TaggedBootDevicesTest-1256285956 tempest-TaggedBootDevicesTest-1256285956-project-member] new path /v2/images/a1899e35-33ea-4720-99be-92e4c3572750 {{(pid=103129) process_request /opt/stack/glance/glance/api/middleware/version_negotiation.py:70}}
Aug 03 10:16:22.664143 np0000006338 devstack@g-api.service[103129]: [pid: 103129|app: 0|req: 43/171] 127.0.0.1 () {44 vars in 1115 bytes} [Mon Aug 3 10:16:22 2026] GET /v2/images/a1899e35-33ea-4720-99be-92e4c3572750 => generated 1447 bytes in 32 msecs (HTTP/1.1 200) 4 headers in 158 bytes (1 switches on core 0)
Aug 03 10:16:22.726825 np0000006338 devstack@g-api.service[103130]: DEBUG glance.api.middleware.version_negotiation [None req-95fc8870-7442-4b70-abcf-7783e52b08f6 tempest-TaggedBootDevicesTest-1256285956 tempest-TaggedBootDevicesTest-1256285956-project-member] Determining version of request: GET /v2/schemas/image Accept: */* {{(pid=103130) process_request /opt/stack/glance/glance/api/middleware/version_negotiation.py:44}}
Aug 03 10:16:22.726825 np0000006338 devstack@g-api.service[103130]: DEBUG glance.api.middleware.version_negotiation [None req-95fc8870-7442-4b70-abcf-7783e52b08f6 tempest-TaggedBootDevicesTest-1256285956 tempest-TaggedBootDevicesTest-1256285956-project-member] Using url versioning {{(pid=103130) process_request /opt/stack/glance/glance/api/middleware/version_negotiation.py:57}}
Aug 03 10:16:22.726825 np0000006338 devstack@g-api.service[103130]: DEBUG glance.api.middleware.version_negotiation [None req-95fc8870-7442-4b70-abcf-7783e52b08f6 tempest-TaggedBootDevicesTest-1256285956 tempest-TaggedBootDevicesTest-1256285956-project-member] Matched version: v2 {{(pid=103130) process_request /opt/stack/glance/glance/api/middleware/version_negotiation.py:69}}
Aug 03 10:16:22.727630 np0000006338 devstack@g-api.service[103130]: DEBUG glance.api.middleware.version_negotiation [None req-95fc8870-7442-4b70-abcf-7783e52b08f6 tempest-TaggedBootDevicesTest-1256285956 tempest-TaggedBootDevicesTest-1256285956-project-member] new path /v2/schemas/image {{(pid=103130) process_request /opt/stack/glance/glance/api/middleware/version_negotiation.py:70}}
Aug 03 10:16:22.736753 np0000006338 devstack@g-api.service[103130]: [pid: 103130|app: 0|req: 45/172] 127.0.0.1 () {44 vars in 1055 bytes} [Mon Aug 3 10:16:22 2026] GET /v2/schemas/image => generated 6083 bytes in 11 msecs (HTTP/1.1 200) 4 headers in 158 bytes (1 switches on core 0)
Aug 03 10:16:22.878799 np0000006338 devstack@g-api.service[103132]: DEBUG swiftclient [None req-3ae44bae-b9f6-4eb7-a275-6e391ba1b8e3 tempest-ServerStableDeviceRescueTest-1229039016 tempest-ServerStableDeviceRescueTest-1229039016-project-member] REQ: curl -i https://10.4.3.177:8080/v1/AUTH_79095edde95c4202b8acec22dd1f192c/glance/a1899e35-33ea-4720-99be-92e4c3572750-00001 -X PUT -H "X-Auth-Token: gAAAAABqcGp1RgQF..." {{(pid=103132) http_log /opt/stack/data/venv/lib/python3.12/site-packages/swiftclient/client.py:160}}
Aug 03 10:16:22.879361 np0000006338 devstack@g-api.service[103132]: DEBUG swiftclient [None req-3ae44bae-b9f6-4eb7-a275-6e391ba1b8e3 tempest-ServerStableDeviceRescueTest-1229039016 tempest-ServerStableDeviceRescueTest-1229039016-project-member] RESP STATUS: 201 Created {{(pid=103132) http_log /opt/stack/data/venv/lib/python3.12/site-packages/swiftclient/client.py:161}}
Aug 03 10:16:22.879361 np0000006338 devstack@g-api.service[103132]: DEBUG swiftclient [None req-3ae44bae-b9f6-4eb7-a275-6e391ba1b8e3 tempest-ServerStableDeviceRescueTest-1229039016 tempest-ServerStableDeviceRescueTest-1229039016-project-member] RESP HEADERS: {'Date': 'Mon, 03 Aug 2026 10:16:22 GMT', 'Server': 'Apache/2.4.58 (Ubuntu)', 'Content-Type': 'text/html; charset=UTF-8', 'Content-Length': '0', 'Etag': '5db0c6e319a860a48a5f7e6e9536974a', 'Last-Modified': 'Mon, 03 Aug 2026 10:16:23 GMT', 'X-Trans-Id': 'tx585c6587016a4a77aed30-006a706a76', 'X-Openstack-Request-Id': 'tx585c6587016a4a77aed30-006a706a76', 'Connection': 'close'} {{(pid=103132) http_log /opt/stack/data/venv/lib/python3.12/site-packages/swiftclient/client.py:162}}
Aug 03 10:16:22.879361 np0000006338 devstack@g-api.service[103132]: DEBUG glance_store._drivers.swift.store [None req-3ae44bae-b9f6-4eb7-a275-6e391ba1b8e3 tempest-ServerStableDeviceRescueTest-1229039016 tempest-ServerStableDeviceRescueTest-1229039016-project-member] Wrote chunk a1899e35-33ea-4720-99be-92e4c3572750-00001 (1/?) of length 53936128 to Swift returning MD5 of content: 5db0c6e319a860a48a5f7e6e9536974a {{(pid=103132) add /opt/stack/data/venv/lib/python3.12/site-packages/glance_store/_drivers/swift/store.py:1059}}
Aug 03 10:16:22.880309 np0000006338 devstack@g-api.service[103132]: DEBUG glance_store._drivers.swift.store [None req-3ae44bae-b9f6-4eb7-a275-6e391ba1b8e3 tempest-ServerStableDeviceRescueTest-1229039016 tempest-ServerStableDeviceRescueTest-1229039016-project-member] Not writing zero-length chunk. {{(pid=103132) add /opt/stack/data/venv/lib/python3.12/site-packages/glance_store/_drivers/swift/store.py:1028}}
Aug 03 10:16:22.908652 np0000006338 devstack@g-api.service[103132]: DEBUG swiftclient [None req-3ae44bae-b9f6-4eb7-a275-6e391ba1b8e3 tempest-ServerStableDeviceRescueTest-1229039016 tempest-ServerStableDeviceRescueTest-1229039016-project-member] REQ: curl -i https://10.4.3.177:8080/v1/AUTH_79095edde95c4202b8acec22dd1f192c/glance/a1899e35-33ea-4720-99be-92e4c3572750 -X PUT -H "X-Object-Manifest: glance/a1899e35-33ea-4720-99be-92e4c3572750-" -H "X-Auth-Token: gAAAAABqcGp1RgQF..." -H "Content-Length: 0" {{(pid=103132) http_log /opt/stack/data/venv/lib/python3.12/site-packages/swiftclient/client.py:160}}
