Aug 03 10:11:03.977550 np0000006338 devstack@neutron-api.service[90888]: DEBUG neutron_lib.callbacks.manager [None req-5155b92c-05b0-436b-9a8e-577e39408207 None None] Subscribe: > router after_update 55550000, False {{(pid=90888) subscribe /opt/stack/data/venv/lib/python3.12/site-packages/neutron_lib/callbacks/manager.py:52}}
Aug 03 10:11:03.977550 np0000006338 devstack@neutron-api.service[90888]: DEBUG neutron.services.service_base [None req-5155b92c-05b0-436b-9a8e-577e39408207 None None] Loaded 'neutron.services.ovn_l3.service_providers.ovn.OvnDriver' provider for service L3_ROUTER_NAT {{(pid=90888) load_drivers /opt/stack/neutron/neutron/services/service_base.py:49}}
Aug 03 10:11:03.977550 np0000006338 devstack@neutron-api.service[90888]: DEBUG neutron_lib.callbacks.manager [None req-5155b92c-05b0-436b-9a8e-577e39408207 None None] Subscribe: > process after_init 55550001, True {{(pid=90888) subscribe /opt/stack/data/venv/lib/python3.12/site-packages/neutron_lib/callbacks/manager.py:52}}
Aug 03 10:11:03.977550 np0000006338 devstack@neutron-api.service[90888]: DEBUG neutron.manager [None req-5155b92c-05b0-436b-9a8e-577e39408207 None None] Successfully loaded L3_ROUTER_NAT plugin. Description: L3 Router Service Plugin for basic L3 forwarding using OVN {{(pid=90888) _create_and_add_service_plugin /opt/stack/neutron/neutron/manager.py:236}}
Aug 03 10:11:03.978145 np0000006338 devstack@neutron-api.service[90888]: INFO neutron.manager [None req-5155b92c-05b0-436b-9a8e-577e39408207 None None] Loading Plugin: auto_allocate
Aug 03 10:11:03.978145 np0000006338 devstack@neutron-api.service[90888]: DEBUG neutron_lib.callbacks.manager [None req-5155b92c-05b0-436b-9a8e-577e39408207 None None] Subscribe: network precommit_update 55550000, False {{(pid=90888) subscribe /opt/stack/data/venv/lib/python3.12/site-packages/neutron_lib/callbacks/manager.py:52}}
Aug 03 10:11:03.978145 np0000006338 devstack@neutron-api.service[90888]: DEBUG neutron_lib.callbacks.manager [None req-5155b92c-05b0-436b-9a8e-577e39408207 None None] Subscribe: network precommit_create 55550000, False {{(pid=90888) subscribe /opt/stack/data/venv/lib/python3.12/site-packages/neutron_lib/callbacks/manager.py:52}}
Aug 03 10:11:03.981208 np0000006338 devstack@neutron-api.service[90888]: DEBUG neutron.manager [None req-5155b92c-05b0-436b-9a8e-577e39408207 None None] Successfully loaded auto-allocated-topology plugin. Description: Auto Allocated Topology - aka get me a network. {{(pid=90888) _create_and_add_service_plugin /opt/stack/neutron/neutron/manager.py:236}}
Aug 03 10:11:03.981208 np0000006338 devstack@neutron-api.service[90888]: INFO neutron.manager [None req-5155b92c-05b0-436b-9a8e-577e39408207 None None] Loading Plugin: tag
Aug 03 10:11:03.982928 np0000006338 devstack@neutron-api.service[90888]: DEBUG neutron.manager [None req-5155b92c-05b0-436b-9a8e-577e39408207 None None] Successfully loaded TAG plugin. Description: Tag support {{(pid=90888) _create_and_add_service_plugin /opt/stack/neutron/neutron/manager.py:236}}
Aug 03 10:11:03.982928 np0000006338 devstack@neutron-api.service[90888]: INFO neutron.manager [None req-5155b92c-05b0-436b-9a8e-577e39408207 None None] Loading Plugin: timestamp
Aug 03 10:11:03.984977 np0000006338 devstack@neutron-api.service[90888]: DEBUG neutron.manager [None req-5155b92c-05b0-436b-9a8e-577e39408207 None None] Successfully loaded timestamp plugin. Description: Adds timestamps to Neutron resources with standard attributes {{(pid=90888) _create_and_add_service_plugin /opt/stack/neutron/neutron/manager.py:236}}
Aug 03 10:11:03.984977 np0000006338 devstack@neutron-api.service[90888]: INFO neutron.manager [None req-5155b92c-05b0-436b-9a8e-577e39408207 None None] Loading Plugin: network_ip_availability
Aug 03 10:11:03.989452 np0000006338 devstack@neutron-api.service[90888]: DEBUG neutron.manager [None req-5155b92c-05b0-436b-9a8e-577e39408207 None None] Successfully loaded network-ip-availability plugin. Description: Provides IP availability data for each network and subnet. {{(pid=90888) _create_and_add_service_plugin /opt/stack/neutron/neutron/manager.py:236}}
Aug 03 10:11:03.989452 np0000006338 devstack@neutron-api.service[90888]: INFO neutron.manager [None req-5155b92c-05b0-436b-9a8e-577e39408207 None None] Loading Plugin: flavors
Aug 03 10:11:03.989452 np0000006338 devstack@neutron-api.service[90888]: DEBUG neutron.manager [None req-5155b92c-05b0-436b-9a8e-577e39408207 None None] Successfully loaded FLAVORS plugin. Description: Neutron Flavors and Service Profiles manager plugin {{(pid=90888) _create_and_add_service_plugin /opt/stack/neutron/neutron/manager.py:236}}
Aug 03 10:11:03.989452 np0000006338 devstack@neutron-api.service[90888]: INFO neutron.manager [None req-5155b92c-05b0-436b-9a8e-577e39408207 None None] Loading Plugin: revisions
Aug 03 10:11:03.989888 np0000006338 devstack@neutron-api.service[90889]: INFO neutron.plugins.ml2.drivers.type_vlan [None req-b2737459-693d-48c6-92b3-978b8c282133 None None] VlanTypeDriver initialization complete
Aug 03 10:11:03.990534 np0000006338 devstack@neutron-api.service[90888]: DEBUG neutron.manager [None req-5155b92c-05b0-436b-9a8e-577e39408207 None None] Successfully loaded revision_plugin plugin. Description: Adds revision numbers to resources. {{(pid=90888) _create_and_add_service_plugin /opt/stack/neutron/neutron/manager.py:236}}
Aug 03 10:11:03.990906 np0000006338 devstack@neutron-api.service[90889]: INFO neutron.plugins.ml2.managers [None req-b2737459-693d-48c6-92b3-978b8c282133 None None] Initializing extension driver 'port_security'
Aug 03 10:11:03.991468 np0000006338 devstack@neutron-api.service[90888]: DEBUG oslo_concurrency.lockutils [None req-5155b92c-05b0-436b-9a8e-577e39408207 None None] Lock "manager" "released" by "neutron.manager.NeutronManager._create_instance" :: held 4.820s {{(pid=90888) inner /opt/stack/data/venv/lib/python3.12/site-packages/oslo_concurrency/lockutils.py:544}}
Aug 03 10:11:03.991868 np0000006338 devstack@neutron-api.service[90889]: INFO neutron.plugins.ml2.extensions.port_security [None req-b2737459-693d-48c6-92b3-978b8c282133 None None] PortSecurityExtensionDriver initialization complete
Aug 03 10:11:03.991868 np0000006338 devstack@neutron-api.service[90889]: INFO neutron.plugins.ml2.managers [None req-b2737459-693d-48c6-92b3-978b8c282133 None None] Initializing extension driver 'qos'
Aug 03 10:11:03.992389 np0000006338 devstack@neutron-api.service[90888]: DEBUG neutron.api.extensions [None req-5155b92c-05b0-436b-9a8e-577e39408207 None None] get_extension_paths = OrderedDict({'/opt/stack/neutron/neutron/extensions': 1}) {{(pid=90888) get_extensions_path /opt/stack/neutron/neutron/api/extensions.py:640}}
Aug 03 10:11:03.992823 np0000006338 devstack@neutron-api.service[90889]: DEBUG neutron.plugins.ml2.extensions.qos [None req-b2737459-693d-48c6-92b3-978b8c282133 None None] QosExtensionDriver initialization complete {{(pid=90889) initialize /opt/stack/neutron/neutron/plugins/ml2/extensions/qos.py:31}}
Aug 03 10:11:03.992823 np0000006338 devstack@neutron-api.service[90889]: INFO neutron.plugins.ml2.managers [None req-b2737459-693d-48c6-92b3-978b8c282133 None None] Initializing mechanism driver 'ovn'
Aug 03 10:11:03.993325 np0000006338 devstack@neutron-api.service[90888]: INFO neutron.api.extensions [None req-5155b92c-05b0-436b-9a8e-577e39408207 None None] Initializing extension manager.
Aug 03 10:11:03.993739 np0000006338 devstack@neutron-api.service[90889]: INFO neutron.plugins.ml2.drivers.ovn.mech_driver.mech_driver [None req-b2737459-693d-48c6-92b3-978b8c282133 None None] Starting OVNMechanismDriver
Aug 03 10:11:03.994137 np0000006338 devstack@neutron-api.service[90888]: DEBUG neutron.api.extensions [None req-5155b92c-05b0-436b-9a8e-577e39408207 None None] Loading extension file: __init__.py {{(pid=90888) _load_all_extensions_from_path /opt/stack/neutron/neutron/api/extensions.py:449}}
Aug 03 10:11:03.994137 np0000006338 devstack@neutron-api.service[90888]: DEBUG neutron.api.extensions [None req-5155b92c-05b0-436b-9a8e-577e39408207 None None] Loading extension file: __pycache__ {{(pid=90888) _load_all_extensions_from_path /opt/stack/neutron/neutron/api/extensions.py:449}}
Aug 03 10:11:03.994137 np0000006338 devstack@neutron-api.service[90888]: DEBUG neutron.api.extensions [None req-5155b92c-05b0-436b-9a8e-577e39408207 None None] Loading extension file: aap_reject_multicast.py {{(pid=90888) _load_all_extensions_from_path /opt/stack/neutron/neutron/api/extensions.py:449}}
Aug 03 10:11:03.994137 np0000006338 devstack@neutron-api.service[90888]: DEBUG neutron.api.extensions [None req-5155b92c-05b0-436b-9a8e-577e39408207 None None] Ext name="Allowed address pairs reject multicast extension" alias="aap-reject-multicast" description="Reject multicast addresses in Allowed Address Pairs" updated="2026-04-01T00:00:00-00:00" {{(pid=90888) _check_extension /opt/stack/neutron/neutron/api/extensions.py:415}}
Aug 03 10:11:03.994137 np0000006338 devstack@neutron-api.service[90888]: INFO neutron.api.extensions [None req-5155b92c-05b0-436b-9a8e-577e39408207 None None] Extension aap-reject-multicast not supported by any of loaded plugins
Aug 03 10:11:03.994137 np0000006338 devstack@neutron-api.service[90888]: DEBUG neutron.api.extensions [None req-5155b92c-05b0-436b-9a8e-577e39408207 None None] Loading extension file: address_group.py {{(pid=90888) _load_all_extensions_from_path /opt/stack/neutron/neutron/api/extensions.py:449}}
Aug 03 10:11:03.994137 np0000006338 devstack@neutron-api.service[90888]: DEBUG neutron.api.extensions [None req-5155b92c-05b0-436b-9a8e-577e39408207 None None] Ext name="Address group" alias="address-group" description="Support address group" updated="2020-07-15T10:00:00-00:00" {{(pid=90888) _check_extension /opt/stack/neutron/neutron/api/extensions.py:415}}
Aug 03 10:11:03.994657 np0000006338 devstack@neutron-api.service[90889]: DEBUG neutron_lib.callbacks.manager [None req-b2737459-693d-48c6-92b3-978b8c282133 None None] Subscribe: > process before_spawn 55550000, False {{(pid=90889) subscribe /opt/stack/data/venv/lib/python3.12/site-packages/neutron_lib/callbacks/manager.py:52}}
Aug 03 10:11:03.994973 np0000006338 devstack@neutron-api.service[90888]: INFO neutron.api.extensions [None req-5155b92c-05b0-436b-9a8e-577e39408207 None None] Loaded extension: address-group
Aug 03 10:11:03.994973 np0000006338 devstack@neutron-api.service[90888]: DEBUG neutron.api.extensions [None req-5155b92c-05b0-436b-9a8e-577e39408207 None None] Loading extension file: address_scope.py {{(pid=90888) _load_all_extensions_from_path /opt/stack/neutron/neutron/api/extensions.py:449}}
Aug 03 10:11:03.995405 np0000006338 devstack@neutron-api.service[90889]: DEBUG neutron_lib.callbacks.manager [None req-b2737459-693d-48c6-92b3-978b8c282133 None None] Subscribe: > process after_init 55550000, True {{(pid=90889) subscribe /opt/stack/data/venv/lib/python3.12/site-packages/neutron_lib/callbacks/manager.py:52}}
Aug 03 10:11:03.995405 np0000006338 devstack@neutron-api.service[90889]: DEBUG neutron_lib.callbacks.manager [None req-b2737459-693d-48c6-92b3-978b8c282133 None None] Subscribe: > segment after_create 55550000, False {{(pid=90889) subscribe /opt/stack/data/venv/lib/python3.12/site-packages/neutron_lib/callbacks/manager.py:52}}
Aug 03 10:11:03.995405 np0000006338 devstack@neutron-api.service[90889]: DEBUG neutron_lib.callbacks.manager [None req-b2737459-693d-48c6-92b3-978b8c282133 None None] Subscribe: > segment after_create 55550000, False {{(pid=90889) subscribe /opt/stack/data/venv/lib/python3.12/site-packages/neutron_lib/callbacks/manager.py:52}}
Aug 03 10:11:03.995405 np0000006338 devstack@neutron-api.service[90889]: DEBUG neutron_lib.callbacks.manager [None req-b2737459-693d-48c6-92b3-978b8c282133 None None] Subscribe: > segment after_delete 55550000, False {{(pid=90889) subscribe /opt/stack/data/venv/lib/python3.12/site-packages/neutron_lib/callbacks/manager.py:52}}
Aug 03 10:11:03.995986 np0000006338 devstack@neutron-api.service[90888]: DEBUG neutron.api.extensions [None req-5155b92c-05b0-436b-9a8e-577e39408207 None None] Ext name="Address scope" alias="address-scope" description="Address scopes extension." updated="2015-07-26T10:00:00-00:00" {{(pid=90888) _check_extension /opt/stack/neutron/neutron/api/extensions.py:415}}
Aug 03 10:11:03.996552 np0000006338 devstack@neutron-api.service[90889]: DEBUG neutron_lib.callbacks.manager [None req-b2737459-693d-48c6-92b3-978b8c282133 None None] Subscribe: > allowed_address_pair before_create 55550000, False {{(pid=90889) subscribe /opt/stack/data/venv/lib/python3.12/site-packages/neutron_lib/callbacks/manager.py:52}}
Aug 03 10:11:03.996552 np0000006338 devstack@neutron-api.service[90889]: DEBUG neutron_lib.callbacks.manager [None req-b2737459-693d-48c6-92b3-978b8c282133 None None] Subscribe: > security_group precommit_create 55550000, False {{(pid=90889) subscribe /opt/stack/data/venv/lib/python3.12/site-packages/neutron_lib/callbacks/manager.py:52}}
Aug 03 10:11:03.996921 np0000006338 devstack@neutron-api.service[90888]: INFO neutron.api.extensions [None req-5155b92c-05b0-436b-9a8e-577e39408207 None None] Loaded extension: address-scope
Aug 03 10:11:03.997255 np0000006338 devstack@neutron-api.service[90889]: DEBUG neutron_lib.callbacks.manager [None req-b2737459-693d-48c6-92b3-978b8c282133 None None] Subscribe: > security_group after_update 55550000, False {{(pid=90889) subscribe /opt/stack/data/venv/lib/python3.12/site-packages/neutron_lib/callbacks/manager.py:52}}
Aug 03 10:11:03.997255 np0000006338 devstack@neutron-api.service[90889]: DEBUG neutron_lib.callbacks.manager [None req-b2737459-693d-48c6-92b3-978b8c282133 None None] Subscribe: > security_group after_create 55550000, False {{(pid=90889) subscribe /opt/stack/data/venv/lib/python3.12/site-packages/neutron_lib/callbacks/manager.py:52}}
Aug 03 10:11:03.997600 np0000006338 devstack@neutron-api.service[90888]: DEBUG neutron.api.extensions [None req-5155b92c-05b0-436b-9a8e-577e39408207 None None] Loading extension file: admin_state_down_before_update.py {{(pid=90888) _load_all_extensions_from_path /opt/stack/neutron/neutron/api/extensions.py:449}}
Aug 03 10:11:03.997828 np0000006338 devstack@neutron-api.service[90889]: DEBUG neutron_lib.callbacks.manager [None req-b2737459-693d-48c6-92b3-978b8c282133 None None] Subscribe: > security_group precommit_delete 55550000, False {{(pid=90889) subscribe /opt/stack/data/venv/lib/python3.12/site-packages/neutron_lib/callbacks/manager.py:52}}
Aug 03 10:11:03.997828 np0000006338 devstack@neutron-api.service[90889]: DEBUG neutron_lib.callbacks.manager [None req-b2737459-693d-48c6-92b3-978b8c282133 None None] Subscribe: > security_group after_delete 55550000, False {{(pid=90889) subscribe /opt/stack/data/venv/lib/python3.12/site-packages/neutron_lib/callbacks/manager.py:52}}
Aug 03 10:11:03.997828 np0000006338 devstack@neutron-api.service[90889]: DEBUG neutron_lib.callbacks.manager [None req-b2737459-693d-48c6-92b3-978b8c282133 None None] Subscribe: > security_group_rule precommit_create 55550000, False {{(pid=90889) subscribe /opt/stack/data/venv/lib/python3.12/site-packages/neutron_lib/callbacks/manager.py:52}}
Aug 03 10:11:03.998368 np0000006338 devstack@neutron-api.service[90888]: DEBUG neutron.api.extensions [None req-5155b92c-05b0-436b-9a8e-577e39408207 None None] Ext name="Enforce Router's Admin State Down Before Update Extension" alias="router-admin-state-down-before-update" description="Ensure that the admin state of a router is DOWN (admin_state_up=False) before updating the distributed attribute" updated="2019-07-02T15:56:00" {{(pid=90888) _check_extension /opt/stack/neutron/neutron/api/extensions.py:415}}
Aug 03 10:11:03.998563 np0000006338 devstack@neutron-api.service[90889]: DEBUG neutron_lib.callbacks.manager [None req-b2737459-693d-48c6-92b3-978b8c282133 None None] Subscribe: > security_group_rule after_create 55550000, False {{(pid=90889) subscribe /opt/stack/data/venv/lib/python3.12/site-packages/neutron_lib/callbacks/manager.py:52}}
Aug 03 10:11:03.998563 np0000006338 devstack@neutron-api.service[90889]: DEBUG neutron_lib.callbacks.manager [None req-b2737459-693d-48c6-92b3-978b8c282133 None None] Subscribe: > security_group_rule before_delete 55550000, False {{(pid=90889) subscribe /opt/stack/data/venv/lib/python3.12/site-packages/neutron_lib/callbacks/manager.py:52}}
Aug 03 10:11:03.998713 np0000006338 devstack@neutron-api.service[90888]: INFO neutron.api.extensions [None req-5155b92c-05b0-436b-9a8e-577e39408207 None None] Extension router-admin-state-down-before-update not supported by any of loaded plugins
Aug 03 10:11:03.998886 np0000006338 devstack@neutron-api.service[90889]: DEBUG neutron_lib.callbacks.manager [None req-b2737459-693d-48c6-92b3-978b8c282133 None None] Subscribe: > address_group after_create 55550000, False {{(pid=90889) subscribe /opt/stack/data/venv/lib/python3.12/site-packages/neutron_lib/callbacks/manager.py:52}}
Aug 03 10:11:03.998886 np0000006338 devstack@neutron-api.service[90889]: DEBUG neutron_lib.callbacks.manager [None req-b2737459-693d-48c6-92b3-978b8c282133 None None] Subscribe: > address_group after_update 55550000, False {{(pid=90889) subscribe /opt/stack/data/venv/lib/python3.12/site-packages/neutron_lib/callbacks/manager.py:52}}
Aug 03 10:11:03.999038 np0000006338 devstack@neutron-api.service[90888]: DEBUG neutron.api.extensions [None req-5155b92c-05b0-436b-9a8e-577e39408207 None None] Loading extension file: agent.py {{(pid=90888) _load_all_extensions_from_path /opt/stack/neutron/neutron/api/extensions.py:449}}
Aug 03 10:11:03.999226 np0000006338 devstack@neutron-api.service[90889]: DEBUG neutron_lib.callbacks.manager [None req-b2737459-693d-48c6-92b3-978b8c282133 None None] Subscribe: > address_group after_delete 55550000, False {{(pid=90889) subscribe /opt/stack/data/venv/lib/python3.12/site-packages/neutron_lib/callbacks/manager.py:52}}
Aug 03 10:11:03.999226 np0000006338 devstack@neutron-api.service[90889]: DEBUG neutron_lib.callbacks.manager [None req-b2737459-693d-48c6-92b3-978b8c282133 None None] Subscribe: > qos_plugin after_init 55550000, False {{(pid=90889) subscribe /opt/stack/data/venv/lib/python3.12/site-packages/neutron_lib/callbacks/manager.py:52}}
Aug 03 10:11:03.999380 np0000006338 devstack@neutron-api.service[90888]: DEBUG neutron.api.extensions [None req-5155b92c-05b0-436b-9a8e-577e39408207 None None] Ext name="agent" alias="agent" description="The agent management extension." updated="2013-02-03T10:00:00-00:00" {{(pid=90888) _check_extension /opt/stack/neutron/neutron/api/extensions.py:415}}
Aug 03 10:11:03.999555 np0000006338 devstack@neutron-api.service[90889]: DEBUG neutron_lib.callbacks.manager [None req-b2737459-693d-48c6-92b3-978b8c282133 None None] Subscribe: > trunk_plugin after_init 55550000, False {{(pid=90889) subscribe /opt/stack/data/venv/lib/python3.12/site-packages/neutron_lib/callbacks/manager.py:52}}
Aug 03 10:11:03.999682 np0000006338 devstack@neutron-api.service[90888]: INFO neutron.api.extensions [None req-5155b92c-05b0-436b-9a8e-577e39408207 None None] Loaded extension: agent
Aug 03 10:11:03.999834 np0000006338 devstack@neutron-api.service[90889]: DEBUG neutron_lib.callbacks.manager [None req-b2737459-693d-48c6-92b3-978b8c282133 None None] Subscribe: > logging-plugin after_init 55550000, False {{(pid=90889) subscribe /opt/stack/data/venv/lib/python3.12/site-packages/neutron_lib/callbacks/manager.py:52}}
Aug 03 10:11:03.999951 np0000006338 devstack@neutron-api.service[90888]: DEBUG neutron.api.extensions [None req-5155b92c-05b0-436b-9a8e-577e39408207 None None] Loading extension file: agent_resources_synced.py {{(pid=90888) _load_all_extensions_from_path /opt/stack/neutron/neutron/api/extensions.py:449}}
Aug 03 10:11:03.999951 np0000006338 devstack@neutron-api.service[90888]: DEBUG neutron.api.extensions [None req-5155b92c-05b0-436b-9a8e-577e39408207 None None] Ext name="Agent's Resource View Synced to Placement" alias="agent-resources-synced" description="Stores success/failure of last sync to Placement" updated="2018-12-19T00:00:00-00:00" {{(pid=90888) _check_extension /opt/stack/neutron/neutron/api/extensions.py:415}}
Aug 03 10:11:04.000220 np0000006338 devstack@neutron-api.service[90889]: INFO neutron.services.logapi.drivers.ovn.driver [None req-b2737459-693d-48c6-92b3-978b8c282133 None None] OVN logging driver registered
Aug 03 10:11:04.000220 np0000006338 devstack@neutron-api.service[90889]: DEBUG neutron_lib.callbacks.manager [None req-b2737459-693d-48c6-92b3-978b8c282133 None None] Subscribe: ._register_pvlan_driver at 0x73d159a1c5e0> pvlan_plugin before_spawn 55550000, False {{(pid=90889) subscribe /opt/stack/data/venv/lib/python3.12/site-packages/neutron_lib/callbacks/manager.py:52}}
Aug 03 10:11:04.000381 np0000006338 devstack@neutron-api.service[90888]: INFO neutron.api.extensions [None req-5155b92c-05b0-436b-9a8e-577e39408207 None None] Extension agent-resources-synced not supported by any of loaded plugins
Aug 03 10:11:04.000528 np0000006338 devstack@neutron-api.service[90889]: DEBUG neutron_lib.callbacks.manager [None req-b2737459-693d-48c6-92b3-978b8c282133 None None] Subscribe: process after_init 55550000, False {{(pid=90889) subscribe /opt/stack/data/venv/lib/python3.12/site-packages/neutron_lib/callbacks/manager.py:52}}
Aug 03 10:11:04.000643 np0000006338 devstack@neutron-api.service[90888]: DEBUG neutron.api.extensions [None req-5155b92c-05b0-436b-9a8e-577e39408207 None None] Loading extension file: agent_sort_key.py {{(pid=90888) _load_all_extensions_from_path /opt/stack/neutron/neutron/api/extensions.py:449}}
Aug 03 10:11:04.000643 np0000006338 devstack@neutron-api.service[90888]: DEBUG neutron.api.extensions [None req-5155b92c-05b0-436b-9a8e-577e39408207 None None] Ext name="Agents Sort Key" alias="agent_sort_key" description="Enabling the keyword sort_key for sorting in agents." updated="2013-02-03T10:00:00-00:00" {{(pid=90888) _check_extension /opt/stack/neutron/neutron/api/extensions.py:415}}
Aug 03 10:11:04.000643 np0000006338 devstack@neutron-api.service[90888]: INFO neutron.api.extensions [None req-5155b92c-05b0-436b-9a8e-577e39408207 None None] Extension agent_sort_key not supported by any of loaded plugins
Aug 03 10:11:04.000643 np0000006338 devstack@neutron-api.service[90888]: DEBUG neutron.api.extensions [None req-5155b92c-05b0-436b-9a8e-577e39408207 None None] Loading extension file: allowedaddresspairs.py {{(pid=90888) _load_all_extensions_from_path /opt/stack/neutron/neutron/api/extensions.py:449}}
Aug 03 10:11:04.000643 np0000006338 devstack@neutron-api.service[90888]: DEBUG neutron.api.extensions [None req-5155b92c-05b0-436b-9a8e-577e39408207 None None] Ext name="Allowed Address Pairs" alias="allowed-address-pairs" description="Provides allowed address pairs" updated="2013-07-23T10:00:00-00:00" {{(pid=90888) _check_extension /opt/stack/neutron/neutron/api/extensions.py:415}}
Aug 03 10:11:04.000946 np0000006338 devstack@neutron-api.service[90889]: DEBUG neutron.plugins.ml2.plugin [None req-b2737459-693d-48c6-92b3-978b8c282133 None None] neutron.plugins.ml2.plugin.Ml2Plugin method _start_rpc_notifiers called with arguments () {} {{(pid=90889) wrapper /opt/stack/data/venv/lib/python3.12/site-packages/oslo_log/helpers.py:77}}
Aug 03 10:11:04.001083 np0000006338 devstack@neutron-api.service[90888]: INFO neutron.api.extensions [None req-5155b92c-05b0-436b-9a8e-577e39408207 None None] Loaded extension: allowed-address-pairs
Aug 03 10:11:04.001083 np0000006338 devstack@neutron-api.service[90888]: DEBUG neutron.api.extensions [None req-5155b92c-05b0-436b-9a8e-577e39408207 None None] Loading extension file: auto_allocated_topology.py {{(pid=90888) _load_all_extensions_from_path /opt/stack/neutron/neutron/api/extensions.py:449}}
Aug 03 10:11:04.001440 np0000006338 devstack@neutron-api.service[90889]: DEBUG neutron_lib.callbacks.manager [None req-b2737459-693d-48c6-92b3-978b8c282133 None None] Subscribe: > port after_create 55550000, False {{(pid=90889) subscribe /opt/stack/data/venv/lib/python3.12/site-packages/neutron_lib/callbacks/manager.py:52}}
Aug 03 10:11:04.001440 np0000006338 devstack@neutron-api.service[90889]: DEBUG neutron_lib.callbacks.manager [None req-b2737459-693d-48c6-92b3-978b8c282133 None None] Subscribe: > port after_update 55550000, False {{(pid=90889) subscribe /opt/stack/data/venv/lib/python3.12/site-packages/neutron_lib/callbacks/manager.py:52}}
Aug 03 10:11:04.001773 np0000006338 devstack@neutron-api.service[90888]: DEBUG neutron.api.extensions [None req-5155b92c-05b0-436b-9a8e-577e39408207 None None] Ext name="Auto Allocated Topology Services" alias="auto-allocated-topology" description="Auto Allocated Topology Services." updated="2016-01-01T00:00:00-00:00" {{(pid=90888) _check_extension /opt/stack/neutron/neutron/api/extensions.py:415}}
Aug 03 10:11:04.001932 np0000006338 devstack@neutron-api.service[90889]: DEBUG neutron_lib.callbacks.manager [None req-b2737459-693d-48c6-92b3-978b8c282133 None None] Subscribe: > port after_delete 55550000, False {{(pid=90889) subscribe /opt/stack/data/venv/lib/python3.12/site-packages/neutron_lib/callbacks/manager.py:52}}
Aug 03 10:11:04.001932 np0000006338 devstack@neutron-api.service[90889]: DEBUG neutron_lib.callbacks.manager [None req-b2737459-693d-48c6-92b3-978b8c282133 None None] Subscribe: > subnet after_create 55550000, False {{(pid=90889) subscribe /opt/stack/data/venv/lib/python3.12/site-packages/neutron_lib/callbacks/manager.py:52}}
Aug 03 10:11:04.001932 np0000006338 devstack@neutron-api.service[90889]: DEBUG neutron_lib.callbacks.manager [None req-b2737459-693d-48c6-92b3-978b8c282133 None None] Subscribe: > subnet after_update 55550000, False {{(pid=90889) subscribe /opt/stack/data/venv/lib/python3.12/site-packages/neutron_lib/callbacks/manager.py:52}}
Aug 03 10:11:04.002158 np0000006338 devstack@neutron-api.service[90888]: INFO neutron.api.extensions [None req-5155b92c-05b0-436b-9a8e-577e39408207 None None] Loaded extension: auto-allocated-topology
Aug 03 10:11:04.002334 np0000006338 devstack@neutron-api.service[90889]: DEBUG neutron_lib.callbacks.manager [None req-b2737459-693d-48c6-92b3-978b8c282133 None None] Subscribe: > subnet after_delete 55550000, False {{(pid=90889) subscribe /opt/stack/data/venv/lib/python3.12/site-packages/neutron_lib/callbacks/manager.py:52}}
Aug 03 10:11:04.002468 np0000006338 devstack@neutron-api.service[90888]: DEBUG neutron.api.extensions [None req-5155b92c-05b0-436b-9a8e-577e39408207 None None] Loading extension file: availability_zone.py {{(pid=90888) _load_all_extensions_from_path /opt/stack/neutron/neutron/api/extensions.py:449}}
Aug 03 10:11:04.002586 np0000006338 devstack@neutron-api.service[90889]: DEBUG neutron_lib.callbacks.manager [None req-b2737459-693d-48c6-92b3-978b8c282133 None None] Subscribe: > network after_create 55550000, False {{(pid=90889) subscribe /opt/stack/data/venv/lib/python3.12/site-packages/neutron_lib/callbacks/manager.py:52}}
Aug 03 10:11:04.002586 np0000006338 devstack@neutron-api.service[90889]: DEBUG neutron_lib.callbacks.manager [None req-b2737459-693d-48c6-92b3-978b8c282133 None None] Subscribe: > network after_update 55550000, False {{(pid=90889) subscribe /opt/stack/data/venv/lib/python3.12/site-packages/neutron_lib/callbacks/manager.py:52}}
Aug 03 10:11:04.002586 np0000006338 devstack@neutron-api.service[90889]: DEBUG neutron_lib.callbacks.manager [None req-b2737459-693d-48c6-92b3-978b8c282133 None None] Subscribe: > network after_delete 55550000, False {{(pid=90889) subscribe /opt/stack/data/venv/lib/python3.12/site-packages/neutron_lib/callbacks/manager.py:52}}
Aug 03 10:11:04.002586 np0000006338 devstack@neutron-api.service[90889]: DEBUG neutron_lib.callbacks.manager [None req-b2737459-693d-48c6-92b3-978b8c282133 None None] Subscribe: > security_group after_create 55550000, False {{(pid=90889) subscribe /opt/stack/data/venv/lib/python3.12/site-packages/neutron_lib/callbacks/manager.py:52}}
Aug 03 10:11:04.002844 np0000006338 devstack@neutron-api.service[90889]: DEBUG neutron_lib.callbacks.manager [None req-b2737459-693d-48c6-92b3-978b8c282133 None None] Subscribe: > security_group after_update 55550000, False {{(pid=90889) subscribe /opt/stack/data/venv/lib/python3.12/site-packages/neutron_lib/callbacks/manager.py:52}}
Aug 03 10:11:04.002978 np0000006338 devstack@neutron-api.service[90888]: DEBUG neutron.api.extensions [None req-5155b92c-05b0-436b-9a8e-577e39408207 None None] Ext name="Availability Zone" alias="availability_zone" description="The availability zone extension." updated="2015-01-01T10:00:00-00:00" {{(pid=90888) _check_extension /opt/stack/neutron/neutron/api/extensions.py:415}}
Aug 03 10:11:04.003351 np0000006338 devstack@neutron-api.service[90889]: DEBUG neutron_lib.callbacks.manager [None req-b2737459-693d-48c6-92b3-978b8c282133 None None] Subscribe: > security_group after_delete 55550000, False {{(pid=90889) subscribe /opt/stack/data/venv/lib/python3.12/site-packages/neutron_lib/callbacks/manager.py:52}}
Aug 03 10:11:04.003351 np0000006338 devstack@neutron-api.service[90889]: DEBUG neutron_lib.callbacks.manager [None req-b2737459-693d-48c6-92b3-978b8c282133 None None] Subscribe: > security_group_rule after_create 55550000, False {{(pid=90889) subscribe /opt/stack/data/venv/lib/python3.12/site-packages/neutron_lib/callbacks/manager.py:52}}
Aug 03 10:11:04.003351 np0000006338 devstack@neutron-api.service[90889]: DEBUG neutron_lib.callbacks.manager [None req-b2737459-693d-48c6-92b3-978b8c282133 None None] Subscribe: > security_group_rule after_update 55550000, False {{(pid=90889) subscribe /opt/stack/data/venv/lib/python3.12/site-packages/neutron_lib/callbacks/manager.py:52}}
Aug 03 10:11:04.003743 np0000006338 devstack@neutron-api.service[90888]: INFO neutron.api.extensions [None req-5155b92c-05b0-436b-9a8e-577e39408207 None None] Loaded extension: availability_zone
Aug 03 10:11:04.003890 np0000006338 devstack@neutron-api.service[90889]: DEBUG neutron_lib.callbacks.manager [None req-b2737459-693d-48c6-92b3-978b8c282133 None None] Subscribe: > security_group_rule after_delete 55550000, False {{(pid=90889) subscribe /opt/stack/data/venv/lib/python3.12/site-packages/neutron_lib/callbacks/manager.py:52}}
Aug 03 10:11:04.004276 np0000006338 devstack@neutron-api.service[90888]: DEBUG neutron.api.extensions [None req-5155b92c-05b0-436b-9a8e-577e39408207 None None] Loading extension file: availability_zone_filter.py {{(pid=90888) _load_all_extensions_from_path /opt/stack/neutron/neutron/api/extensions.py:449}}
Aug 03 10:11:04.004432 np0000006338 devstack@neutron-api.service[90889]: DEBUG neutron_lib.callbacks.manager [None req-b2737459-693d-48c6-92b3-978b8c282133 None None] Subscribe: > address_group after_create 55550000, False {{(pid=90889) subscribe /opt/stack/data/venv/lib/python3.12/site-packages/neutron_lib/callbacks/manager.py:52}}
Aug 03 10:11:04.004432 np0000006338 devstack@neutron-api.service[90889]: DEBUG neutron_lib.callbacks.manager [None req-b2737459-693d-48c6-92b3-978b8c282133 None None] Subscribe: > address_group after_update 55550000, False {{(pid=90889) subscribe /opt/stack/data/venv/lib/python3.12/site-packages/neutron_lib/callbacks/manager.py:52}}
Aug 03 10:11:04.004432 np0000006338 devstack@neutron-api.service[90889]: DEBUG neutron_lib.callbacks.manager [None req-b2737459-693d-48c6-92b3-978b8c282133 None None] Subscribe: > address_group after_delete 55550000, False {{(pid=90889) subscribe /opt/stack/data/venv/lib/python3.12/site-packages/neutron_lib/callbacks/manager.py:52}}
Aug 03 10:11:04.004432 np0000006338 devstack@neutron-api.service[90889]: DEBUG neutron.plugins.ml2.ovo_rpc [None req-b2737459-693d-48c6-92b3-978b8c282133 None None] ML2 OVO RPC backend initialized. {{(pid=90889) __init__ /opt/stack/neutron/neutron/plugins/ml2/ovo_rpc.py:117}}
Aug 03 10:11:04.004696 np0000006338 devstack@neutron-api.service[90888]: DEBUG neutron.api.extensions [None req-5155b92c-05b0-436b-9a8e-577e39408207 None None] Ext name="Availability Zone Filter Extension" alias="availability_zone_filter" description="Add filter parameters to AvailabilityZone resource" updated="2018-06-22T10:00:00-00:00" {{(pid=90888) _check_extension /opt/stack/neutron/neutron/api/extensions.py:415}}
Aug 03 10:11:04.004696 np0000006338 devstack@neutron-api.service[90888]: INFO neutron.api.extensions [None req-5155b92c-05b0-436b-9a8e-577e39408207 None None] Extension availability_zone_filter not supported by any of loaded plugins
Aug 03 10:11:04.004696 np0000006338 devstack@neutron-api.service[90888]: DEBUG neutron.api.extensions [None req-5155b92c-05b0-436b-9a8e-577e39408207 None None] Loading extension file: data_plane_status.py {{(pid=90888) _load_all_extensions_from_path /opt/stack/neutron/neutron/api/extensions.py:449}}
Aug 03 10:11:04.005164 np0000006338 devstack@neutron-api.service[90889]: INFO neutron.quota [None req-b2737459-693d-48c6-92b3-978b8c282133 None None] Loaded quota_driver: .
Aug 03 10:11:04.005540 np0000006338 devstack@neutron-api.service[90888]: DEBUG neutron.api.extensions [None req-5155b92c-05b0-436b-9a8e-577e39408207 None None] Ext name="Port data plane status extension" alias="data-plane-status" description="Expose status of underlying data plane" updated="2017-01-24T10:00:00-00:00" {{(pid=90888) _check_extension /opt/stack/neutron/neutron/api/extensions.py:415}}
Aug 03 10:11:04.005869 np0000006338 devstack@neutron-api.service[90889]: INFO neutron.plugins.ml2.plugin [None req-b2737459-693d-48c6-92b3-978b8c282133 None None] Modular L2 Plugin initialization complete
Aug 03 10:11:04.006199 np0000006338 devstack@neutron-api.service[90888]: INFO neutron.api.extensions [None req-5155b92c-05b0-436b-9a8e-577e39408207 None None] Extension data-plane-status not supported by any of loaded plugins
Aug 03 10:11:04.006348 np0000006338 devstack@neutron-api.service[90889]: DEBUG neutron.manager [None req-b2737459-693d-48c6-92b3-978b8c282133 None None] Loading services supported by the core plugin {{(pid=90889) _load_services_from_core_plugin /opt/stack/neutron/neutron/manager.py:167}}
Aug 03 10:11:04.006710 np0000006338 devstack@neutron-api.service[90888]: DEBUG neutron.api.extensions [None req-5155b92c-05b0-436b-9a8e-577e39408207 None None] Loading extension file: default_subnetpools.py {{(pid=90888) _load_all_extensions_from_path /opt/stack/neutron/neutron/api/extensions.py:449}}
Aug 03 10:11:04.007072 np0000006338 devstack@neutron-api.service[90889]: INFO neutron.plugins.ml2.managers [None req-b2737459-693d-48c6-92b3-978b8c282133 None None] Got port-security extension from driver 'port_security'
Aug 03 10:11:04.007493 np0000006338 devstack@neutron-api.service[90888]: DEBUG neutron.api.extensions [None req-5155b92c-05b0-436b-9a8e-577e39408207 None None] Ext name="Default Subnetpools" alias="default-subnetpools" description="Provides ability to mark and use a subnetpool as the default." updated="2016-02-18T18:00:00-00:00" {{(pid=90888) _check_extension /opt/stack/neutron/neutron/api/extensions.py:415}}
Aug 03 10:11:04.007898 np0000006338 devstack@neutron-api.service[90889]: DEBUG neutron.manager [None req-b2737459-693d-48c6-92b3-978b8c282133 None None] Loading service plugins: ['ovn-router', 'auto_allocate', 'tag', 'timestamp', 'network_ip_availability', 'flavors', 'revisions'] {{(pid=90889) _load_service_plugins /opt/stack/neutron/neutron/manager.py:192}}
Aug 03 10:11:04.007898 np0000006338 devstack@neutron-api.service[90889]: INFO neutron.manager [None req-b2737459-693d-48c6-92b3-978b8c282133 None None] Loading Plugin: ovn-router
Aug 03 10:11:04.008293 np0000006338 devstack@neutron-api.service[90888]: INFO neutron.api.extensions [None req-5155b92c-05b0-436b-9a8e-577e39408207 None None] Loaded extension: default-subnetpools
Aug 03 10:11:04.008293 np0000006338 devstack@neutron-api.service[90888]: DEBUG neutron.api.extensions [None req-5155b92c-05b0-436b-9a8e-577e39408207 None None] Loading extension file: dhcpagentscheduler.py {{(pid=90888) _load_all_extensions_from_path /opt/stack/neutron/neutron/api/extensions.py:449}}
Aug 03 10:11:04.008293 np0000006338 devstack@neutron-api.service[90888]: DEBUG neutron.api.extensions [None req-5155b92c-05b0-436b-9a8e-577e39408207 None None] Ext name="DHCP Agent Scheduler" alias="dhcp_agent_scheduler" description="Schedule networks among dhcp agents" updated="2013-02-07T10:00:00-00:00" {{(pid=90888) _check_extension /opt/stack/neutron/neutron/api/extensions.py:415}}
Aug 03 10:11:04.008293 np0000006338 devstack@neutron-api.service[90888]: INFO neutron.api.extensions [None req-5155b92c-05b0-436b-9a8e-577e39408207 None None] Loaded extension: dhcp_agent_scheduler
Aug 03 10:11:04.008293 np0000006338 devstack@neutron-api.service[90888]: DEBUG neutron.api.extensions [None req-5155b92c-05b0-436b-9a8e-577e39408207 None None] Loading extension file: dns.py {{(pid=90888) _load_all_extensions_from_path /opt/stack/neutron/neutron/api/extensions.py:449}}
Aug 03 10:11:04.008293 np0000006338 devstack@neutron-api.service[90888]: DEBUG neutron.api.extensions [None req-5155b92c-05b0-436b-9a8e-577e39408207 None None] Ext name="DNS Integration" alias="dns-integration" description="Provides integration with DNS." updated="2015-08-15T18:00:00-00:00" {{(pid=90888) _check_extension /opt/stack/neutron/neutron/api/extensions.py:415}}
Aug 03 10:11:04.008293 np0000006338 devstack@neutron-api.service[90888]: INFO neutron.api.extensions [None req-5155b92c-05b0-436b-9a8e-577e39408207 None None] Loaded extension: dns-integration
Aug 03 10:11:04.008293 np0000006338 devstack@neutron-api.service[90888]: DEBUG neutron.api.extensions [None req-5155b92c-05b0-436b-9a8e-577e39408207 None None] Loading extension file: dns_domain_ports.py {{(pid=90888) _load_all_extensions_from_path /opt/stack/neutron/neutron/api/extensions.py:449}}
Aug 03 10:11:04.008948 np0000006338 devstack@neutron-api.service[90888]: DEBUG neutron.api.extensions [None req-5155b92c-05b0-436b-9a8e-577e39408207 None None] Ext name="dns_domain for ports" alias="dns-domain-ports" description="Allows the DNS domain to be specified for a network port." updated="2017-04-24T10:00:00-00:00" {{(pid=90888) _check_extension /opt/stack/neutron/neutron/api/extensions.py:415}}
Aug 03 10:11:04.008948 np0000006338 devstack@neutron-api.service[90888]: INFO neutron.api.extensions [None req-5155b92c-05b0-436b-9a8e-577e39408207 None None] Loaded extension: dns-domain-ports
Aug 03 10:11:04.008948 np0000006338 devstack@neutron-api.service[90888]: DEBUG neutron.api.extensions [None req-5155b92c-05b0-436b-9a8e-577e39408207 None None] Loading extension file: dns_integration_domain_keywords.py {{(pid=90888) _load_all_extensions_from_path /opt/stack/neutron/neutron/api/extensions.py:449}}
Aug 03 10:11:04.008948 np0000006338 devstack@neutron-api.service[90888]: DEBUG neutron.api.extensions [None req-5155b92c-05b0-436b-9a8e-577e39408207 None None] Ext name="DNS domain names with keywords allowed" alias="dns-integration-domain-keywords" description="Allows to use keywords like , , and as DNS domain name" updated="2020-06-15T18:00:00-00:00" {{(pid=90888) _check_extension /opt/stack/neutron/neutron/api/extensions.py:415}}
Aug 03 10:11:04.008948 np0000006338 devstack@neutron-api.service[90888]: INFO neutron.api.extensions [None req-5155b92c-05b0-436b-9a8e-577e39408207 None None] Loaded extension: dns-integration-domain-keywords
Aug 03 10:11:04.008948 np0000006338 devstack@neutron-api.service[90888]: DEBUG neutron.api.extensions [None req-5155b92c-05b0-436b-9a8e-577e39408207 None None] Loading extension file: dvr.py {{(pid=90888) _load_all_extensions_from_path /opt/stack/neutron/neutron/api/extensions.py:449}}
Aug 03 10:11:04.008948 np0000006338 devstack@neutron-api.service[90888]: DEBUG neutron.api.extensions [None req-5155b92c-05b0-436b-9a8e-577e39408207 None None] Ext name="Distributed Virtual Router" alias="dvr" description="Enables configuration of Distributed Virtual Routers." updated="2014-06-1T10:00:00-00:00" {{(pid=90888) _check_extension /opt/stack/neutron/neutron/api/extensions.py:415}}
Aug 03 10:11:04.009581 np0000006338 devstack@neutron-api.service[90888]: INFO neutron.api.extensions [None req-5155b92c-05b0-436b-9a8e-577e39408207 None None] Extension dvr not supported by any of loaded plugins
Aug 03 10:11:04.009581 np0000006338 devstack@neutron-api.service[90888]: DEBUG neutron.api.extensions [None req-5155b92c-05b0-436b-9a8e-577e39408207 None None] Loading extension file: ecmp_routes.py {{(pid=90888) _load_all_extensions_from_path /opt/stack/neutron/neutron/api/extensions.py:449}}
Aug 03 10:11:04.009581 np0000006338 devstack@neutron-api.service[90888]: DEBUG neutron.api.extensions [None req-5155b92c-05b0-436b-9a8e-577e39408207 None None] Ext name="Equal Cost Multipath Routing" alias="ecmp_routes" description="Allows traffic to reach thesame destination via multiple different links " updated="2020-11-26T18:00:00-00:00" {{(pid=90888) _check_extension /opt/stack/neutron/neutron/api/extensions.py:415}}
Aug 03 10:11:04.009581 np0000006338 devstack@neutron-api.service[90888]: INFO neutron.api.extensions [None req-5155b92c-05b0-436b-9a8e-577e39408207 None None] Extension ecmp_routes not supported by any of loaded plugins
Aug 03 10:11:04.009581 np0000006338 devstack@neutron-api.service[90888]: DEBUG neutron.api.extensions [None req-5155b92c-05b0-436b-9a8e-577e39408207 None None] Loading extension file: empty_string_filtering.py {{(pid=90888) _load_all_extensions_from_path /opt/stack/neutron/neutron/api/extensions.py:449}}
Aug 03 10:11:04.009581 np0000006338 devstack@neutron-api.service[90888]: DEBUG neutron.api.extensions [None req-5155b92c-05b0-436b-9a8e-577e39408207 None None] Ext name="Empty String Filtering Extension" alias="empty-string-filtering" description="Allow filtering by attributes with empty string value" updated="2018-05-01T10:00:00-00:00" {{(pid=90888) _check_extension /opt/stack/neutron/neutron/api/extensions.py:415}}
Aug 03 10:11:04.009581 np0000006338 devstack@neutron-api.service[90888]: INFO neutron.api.extensions [None req-5155b92c-05b0-436b-9a8e-577e39408207 None None] Loaded extension: empty-string-filtering
Aug 03 10:11:04.010216 np0000006338 devstack@neutron-api.service[90888]: DEBUG neutron.api.extensions [None req-5155b92c-05b0-436b-9a8e-577e39408207 None None] Loading extension file: evpn.py {{(pid=90888) _load_all_extensions_from_path /opt/stack/neutron/neutron/api/extensions.py:449}}
Aug 03 10:11:04.010216 np0000006338 devstack@neutron-api.service[90888]: DEBUG neutron.api.extensions [None req-5155b92c-05b0-436b-9a8e-577e39408207 None None] Ext name="EVPN" alias="evpn" description="Router extension to support EVPN Type-5 route advertisement" updated="2026-04-28T00:00:00-00:00" {{(pid=90888) _check_extension /opt/stack/neutron/neutron/api/extensions.py:415}}
Aug 03 10:11:04.010216 np0000006338 devstack@neutron-api.service[90888]: INFO neutron.api.extensions [None req-5155b92c-05b0-436b-9a8e-577e39408207 None None] Extension evpn not supported by any of loaded plugins
Aug 03 10:11:04.010216 np0000006338 devstack@neutron-api.service[90888]: DEBUG neutron.api.extensions [None req-5155b92c-05b0-436b-9a8e-577e39408207 None None] Loading extension file: expose_l3_conntrack_helper.py {{(pid=90888) _load_all_extensions_from_path /opt/stack/neutron/neutron/api/extensions.py:449}}
Aug 03 10:11:04.010216 np0000006338 devstack@neutron-api.service[90888]: DEBUG neutron.api.extensions [None req-5155b92c-05b0-436b-9a8e-577e39408207 None None] Ext name="Expose CT target rules for conntrack helper" alias="expose-l3-conntrack-helper" description="Expose allow adding CT target rules for conntrack helper" updated="2019-04-04T10:00:00-00:00" {{(pid=90888) _check_extension /opt/stack/neutron/neutron/api/extensions.py:415}}
Aug 03 10:11:04.010216 np0000006338 devstack@neutron-api.service[90888]: INFO neutron.api.extensions [None req-5155b92c-05b0-436b-9a8e-577e39408207 None None] Extension expose-l3-conntrack-helper not supported by any of loaded plugins
Aug 03 10:11:04.010216 np0000006338 devstack@neutron-api.service[90888]: DEBUG neutron.api.extensions [None req-5155b92c-05b0-436b-9a8e-577e39408207 None None] Loading extension file: expose_port_forwarding_in_fip.py {{(pid=90888) _load_all_extensions_from_path /opt/stack/neutron/neutron/api/extensions.py:449}}
Aug 03 10:11:04.010841 np0000006338 devstack@neutron-api.service[90888]: DEBUG neutron.api.extensions [None req-5155b92c-05b0-436b-9a8e-577e39408207 None None] Ext name="Expose Floating IP port forwardings" alias="expose-port-forwarding-in-fip" description="Expose port forwarding fields in floating IP response" updated="2018-06-28T16:00:00-00:00" {{(pid=90888) _check_extension /opt/stack/neutron/neutron/api/extensions.py:415}}
Aug 03 10:11:04.010841 np0000006338 devstack@neutron-api.service[90888]: INFO neutron.api.extensions [None req-5155b92c-05b0-436b-9a8e-577e39408207 None None] Extension expose-port-forwarding-in-fip not supported by any of loaded plugins
Aug 03 10:11:04.010841 np0000006338 devstack@neutron-api.service[90888]: DEBUG neutron.api.extensions [None req-5155b92c-05b0-436b-9a8e-577e39408207 None None] Loading extension file: external_net.py {{(pid=90888) _load_all_extensions_from_path /opt/stack/neutron/neutron/api/extensions.py:449}}
Aug 03 10:11:04.010841 np0000006338 devstack@neutron-api.service[90888]: DEBUG neutron.api.extensions [None req-5155b92c-05b0-436b-9a8e-577e39408207 None None] Ext name="Neutron external network" alias="external-net" description="Adds external network attribute to network resource." updated="2013-01-14T10:00:00-00:00" {{(pid=90888) _check_extension /opt/stack/neutron/neutron/api/extensions.py:415}}
Aug 03 10:11:04.010841 np0000006338 devstack@neutron-api.service[90888]: INFO neutron.api.extensions [None req-5155b92c-05b0-436b-9a8e-577e39408207 None None] Loaded extension: external-net
Aug 03 10:11:04.010841 np0000006338 devstack@neutron-api.service[90888]: DEBUG neutron.api.extensions [None req-5155b92c-05b0-436b-9a8e-577e39408207 None None] Loading extension file: extra_dhcp_opt.py {{(pid=90888) _load_all_extensions_from_path /opt/stack/neutron/neutron/api/extensions.py:449}}
Aug 03 10:11:04.011499 np0000006338 devstack@neutron-api.service[90888]: DEBUG neutron.api.extensions [None req-5155b92c-05b0-436b-9a8e-577e39408207 None None] Ext name="Neutron Extra DHCP options" alias="extra_dhcp_opt" description="Extra options configuration for DHCP. For example PXE boot options to DHCP clients can be specified (e.g. tftp-server, server-ip-address, bootfile-name)" updated="2013-03-17T12:00:00-00:00" {{(pid=90888) _check_extension /opt/stack/neutron/neutron/api/extensions.py:415}}
Aug 03 10:11:04.011499 np0000006338 devstack@neutron-api.service[90888]: INFO neutron.api.extensions [None req-5155b92c-05b0-436b-9a8e-577e39408207 None None] Loaded extension: extra_dhcp_opt
Aug 03 10:11:04.011499 np0000006338 devstack@neutron-api.service[90888]: DEBUG neutron.api.extensions [None req-5155b92c-05b0-436b-9a8e-577e39408207 None None] Loading extension file: extraroute.py {{(pid=90888) _load_all_extensions_from_path /opt/stack/neutron/neutron/api/extensions.py:449}}
Aug 03 10:11:04.012108 np0000006338 devstack@neutron-api.service[90886]: INFO neutron.plugins.ml2.drivers.type_vlan [None req-ddbad34f-5485-4197-b18a-f625185a21d6 None None] VlanTypeDriver initialization complete
Aug 03 10:11:04.012108 np0000006338 devstack@neutron-api.service[90886]: INFO neutron.plugins.ml2.managers [None req-ddbad34f-5485-4197-b18a-f625185a21d6 None None] Initializing extension driver 'port_security'
Aug 03 10:11:04.012963 np0000006338 devstack@neutron-api.service[90888]: DEBUG neutron.api.extensions [None req-5155b92c-05b0-436b-9a8e-577e39408207 None None] Ext name="Neutron Extra Route" alias="extraroute" description="Extra routes configuration for L3 router" updated="2013-02-01T10:00:00-00:00" {{(pid=90888) _check_extension /opt/stack/neutron/neutron/api/extensions.py:415}}
Aug 03 10:11:04.013453 np0000006338 devstack@neutron-api.service[90886]: INFO neutron.plugins.ml2.extensions.port_security [None req-ddbad34f-5485-4197-b18a-f625185a21d6 None None] PortSecurityExtensionDriver initialization complete
Aug 03 10:11:04.013453 np0000006338 devstack@neutron-api.service[90886]: INFO neutron.plugins.ml2.managers [None req-ddbad34f-5485-4197-b18a-f625185a21d6 None None] Initializing extension driver 'qos'
Aug 03 10:11:04.013943 np0000006338 devstack@neutron-api.service[90888]: INFO neutron.api.extensions [None req-5155b92c-05b0-436b-9a8e-577e39408207 None None] Loaded extension: extraroute
Aug 03 10:11:04.014431 np0000006338 devstack@neutron-api.service[90886]: DEBUG neutron.plugins.ml2.extensions.qos [None req-ddbad34f-5485-4197-b18a-f625185a21d6 None None] QosExtensionDriver initialization complete {{(pid=90886) initialize /opt/stack/neutron/neutron/plugins/ml2/extensions/qos.py:31}}
Aug 03 10:11:04.014909 np0000006338 devstack@neutron-api.service[90888]: DEBUG neutron.api.extensions [None req-5155b92c-05b0-436b-9a8e-577e39408207 None None] Loading extension file: extraroute_atomic.py {{(pid=90888) _load_all_extensions_from_path /opt/stack/neutron/neutron/api/extensions.py:449}}
Aug 03 10:11:04.015432 np0000006338 devstack@neutron-api.service[90886]: INFO neutron.plugins.ml2.managers [None req-ddbad34f-5485-4197-b18a-f625185a21d6 None None] Initializing mechanism driver 'ovn'
Aug 03 10:11:04.015432 np0000006338 devstack@neutron-api.service[90886]: INFO neutron.plugins.ml2.drivers.ovn.mech_driver.mech_driver [None req-ddbad34f-5485-4197-b18a-f625185a21d6 None None] Starting OVNMechanismDriver
