Aug 17 08:03:30.385051 np0000007469 systemd[1]: Starting devstack@n-api-meta.service - Devstack devstack@n-api-meta.service...
Aug 17 08:03:30.390879 np0000007469 devstack@n-api-meta.service[96082]: [uWSGI] getting INI configuration from /etc/nova/nova-metadata-uwsgi.ini
Aug 17 08:03:30.393253 np0000007469 devstack@n-api-meta.service[96082]: *** Starting uWSGI 2.0.24-debian (64bit) on [Mon Aug 17 08:03:30 2026] ***
Aug 17 08:03:30.393253 np0000007469 devstack@n-api-meta.service[96082]: compiled with version: 13.2.0 on 17 April 2024 16:23:48
Aug 17 08:03:30.393253 np0000007469 devstack@n-api-meta.service[96082]: os: Linux-6.8.0-100-generic #100-Ubuntu SMP PREEMPT_DYNAMIC Tue Jan 13 16:40:06 UTC 2026
Aug 17 08:03:30.393253 np0000007469 devstack@n-api-meta.service[96082]: nodename: np0000007469
Aug 17 08:03:30.393253 np0000007469 devstack@n-api-meta.service[96082]: machine: x86_64
Aug 17 08:03:30.393253 np0000007469 devstack@n-api-meta.service[96082]: clock source: unix
Aug 17 08:03:30.393253 np0000007469 devstack@n-api-meta.service[96082]: pcre jit disabled
Aug 17 08:03:30.393253 np0000007469 devstack@n-api-meta.service[96082]: detected number of CPU cores: 16
Aug 17 08:03:30.393253 np0000007469 devstack@n-api-meta.service[96082]: current working directory: /
Aug 17 08:03:30.393253 np0000007469 devstack@n-api-meta.service[96082]: detected binary path: /usr/bin/uwsgi-core
Aug 17 08:03:30.393253 np0000007469 devstack@n-api-meta.service[96082]: your processes number limit is 257052
Aug 17 08:03:30.393253 np0000007469 devstack@n-api-meta.service[96082]: your memory page size is 4096 bytes
Aug 17 08:03:30.393253 np0000007469 devstack@n-api-meta.service[96082]: detected max file descriptor number: 2048
Aug 17 08:03:30.393253 np0000007469 devstack@n-api-meta.service[96082]: lock engine: pthread robust mutexes
Aug 17 08:03:30.393866 np0000007469 devstack@n-api-meta.service[96082]: thunder lock: enabled
Aug 17 08:03:30.393866 np0000007469 devstack@n-api-meta.service[96082]: uWSGI http bound on 0.0.0.0:8775 fd 5
Aug 17 08:03:30.393866 np0000007469 devstack@n-api-meta.service[96082]: uwsgi socket 0 bound to TCP address 127.0.0.1:36431 (port auto-assigned) fd 4
Aug 17 08:03:30.393866 np0000007469 devstack@n-api-meta.service[96082]: Python version: 3.12.3 (main, Jun 19 2026, 12:46:00) [GCC 13.3.0]
Aug 17 08:03:30.393866 np0000007469 devstack@n-api-meta.service[96082]: PEP 405 virtualenv detected: /opt/stack/data/venv
Aug 17 08:03:30.393866 np0000007469 devstack@n-api-meta.service[96082]: Set PythonHome to /opt/stack/data/venv
Aug 17 08:03:30.427901 np0000007469 devstack@n-api-meta.service[96082]: Python main interpreter initialized at 0x74d0c2ea4668
Aug 17 08:03:30.427901 np0000007469 devstack@n-api-meta.service[96082]: python threads support enabled
Aug 17 08:03:30.427901 np0000007469 devstack@n-api-meta.service[96082]: your server socket listen backlog is limited to 100 connections
Aug 17 08:03:30.427901 np0000007469 devstack@n-api-meta.service[96082]: your mercy for graceful operations on workers is 80 seconds
Aug 17 08:03:30.428369 np0000007469 devstack@n-api-meta.service[96082]: mapped 671795 bytes (656 KB) for 4 cores
Aug 17 08:03:30.428501 np0000007469 devstack@n-api-meta.service[96082]: *** Operational MODE: preforking ***
Aug 17 08:03:30.428694 np0000007469 devstack@n-api-meta.service[96082]: *** uWSGI is running in multiple interpreter mode ***
Aug 17 08:03:30.428694 np0000007469 devstack@n-api-meta.service[96082]: spawned uWSGI master process (pid: 96082)
Aug 17 08:03:30.428880 np0000007469 systemd[1]: Started devstack@n-api-meta.service - Devstack devstack@n-api-meta.service.
Aug 17 08:03:30.429267 np0000007469 devstack@n-api-meta.service[96082]: spawned uWSGI worker 1 (pid: 96083, cores: 1)
Aug 17 08:03:30.430050 np0000007469 devstack@n-api-meta.service[96082]: spawned uWSGI worker 2 (pid: 96084, cores: 1)
Aug 17 08:03:30.430522 np0000007469 devstack@n-api-meta.service[96082]: spawned uWSGI worker 3 (pid: 96085, cores: 1)
Aug 17 08:03:30.431176 np0000007469 devstack@n-api-meta.service[96082]: spawned uWSGI worker 4 (pid: 96086, cores: 1)
Aug 17 08:03:30.432089 np0000007469 devstack@n-api-meta.service[96082]: spawned uWSGI http 1 (pid: 96088)
Aug 17 08:03:30.432089 np0000007469 devstack@n-api-meta.service[96082]: running "unix_signal:15 gracefully_kill_them_all" (master-start)...
Aug 17 08:03:32.158265 np0000007469 devstack@n-api-meta.service[96086]: INFO dbcounter [None req-16a8ce50-b1dc-4f30-8dee-0eddcbda4a4b None None] Registered counter for database nova_api
Aug 17 08:03:32.173372 np0000007469 devstack@n-api-meta.service[96084]: INFO dbcounter [None req-a58cc650-ee0f-489d-85ea-ead79da77d0e None None] Registered counter for database nova_api
Aug 17 08:03:32.177170 np0000007469 devstack@n-api-meta.service[96085]: INFO dbcounter [None req-a21c3544-e406-42a3-b714-08c7e3681761 None None] Registered counter for database nova_api
Aug 17 08:03:32.193456 np0000007469 devstack@n-api-meta.service[96083]: INFO dbcounter [None req-6c6baf2c-8dd4-479c-b21b-c391e54e549c None None] Registered counter for database nova_api
Aug 17 08:03:32.209126 np0000007469 devstack@n-api-meta.service[96086]: DEBUG oslo_db.sqlalchemy.engines [None req-16a8ce50-b1dc-4f30-8dee-0eddcbda4a4b None None] MySQL server mode set to STRICT_TRANS_TABLES,STRICT_ALL_TABLES,NO_ZERO_IN_DATE,NO_ZERO_DATE,ERROR_FOR_DIVISION_BY_ZERO,TRADITIONAL,NO_ENGINE_SUBSTITUTION {{(pid=96086) _check_effective_sql_mode /opt/stack/data/venv/lib/python3.12/site-packages/oslo_db/sqlalchemy/engines.py:325}}
Aug 17 08:03:32.221681 np0000007469 devstack@n-api-meta.service[96084]: DEBUG oslo_db.sqlalchemy.engines [None req-a58cc650-ee0f-489d-85ea-ead79da77d0e None None] MySQL server mode set to STRICT_TRANS_TABLES,STRICT_ALL_TABLES,NO_ZERO_IN_DATE,NO_ZERO_DATE,ERROR_FOR_DIVISION_BY_ZERO,TRADITIONAL,NO_ENGINE_SUBSTITUTION {{(pid=96084) _check_effective_sql_mode /opt/stack/data/venv/lib/python3.12/site-packages/oslo_db/sqlalchemy/engines.py:325}}
Aug 17 08:03:32.224504 np0000007469 devstack@n-api-meta.service[96085]: DEBUG oslo_db.sqlalchemy.engines [None req-a21c3544-e406-42a3-b714-08c7e3681761 None None] MySQL server mode set to STRICT_TRANS_TABLES,STRICT_ALL_TABLES,NO_ZERO_IN_DATE,NO_ZERO_DATE,ERROR_FOR_DIVISION_BY_ZERO,TRADITIONAL,NO_ENGINE_SUBSTITUTION {{(pid=96085) _check_effective_sql_mode /opt/stack/data/venv/lib/python3.12/site-packages/oslo_db/sqlalchemy/engines.py:325}}
Aug 17 08:03:32.238439 np0000007469 devstack@n-api-meta.service[96086]: DEBUG dbcounter [-] [96086] Writer thread running {{(pid=96086) stat_writer /opt/stack/data/venv/lib/python3.12/site-packages/dbcounter.py:102}}
Aug 17 08:03:32.239400 np0000007469 devstack@n-api-meta.service[96083]: DEBUG oslo_db.sqlalchemy.engines [None req-6c6baf2c-8dd4-479c-b21b-c391e54e549c None None] MySQL server mode set to STRICT_TRANS_TABLES,STRICT_ALL_TABLES,NO_ZERO_IN_DATE,NO_ZERO_DATE,ERROR_FOR_DIVISION_BY_ZERO,TRADITIONAL,NO_ENGINE_SUBSTITUTION {{(pid=96083) _check_effective_sql_mode /opt/stack/data/venv/lib/python3.12/site-packages/oslo_db/sqlalchemy/engines.py:325}}
Aug 17 08:03:32.241372 np0000007469 devstack@n-api-meta.service[96086]: DEBUG nova.context [None req-16a8ce50-b1dc-4f30-8dee-0eddcbda4a4b None None] Found 2 cells: 00000000-0000-0000-0000-000000000000(cell0),1a9451a1-2307-4f99-bc0f-46ef01c3b417(cell1) {{(pid=96086) load_cells /opt/stack/nova/nova/context.py:509}}
Aug 17 08:03:32.241742 np0000007469 devstack@n-api-meta.service[96086]: INFO nova.utils [None req-16a8ce50-b1dc-4f30-8dee-0eddcbda4a4b None None] The cell worker thread pool MainProcess.cell_worker is initialized
Aug 17 08:03:32.244409 np0000007469 devstack@n-api-meta.service[96086]: DEBUG oslo_concurrency.lockutils [None req-16a8ce50-b1dc-4f30-8dee-0eddcbda4a4b None None] Acquiring lock "00000000-0000-0000-0000-000000000000" by "nova.context.set_target_cell..get_or_set_cached_cell_and_set_connections" {{(pid=96086) inner /opt/stack/data/venv/lib/python3.12/site-packages/oslo_concurrency/lockutils.py:512}}
Aug 17 08:03:32.244409 np0000007469 devstack@n-api-meta.service[96086]: DEBUG oslo_concurrency.lockutils [None req-16a8ce50-b1dc-4f30-8dee-0eddcbda4a4b None None] Lock "00000000-0000-0000-0000-000000000000" acquired by "nova.context.set_target_cell..get_or_set_cached_cell_and_set_connections" :: waited 0.000s {{(pid=96086) inner /opt/stack/data/venv/lib/python3.12/site-packages/oslo_concurrency/lockutils.py:525}}
Aug 17 08:03:32.244409 np0000007469 devstack@n-api-meta.service[96086]: DEBUG oslo_concurrency.lockutils [None req-16a8ce50-b1dc-4f30-8dee-0eddcbda4a4b None None] Lock "00000000-0000-0000-0000-000000000000" "released" by "nova.context.set_target_cell..get_or_set_cached_cell_and_set_connections" :: held 0.000s {{(pid=96086) inner /opt/stack/data/venv/lib/python3.12/site-packages/oslo_concurrency/lockutils.py:544}}
Aug 17 08:03:32.244653 np0000007469 devstack@n-api-meta.service[96086]: DEBUG oslo_concurrency.lockutils [None req-16a8ce50-b1dc-4f30-8dee-0eddcbda4a4b None None] Acquiring lock "1a9451a1-2307-4f99-bc0f-46ef01c3b417" by "nova.context.set_target_cell..get_or_set_cached_cell_and_set_connections" {{(pid=96086) inner /opt/stack/data/venv/lib/python3.12/site-packages/oslo_concurrency/lockutils.py:512}}
Aug 17 08:03:32.244838 np0000007469 devstack@n-api-meta.service[96086]: DEBUG oslo_concurrency.lockutils [None req-16a8ce50-b1dc-4f30-8dee-0eddcbda4a4b None None] Lock "1a9451a1-2307-4f99-bc0f-46ef01c3b417" acquired by "nova.context.set_target_cell..get_or_set_cached_cell_and_set_connections" :: waited 0.000s {{(pid=96086) inner /opt/stack/data/venv/lib/python3.12/site-packages/oslo_concurrency/lockutils.py:525}}
Aug 17 08:03:32.247096 np0000007469 devstack@n-api-meta.service[96086]: INFO dbcounter [None req-16a8ce50-b1dc-4f30-8dee-0eddcbda4a4b None None] Registered counter for database nova_cell0
Aug 17 08:03:32.249063 np0000007469 devstack@n-api-meta.service[96086]: DEBUG oslo_concurrency.lockutils [None req-16a8ce50-b1dc-4f30-8dee-0eddcbda4a4b None None] Lock "1a9451a1-2307-4f99-bc0f-46ef01c3b417" "released" by "nova.context.set_target_cell..get_or_set_cached_cell_and_set_connections" :: held 0.002s {{(pid=96086) inner /opt/stack/data/venv/lib/python3.12/site-packages/oslo_concurrency/lockutils.py:544}}
Aug 17 08:03:32.251012 np0000007469 devstack@n-api-meta.service[96086]: INFO dbcounter [None req-16a8ce50-b1dc-4f30-8dee-0eddcbda4a4b None None] Registered counter for database nova_cell1
Aug 17 08:03:32.254839 np0000007469 devstack@n-api-meta.service[96084]: DEBUG dbcounter [-] [96084] Writer thread running {{(pid=96084) stat_writer /opt/stack/data/venv/lib/python3.12/site-packages/dbcounter.py:102}}
Aug 17 08:03:32.258931 np0000007469 devstack@n-api-meta.service[96084]: DEBUG nova.context [None req-a58cc650-ee0f-489d-85ea-ead79da77d0e None None] Found 2 cells: 00000000-0000-0000-0000-000000000000(cell0),1a9451a1-2307-4f99-bc0f-46ef01c3b417(cell1) {{(pid=96084) load_cells /opt/stack/nova/nova/context.py:509}}
Aug 17 08:03:32.259194 np0000007469 devstack@n-api-meta.service[96084]: INFO nova.utils [None req-a58cc650-ee0f-489d-85ea-ead79da77d0e None None] The cell worker thread pool MainProcess.cell_worker is initialized
Aug 17 08:03:32.260366 np0000007469 devstack@n-api-meta.service[96085]: DEBUG dbcounter [-] [96085] Writer thread running {{(pid=96085) stat_writer /opt/stack/data/venv/lib/python3.12/site-packages/dbcounter.py:102}}
Aug 17 08:03:32.261222 np0000007469 devstack@n-api-meta.service[96084]: DEBUG oslo_concurrency.lockutils [None req-a58cc650-ee0f-489d-85ea-ead79da77d0e None None] Acquiring lock "00000000-0000-0000-0000-000000000000" by "nova.context.set_target_cell..get_or_set_cached_cell_and_set_connections" {{(pid=96084) inner /opt/stack/data/venv/lib/python3.12/site-packages/oslo_concurrency/lockutils.py:512}}
Aug 17 08:03:32.261409 np0000007469 devstack@n-api-meta.service[96084]: DEBUG oslo_concurrency.lockutils [None req-a58cc650-ee0f-489d-85ea-ead79da77d0e None None] Lock "00000000-0000-0000-0000-000000000000" acquired by "nova.context.set_target_cell..get_or_set_cached_cell_and_set_connections" :: waited 0.000s {{(pid=96084) inner /opt/stack/data/venv/lib/python3.12/site-packages/oslo_concurrency/lockutils.py:525}}
Aug 17 08:03:32.261849 np0000007469 devstack@n-api-meta.service[96084]: DEBUG oslo_concurrency.lockutils [None req-a58cc650-ee0f-489d-85ea-ead79da77d0e None None] Lock "00000000-0000-0000-0000-000000000000" "released" by "nova.context.set_target_cell..get_or_set_cached_cell_and_set_connections" :: held 0.000s {{(pid=96084) inner /opt/stack/data/venv/lib/python3.12/site-packages/oslo_concurrency/lockutils.py:544}}
Aug 17 08:03:32.262619 np0000007469 devstack@n-api-meta.service[96084]: DEBUG oslo_concurrency.lockutils [None req-a58cc650-ee0f-489d-85ea-ead79da77d0e None None] Acquiring lock "1a9451a1-2307-4f99-bc0f-46ef01c3b417" by "nova.context.set_target_cell..get_or_set_cached_cell_and_set_connections" {{(pid=96084) inner /opt/stack/data/venv/lib/python3.12/site-packages/oslo_concurrency/lockutils.py:512}}
Aug 17 08:03:32.263185 np0000007469 devstack@n-api-meta.service[96085]: DEBUG nova.context [None req-a21c3544-e406-42a3-b714-08c7e3681761 None None] Found 2 cells: 00000000-0000-0000-0000-000000000000(cell0),1a9451a1-2307-4f99-bc0f-46ef01c3b417(cell1) {{(pid=96085) load_cells /opt/stack/nova/nova/context.py:509}}
Aug 17 08:03:32.263518 np0000007469 devstack@n-api-meta.service[96085]: INFO nova.utils [None req-a21c3544-e406-42a3-b714-08c7e3681761 None None] The cell worker thread pool MainProcess.cell_worker is initialized
Aug 17 08:03:32.264544 np0000007469 devstack@n-api-meta.service[96084]: INFO dbcounter [None req-a58cc650-ee0f-489d-85ea-ead79da77d0e None None] Registered counter for database nova_cell0
Aug 17 08:03:32.265838 np0000007469 devstack@n-api-meta.service[96085]: DEBUG oslo_concurrency.lockutils [None req-a21c3544-e406-42a3-b714-08c7e3681761 None None] Acquiring lock "00000000-0000-0000-0000-000000000000" by "nova.context.set_target_cell..get_or_set_cached_cell_and_set_connections" {{(pid=96085) inner /opt/stack/data/venv/lib/python3.12/site-packages/oslo_concurrency/lockutils.py:512}}
Aug 17 08:03:32.265991 np0000007469 devstack@n-api-meta.service[96084]: DEBUG oslo_concurrency.lockutils [None req-a58cc650-ee0f-489d-85ea-ead79da77d0e None None] Lock "1a9451a1-2307-4f99-bc0f-46ef01c3b417" acquired by "nova.context.set_target_cell..get_or_set_cached_cell_and_set_connections" :: waited 0.002s {{(pid=96084) inner /opt/stack/data/venv/lib/python3.12/site-packages/oslo_concurrency/lockutils.py:525}}
Aug 17 08:03:32.266056 np0000007469 devstack@n-api-meta.service[96085]: DEBUG oslo_concurrency.lockutils [None req-a21c3544-e406-42a3-b714-08c7e3681761 None None] Lock "00000000-0000-0000-0000-000000000000" acquired by "nova.context.set_target_cell..get_or_set_cached_cell_and_set_connections" :: waited 0.000s {{(pid=96085) inner /opt/stack/data/venv/lib/python3.12/site-packages/oslo_concurrency/lockutils.py:525}}
Aug 17 08:03:32.266537 np0000007469 devstack@n-api-meta.service[96085]: DEBUG oslo_concurrency.lockutils [None req-a21c3544-e406-42a3-b714-08c7e3681761 None None] Lock "00000000-0000-0000-0000-000000000000" "released" by "nova.context.set_target_cell..get_or_set_cached_cell_and_set_connections" :: held 0.000s {{(pid=96085) inner /opt/stack/data/venv/lib/python3.12/site-packages/oslo_concurrency/lockutils.py:544}}
Aug 17 08:03:32.267337 np0000007469 devstack@n-api-meta.service[96085]: DEBUG oslo_concurrency.lockutils [None req-a21c3544-e406-42a3-b714-08c7e3681761 None None] Acquiring lock "1a9451a1-2307-4f99-bc0f-46ef01c3b417" by "nova.context.set_target_cell..get_or_set_cached_cell_and_set_connections" {{(pid=96085) inner /opt/stack/data/venv/lib/python3.12/site-packages/oslo_concurrency/lockutils.py:512}}
Aug 17 08:03:32.267395 np0000007469 devstack@n-api-meta.service[96084]: DEBUG oslo_concurrency.lockutils [None req-a58cc650-ee0f-489d-85ea-ead79da77d0e None None] Lock "1a9451a1-2307-4f99-bc0f-46ef01c3b417" "released" by "nova.context.set_target_cell..get_or_set_cached_cell_and_set_connections" :: held 0.003s {{(pid=96084) inner /opt/stack/data/venv/lib/python3.12/site-packages/oslo_concurrency/lockutils.py:544}}
Aug 17 08:03:32.267551 np0000007469 devstack@n-api-meta.service[96085]: DEBUG oslo_concurrency.lockutils [None req-a21c3544-e406-42a3-b714-08c7e3681761 None None] Lock "1a9451a1-2307-4f99-bc0f-46ef01c3b417" acquired by "nova.context.set_target_cell..get_or_set_cached_cell_and_set_connections" :: waited 0.000s {{(pid=96085) inner /opt/stack/data/venv/lib/python3.12/site-packages/oslo_concurrency/lockutils.py:525}}
Aug 17 08:03:32.268966 np0000007469 devstack@n-api-meta.service[96085]: DEBUG oslo_concurrency.lockutils [None req-a21c3544-e406-42a3-b714-08c7e3681761 None None] Lock "1a9451a1-2307-4f99-bc0f-46ef01c3b417" "released" by "nova.context.set_target_cell..get_or_set_cached_cell_and_set_connections" :: held 0.001s {{(pid=96085) inner /opt/stack/data/venv/lib/python3.12/site-packages/oslo_concurrency/lockutils.py:544}}
Aug 17 08:03:32.269046 np0000007469 devstack@n-api-meta.service[96083]: DEBUG dbcounter [-] [96083] Writer thread running {{(pid=96083) stat_writer /opt/stack/data/venv/lib/python3.12/site-packages/dbcounter.py:102}}
Aug 17 08:03:32.269432 np0000007469 devstack@n-api-meta.service[96084]: INFO dbcounter [None req-a58cc650-ee0f-489d-85ea-ead79da77d0e None None] Registered counter for database nova_cell1
Aug 17 08:03:32.270786 np0000007469 devstack@n-api-meta.service[96085]: INFO dbcounter [None req-a21c3544-e406-42a3-b714-08c7e3681761 None None] Registered counter for database nova_cell0
Aug 17 08:03:32.271358 np0000007469 devstack@n-api-meta.service[96083]: DEBUG nova.context [None req-6c6baf2c-8dd4-479c-b21b-c391e54e549c None None] Found 2 cells: 00000000-0000-0000-0000-000000000000(cell0),1a9451a1-2307-4f99-bc0f-46ef01c3b417(cell1) {{(pid=96083) load_cells /opt/stack/nova/nova/context.py:509}}
Aug 17 08:03:32.271594 np0000007469 devstack@n-api-meta.service[96083]: INFO nova.utils [None req-6c6baf2c-8dd4-479c-b21b-c391e54e549c None None] The cell worker thread pool MainProcess.cell_worker is initialized
Aug 17 08:03:32.275730 np0000007469 devstack@n-api-meta.service[96083]: DEBUG oslo_concurrency.lockutils [None req-6c6baf2c-8dd4-479c-b21b-c391e54e549c None None] Acquiring lock "00000000-0000-0000-0000-000000000000" by "nova.context.set_target_cell..get_or_set_cached_cell_and_set_connections" {{(pid=96083) inner /opt/stack/data/venv/lib/python3.12/site-packages/oslo_concurrency/lockutils.py:512}}
Aug 17 08:03:32.275730 np0000007469 devstack@n-api-meta.service[96083]: DEBUG oslo_concurrency.lockutils [None req-6c6baf2c-8dd4-479c-b21b-c391e54e549c None None] Lock "00000000-0000-0000-0000-000000000000" acquired by "nova.context.set_target_cell..get_or_set_cached_cell_and_set_connections" :: waited 0.000s {{(pid=96083) inner /opt/stack/data/venv/lib/python3.12/site-packages/oslo_concurrency/lockutils.py:525}}
Aug 17 08:03:32.275730 np0000007469 devstack@n-api-meta.service[96083]: DEBUG oslo_concurrency.lockutils [None req-6c6baf2c-8dd4-479c-b21b-c391e54e549c None None] Lock "00000000-0000-0000-0000-000000000000" "released" by "nova.context.set_target_cell..get_or_set_cached_cell_and_set_connections" :: held 0.000s {{(pid=96083) inner /opt/stack/data/venv/lib/python3.12/site-packages/oslo_concurrency/lockutils.py:544}}
Aug 17 08:03:32.275891 np0000007469 devstack@n-api-meta.service[96085]: INFO dbcounter [None req-a21c3544-e406-42a3-b714-08c7e3681761 None None] Registered counter for database nova_cell1
Aug 17 08:03:32.275940 np0000007469 devstack@n-api-meta.service[96083]: DEBUG oslo_concurrency.lockutils [None req-6c6baf2c-8dd4-479c-b21b-c391e54e549c None None] Acquiring lock "1a9451a1-2307-4f99-bc0f-46ef01c3b417" by "nova.context.set_target_cell..get_or_set_cached_cell_and_set_connections" {{(pid=96083) inner /opt/stack/data/venv/lib/python3.12/site-packages/oslo_concurrency/lockutils.py:512}}
Aug 17 08:03:32.275940 np0000007469 devstack@n-api-meta.service[96083]: DEBUG oslo_concurrency.lockutils [None req-6c6baf2c-8dd4-479c-b21b-c391e54e549c None None] Lock "1a9451a1-2307-4f99-bc0f-46ef01c3b417" acquired by "nova.context.set_target_cell..get_or_set_cached_cell_and_set_connections" :: waited 0.000s {{(pid=96083) inner /opt/stack/data/venv/lib/python3.12/site-packages/oslo_concurrency/lockutils.py:525}}
Aug 17 08:03:32.276228 np0000007469 devstack@n-api-meta.service[96083]: DEBUG oslo_concurrency.lockutils [None req-6c6baf2c-8dd4-479c-b21b-c391e54e549c None None] Lock "1a9451a1-2307-4f99-bc0f-46ef01c3b417" "released" by "nova.context.set_target_cell..get_or_set_cached_cell_and_set_connections" :: held 0.001s {{(pid=96083) inner /opt/stack/data/venv/lib/python3.12/site-packages/oslo_concurrency/lockutils.py:544}}
Aug 17 08:03:32.278268 np0000007469 devstack@n-api-meta.service[96083]: INFO dbcounter [None req-6c6baf2c-8dd4-479c-b21b-c391e54e549c None None] Registered counter for database nova_cell0
Aug 17 08:03:32.281384 np0000007469 devstack@n-api-meta.service[96083]: INFO dbcounter [None req-6c6baf2c-8dd4-479c-b21b-c391e54e549c None None] Registered counter for database nova_cell1
Aug 17 08:03:32.300272 np0000007469 devstack@n-api-meta.service[96086]: DEBUG oslo_db.sqlalchemy.engines [None req-16a8ce50-b1dc-4f30-8dee-0eddcbda4a4b None None] MySQL server mode set to STRICT_TRANS_TABLES,STRICT_ALL_TABLES,NO_ZERO_IN_DATE,NO_ZERO_DATE,ERROR_FOR_DIVISION_BY_ZERO,TRADITIONAL,NO_ENGINE_SUBSTITUTION {{(pid=96086) _check_effective_sql_mode /opt/stack/data/venv/lib/python3.12/site-packages/oslo_db/sqlalchemy/engines.py:325}}
Aug 17 08:03:32.310397 np0000007469 devstack@n-api-meta.service[96086]: DEBUG oslo_db.sqlalchemy.engines [None req-16a8ce50-b1dc-4f30-8dee-0eddcbda4a4b None None] MySQL server mode set to STRICT_TRANS_TABLES,STRICT_ALL_TABLES,NO_ZERO_IN_DATE,NO_ZERO_DATE,ERROR_FOR_DIVISION_BY_ZERO,TRADITIONAL,NO_ENGINE_SUBSTITUTION {{(pid=96086) _check_effective_sql_mode /opt/stack/data/venv/lib/python3.12/site-packages/oslo_db/sqlalchemy/engines.py:325}}
Aug 17 08:03:32.321209 np0000007469 devstack@n-api-meta.service[96084]: DEBUG oslo_db.sqlalchemy.engines [None req-a58cc650-ee0f-489d-85ea-ead79da77d0e None None] MySQL server mode set to STRICT_TRANS_TABLES,STRICT_ALL_TABLES,NO_ZERO_IN_DATE,NO_ZERO_DATE,ERROR_FOR_DIVISION_BY_ZERO,TRADITIONAL,NO_ENGINE_SUBSTITUTION {{(pid=96084) _check_effective_sql_mode /opt/stack/data/venv/lib/python3.12/site-packages/oslo_db/sqlalchemy/engines.py:325}}
Aug 17 08:03:32.330869 np0000007469 devstack@n-api-meta.service[96085]: DEBUG oslo_db.sqlalchemy.engines [None req-a21c3544-e406-42a3-b714-08c7e3681761 None None] MySQL server mode set to STRICT_TRANS_TABLES,STRICT_ALL_TABLES,NO_ZERO_IN_DATE,NO_ZERO_DATE,ERROR_FOR_DIVISION_BY_ZERO,TRADITIONAL,NO_ENGINE_SUBSTITUTION {{(pid=96085) _check_effective_sql_mode /opt/stack/data/venv/lib/python3.12/site-packages/oslo_db/sqlalchemy/engines.py:325}}
Aug 17 08:03:32.332366 np0000007469 devstack@n-api-meta.service[96084]: DEBUG oslo_db.sqlalchemy.engines [None req-a58cc650-ee0f-489d-85ea-ead79da77d0e None None] MySQL server mode set to STRICT_TRANS_TABLES,STRICT_ALL_TABLES,NO_ZERO_IN_DATE,NO_ZERO_DATE,ERROR_FOR_DIVISION_BY_ZERO,TRADITIONAL,NO_ENGINE_SUBSTITUTION {{(pid=96084) _check_effective_sql_mode /opt/stack/data/venv/lib/python3.12/site-packages/oslo_db/sqlalchemy/engines.py:325}}
Aug 17 08:03:32.335454 np0000007469 devstack@n-api-meta.service[96085]: DEBUG oslo_db.sqlalchemy.engines [None req-a21c3544-e406-42a3-b714-08c7e3681761 None None] MySQL server mode set to STRICT_TRANS_TABLES,STRICT_ALL_TABLES,NO_ZERO_IN_DATE,NO_ZERO_DATE,ERROR_FOR_DIVISION_BY_ZERO,TRADITIONAL,NO_ENGINE_SUBSTITUTION {{(pid=96085) _check_effective_sql_mode /opt/stack/data/venv/lib/python3.12/site-packages/oslo_db/sqlalchemy/engines.py:325}}
Aug 17 08:03:32.338738 np0000007469 devstack@n-api-meta.service[96083]: DEBUG oslo_db.sqlalchemy.engines [None req-6c6baf2c-8dd4-479c-b21b-c391e54e549c None None] MySQL server mode set to STRICT_TRANS_TABLES,STRICT_ALL_TABLES,NO_ZERO_IN_DATE,NO_ZERO_DATE,ERROR_FOR_DIVISION_BY_ZERO,TRADITIONAL,NO_ENGINE_SUBSTITUTION {{(pid=96083) _check_effective_sql_mode /opt/stack/data/venv/lib/python3.12/site-packages/oslo_db/sqlalchemy/engines.py:325}}
Aug 17 08:03:32.401547 np0000007469 devstack@n-api-meta.service[96086]: DEBUG dbcounter [-] [96086] Writer thread running {{(pid=96086) stat_writer /opt/stack/data/venv/lib/python3.12/site-packages/dbcounter.py:102}}
Aug 17 08:03:32.404776 np0000007469 devstack@n-api-meta.service[96086]: DEBUG dbcounter [-] [96086] Writer thread running {{(pid=96086) stat_writer /opt/stack/data/venv/lib/python3.12/site-packages/dbcounter.py:102}}
Aug 17 08:03:32.407743 np0000007469 devstack@n-api-meta.service[96086]: INFO dbcounter [None req-16a8ce50-b1dc-4f30-8dee-0eddcbda4a4b None None] Registered counter for database nova_cell0
Aug 17 08:03:32.412121 np0000007469 devstack@n-api-meta.service[96084]: DEBUG dbcounter [-] [96084] Writer thread running {{(pid=96084) stat_writer /opt/stack/data/venv/lib/python3.12/site-packages/dbcounter.py:102}}
Aug 17 08:03:32.417393 np0000007469 devstack@n-api-meta.service[96084]: DEBUG dbcounter [-] [96084] Writer thread running {{(pid=96084) stat_writer /opt/stack/data/venv/lib/python3.12/site-packages/dbcounter.py:102}}
Aug 17 08:03:32.420105 np0000007469 devstack@n-api-meta.service[96084]: INFO dbcounter [None req-a58cc650-ee0f-489d-85ea-ead79da77d0e None None] Registered counter for database nova_cell0
Aug 17 08:03:32.429626 np0000007469 devstack@n-api-meta.service[96083]: DEBUG dbcounter [-] [96083] Writer thread running {{(pid=96083) stat_writer /opt/stack/data/venv/lib/python3.12/site-packages/dbcounter.py:102}}
Aug 17 08:03:32.429953 np0000007469 devstack@n-api-meta.service[96083]: DEBUG oslo_db.sqlalchemy.engines [None req-6c6baf2c-8dd4-479c-b21b-c391e54e549c None None] MySQL server mode set to STRICT_TRANS_TABLES,STRICT_ALL_TABLES,NO_ZERO_IN_DATE,NO_ZERO_DATE,ERROR_FOR_DIVISION_BY_ZERO,TRADITIONAL,NO_ENGINE_SUBSTITUTION {{(pid=96083) _check_effective_sql_mode /opt/stack/data/venv/lib/python3.12/site-packages/oslo_db/sqlalchemy/engines.py:325}}
Aug 17 08:03:32.436281 np0000007469 devstack@n-api-meta.service[96083]: DEBUG dbcounter [-] [96083] Writer thread running {{(pid=96083) stat_writer /opt/stack/data/venv/lib/python3.12/site-packages/dbcounter.py:102}}
Aug 17 08:03:32.441255 np0000007469 devstack@n-api-meta.service[96083]: INFO dbcounter [None req-6c6baf2c-8dd4-479c-b21b-c391e54e549c None None] Registered counter for database nova_cell0
Aug 17 08:03:32.443906 np0000007469 devstack@n-api-meta.service[96086]: DEBUG oslo_db.sqlalchemy.engines [None req-16a8ce50-b1dc-4f30-8dee-0eddcbda4a4b None None] MySQL server mode set to STRICT_TRANS_TABLES,STRICT_ALL_TABLES,NO_ZERO_IN_DATE,NO_ZERO_DATE,ERROR_FOR_DIVISION_BY_ZERO,TRADITIONAL,NO_ENGINE_SUBSTITUTION {{(pid=96086) _check_effective_sql_mode /opt/stack/data/venv/lib/python3.12/site-packages/oslo_db/sqlalchemy/engines.py:325}}
Aug 17 08:03:32.449822 np0000007469 devstack@n-api-meta.service[96085]: DEBUG dbcounter [-] [96085] Writer thread running {{(pid=96085) stat_writer /opt/stack/data/venv/lib/python3.12/site-packages/dbcounter.py:102}}
Aug 17 08:03:32.451575 np0000007469 devstack@n-api-meta.service[96085]: DEBUG dbcounter [-] [96085] Writer thread running {{(pid=96085) stat_writer /opt/stack/data/venv/lib/python3.12/site-packages/dbcounter.py:102}}
Aug 17 08:03:32.451649 np0000007469 devstack@n-api-meta.service[96086]: DEBUG dbcounter [-] [96086] Writer thread running {{(pid=96086) stat_writer /opt/stack/data/venv/lib/python3.12/site-packages/dbcounter.py:102}}
Aug 17 08:03:32.455763 np0000007469 devstack@n-api-meta.service[96085]: INFO dbcounter [None req-a21c3544-e406-42a3-b714-08c7e3681761 None None] Registered counter for database nova_cell0
Aug 17 08:03:32.464320 np0000007469 devstack@n-api-meta.service[96084]: DEBUG oslo_db.sqlalchemy.engines [None req-a58cc650-ee0f-489d-85ea-ead79da77d0e None None] MySQL server mode set to STRICT_TRANS_TABLES,STRICT_ALL_TABLES,NO_ZERO_IN_DATE,NO_ZERO_DATE,ERROR_FOR_DIVISION_BY_ZERO,TRADITIONAL,NO_ENGINE_SUBSTITUTION {{(pid=96084) _check_effective_sql_mode /opt/stack/data/venv/lib/python3.12/site-packages/oslo_db/sqlalchemy/engines.py:325}}
Aug 17 08:03:32.472271 np0000007469 devstack@n-api-meta.service[96084]: DEBUG dbcounter [-] [96084] Writer thread running {{(pid=96084) stat_writer /opt/stack/data/venv/lib/python3.12/site-packages/dbcounter.py:102}}
Aug 17 08:03:32.484989 np0000007469 devstack@n-api-meta.service[96083]: DEBUG oslo_db.sqlalchemy.engines [None req-6c6baf2c-8dd4-479c-b21b-c391e54e549c None None] MySQL server mode set to STRICT_TRANS_TABLES,STRICT_ALL_TABLES,NO_ZERO_IN_DATE,NO_ZERO_DATE,ERROR_FOR_DIVISION_BY_ZERO,TRADITIONAL,NO_ENGINE_SUBSTITUTION {{(pid=96083) _check_effective_sql_mode /opt/stack/data/venv/lib/python3.12/site-packages/oslo_db/sqlalchemy/engines.py:325}}
Aug 17 08:03:32.490799 np0000007469 devstack@n-api-meta.service[96085]: DEBUG oslo_db.sqlalchemy.engines [None req-a21c3544-e406-42a3-b714-08c7e3681761 None None] MySQL server mode set to STRICT_TRANS_TABLES,STRICT_ALL_TABLES,NO_ZERO_IN_DATE,NO_ZERO_DATE,ERROR_FOR_DIVISION_BY_ZERO,TRADITIONAL,NO_ENGINE_SUBSTITUTION {{(pid=96085) _check_effective_sql_mode /opt/stack/data/venv/lib/python3.12/site-packages/oslo_db/sqlalchemy/engines.py:325}}
Aug 17 08:03:32.492607 np0000007469 devstack@n-api-meta.service[96083]: DEBUG dbcounter [-] [96083] Writer thread running {{(pid=96083) stat_writer /opt/stack/data/venv/lib/python3.12/site-packages/dbcounter.py:102}}
Aug 17 08:03:32.494009 np0000007469 devstack@n-api-meta.service[96086]: WARNING nova.api.metadata.handler [None req-16a8ce50-b1dc-4f30-8dee-0eddcbda4a4b None None] metadata_proxy_shared_secret is not configured, the metadata information returned by the proxy cannot be trusted
Aug 17 08:03:32.496012 np0000007469 devstack@n-api-meta.service[96086]: DEBUG nova.api.openstack.wsgi_app [None req-16a8ce50-b1dc-4f30-8dee-0eddcbda4a4b None None] ******************************************************************************** {{(pid=96086) log_opt_values /opt/stack/data/venv/lib/python3.12/site-packages/oslo_config/cfg.py:3533}}
Aug 17 08:03:32.496143 np0000007469 devstack@n-api-meta.service[96086]: DEBUG nova.api.openstack.wsgi_app [None req-16a8ce50-b1dc-4f30-8dee-0eddcbda4a4b None None] Configuration options gathered from: {{(pid=96086) log_opt_values /opt/stack/data/venv/lib/python3.12/site-packages/oslo_config/cfg.py:3534}}
Aug 17 08:03:32.496267 np0000007469 devstack@n-api-meta.service[96086]: DEBUG nova.api.openstack.wsgi_app [None req-16a8ce50-b1dc-4f30-8dee-0eddcbda4a4b None None] command line args: [] {{(pid=96086) log_opt_values /opt/stack/data/venv/lib/python3.12/site-packages/oslo_config/cfg.py:3535}}
Aug 17 08:03:32.496442 np0000007469 devstack@n-api-meta.service[96086]: DEBUG nova.api.openstack.wsgi_app [None req-16a8ce50-b1dc-4f30-8dee-0eddcbda4a4b None None] config files: ['/etc/nova/api-paste.ini', '/etc/nova/nova.conf'] {{(pid=96086) log_opt_values /opt/stack/data/venv/lib/python3.12/site-packages/oslo_config/cfg.py:3536}}
Aug 17 08:03:32.496569 np0000007469 devstack@n-api-meta.service[96086]: DEBUG nova.api.openstack.wsgi_app [None req-16a8ce50-b1dc-4f30-8dee-0eddcbda4a4b None None] ================================================================================ {{(pid=96086) log_opt_values /opt/stack/data/venv/lib/python3.12/site-packages/oslo_config/cfg.py:3541}}
Aug 17 08:03:32.496759 np0000007469 devstack@n-api-meta.service[96086]: DEBUG nova.api.openstack.wsgi_app [None req-16a8ce50-b1dc-4f30-8dee-0eddcbda4a4b None None] allow_resize_to_same_host = True {{(pid=96086) log_opt_values /opt/stack/data/venv/lib/python3.12/site-packages/oslo_config/cfg.py:3549}}
Aug 17 08:03:32.496887 np0000007469 devstack@n-api-meta.service[96086]: DEBUG nova.api.openstack.wsgi_app [None req-16a8ce50-b1dc-4f30-8dee-0eddcbda4a4b None None] arq_binding_timeout = 300 {{(pid=96086) log_opt_values /opt/stack/data/venv/lib/python3.12/site-packages/oslo_config/cfg.py:3549}}
Aug 17 08:03:32.497017 np0000007469 devstack@n-api-meta.service[96086]: DEBUG nova.api.openstack.wsgi_app [None req-16a8ce50-b1dc-4f30-8dee-0eddcbda4a4b None None] block_device_allocate_retries = 60 {{(pid=96086) log_opt_values /opt/stack/data/venv/lib/python3.12/site-packages/oslo_config/cfg.py:3549}}
Aug 17 08:03:32.497063 np0000007469 devstack@n-api-meta.service[96085]: DEBUG dbcounter [-] [96085] Writer thread running {{(pid=96085) stat_writer /opt/stack/data/venv/lib/python3.12/site-packages/dbcounter.py:102}}
Aug 17 08:03:32.497298 np0000007469 devstack@n-api-meta.service[96086]: DEBUG nova.api.openstack.wsgi_app [None req-16a8ce50-b1dc-4f30-8dee-0eddcbda4a4b None None] block_device_allocate_retries_interval = 3 {{(pid=96086) log_opt_values /opt/stack/data/venv/lib/python3.12/site-packages/oslo_config/cfg.py:3549}}
Aug 17 08:03:32.497298 np0000007469 devstack@n-api-meta.service[96086]: DEBUG nova.api.openstack.wsgi_app [None req-16a8ce50-b1dc-4f30-8dee-0eddcbda4a4b None None] cell_worker_thread_pool_size = 5 {{(pid=96086) log_opt_values /opt/stack/data/venv/lib/python3.12/site-packages/oslo_config/cfg.py:3549}}
Aug 17 08:03:32.497407 np0000007469 devstack@n-api-meta.service[96086]: DEBUG nova.api.openstack.wsgi_app [None req-16a8ce50-b1dc-4f30-8dee-0eddcbda4a4b None None] cert = self.pem {{(pid=96086) log_opt_values /opt/stack/data/venv/lib/python3.12/site-packages/oslo_config/cfg.py:3549}}
Aug 17 08:03:32.497571 np0000007469 devstack@n-api-meta.service[96086]: DEBUG nova.api.openstack.wsgi_app [None req-16a8ce50-b1dc-4f30-8dee-0eddcbda4a4b None None] compute_driver = libvirt.LibvirtDriver {{(pid=96086) log_opt_values /opt/stack/data/venv/lib/python3.12/site-packages/oslo_config/cfg.py:3549}}
Aug 17 08:03:32.498398 np0000007469 devstack@n-api-meta.service[96086]: DEBUG nova.api.openstack.wsgi_app [None req-16a8ce50-b1dc-4f30-8dee-0eddcbda4a4b None None] compute_monitors = [] {{(pid=96086) log_opt_values /opt/stack/data/venv/lib/python3.12/site-packages/oslo_config/cfg.py:3549}}
Aug 17 08:03:32.498398 np0000007469 devstack@n-api-meta.service[96086]: DEBUG nova.api.openstack.wsgi_app [None req-16a8ce50-b1dc-4f30-8dee-0eddcbda4a4b None None] concurrency_backend = auto {{(pid=96086) log_opt_values /opt/stack/data/venv/lib/python3.12/site-packages/oslo_config/cfg.py:3549}}
Aug 17 08:03:32.498398 np0000007469 devstack@n-api-meta.service[96086]: DEBUG nova.api.openstack.wsgi_app [None req-16a8ce50-b1dc-4f30-8dee-0eddcbda4a4b None None] config_dir = [] {{(pid=96086) log_opt_values /opt/stack/data/venv/lib/python3.12/site-packages/oslo_config/cfg.py:3549}}
Aug 17 08:03:32.498398 np0000007469 devstack@n-api-meta.service[96086]: DEBUG nova.api.openstack.wsgi_app [None req-16a8ce50-b1dc-4f30-8dee-0eddcbda4a4b None None] config_drive_format = iso9660 {{(pid=96086) log_opt_values /opt/stack/data/venv/lib/python3.12/site-packages/oslo_config/cfg.py:3549}}
Aug 17 08:03:32.498398 np0000007469 devstack@n-api-meta.service[96086]: DEBUG nova.api.openstack.wsgi_app [None req-16a8ce50-b1dc-4f30-8dee-0eddcbda4a4b None None] config_file = ['/etc/nova/api-paste.ini', '/etc/nova/nova.conf'] {{(pid=96086) log_opt_values /opt/stack/data/venv/lib/python3.12/site-packages/oslo_config/cfg.py:3549}}
Aug 17 08:03:32.498398 np0000007469 devstack@n-api-meta.service[96086]: DEBUG nova.api.openstack.wsgi_app [None req-16a8ce50-b1dc-4f30-8dee-0eddcbda4a4b None None] config_source = [] {{(pid=96086) log_opt_values /opt/stack/data/venv/lib/python3.12/site-packages/oslo_config/cfg.py:3549}}
Aug 17 08:03:32.498581 np0000007469 devstack@n-api-meta.service[96086]: DEBUG nova.api.openstack.wsgi_app [None req-16a8ce50-b1dc-4f30-8dee-0eddcbda4a4b None None] console_host = np0000007469 {{(pid=96086) log_opt_values /opt/stack/data/venv/lib/python3.12/site-packages/oslo_config/cfg.py:3549}}
Aug 17 08:03:32.498645 np0000007469 devstack@n-api-meta.service[96086]: DEBUG nova.api.openstack.wsgi_app [None req-16a8ce50-b1dc-4f30-8dee-0eddcbda4a4b None None] control_exchange = nova {{(pid=96086) log_opt_values /opt/stack/data/venv/lib/python3.12/site-packages/oslo_config/cfg.py:3549}}
Aug 17 08:03:32.498807 np0000007469 devstack@n-api-meta.service[96086]: DEBUG nova.api.openstack.wsgi_app [None req-16a8ce50-b1dc-4f30-8dee-0eddcbda4a4b None None] cpu_allocation_ratio = None {{(pid=96086) log_opt_values /opt/stack/data/venv/lib/python3.12/site-packages/oslo_config/cfg.py:3549}}
Aug 17 08:03:32.498922 np0000007469 devstack@n-api-meta.service[96086]: DEBUG nova.api.openstack.wsgi_app [None req-16a8ce50-b1dc-4f30-8dee-0eddcbda4a4b None None] daemon = False {{(pid=96086) log_opt_values /opt/stack/data/venv/lib/python3.12/site-packages/oslo_config/cfg.py:3549}}
Aug 17 08:03:32.502732 np0000007469 devstack@n-api-meta.service[96086]: DEBUG nova.api.openstack.wsgi_app [None req-16a8ce50-b1dc-4f30-8dee-0eddcbda4a4b None None] debug = True {{(pid=96086) log_opt_values /opt/stack/data/venv/lib/python3.12/site-packages/oslo_config/cfg.py:3549}}
Aug 17 08:03:32.502732 np0000007469 devstack@n-api-meta.service[96086]: DEBUG nova.api.openstack.wsgi_app [None req-16a8ce50-b1dc-4f30-8dee-0eddcbda4a4b None None] default_access_ip_network_name = None {{(pid=96086) log_opt_values /opt/stack/data/venv/lib/python3.12/site-packages/oslo_config/cfg.py:3549}}
Aug 17 08:03:32.502732 np0000007469 devstack@n-api-meta.service[96086]: DEBUG nova.api.openstack.wsgi_app [None req-16a8ce50-b1dc-4f30-8dee-0eddcbda4a4b None None] default_availability_zone = nova {{(pid=96086) log_opt_values /opt/stack/data/venv/lib/python3.12/site-packages/oslo_config/cfg.py:3549}}
Aug 17 08:03:32.502732 np0000007469 devstack@n-api-meta.service[96086]: DEBUG nova.api.openstack.wsgi_app [None req-16a8ce50-b1dc-4f30-8dee-0eddcbda4a4b None None] default_ephemeral_format = ext4 {{(pid=96086) log_opt_values /opt/stack/data/venv/lib/python3.12/site-packages/oslo_config/cfg.py:3549}}
Aug 17 08:03:32.502732 np0000007469 devstack@n-api-meta.service[96086]: DEBUG nova.api.openstack.wsgi_app [None req-16a8ce50-b1dc-4f30-8dee-0eddcbda4a4b None None] default_green_pool_size = 1000 {{(pid=96086) log_opt_values /opt/stack/data/venv/lib/python3.12/site-packages/oslo_config/cfg.py:3549}}
Aug 17 08:03:32.502916 np0000007469 devstack@n-api-meta.service[96086]: DEBUG nova.api.openstack.wsgi_app [None req-16a8ce50-b1dc-4f30-8dee-0eddcbda4a4b None None] default_log_levels = ['amqp=WARN', 'boto=WARN', 'sqlalchemy=WARN', 'suds=INFO', 'oslo.messaging=INFO', 'oslo_messaging=INFO', 'iso8601=WARN', 'requests.packages.urllib3.connectionpool=WARN', 'urllib3.connectionpool=WARN', 'websocket=WARN', 'requests.packages.urllib3.util.retry=WARN', 'urllib3.util.retry=WARN', 'keystonemiddleware=WARN', 'routes.middleware=WARN', 'stevedore=WARN', 'taskflow=WARN', 'keystoneauth=WARN', 'oslo.cache=INFO', 'oslo_policy=INFO', 'dogpile.core.dogpile=INFO', 'glanceclient=WARN', 'oslo.privsep.daemon=INFO'] {{(pid=96086) log_opt_values /opt/stack/data/venv/lib/python3.12/site-packages/oslo_config/cfg.py:3549}}
Aug 17 08:03:32.502916 np0000007469 devstack@n-api-meta.service[96086]: DEBUG nova.api.openstack.wsgi_app [None req-16a8ce50-b1dc-4f30-8dee-0eddcbda4a4b None None] default_schedule_zone = None {{(pid=96086) log_opt_values /opt/stack/data/venv/lib/python3.12/site-packages/oslo_config/cfg.py:3549}}
Aug 17 08:03:32.502916 np0000007469 devstack@n-api-meta.service[96086]: DEBUG nova.api.openstack.wsgi_app [None req-16a8ce50-b1dc-4f30-8dee-0eddcbda4a4b None None] default_thread_pool_size = 10 {{(pid=96086) log_opt_values /opt/stack/data/venv/lib/python3.12/site-packages/oslo_config/cfg.py:3549}}
Aug 17 08:03:32.502916 np0000007469 devstack@n-api-meta.service[96086]: DEBUG nova.api.openstack.wsgi_app [None req-16a8ce50-b1dc-4f30-8dee-0eddcbda4a4b None None] disk_allocation_ratio = None {{(pid=96086) log_opt_values /opt/stack/data/venv/lib/python3.12/site-packages/oslo_config/cfg.py:3549}}
Aug 17 08:03:32.502916 np0000007469 devstack@n-api-meta.service[96086]: DEBUG nova.api.openstack.wsgi_app [None req-16a8ce50-b1dc-4f30-8dee-0eddcbda4a4b None None] enable_new_services = True {{(pid=96086) log_opt_values /opt/stack/data/venv/lib/python3.12/site-packages/oslo_config/cfg.py:3549}}
Aug 17 08:03:32.503053 np0000007469 devstack@n-api-meta.service[96086]: DEBUG nova.api.openstack.wsgi_app [None req-16a8ce50-b1dc-4f30-8dee-0eddcbda4a4b None None] flat_injected = False {{(pid=96086) log_opt_values /opt/stack/data/venv/lib/python3.12/site-packages/oslo_config/cfg.py:3549}}
Aug 17 08:03:32.503053 np0000007469 devstack@n-api-meta.service[96086]: DEBUG nova.api.openstack.wsgi_app [None req-16a8ce50-b1dc-4f30-8dee-0eddcbda4a4b None None] force_config_drive = True {{(pid=96086) log_opt_values /opt/stack/data/venv/lib/python3.12/site-packages/oslo_config/cfg.py:3549}}
Aug 17 08:03:32.503053 np0000007469 devstack@n-api-meta.service[96086]: DEBUG nova.api.openstack.wsgi_app [None req-16a8ce50-b1dc-4f30-8dee-0eddcbda4a4b None None] force_raw_images = True {{(pid=96086) log_opt_values /opt/stack/data/venv/lib/python3.12/site-packages/oslo_config/cfg.py:3549}}
Aug 17 08:03:32.503053 np0000007469 devstack@n-api-meta.service[96086]: DEBUG nova.api.openstack.wsgi_app [None req-16a8ce50-b1dc-4f30-8dee-0eddcbda4a4b None None] graceful_shutdown_timeout = 5 {{(pid=96086) log_opt_values /opt/stack/data/venv/lib/python3.12/site-packages/oslo_config/cfg.py:3549}}
Aug 17 08:03:32.503053 np0000007469 devstack@n-api-meta.service[96086]: DEBUG nova.api.openstack.wsgi_app [None req-16a8ce50-b1dc-4f30-8dee-0eddcbda4a4b None None] heal_instance_info_cache_interval = -1 {{(pid=96086) log_opt_values /opt/stack/data/venv/lib/python3.12/site-packages/oslo_config/cfg.py:3549}}
Aug 17 08:03:32.503053 np0000007469 devstack@n-api-meta.service[96086]: DEBUG nova.api.openstack.wsgi_app [None req-16a8ce50-b1dc-4f30-8dee-0eddcbda4a4b None None] host = np0000007469 {{(pid=96086) log_opt_values /opt/stack/data/venv/lib/python3.12/site-packages/oslo_config/cfg.py:3549}}
Aug 17 08:03:32.503053 np0000007469 devstack@n-api-meta.service[96086]: DEBUG nova.api.openstack.wsgi_app [None req-16a8ce50-b1dc-4f30-8dee-0eddcbda4a4b None None] initial_cpu_allocation_ratio = 4.0 {{(pid=96086) log_opt_values /opt/stack/data/venv/lib/python3.12/site-packages/oslo_config/cfg.py:3549}}
Aug 17 08:03:32.503192 np0000007469 devstack@n-api-meta.service[96086]: DEBUG nova.api.openstack.wsgi_app [None req-16a8ce50-b1dc-4f30-8dee-0eddcbda4a4b None None] initial_disk_allocation_ratio = 1.0 {{(pid=96086) log_opt_values /opt/stack/data/venv/lib/python3.12/site-packages/oslo_config/cfg.py:3549}}
Aug 17 08:03:32.503192 np0000007469 devstack@n-api-meta.service[96086]: DEBUG nova.api.openstack.wsgi_app [None req-16a8ce50-b1dc-4f30-8dee-0eddcbda4a4b None None] initial_ram_allocation_ratio = 1.0 {{(pid=96086) log_opt_values /opt/stack/data/venv/lib/python3.12/site-packages/oslo_config/cfg.py:3549}}
Aug 17 08:03:32.503192 np0000007469 devstack@n-api-meta.service[96086]: DEBUG nova.api.openstack.wsgi_app [None req-16a8ce50-b1dc-4f30-8dee-0eddcbda4a4b None None] injected_network_template = /opt/stack/nova/nova/virt/interfaces.template {{(pid=96086) log_opt_values /opt/stack/data/venv/lib/python3.12/site-packages/oslo_config/cfg.py:3549}}
Aug 17 08:03:32.503192 np0000007469 devstack@n-api-meta.service[96086]: DEBUG nova.api.openstack.wsgi_app [None req-16a8ce50-b1dc-4f30-8dee-0eddcbda4a4b None None] instance_build_timeout = 0 {{(pid=96086) log_opt_values /opt/stack/data/venv/lib/python3.12/site-packages/oslo_config/cfg.py:3549}}
Aug 17 08:03:32.503192 np0000007469 devstack@n-api-meta.service[96086]: DEBUG nova.api.openstack.wsgi_app [None req-16a8ce50-b1dc-4f30-8dee-0eddcbda4a4b None None] instance_delete_interval = 300 {{(pid=96086) log_opt_values /opt/stack/data/venv/lib/python3.12/site-packages/oslo_config/cfg.py:3549}}
Aug 17 08:03:32.503192 np0000007469 devstack@n-api-meta.service[96086]: DEBUG nova.api.openstack.wsgi_app [None req-16a8ce50-b1dc-4f30-8dee-0eddcbda4a4b None None] instance_format = [instance: %(uuid)s] {{(pid=96086) log_opt_values /opt/stack/data/venv/lib/python3.12/site-packages/oslo_config/cfg.py:3549}}
Aug 17 08:03:32.503192 np0000007469 devstack@n-api-meta.service[96086]: DEBUG nova.api.openstack.wsgi_app [None req-16a8ce50-b1dc-4f30-8dee-0eddcbda4a4b None None] instance_name_template = instance-%08x {{(pid=96086) log_opt_values /opt/stack/data/venv/lib/python3.12/site-packages/oslo_config/cfg.py:3549}}
Aug 17 08:03:32.503338 np0000007469 devstack@n-api-meta.service[96086]: DEBUG nova.api.openstack.wsgi_app [None req-16a8ce50-b1dc-4f30-8dee-0eddcbda4a4b None None] instance_usage_audit = False {{(pid=96086) log_opt_values /opt/stack/data/venv/lib/python3.12/site-packages/oslo_config/cfg.py:3549}}
Aug 17 08:03:32.503338 np0000007469 devstack@n-api-meta.service[96086]: DEBUG nova.api.openstack.wsgi_app [None req-16a8ce50-b1dc-4f30-8dee-0eddcbda4a4b None None] instance_usage_audit_period = month {{(pid=96086) log_opt_values /opt/stack/data/venv/lib/python3.12/site-packages/oslo_config/cfg.py:3549}}
Aug 17 08:03:32.503338 np0000007469 devstack@n-api-meta.service[96086]: DEBUG nova.api.openstack.wsgi_app [None req-16a8ce50-b1dc-4f30-8dee-0eddcbda4a4b None None] instance_uuid_format = [instance: %(uuid)s] {{(pid=96086) log_opt_values /opt/stack/data/venv/lib/python3.12/site-packages/oslo_config/cfg.py:3549}}
Aug 17 08:03:32.503338 np0000007469 devstack@n-api-meta.service[96086]: DEBUG nova.api.openstack.wsgi_app [None req-16a8ce50-b1dc-4f30-8dee-0eddcbda4a4b None None] instances_path = /opt/stack/data/nova/instances {{(pid=96086) log_opt_values /opt/stack/data/venv/lib/python3.12/site-packages/oslo_config/cfg.py:3549}}
Aug 17 08:03:32.503338 np0000007469 devstack@n-api-meta.service[96086]: DEBUG nova.api.openstack.wsgi_app [None req-16a8ce50-b1dc-4f30-8dee-0eddcbda4a4b None None] internal_service_availability_zone = internal {{(pid=96086) log_opt_values /opt/stack/data/venv/lib/python3.12/site-packages/oslo_config/cfg.py:3549}}
Aug 17 08:03:32.503338 np0000007469 devstack@n-api-meta.service[96086]: DEBUG nova.api.openstack.wsgi_app [None req-16a8ce50-b1dc-4f30-8dee-0eddcbda4a4b None None] key = None {{(pid=96086) log_opt_values /opt/stack/data/venv/lib/python3.12/site-packages/oslo_config/cfg.py:3549}}
Aug 17 08:03:32.503338 np0000007469 devstack@n-api-meta.service[96086]: DEBUG nova.api.openstack.wsgi_app [None req-16a8ce50-b1dc-4f30-8dee-0eddcbda4a4b None None] live_migration_retry_count = 30 {{(pid=96086) log_opt_values /opt/stack/data/venv/lib/python3.12/site-packages/oslo_config/cfg.py:3549}}
Aug 17 08:03:32.503541 np0000007469 devstack@n-api-meta.service[96086]: DEBUG nova.api.openstack.wsgi_app [None req-16a8ce50-b1dc-4f30-8dee-0eddcbda4a4b None None] log_color = False {{(pid=96086) log_opt_values /opt/stack/data/venv/lib/python3.12/site-packages/oslo_config/cfg.py:3549}}
Aug 17 08:03:32.503541 np0000007469 devstack@n-api-meta.service[96086]: DEBUG nova.api.openstack.wsgi_app [None req-16a8ce50-b1dc-4f30-8dee-0eddcbda4a4b None None] log_config_append = None {{(pid=96086) log_opt_values /opt/stack/data/venv/lib/python3.12/site-packages/oslo_config/cfg.py:3549}}
Aug 17 08:03:32.503541 np0000007469 devstack@n-api-meta.service[96086]: DEBUG nova.api.openstack.wsgi_app [None req-16a8ce50-b1dc-4f30-8dee-0eddcbda4a4b None None] log_date_format = %Y-%m-%d %H:%M:%S {{(pid=96086) log_opt_values /opt/stack/data/venv/lib/python3.12/site-packages/oslo_config/cfg.py:3549}}
Aug 17 08:03:32.503722 np0000007469 devstack@n-api-meta.service[96086]: DEBUG nova.api.openstack.wsgi_app [None req-16a8ce50-b1dc-4f30-8dee-0eddcbda4a4b None None] log_dir = None {{(pid=96086) log_opt_values /opt/stack/data/venv/lib/python3.12/site-packages/oslo_config/cfg.py:3549}}
Aug 17 08:03:32.503790 np0000007469 devstack@n-api-meta.service[96086]: DEBUG nova.api.openstack.wsgi_app [None req-16a8ce50-b1dc-4f30-8dee-0eddcbda4a4b None None] log_file = None {{(pid=96086) log_opt_values /opt/stack/data/venv/lib/python3.12/site-packages/oslo_config/cfg.py:3549}}
Aug 17 08:03:32.503914 np0000007469 devstack@n-api-meta.service[96086]: DEBUG nova.api.openstack.wsgi_app [None req-16a8ce50-b1dc-4f30-8dee-0eddcbda4a4b None None] log_options = True {{(pid=96086) log_opt_values /opt/stack/data/venv/lib/python3.12/site-packages/oslo_config/cfg.py:3549}}
Aug 17 08:03:32.504032 np0000007469 devstack@n-api-meta.service[96086]: DEBUG nova.api.openstack.wsgi_app [None req-16a8ce50-b1dc-4f30-8dee-0eddcbda4a4b None None] log_rotate_interval = 1 {{(pid=96086) log_opt_values /opt/stack/data/venv/lib/python3.12/site-packages/oslo_config/cfg.py:3549}}
Aug 17 08:03:32.504154 np0000007469 devstack@n-api-meta.service[96086]: DEBUG nova.api.openstack.wsgi_app [None req-16a8ce50-b1dc-4f30-8dee-0eddcbda4a4b None None] log_rotate_interval_type = days {{(pid=96086) log_opt_values /opt/stack/data/venv/lib/python3.12/site-packages/oslo_config/cfg.py:3549}}
Aug 17 08:03:32.504291 np0000007469 devstack@n-api-meta.service[96086]: DEBUG nova.api.openstack.wsgi_app [None req-16a8ce50-b1dc-4f30-8dee-0eddcbda4a4b None None] log_rotation_type = none {{(pid=96086) log_opt_values /opt/stack/data/venv/lib/python3.12/site-packages/oslo_config/cfg.py:3549}}
Aug 17 08:03:32.504397 np0000007469 devstack@n-api-meta.service[96086]: DEBUG nova.api.openstack.wsgi_app [None req-16a8ce50-b1dc-4f30-8dee-0eddcbda4a4b None None] logging_context_format_string = %(color)s%(levelname)s %(name)s [%(global_request_id)s %(request_id)s %(project_name)s %(user_name)s%(color)s] %(instance)s%(color)s%(message)s {{(pid=96086) log_opt_values /opt/stack/data/venv/lib/python3.12/site-packages/oslo_config/cfg.py:3549}}
