Jul 03 22:34:38.713864 np0000004481 devstack@g-api.service[99501]: DEBUG glance_store.driver [-] Late loading location class glance_store._drivers.swift.store.StoreLocation {{(pid=99501) get_store_location_class /opt/stack/data/venv/lib/python3.12/site-packages/glance_store/driver.py:134}}
Jul 03 22:34:38.713921 np0000004481 devstack@g-api.service[99501]: DEBUG glance_store.location [-] Registering scheme swift+https with {'store': , 'location_class': , 'store_entry': 'swift'} {{(pid=99501) register_scheme_map /opt/stack/data/venv/lib/python3.12/site-packages/glance_store/location.py:146}}
Jul 03 22:34:38.713972 np0000004481 devstack@g-api.service[99501]: DEBUG glance_store.location [-] Registering scheme swift+https with {'store': , 'location_class': , 'store_entry': 'swift'} {{(pid=99501) register_scheme_map /opt/stack/data/venv/lib/python3.12/site-packages/glance_store/location.py:146}}
Jul 03 22:34:38.714007 np0000004481 devstack@g-api.service[99501]: DEBUG glance_store.location [-] Registering scheme swift with {'store': , 'location_class': , 'store_entry': 'swift'} {{(pid=99501) register_scheme_map /opt/stack/data/venv/lib/python3.12/site-packages/glance_store/location.py:146}}
Jul 03 22:34:38.714063 np0000004481 devstack@g-api.service[99501]: DEBUG glance_store.location [-] Registering scheme swift+https with {'store': , 'location_class': , 'store_entry': 'swift'} {{(pid=99501) register_scheme_map /opt/stack/data/venv/lib/python3.12/site-packages/glance_store/location.py:146}}
Jul 03 22:34:38.714140 np0000004481 devstack@g-api.service[99501]: DEBUG glance_store.location [-] Registering scheme swift with {'store': , 'location_class': , 'store_entry': 'swift'} {{(pid=99501) register_scheme_map /opt/stack/data/venv/lib/python3.12/site-packages/glance_store/location.py:146}}
Jul 03 22:34:38.714223 np0000004481 devstack@g-api.service[99501]: DEBUG glance_store.location [-] Registering scheme swift+http with {'store': , 'location_class': , 'store_entry': 'swift'} {{(pid=99501) register_scheme_map /opt/stack/data/venv/lib/python3.12/site-packages/glance_store/location.py:146}}
Jul 03 22:34:38.714305 np0000004481 devstack@g-api.service[99501]: DEBUG glance_store.location [-] Registering scheme swift+https with {'store': , 'location_class': , 'store_entry': 'swift'} {{(pid=99501) register_scheme_map /opt/stack/data/venv/lib/python3.12/site-packages/glance_store/location.py:146}}
Jul 03 22:34:38.714398 np0000004481 devstack@g-api.service[99501]: DEBUG glance_store.location [-] Registering scheme swift with {'store': , 'location_class': , 'store_entry': 'swift'} {{(pid=99501) register_scheme_map /opt/stack/data/venv/lib/python3.12/site-packages/glance_store/location.py:146}}
Jul 03 22:34:38.714486 np0000004481 devstack@g-api.service[99501]: DEBUG glance_store.location [-] Registering scheme swift+http with {'store': , 'location_class': , 'store_entry': 'swift'} {{(pid=99501) register_scheme_map /opt/stack/data/venv/lib/python3.12/site-packages/glance_store/location.py:146}}
Jul 03 22:34:38.714554 np0000004481 devstack@g-api.service[99501]: DEBUG glance_store.location [-] Registering scheme swift+config with {'store': , 'location_class': , 'store_entry': 'swift'} {{(pid=99501) register_scheme_map /opt/stack/data/venv/lib/python3.12/site-packages/glance_store/location.py:146}}
Jul 03 22:34:38.714770 np0000004481 devstack@g-api.service[99502]: DEBUG glance_store.capabilities [-] Store glance_store._drivers.swift.store.SingleTenantStore doesn't support updating dynamic storage capabilities. Please overwrite 'update_capabilities' method of the store to implement updating logics if needed. {{(pid=99502) update_capabilities /opt/stack/data/venv/lib/python3.12/site-packages/glance_store/capabilities.py:91}}
Jul 03 22:34:38.714814 np0000004481 devstack@g-api.service[99501]: DEBUG glance.sqlite_migration [-] SQLite caching database not located, skipping migration {{(pid=99501) get_db_path /opt/stack/glance/glance/sqlite_migration.py:68}}
Jul 03 22:34:38.714856 np0000004481 devstack@g-api.service[99502]: DEBUG glance_store.driver [-] Late loading location class glance_store._drivers.swift.store.StoreLocation {{(pid=99502) get_store_location_class /opt/stack/data/venv/lib/python3.12/site-packages/glance_store/driver.py:134}}
Jul 03 22:34:38.714905 np0000004481 devstack@g-api.service[99502]: DEBUG glance_store.location [-] Registering scheme swift+https with {'store': , 'location_class': , 'store_entry': 'swift'} {{(pid=99502) register_scheme_map /opt/stack/data/venv/lib/python3.12/site-packages/glance_store/location.py:146}}
Jul 03 22:34:38.714946 np0000004481 devstack@g-api.service[99502]: DEBUG glance_store.location [-] Registering scheme swift+https with {'store': , 'location_class': , 'store_entry': 'swift'} {{(pid=99502) register_scheme_map /opt/stack/data/venv/lib/python3.12/site-packages/glance_store/location.py:146}}
Jul 03 22:34:38.714979 np0000004481 devstack@g-api.service[99502]: DEBUG glance_store.location [-] Registering scheme swift with {'store': , 'location_class': , 'store_entry': 'swift'} {{(pid=99502) register_scheme_map /opt/stack/data/venv/lib/python3.12/site-packages/glance_store/location.py:146}}
Jul 03 22:34:38.715013 np0000004481 devstack@g-api.service[99502]: DEBUG glance_store.location [-] Registering scheme swift+https with {'store': , 'location_class': , 'store_entry': 'swift'} {{(pid=99502) register_scheme_map /opt/stack/data/venv/lib/python3.12/site-packages/glance_store/location.py:146}}
Jul 03 22:34:38.715048 np0000004481 devstack@g-api.service[99501]: WARNING glance.common.wsgi_app [-] Import methods are enabled but staging directory /tmp/staging/ does not exist; Imports will fail!
Jul 03 22:34:38.715081 np0000004481 devstack@g-api.service[99502]: DEBUG glance_store.location [-] Registering scheme swift with {'store': , 'location_class': , 'store_entry': 'swift'} {{(pid=99502) register_scheme_map /opt/stack/data/venv/lib/python3.12/site-packages/glance_store/location.py:146}}
Jul 03 22:34:38.715135 np0000004481 devstack@g-api.service[99502]: DEBUG glance_store.location [-] Registering scheme swift+http with {'store': , 'location_class': , 'store_entry': 'swift'} {{(pid=99502) register_scheme_map /opt/stack/data/venv/lib/python3.12/site-packages/glance_store/location.py:146}}
Jul 03 22:34:38.715179 np0000004481 devstack@g-api.service[99502]: DEBUG glance_store.location [-] Registering scheme swift+https with {'store': , 'location_class': , 'store_entry': 'swift'} {{(pid=99502) register_scheme_map /opt/stack/data/venv/lib/python3.12/site-packages/glance_store/location.py:146}}
Jul 03 22:34:38.715213 np0000004481 devstack@g-api.service[99502]: DEBUG glance_store.location [-] Registering scheme swift with {'store': , 'location_class': , 'store_entry': 'swift'} {{(pid=99502) register_scheme_map /opt/stack/data/venv/lib/python3.12/site-packages/glance_store/location.py:146}}
Jul 03 22:34:38.715247 np0000004481 devstack@g-api.service[99502]: DEBUG glance_store.location [-] Registering scheme swift+http with {'store': , 'location_class': , 'store_entry': 'swift'} {{(pid=99502) register_scheme_map /opt/stack/data/venv/lib/python3.12/site-packages/glance_store/location.py:146}}
Jul 03 22:34:38.715298 np0000004481 devstack@g-api.service[99502]: DEBUG glance_store.location [-] Registering scheme swift+config with {'store': , 'location_class': , 'store_entry': 'swift'} {{(pid=99502) register_scheme_map /opt/stack/data/venv/lib/python3.12/site-packages/glance_store/location.py:146}}
Jul 03 22:34:38.715575 np0000004481 devstack@g-api.service[99502]: DEBUG glance.sqlite_migration [-] SQLite caching database not located, skipping migration {{(pid=99502) get_db_path /opt/stack/glance/glance/sqlite_migration.py:68}}
Jul 03 22:34:38.715757 np0000004481 devstack@g-api.service[99502]: WARNING glance.common.wsgi_app [-] Import methods are enabled but staging directory /tmp/staging/ does not exist; Imports will fail!
Jul 03 22:34:38.841113 np0000004481 devstack@g-api.service[99503]: DEBUG glance.common.config [None req-a86b4d26-e13f-4073-8869-1a629b1f005c None None] Loading glance-api-keystone+cachemanagement from /etc/glance/glance-api-paste.ini {{(pid=99503) load_paste_app /opt/stack/glance/glance/common/config.py:765}}
Jul 03 22:34:38.847736 np0000004481 devstack@g-api.service[99501]: DEBUG glance.common.config [None req-5725fcf9-ddc5-4ccd-bc60-9d03d4ebf1df None None] Loading glance-api-keystone+cachemanagement from /etc/glance/glance-api-paste.ini {{(pid=99501) load_paste_app /opt/stack/glance/glance/common/config.py:765}}
Jul 03 22:34:38.848937 np0000004481 devstack@g-api.service[99502]: DEBUG glance.common.config [None req-f6ce0655-973b-4f81-9e86-4cadbdbd43a7 None None] Loading glance-api-keystone+cachemanagement from /etc/glance/glance-api-paste.ini {{(pid=99502) load_paste_app /opt/stack/glance/glance/common/config.py:765}}
Jul 03 22:34:39.447724 np0000004481 devstack@g-api.service[99501]: INFO glance.image_cache [None req-5725fcf9-ddc5-4ccd-bc60-9d03d4ebf1df None None] Image cache loaded driver 'centralized_db'.
Jul 03 22:34:39.447980 np0000004481 devstack@g-api.service[99502]: INFO glance.image_cache [None req-f6ce0655-973b-4f81-9e86-4cadbdbd43a7 None None] Image cache loaded driver 'centralized_db'.
Jul 03 22:34:39.449440 np0000004481 devstack@g-api.service[99503]: INFO glance.image_cache [None req-a86b4d26-e13f-4073-8869-1a629b1f005c None None] Image cache loaded driver 'centralized_db'.
Jul 03 22:34:39.491622 np0000004481 devstack@g-api.service[99501]: INFO dbcounter [None req-5725fcf9-ddc5-4ccd-bc60-9d03d4ebf1df None None] Registered counter for database glance
Jul 03 22:34:39.491762 np0000004481 devstack@g-api.service[99502]: INFO dbcounter [None req-f6ce0655-973b-4f81-9e86-4cadbdbd43a7 None None] Registered counter for database glance
Jul 03 22:34:39.493536 np0000004481 devstack@g-api.service[99503]: INFO dbcounter [None req-a86b4d26-e13f-4073-8869-1a629b1f005c None None] Registered counter for database glance
Jul 03 22:34:39.527745 np0000004481 devstack@g-api.service[99502]: DEBUG oslo_db.sqlalchemy.engines [None req-f6ce0655-973b-4f81-9e86-4cadbdbd43a7 None None] MySQL server mode set to STRICT_TRANS_TABLES,STRICT_ALL_TABLES,NO_ZERO_IN_DATE,NO_ZERO_DATE,ERROR_FOR_DIVISION_BY_ZERO,TRADITIONAL,NO_ENGINE_SUBSTITUTION {{(pid=99502) _check_effective_sql_mode /opt/stack/data/venv/lib/python3.12/site-packages/oslo_db/sqlalchemy/engines.py:325}}
Jul 03 22:34:39.529188 np0000004481 devstack@g-api.service[99501]: DEBUG oslo_db.sqlalchemy.engines [None req-5725fcf9-ddc5-4ccd-bc60-9d03d4ebf1df None None] MySQL server mode set to STRICT_TRANS_TABLES,STRICT_ALL_TABLES,NO_ZERO_IN_DATE,NO_ZERO_DATE,ERROR_FOR_DIVISION_BY_ZERO,TRADITIONAL,NO_ENGINE_SUBSTITUTION {{(pid=99501) _check_effective_sql_mode /opt/stack/data/venv/lib/python3.12/site-packages/oslo_db/sqlalchemy/engines.py:325}}
Jul 03 22:34:39.533074 np0000004481 devstack@g-api.service[99503]: DEBUG oslo_db.sqlalchemy.engines [None req-a86b4d26-e13f-4073-8869-1a629b1f005c None None] MySQL server mode set to STRICT_TRANS_TABLES,STRICT_ALL_TABLES,NO_ZERO_IN_DATE,NO_ZERO_DATE,ERROR_FOR_DIVISION_BY_ZERO,TRADITIONAL,NO_ENGINE_SUBSTITUTION {{(pid=99503) _check_effective_sql_mode /opt/stack/data/venv/lib/python3.12/site-packages/oslo_db/sqlalchemy/engines.py:325}}
Jul 03 22:34:39.547291 np0000004481 devstack@g-api.service[99502]: DEBUG dbcounter [-] [99502] Writer thread running {{(pid=99502) stat_writer /opt/stack/data/venv/lib/python3.12/site-packages/dbcounter.py:102}}
Jul 03 22:34:39.549082 np0000004481 devstack@g-api.service[99501]: DEBUG dbcounter [-] [99501] Writer thread running {{(pid=99501) stat_writer /opt/stack/data/venv/lib/python3.12/site-packages/dbcounter.py:102}}
Jul 03 22:34:39.552943 np0000004481 devstack@g-api.service[99501]: DEBUG glance.image_cache.drivers.centralized_db [None req-5725fcf9-ddc5-4ccd-bc60-9d03d4ebf1df None None] Node reference is already recorded, ignoring it {{(pid=99501) configure /opt/stack/glance/glance/image_cache/drivers/centralized_db.py:71}}
Jul 03 22:34:39.557513 np0000004481 devstack@g-api.service[99503]: DEBUG dbcounter [-] [99503] Writer thread running {{(pid=99503) stat_writer /opt/stack/data/venv/lib/python3.12/site-packages/dbcounter.py:102}}
Jul 03 22:34:39.558060 np0000004481 devstack@g-api.service[99502]: INFO glance.image_cache [None req-f6ce0655-973b-4f81-9e86-4cadbdbd43a7 None None] Image cache loaded driver 'centralized_db'.
Jul 03 22:34:39.559228 np0000004481 devstack@g-api.service[99501]: INFO glance.image_cache [None req-5725fcf9-ddc5-4ccd-bc60-9d03d4ebf1df None None] Image cache loaded driver 'centralized_db'.
Jul 03 22:34:39.561348 np0000004481 devstack@g-api.service[99503]: DEBUG glance.image_cache.drivers.centralized_db [None req-a86b4d26-e13f-4073-8869-1a629b1f005c None None] Node reference is already recorded, ignoring it {{(pid=99503) configure /opt/stack/glance/glance/image_cache/drivers/centralized_db.py:71}}
Jul 03 22:34:39.566305 np0000004481 devstack@g-api.service[99502]: DEBUG glance.image_cache.drivers.centralized_db [None req-f6ce0655-973b-4f81-9e86-4cadbdbd43a7 None None] Node reference is already recorded, ignoring it {{(pid=99502) configure /opt/stack/glance/glance/image_cache/drivers/centralized_db.py:71}}
Jul 03 22:34:39.570235 np0000004481 devstack@g-api.service[99503]: INFO glance.image_cache [None req-a86b4d26-e13f-4073-8869-1a629b1f005c None None] Image cache loaded driver 'centralized_db'.
Jul 03 22:34:39.669210 np0000004481 devstack@g-api.service[99501]: DEBUG glance.image_cache.drivers.centralized_db [None req-5725fcf9-ddc5-4ccd-bc60-9d03d4ebf1df None None] Node reference is already recorded, ignoring it {{(pid=99501) configure /opt/stack/glance/glance/image_cache/drivers/centralized_db.py:71}}
Jul 03 22:34:39.672976 np0000004481 devstack@g-api.service[99501]: DEBUG glance.api.v2.cached_images [None req-5725fcf9-ddc5-4ccd-bc60-9d03d4ebf1df None None] Started cache worker thread {{(pid=99501) __init__ /opt/stack/glance/glance/api/v2/cached_images.py:71}}
Jul 03 22:34:39.672976 np0000004481 devstack@g-api.service[99501]: INFO glance.image_cache [None req-5725fcf9-ddc5-4ccd-bc60-9d03d4ebf1df None None] Image cache loaded driver 'centralized_db'.
Jul 03 22:34:39.678864 np0000004481 devstack@g-api.service[99503]: DEBUG glance.image_cache.drivers.centralized_db [None req-a86b4d26-e13f-4073-8869-1a629b1f005c None None] Node reference is already recorded, ignoring it {{(pid=99503) configure /opt/stack/glance/glance/image_cache/drivers/centralized_db.py:71}}
Jul 03 22:34:39.681391 np0000004481 devstack@g-api.service[99501]: DEBUG glance.image_cache.drivers.centralized_db [None req-5725fcf9-ddc5-4ccd-bc60-9d03d4ebf1df None None] Node reference is already recorded, ignoring it {{(pid=99501) configure /opt/stack/glance/glance/image_cache/drivers/centralized_db.py:71}}
Jul 03 22:34:39.683291 np0000004481 devstack@g-api.service[99502]: DEBUG glance.api.v2.cached_images [None req-f6ce0655-973b-4f81-9e86-4cadbdbd43a7 None None] Started cache worker thread {{(pid=99502) __init__ /opt/stack/glance/glance/api/v2/cached_images.py:71}}
Jul 03 22:34:39.683291 np0000004481 devstack@g-api.service[99502]: INFO glance.image_cache [None req-f6ce0655-973b-4f81-9e86-4cadbdbd43a7 None None] Image cache loaded driver 'centralized_db'.
Jul 03 22:34:39.685987 np0000004481 devstack@g-api.service[99501]: INFO glance.api.middleware.cache_manage [None req-5725fcf9-ddc5-4ccd-bc60-9d03d4ebf1df None None] Initialized image cache management middleware
Jul 03 22:34:39.685987 np0000004481 devstack@g-api.service[99501]: INFO glance.image_cache [None req-5725fcf9-ddc5-4ccd-bc60-9d03d4ebf1df None None] Image cache loaded driver 'centralized_db'.
Jul 03 22:34:39.687371 np0000004481 devstack@g-api.service[99503]: DEBUG glance.api.v2.cached_images [None req-a86b4d26-e13f-4073-8869-1a629b1f005c None None] Started cache worker thread {{(pid=99503) __init__ /opt/stack/glance/glance/api/v2/cached_images.py:71}}
Jul 03 22:34:39.687371 np0000004481 devstack@g-api.service[99503]: INFO glance.image_cache [None req-a86b4d26-e13f-4073-8869-1a629b1f005c None None] Image cache loaded driver 'centralized_db'.
Jul 03 22:34:39.692467 np0000004481 devstack@g-api.service[99502]: DEBUG glance.image_cache.drivers.centralized_db [None req-f6ce0655-973b-4f81-9e86-4cadbdbd43a7 None None] Node reference is already recorded, ignoring it {{(pid=99502) configure /opt/stack/glance/glance/image_cache/drivers/centralized_db.py:71}}
Jul 03 22:34:39.693270 np0000004481 devstack@g-api.service[99501]: DEBUG glance.image_cache.drivers.centralized_db [None req-5725fcf9-ddc5-4ccd-bc60-9d03d4ebf1df None None] Node reference is already recorded, ignoring it {{(pid=99501) configure /opt/stack/glance/glance/image_cache/drivers/centralized_db.py:71}}
Jul 03 22:34:39.697440 np0000004481 devstack@g-api.service[99502]: INFO glance.api.middleware.cache_manage [None req-f6ce0655-973b-4f81-9e86-4cadbdbd43a7 None None] Initialized image cache management middleware
Jul 03 22:34:39.697440 np0000004481 devstack@g-api.service[99502]: INFO glance.image_cache [None req-f6ce0655-973b-4f81-9e86-4cadbdbd43a7 None None] Image cache loaded driver 'centralized_db'.
Jul 03 22:34:39.699014 np0000004481 devstack@g-api.service[99503]: DEBUG glance.image_cache.drivers.centralized_db [None req-a86b4d26-e13f-4073-8869-1a629b1f005c None None] Node reference is already recorded, ignoring it {{(pid=99503) configure /opt/stack/glance/glance/image_cache/drivers/centralized_db.py:71}}
Jul 03 22:34:39.700439 np0000004481 devstack@g-api.service[99501]: INFO glance.api.middleware.cache [None req-5725fcf9-ddc5-4ccd-bc60-9d03d4ebf1df None None] Initialized image cache middleware
Jul 03 22:34:39.704631 np0000004481 devstack@g-api.service[99502]: DEBUG glance.image_cache.drivers.centralized_db [None req-f6ce0655-973b-4f81-9e86-4cadbdbd43a7 None None] Node reference is already recorded, ignoring it {{(pid=99502) configure /opt/stack/glance/glance/image_cache/drivers/centralized_db.py:71}}
Jul 03 22:34:39.707686 np0000004481 devstack@g-api.service[99503]: INFO glance.api.middleware.cache_manage [None req-a86b4d26-e13f-4073-8869-1a629b1f005c None None] Initialized image cache management middleware
Jul 03 22:34:39.707686 np0000004481 devstack@g-api.service[99503]: INFO glance.image_cache [None req-a86b4d26-e13f-4073-8869-1a629b1f005c None None] Image cache loaded driver 'centralized_db'.
Jul 03 22:34:39.708696 np0000004481 devstack@g-api.service[99502]: INFO glance.api.middleware.cache [None req-f6ce0655-973b-4f81-9e86-4cadbdbd43a7 None None] Initialized image cache middleware
Jul 03 22:34:39.709602 np0000004481 devstack@g-api.service[99501]: DEBUG glance.common.config [None req-5725fcf9-ddc5-4ccd-bc60-9d03d4ebf1df None None] ******************************************************************************** {{(pid=99501) log_opt_values /opt/stack/data/venv/lib/python3.12/site-packages/oslo_config/cfg.py:3226}}
Jul 03 22:34:39.709602 np0000004481 devstack@g-api.service[99501]: DEBUG glance.common.config [None req-5725fcf9-ddc5-4ccd-bc60-9d03d4ebf1df None None] Configuration options gathered from: {{(pid=99501) log_opt_values /opt/stack/data/venv/lib/python3.12/site-packages/oslo_config/cfg.py:3227}}
Jul 03 22:34:39.709602 np0000004481 devstack@g-api.service[99501]: DEBUG glance.common.config [None req-5725fcf9-ddc5-4ccd-bc60-9d03d4ebf1df None None] command line args: [] {{(pid=99501) log_opt_values /opt/stack/data/venv/lib/python3.12/site-packages/oslo_config/cfg.py:3228}}
Jul 03 22:34:39.709602 np0000004481 devstack@g-api.service[99501]: DEBUG glance.common.config [None req-5725fcf9-ddc5-4ccd-bc60-9d03d4ebf1df None None] config files: ['/etc/glance/glance-image-import.conf', '/etc/glance/glance-api.conf'] {{(pid=99501) log_opt_values /opt/stack/data/venv/lib/python3.12/site-packages/oslo_config/cfg.py:3229}}
Jul 03 22:34:39.709602 np0000004481 devstack@g-api.service[99501]: DEBUG glance.common.config [None req-5725fcf9-ddc5-4ccd-bc60-9d03d4ebf1df None None] ================================================================================ {{(pid=99501) log_opt_values /opt/stack/data/venv/lib/python3.12/site-packages/oslo_config/cfg.py:3234}}
Jul 03 22:34:39.709602 np0000004481 devstack@g-api.service[99501]: DEBUG glance.common.config [None req-5725fcf9-ddc5-4ccd-bc60-9d03d4ebf1df None None] allow_anonymous_access = False {{(pid=99501) log_opt_values /opt/stack/data/venv/lib/python3.12/site-packages/oslo_config/cfg.py:3242}}
Jul 03 22:34:39.709602 np0000004481 devstack@g-api.service[99501]: DEBUG glance.common.config [None req-5725fcf9-ddc5-4ccd-bc60-9d03d4ebf1df None None] api_limit_max = 1000 {{(pid=99501) log_opt_values /opt/stack/data/venv/lib/python3.12/site-packages/oslo_config/cfg.py:3242}}
Jul 03 22:34:39.710687 np0000004481 devstack@g-api.service[99501]: DEBUG glance.common.config [None req-5725fcf9-ddc5-4ccd-bc60-9d03d4ebf1df None None] backlog = 4096 {{(pid=99501) log_opt_values /opt/stack/data/venv/lib/python3.12/site-packages/oslo_config/cfg.py:3242}}
Jul 03 22:34:39.710687 np0000004481 devstack@g-api.service[99501]: DEBUG glance.common.config [None req-5725fcf9-ddc5-4ccd-bc60-9d03d4ebf1df None None] bind_host = 0.0.0.0 {{(pid=99501) log_opt_values /opt/stack/data/venv/lib/python3.12/site-packages/oslo_config/cfg.py:3242}}
Jul 03 22:34:39.710687 np0000004481 devstack@g-api.service[99501]: DEBUG glance.common.config [None req-5725fcf9-ddc5-4ccd-bc60-9d03d4ebf1df None None] bind_port = 19292 {{(pid=99501) log_opt_values /opt/stack/data/venv/lib/python3.12/site-packages/oslo_config/cfg.py:3242}}
Jul 03 22:34:39.710687 np0000004481 devstack@g-api.service[99501]: DEBUG glance.common.config [None req-5725fcf9-ddc5-4ccd-bc60-9d03d4ebf1df None None] client_socket_timeout = 900 {{(pid=99501) log_opt_values /opt/stack/data/venv/lib/python3.12/site-packages/oslo_config/cfg.py:3242}}
Jul 03 22:34:39.710687 np0000004481 devstack@g-api.service[99501]: DEBUG glance.common.config [None req-5725fcf9-ddc5-4ccd-bc60-9d03d4ebf1df None None] config_dir = [] {{(pid=99501) log_opt_values /opt/stack/data/venv/lib/python3.12/site-packages/oslo_config/cfg.py:3242}}
Jul 03 22:34:39.710687 np0000004481 devstack@g-api.service[99501]: DEBUG glance.common.config [None req-5725fcf9-ddc5-4ccd-bc60-9d03d4ebf1df None None] config_file = ['/etc/glance/glance-image-import.conf', '/etc/glance/glance-api.conf'] {{(pid=99501) log_opt_values /opt/stack/data/venv/lib/python3.12/site-packages/oslo_config/cfg.py:3242}}
Jul 03 22:34:39.710687 np0000004481 devstack@g-api.service[99501]: DEBUG glance.common.config [None req-5725fcf9-ddc5-4ccd-bc60-9d03d4ebf1df None None] config_source = [] {{(pid=99501) log_opt_values /opt/stack/data/venv/lib/python3.12/site-packages/oslo_config/cfg.py:3242}}
Jul 03 22:34:39.712362 np0000004481 devstack@g-api.service[99501]: DEBUG glance.common.config [None req-5725fcf9-ddc5-4ccd-bc60-9d03d4ebf1df None None] control_exchange = glance {{(pid=99501) log_opt_values /opt/stack/data/venv/lib/python3.12/site-packages/oslo_config/cfg.py:3242}}
Jul 03 22:34:39.712362 np0000004481 devstack@g-api.service[99501]: DEBUG glance.common.config [None req-5725fcf9-ddc5-4ccd-bc60-9d03d4ebf1df None None] debug = True {{(pid=99501) log_opt_values /opt/stack/data/venv/lib/python3.12/site-packages/oslo_config/cfg.py:3242}}
Jul 03 22:34:39.712362 np0000004481 devstack@g-api.service[99501]: DEBUG glance.common.config [None req-5725fcf9-ddc5-4ccd-bc60-9d03d4ebf1df None None] default_log_levels = ['amqp=WARN', 'boto=WARN', 'sqlalchemy=WARN', 'suds=INFO', 'oslo.messaging=INFO', 'oslo_messaging=INFO', 'iso8601=WARN', 'requests.packages.urllib3.connectionpool=WARN', 'urllib3.connectionpool=WARN', 'websocket=WARN', 'requests.packages.urllib3.util.retry=WARN', 'urllib3.util.retry=WARN', 'keystonemiddleware=WARN', 'routes.middleware=WARN', 'stevedore=WARN', 'taskflow=WARN', 'keystoneauth=WARN', 'oslo.cache=INFO', 'oslo_policy=INFO', 'dogpile.core.dogpile=INFO'] {{(pid=99501) log_opt_values /opt/stack/data/venv/lib/python3.12/site-packages/oslo_config/cfg.py:3242}}
Jul 03 22:34:39.712362 np0000004481 devstack@g-api.service[99501]: DEBUG glance.common.config [None req-5725fcf9-ddc5-4ccd-bc60-9d03d4ebf1df None None] default_publisher_id = image.localhost {{(pid=99501) log_opt_values /opt/stack/data/venv/lib/python3.12/site-packages/oslo_config/cfg.py:3242}}
Jul 03 22:34:39.712362 np0000004481 devstack@g-api.service[99501]: DEBUG glance.common.config [None req-5725fcf9-ddc5-4ccd-bc60-9d03d4ebf1df None None] delayed_delete = False {{(pid=99501) log_opt_values /opt/stack/data/venv/lib/python3.12/site-packages/oslo_config/cfg.py:3242}}
Jul 03 22:34:39.714211 np0000004481 devstack@g-api.service[99501]: DEBUG glance.common.config [None req-5725fcf9-ddc5-4ccd-bc60-9d03d4ebf1df None None] digest_algorithm = sha256 {{(pid=99501) log_opt_values /opt/stack/data/venv/lib/python3.12/site-packages/oslo_config/cfg.py:3242}}
Jul 03 22:34:39.714211 np0000004481 devstack@g-api.service[99501]: DEBUG glance.common.config [None req-5725fcf9-ddc5-4ccd-bc60-9d03d4ebf1df None None] disabled_notifications = [] {{(pid=99501) log_opt_values /opt/stack/data/venv/lib/python3.12/site-packages/oslo_config/cfg.py:3242}}
Jul 03 22:34:39.714211 np0000004481 devstack@g-api.service[99501]: DEBUG glance.common.config [None req-5725fcf9-ddc5-4ccd-bc60-9d03d4ebf1df None None] do_secure_hash = True {{(pid=99501) log_opt_values /opt/stack/data/venv/lib/python3.12/site-packages/oslo_config/cfg.py:3242}}
Jul 03 22:34:39.714211 np0000004481 devstack@g-api.service[99501]: DEBUG glance.common.config [None req-5725fcf9-ddc5-4ccd-bc60-9d03d4ebf1df None None] enabled_backends = None {{(pid=99501) log_opt_values /opt/stack/data/venv/lib/python3.12/site-packages/oslo_config/cfg.py:3242}}
Jul 03 22:34:39.714211 np0000004481 devstack@g-api.service[99501]: DEBUG glance.common.config [None req-5725fcf9-ddc5-4ccd-bc60-9d03d4ebf1df None None] enabled_import_methods = ['glance-direct', 'web-download', 'copy-image'] {{(pid=99501) log_opt_values /opt/stack/data/venv/lib/python3.12/site-packages/oslo_config/cfg.py:3242}}
Jul 03 22:34:39.714211 np0000004481 devstack@g-api.service[99501]: DEBUG glance.common.config [None req-5725fcf9-ddc5-4ccd-bc60-9d03d4ebf1df None None] fatal_deprecations = False {{(pid=99501) log_opt_values /opt/stack/data/venv/lib/python3.12/site-packages/oslo_config/cfg.py:3242}}
Jul 03 22:34:39.714211 np0000004481 devstack@g-api.service[99501]: DEBUG glance.common.config [None req-5725fcf9-ddc5-4ccd-bc60-9d03d4ebf1df None None] hashing_algorithm = sha512 {{(pid=99501) log_opt_values /opt/stack/data/venv/lib/python3.12/site-packages/oslo_config/cfg.py:3242}}
Jul 03 22:34:39.715783 np0000004481 devstack@g-api.service[99501]: DEBUG glance.common.config [None req-5725fcf9-ddc5-4ccd-bc60-9d03d4ebf1df None None] http_keepalive = True {{(pid=99501) log_opt_values /opt/stack/data/venv/lib/python3.12/site-packages/oslo_config/cfg.py:3242}}
Jul 03 22:34:39.715783 np0000004481 devstack@g-api.service[99501]: DEBUG glance.common.config [None req-5725fcf9-ddc5-4ccd-bc60-9d03d4ebf1df None None] http_retries = 3 {{(pid=99501) log_opt_values /opt/stack/data/venv/lib/python3.12/site-packages/oslo_config/cfg.py:3242}}
Jul 03 22:34:39.715783 np0000004481 devstack@g-api.service[99501]: DEBUG glance.common.config [None req-5725fcf9-ddc5-4ccd-bc60-9d03d4ebf1df None None] image_cache_dir = /opt/stack/data/glance/cache/ {{(pid=99501) log_opt_values /opt/stack/data/venv/lib/python3.12/site-packages/oslo_config/cfg.py:3242}}
Jul 03 22:34:39.715783 np0000004481 devstack@g-api.service[99501]: DEBUG glance.common.config [None req-5725fcf9-ddc5-4ccd-bc60-9d03d4ebf1df None None] image_cache_driver = centralized_db {{(pid=99501) log_opt_values /opt/stack/data/venv/lib/python3.12/site-packages/oslo_config/cfg.py:3242}}
Jul 03 22:34:39.715783 np0000004481 devstack@g-api.service[99501]: DEBUG glance.common.config [None req-5725fcf9-ddc5-4ccd-bc60-9d03d4ebf1df None None] image_cache_max_size = 10737418240 {{(pid=99501) log_opt_values /opt/stack/data/venv/lib/python3.12/site-packages/oslo_config/cfg.py:3242}}
Jul 03 22:34:39.715783 np0000004481 devstack@g-api.service[99501]: DEBUG glance.common.config [None req-5725fcf9-ddc5-4ccd-bc60-9d03d4ebf1df None None] image_cache_sqlite_db = cache.db {{(pid=99501) log_opt_values /opt/stack/data/venv/lib/python3.12/site-packages/oslo_config/cfg.py:3242}}
Jul 03 22:34:39.715783 np0000004481 devstack@g-api.service[99501]: DEBUG glance.common.config [None req-5725fcf9-ddc5-4ccd-bc60-9d03d4ebf1df None None] image_cache_stall_time = 86400 {{(pid=99501) log_opt_values /opt/stack/data/venv/lib/python3.12/site-packages/oslo_config/cfg.py:3242}}
Jul 03 22:34:39.716894 np0000004481 devstack@g-api.service[99501]: DEBUG glance.common.config [None req-5725fcf9-ddc5-4ccd-bc60-9d03d4ebf1df None None] image_location_quota = 10 {{(pid=99501) log_opt_values /opt/stack/data/venv/lib/python3.12/site-packages/oslo_config/cfg.py:3242}}
Jul 03 22:34:39.716894 np0000004481 devstack@g-api.service[99501]: DEBUG glance.common.config [None req-5725fcf9-ddc5-4ccd-bc60-9d03d4ebf1df None None] image_member_quota = 128 {{(pid=99501) log_opt_values /opt/stack/data/venv/lib/python3.12/site-packages/oslo_config/cfg.py:3242}}
Jul 03 22:34:39.716894 np0000004481 devstack@g-api.service[99501]: DEBUG glance.common.config [None req-5725fcf9-ddc5-4ccd-bc60-9d03d4ebf1df None None] image_property_quota = 128 {{(pid=99501) log_opt_values /opt/stack/data/venv/lib/python3.12/site-packages/oslo_config/cfg.py:3242}}
Jul 03 22:34:39.716894 np0000004481 devstack@g-api.service[99501]: DEBUG glance.common.config [None req-5725fcf9-ddc5-4ccd-bc60-9d03d4ebf1df None None] image_size_cap = 1099511627776 {{(pid=99501) log_opt_values /opt/stack/data/venv/lib/python3.12/site-packages/oslo_config/cfg.py:3242}}
Jul 03 22:34:39.716894 np0000004481 devstack@g-api.service[99501]: DEBUG glance.common.config [None req-5725fcf9-ddc5-4ccd-bc60-9d03d4ebf1df None None] image_tag_quota = 128 {{(pid=99501) log_opt_values /opt/stack/data/venv/lib/python3.12/site-packages/oslo_config/cfg.py:3242}}
Jul 03 22:34:39.716894 np0000004481 devstack@g-api.service[99501]: DEBUG glance.common.config [None req-5725fcf9-ddc5-4ccd-bc60-9d03d4ebf1df None None] instance_format = [instance: %(uuid)s] {{(pid=99501) log_opt_values /opt/stack/data/venv/lib/python3.12/site-packages/oslo_config/cfg.py:3242}}
Jul 03 22:34:39.716894 np0000004481 devstack@g-api.service[99501]: DEBUG glance.common.config [None req-5725fcf9-ddc5-4ccd-bc60-9d03d4ebf1df None None] instance_uuid_format = [instance: %(uuid)s] {{(pid=99501) log_opt_values /opt/stack/data/venv/lib/python3.12/site-packages/oslo_config/cfg.py:3242}}
Jul 03 22:34:39.718163 np0000004481 devstack@g-api.service[99501]: DEBUG glance.common.config [None req-5725fcf9-ddc5-4ccd-bc60-9d03d4ebf1df None None] limit_param_default = 25 {{(pid=99501) log_opt_values /opt/stack/data/venv/lib/python3.12/site-packages/oslo_config/cfg.py:3242}}
Jul 03 22:34:39.718163 np0000004481 devstack@g-api.service[99501]: DEBUG glance.common.config [None req-5725fcf9-ddc5-4ccd-bc60-9d03d4ebf1df None None] log_color = False {{(pid=99501) log_opt_values /opt/stack/data/venv/lib/python3.12/site-packages/oslo_config/cfg.py:3242}}
Jul 03 22:34:39.718163 np0000004481 devstack@g-api.service[99501]: DEBUG glance.common.config [None req-5725fcf9-ddc5-4ccd-bc60-9d03d4ebf1df None None] log_config_append = None {{(pid=99501) log_opt_values /opt/stack/data/venv/lib/python3.12/site-packages/oslo_config/cfg.py:3242}}
Jul 03 22:34:39.718163 np0000004481 devstack@g-api.service[99501]: DEBUG glance.common.config [None req-5725fcf9-ddc5-4ccd-bc60-9d03d4ebf1df None None] log_date_format = %Y-%m-%d %H:%M:%S {{(pid=99501) log_opt_values /opt/stack/data/venv/lib/python3.12/site-packages/oslo_config/cfg.py:3242}}
Jul 03 22:34:39.718163 np0000004481 devstack@g-api.service[99501]: DEBUG glance.common.config [None req-5725fcf9-ddc5-4ccd-bc60-9d03d4ebf1df None None] log_dir = None {{(pid=99501) log_opt_values /opt/stack/data/venv/lib/python3.12/site-packages/oslo_config/cfg.py:3242}}
Jul 03 22:34:39.718163 np0000004481 devstack@g-api.service[99501]: DEBUG glance.common.config [None req-5725fcf9-ddc5-4ccd-bc60-9d03d4ebf1df None None] log_file = None {{(pid=99501) log_opt_values /opt/stack/data/venv/lib/python3.12/site-packages/oslo_config/cfg.py:3242}}
Jul 03 22:34:39.718163 np0000004481 devstack@g-api.service[99501]: DEBUG glance.common.config [None req-5725fcf9-ddc5-4ccd-bc60-9d03d4ebf1df None None] log_rotate_interval = 1 {{(pid=99501) log_opt_values /opt/stack/data/venv/lib/python3.12/site-packages/oslo_config/cfg.py:3242}}
Jul 03 22:34:39.719328 np0000004481 devstack@g-api.service[99501]: DEBUG glance.common.config [None req-5725fcf9-ddc5-4ccd-bc60-9d03d4ebf1df None None] log_rotate_interval_type = days {{(pid=99501) log_opt_values /opt/stack/data/venv/lib/python3.12/site-packages/oslo_config/cfg.py:3242}}
Jul 03 22:34:39.719328 np0000004481 devstack@g-api.service[99501]: DEBUG glance.common.config [None req-5725fcf9-ddc5-4ccd-bc60-9d03d4ebf1df None None] log_rotation_type = none {{(pid=99501) log_opt_values /opt/stack/data/venv/lib/python3.12/site-packages/oslo_config/cfg.py:3242}}
Jul 03 22:34:39.719328 np0000004481 devstack@g-api.service[99501]: DEBUG glance.common.config [None req-5725fcf9-ddc5-4ccd-bc60-9d03d4ebf1df None None] logging_context_format_string = %(color)s%(levelname)s %(name)s [%(global_request_id)s %(request_id)s %(project_name)s %(user_name)s%(color)s] %(instance)s%(color)s%(message)s {{(pid=99501) log_opt_values /opt/stack/data/venv/lib/python3.12/site-packages/oslo_config/cfg.py:3242}}
Jul 03 22:34:39.719328 np0000004481 devstack@g-api.service[99501]: DEBUG glance.common.config [None req-5725fcf9-ddc5-4ccd-bc60-9d03d4ebf1df None None] logging_debug_format_suffix = {{(pid=%(process)d) %(funcName)s %(pathname)s:%(lineno)d}} {{(pid=99501) log_opt_values /opt/stack/data/venv/lib/python3.12/site-packages/oslo_config/cfg.py:3242}}
Jul 03 22:34:39.719328 np0000004481 devstack@g-api.service[99501]: DEBUG glance.common.config [None req-5725fcf9-ddc5-4ccd-bc60-9d03d4ebf1df None None] logging_default_format_string = %(color)s%(levelname)s %(name)s [-%(color)s] %(instance)s%(color)s%(message)s {{(pid=99501) log_opt_values /opt/stack/data/venv/lib/python3.12/site-packages/oslo_config/cfg.py:3242}}
Jul 03 22:34:39.719328 np0000004481 devstack@g-api.service[99501]: DEBUG glance.common.config [None req-5725fcf9-ddc5-4ccd-bc60-9d03d4ebf1df None None] logging_exception_prefix = ERROR %(name)s %(instance)s {{(pid=99501) log_opt_values /opt/stack/data/venv/lib/python3.12/site-packages/oslo_config/cfg.py:3242}}
Jul 03 22:34:39.720800 np0000004481 devstack@g-api.service[99501]: DEBUG glance.common.config [None req-5725fcf9-ddc5-4ccd-bc60-9d03d4ebf1df None None] logging_user_identity_format = %(user)s %(project)s %(domain)s %(system_scope)s %(user_domain)s %(project_domain)s {{(pid=99501) log_opt_values /opt/stack/data/venv/lib/python3.12/site-packages/oslo_config/cfg.py:3242}}
Jul 03 22:34:39.720800 np0000004481 devstack@g-api.service[99501]: DEBUG glance.common.config [None req-5725fcf9-ddc5-4ccd-bc60-9d03d4ebf1df None None] max_header_line = 16384 {{(pid=99501) log_opt_values /opt/stack/data/venv/lib/python3.12/site-packages/oslo_config/cfg.py:3242}}
Jul 03 22:34:39.720800 np0000004481 devstack@g-api.service[99501]: DEBUG glance.common.config [None req-5725fcf9-ddc5-4ccd-bc60-9d03d4ebf1df None None] max_logfile_count = 30 {{(pid=99501) log_opt_values /opt/stack/data/venv/lib/python3.12/site-packages/oslo_config/cfg.py:3242}}
Jul 03 22:34:39.720800 np0000004481 devstack@g-api.service[99501]: DEBUG glance.common.config [None req-5725fcf9-ddc5-4ccd-bc60-9d03d4ebf1df None None] max_logfile_size_mb = 200 {{(pid=99501) log_opt_values /opt/stack/data/venv/lib/python3.12/site-packages/oslo_config/cfg.py:3242}}
Jul 03 22:34:39.720800 np0000004481 devstack@g-api.service[99501]: DEBUG glance.common.config [None req-5725fcf9-ddc5-4ccd-bc60-9d03d4ebf1df None None] max_request_id_length = 64 {{(pid=99501) log_opt_values /opt/stack/data/venv/lib/python3.12/site-packages/oslo_config/cfg.py:3242}}
Jul 03 22:34:39.720800 np0000004481 devstack@g-api.service[99501]: DEBUG glance.common.config [None req-5725fcf9-ddc5-4ccd-bc60-9d03d4ebf1df None None] metadata_encryption_key = **** {{(pid=99501) log_opt_values /opt/stack/data/venv/lib/python3.12/site-packages/oslo_config/cfg.py:3242}}
Jul 03 22:34:39.720800 np0000004481 devstack@g-api.service[99501]: DEBUG glance.common.config [None req-5725fcf9-ddc5-4ccd-bc60-9d03d4ebf1df None None] node_staging_uri = file:///tmp/staging/ {{(pid=99501) log_opt_values /opt/stack/data/venv/lib/python3.12/site-packages/oslo_config/cfg.py:3242}}
Jul 03 22:34:39.722317 np0000004481 devstack@g-api.service[99501]: DEBUG glance.common.config [None req-5725fcf9-ddc5-4ccd-bc60-9d03d4ebf1df None None] property_protection_file = None {{(pid=99501) log_opt_values /opt/stack/data/venv/lib/python3.12/site-packages/oslo_config/cfg.py:3242}}
Jul 03 22:34:39.722317 np0000004481 devstack@g-api.service[99501]: DEBUG glance.common.config [None req-5725fcf9-ddc5-4ccd-bc60-9d03d4ebf1df None None] property_protection_rule_format = roles {{(pid=99501) log_opt_values /opt/stack/data/venv/lib/python3.12/site-packages/oslo_config/cfg.py:3242}}
Jul 03 22:34:39.722317 np0000004481 devstack@g-api.service[99501]: DEBUG glance.common.config [None req-5725fcf9-ddc5-4ccd-bc60-9d03d4ebf1df None None] public_endpoint = https://10.4.3.16/image {{(pid=99501) log_opt_values /opt/stack/data/venv/lib/python3.12/site-packages/oslo_config/cfg.py:3242}}
Jul 03 22:34:39.722317 np0000004481 devstack@g-api.service[99501]: DEBUG glance.common.config [None req-5725fcf9-ddc5-4ccd-bc60-9d03d4ebf1df None None] publish_errors = False {{(pid=99501) log_opt_values /opt/stack/data/venv/lib/python3.12/site-packages/oslo_config/cfg.py:3242}}
Jul 03 22:34:39.722317 np0000004481 devstack@g-api.service[99501]: DEBUG glance.common.config [None req-5725fcf9-ddc5-4ccd-bc60-9d03d4ebf1df None None] pydev_worker_debug_host = None {{(pid=99501) log_opt_values /opt/stack/data/venv/lib/python3.12/site-packages/oslo_config/cfg.py:3242}}
Jul 03 22:34:39.722317 np0000004481 devstack@g-api.service[99501]: DEBUG glance.common.config [None req-5725fcf9-ddc5-4ccd-bc60-9d03d4ebf1df None None] pydev_worker_debug_port = 5678 {{(pid=99501) log_opt_values /opt/stack/data/venv/lib/python3.12/site-packages/oslo_config/cfg.py:3242}}
Jul 03 22:34:39.722317 np0000004481 devstack@g-api.service[99501]: DEBUG glance.common.config [None req-5725fcf9-ddc5-4ccd-bc60-9d03d4ebf1df None None] rate_limit_burst = 0 {{(pid=99501) log_opt_values /opt/stack/data/venv/lib/python3.12/site-packages/oslo_config/cfg.py:3242}}
Jul 03 22:34:39.723263 np0000004481 devstack@g-api.service[99501]: DEBUG glance.common.config [None req-5725fcf9-ddc5-4ccd-bc60-9d03d4ebf1df None None] rate_limit_except_level = CRITICAL {{(pid=99501) log_opt_values /opt/stack/data/venv/lib/python3.12/site-packages/oslo_config/cfg.py:3242}}
Jul 03 22:34:39.723263 np0000004481 devstack@g-api.service[99501]: DEBUG glance.common.config [None req-5725fcf9-ddc5-4ccd-bc60-9d03d4ebf1df None None] rate_limit_interval = 0 {{(pid=99501) log_opt_values /opt/stack/data/venv/lib/python3.12/site-packages/oslo_config/cfg.py:3242}}
Jul 03 22:34:39.723263 np0000004481 devstack@g-api.service[99501]: DEBUG glance.common.config [None req-5725fcf9-ddc5-4ccd-bc60-9d03d4ebf1df None None] scrub_pool_size = 1 {{(pid=99501) log_opt_values /opt/stack/data/venv/lib/python3.12/site-packages/oslo_config/cfg.py:3242}}
Jul 03 22:34:39.723263 np0000004481 devstack@g-api.service[99501]: DEBUG glance.common.config [None req-5725fcf9-ddc5-4ccd-bc60-9d03d4ebf1df None None] scrub_time = 0 {{(pid=99501) log_opt_values /opt/stack/data/venv/lib/python3.12/site-packages/oslo_config/cfg.py:3242}}
Jul 03 22:34:39.723263 np0000004481 devstack@g-api.service[99501]: DEBUG glance.common.config [None req-5725fcf9-ddc5-4ccd-bc60-9d03d4ebf1df None None] shell_completion = None {{(pid=99501) log_opt_values /opt/stack/data/venv/lib/python3.12/site-packages/oslo_config/cfg.py:3242}}
Jul 03 22:34:39.723263 np0000004481 devstack@g-api.service[99501]: DEBUG glance.common.config [None req-5725fcf9-ddc5-4ccd-bc60-9d03d4ebf1df None None] show_image_direct_url = False {{(pid=99501) log_opt_values /opt/stack/data/venv/lib/python3.12/site-packages/oslo_config/cfg.py:3242}}
Jul 03 22:34:39.724026 np0000004481 devstack@g-api.service[99501]: WARNING oslo_config.cfg [None req-5725fcf9-ddc5-4ccd-bc60-9d03d4ebf1df None None] Deprecated: Option "show_multiple_locations" from group "DEFAULT" is deprecated for removal (Use of this option, deprecated since Newton, is a security risk and will be removed once we figure out a way to satisfy those use cases that currently require it. An earlier announcement that the same functionality can be achieved with greater granularity by using policies is incorrect. You cannot work around this option via policy configuration at the present time, though that is the direction we believe the fix will take. Please keep an eye on the Glance release notes to stay up to date on progress in addressing this issue.). Its value may be silently ignored in the future.
Jul 03 22:34:39.724026 np0000004481 devstack@g-api.service[99501]: DEBUG glance.common.config [None req-5725fcf9-ddc5-4ccd-bc60-9d03d4ebf1df None None] show_multiple_locations = False {{(pid=99501) log_opt_values /opt/stack/data/venv/lib/python3.12/site-packages/oslo_config/cfg.py:3242}}
Jul 03 22:34:39.724026 np0000004481 devstack@g-api.service[99501]: DEBUG glance.common.config [None req-5725fcf9-ddc5-4ccd-bc60-9d03d4ebf1df None None] syslog_log_facility = LOG_USER {{(pid=99501) log_opt_values /opt/stack/data/venv/lib/python3.12/site-packages/oslo_config/cfg.py:3242}}
Jul 03 22:34:39.724026 np0000004481 devstack@g-api.service[99501]: DEBUG glance.common.config [None req-5725fcf9-ddc5-4ccd-bc60-9d03d4ebf1df None None] tcp_keepidle = 600 {{(pid=99501) log_opt_values /opt/stack/data/venv/lib/python3.12/site-packages/oslo_config/cfg.py:3242}}
Jul 03 22:34:39.724026 np0000004481 devstack@g-api.service[99501]: DEBUG glance.common.config [None req-5725fcf9-ddc5-4ccd-bc60-9d03d4ebf1df None None] transport_url = **** {{(pid=99501) log_opt_values /opt/stack/data/venv/lib/python3.12/site-packages/oslo_config/cfg.py:3242}}
Jul 03 22:34:39.725626 np0000004481 devstack@g-api.service[99501]: DEBUG glance.common.config [None req-5725fcf9-ddc5-4ccd-bc60-9d03d4ebf1df None None] use_journal = False {{(pid=99501) log_opt_values /opt/stack/data/venv/lib/python3.12/site-packages/oslo_config/cfg.py:3242}}
Jul 03 22:34:39.725626 np0000004481 devstack@g-api.service[99501]: DEBUG glance.common.config [None req-5725fcf9-ddc5-4ccd-bc60-9d03d4ebf1df None None] use_json = False {{(pid=99501) log_opt_values /opt/stack/data/venv/lib/python3.12/site-packages/oslo_config/cfg.py:3242}}
Jul 03 22:34:39.725626 np0000004481 devstack@g-api.service[99501]: DEBUG glance.common.config [None req-5725fcf9-ddc5-4ccd-bc60-9d03d4ebf1df None None] use_keystone_limits = True {{(pid=99501) log_opt_values /opt/stack/data/venv/lib/python3.12/site-packages/oslo_config/cfg.py:3242}}
Jul 03 22:34:39.725626 np0000004481 devstack@g-api.service[99501]: DEBUG glance.common.config [None req-5725fcf9-ddc5-4ccd-bc60-9d03d4ebf1df None None] use_stderr = False {{(pid=99501) log_opt_values /opt/stack/data/venv/lib/python3.12/site-packages/oslo_config/cfg.py:3242}}
Jul 03 22:34:39.727410 np0000004481 devstack@g-api.service[99503]: DEBUG glance.image_cache.drivers.centralized_db [None req-a86b4d26-e13f-4073-8869-1a629b1f005c None None] Node reference is already recorded, ignoring it {{(pid=99503) configure /opt/stack/glance/glance/image_cache/drivers/centralized_db.py:71}}
Jul 03 22:34:39.728955 np0000004481 devstack@g-api.service[99501]: DEBUG glance.common.config [None req-5725fcf9-ddc5-4ccd-bc60-9d03d4ebf1df None None] use_syslog = False {{(pid=99501) log_opt_values /opt/stack/data/venv/lib/python3.12/site-packages/oslo_config/cfg.py:3242}}
Jul 03 22:34:39.728955 np0000004481 devstack@g-api.service[99501]: DEBUG glance.common.config [None req-5725fcf9-ddc5-4ccd-bc60-9d03d4ebf1df None None] user_storage_quota = 0 {{(pid=99501) log_opt_values /opt/stack/data/venv/lib/python3.12/site-packages/oslo_config/cfg.py:3242}}
Jul 03 22:34:39.728955 np0000004481 devstack@g-api.service[99501]: DEBUG glance.common.config [None req-5725fcf9-ddc5-4ccd-bc60-9d03d4ebf1df None None] worker_self_reference_url = http://127.0.0.1:60999 {{(pid=99501) log_opt_values /opt/stack/data/venv/lib/python3.12/site-packages/oslo_config/cfg.py:3242}}
Jul 03 22:34:39.728955 np0000004481 devstack@g-api.service[99501]: DEBUG glance.common.config [None req-5725fcf9-ddc5-4ccd-bc60-9d03d4ebf1df None None] workers = None {{(pid=99501) log_opt_values /opt/stack/data/venv/lib/python3.12/site-packages/oslo_config/cfg.py:3242}}
Jul 03 22:34:39.728955 np0000004481 devstack@g-api.service[99501]: DEBUG glance.common.config [None req-5725fcf9-ddc5-4ccd-bc60-9d03d4ebf1df None None] oslo_concurrency.disable_process_locking = False {{(pid=99501) log_opt_values /opt/stack/data/venv/lib/python3.12/site-packages/oslo_config/cfg.py:3253}}
Jul 03 22:34:39.728955 np0000004481 devstack@g-api.service[99501]: DEBUG glance.common.config [None req-5725fcf9-ddc5-4ccd-bc60-9d03d4ebf1df None None] oslo_concurrency.lock_path = /opt/stack/data/glance/locks {{(pid=99501) log_opt_values /opt/stack/data/venv/lib/python3.12/site-packages/oslo_config/cfg.py:3253}}
Jul 03 22:34:39.728955 np0000004481 devstack@g-api.service[99501]: DEBUG glance.common.config [None req-5725fcf9-ddc5-4ccd-bc60-9d03d4ebf1df None None] oslo_middleware.enable_proxy_headers_parsing = False {{(pid=99501) log_opt_values /opt/stack/data/venv/lib/python3.12/site-packages/oslo_config/cfg.py:3253}}
Jul 03 22:34:39.730378 np0000004481 devstack@g-api.service[99501]: DEBUG glance.common.config [None req-5725fcf9-ddc5-4ccd-bc60-9d03d4ebf1df None None] oslo_middleware.http_basic_auth_user_file = /etc/htpasswd {{(pid=99501) log_opt_values /opt/stack/data/venv/lib/python3.12/site-packages/oslo_config/cfg.py:3253}}
Jul 03 22:34:39.730378 np0000004481 devstack@g-api.service[99501]: DEBUG glance.common.config [None req-5725fcf9-ddc5-4ccd-bc60-9d03d4ebf1df None None] paste_deploy.config_file = None {{(pid=99501) log_opt_values /opt/stack/data/venv/lib/python3.12/site-packages/oslo_config/cfg.py:3253}}
Jul 03 22:34:39.730378 np0000004481 devstack@g-api.service[99501]: DEBUG glance.common.config [None req-5725fcf9-ddc5-4ccd-bc60-9d03d4ebf1df None None] paste_deploy.flavor = keystone+cachemanagement {{(pid=99501) log_opt_values /opt/stack/data/venv/lib/python3.12/site-packages/oslo_config/cfg.py:3253}}
Jul 03 22:34:39.730378 np0000004481 devstack@g-api.service[99501]: DEBUG glance.common.config [None req-5725fcf9-ddc5-4ccd-bc60-9d03d4ebf1df None None] image_format.container_formats = ['ami', 'ari', 'aki', 'bare', 'ovf', 'ova', 'docker', 'compressed'] {{(pid=99501) log_opt_values /opt/stack/data/venv/lib/python3.12/site-packages/oslo_config/cfg.py:3253}}
Jul 03 22:34:39.730378 np0000004481 devstack@g-api.service[99501]: DEBUG glance.common.config [None req-5725fcf9-ddc5-4ccd-bc60-9d03d4ebf1df None None] image_format.disk_formats = ['ami', 'ari', 'aki', 'vhd', 'vhdx', 'vmdk', 'raw', 'qcow2', 'vdi', 'iso', 'ploop'] {{(pid=99501) log_opt_values /opt/stack/data/venv/lib/python3.12/site-packages/oslo_config/cfg.py:3253}}
Jul 03 22:34:39.730378 np0000004481 devstack@g-api.service[99501]: DEBUG glance.common.config [None req-5725fcf9-ddc5-4ccd-bc60-9d03d4ebf1df None None] image_format.gpt_safety_checks_nonfatal = [] {{(pid=99501) log_opt_values /opt/stack/data/venv/lib/python3.12/site-packages/oslo_config/cfg.py:3253}}
Jul 03 22:34:39.731050 np0000004481 devstack@g-api.service[99501]: DEBUG glance.common.config [None req-5725fcf9-ddc5-4ccd-bc60-9d03d4ebf1df None None] image_format.require_image_format_match = True {{(pid=99501) log_opt_values /opt/stack/data/venv/lib/python3.12/site-packages/oslo_config/cfg.py:3253}}
Jul 03 22:34:39.731050 np0000004481 devstack@g-api.service[99501]: DEBUG glance.common.config [None req-5725fcf9-ddc5-4ccd-bc60-9d03d4ebf1df None None] image_format.vmdk_allowed_types = ['streamOptimized', 'monolithicSparse'] {{(pid=99501) log_opt_values /opt/stack/data/venv/lib/python3.12/site-packages/oslo_config/cfg.py:3253}}
Jul 03 22:34:39.731050 np0000004481 devstack@g-api.service[99501]: DEBUG glance.common.config [None req-5725fcf9-ddc5-4ccd-bc60-9d03d4ebf1df None None] task.task_executor = taskflow {{(pid=99501) log_opt_values /opt/stack/data/venv/lib/python3.12/site-packages/oslo_config/cfg.py:3253}}
Jul 03 22:34:39.731050 np0000004481 devstack@g-api.service[99501]: DEBUG glance.common.config [None req-5725fcf9-ddc5-4ccd-bc60-9d03d4ebf1df None None] task.task_time_to_live = 48 {{(pid=99501) log_opt_values /opt/stack/data/venv/lib/python3.12/site-packages/oslo_config/cfg.py:3253}}
Jul 03 22:34:39.731050 np0000004481 devstack@g-api.service[99501]: DEBUG glance.common.config [None req-5725fcf9-ddc5-4ccd-bc60-9d03d4ebf1df None None] task.work_dir = None {{(pid=99501) log_opt_values /opt/stack/data/venv/lib/python3.12/site-packages/oslo_config/cfg.py:3253}}
Jul 03 22:34:39.731050 np0000004481 devstack@g-api.service[99501]: DEBUG glance.common.config [None req-5725fcf9-ddc5-4ccd-bc60-9d03d4ebf1df None None] wsgi.python_interpreter = /opt/stack/data/venv/bin/python3 {{(pid=99501) log_opt_values /opt/stack/data/venv/lib/python3.12/site-packages/oslo_config/cfg.py:3253}}
Jul 03 22:34:39.731050 np0000004481 devstack@g-api.service[99501]: DEBUG glance.common.config [None req-5725fcf9-ddc5-4ccd-bc60-9d03d4ebf1df None None] wsgi.task_pool_threads = 16 {{(pid=99501) log_opt_values /opt/stack/data/venv/lib/python3.12/site-packages/oslo_config/cfg.py:3253}}
