Jun 26 18:08:25.186827 np0000003773 nova-scheduler[93295]: DEBUG cotyledon.oslo_config_glue [-] oslo_limit.cafile = None {{(pid=93295) log_opt_values /opt/stack/data/venv/lib/python3.12/site-packages/oslo_config/cfg.py:3253}}
Jun 26 18:08:25.186827 np0000003773 nova-scheduler[93295]: DEBUG cotyledon.oslo_config_glue [-] oslo_limit.certfile = None {{(pid=93295) log_opt_values /opt/stack/data/venv/lib/python3.12/site-packages/oslo_config/cfg.py:3253}}
Jun 26 18:08:25.186827 np0000003773 nova-scheduler[93295]: DEBUG cotyledon.oslo_config_glue [-] oslo_limit.collect_timing = False {{(pid=93295) log_opt_values /opt/stack/data/venv/lib/python3.12/site-packages/oslo_config/cfg.py:3253}}
Jun 26 18:08:25.186827 np0000003773 nova-scheduler[93295]: DEBUG cotyledon.oslo_config_glue [-] oslo_limit.connect_retries = None {{(pid=93295) log_opt_values /opt/stack/data/venv/lib/python3.12/site-packages/oslo_config/cfg.py:3253}}
Jun 26 18:08:25.186827 np0000003773 nova-scheduler[93295]: DEBUG cotyledon.oslo_config_glue [-] oslo_limit.connect_retry_delay = None {{(pid=93295) log_opt_values /opt/stack/data/venv/lib/python3.12/site-packages/oslo_config/cfg.py:3253}}
Jun 26 18:08:25.187112 np0000003773 nova-scheduler[93295]: DEBUG cotyledon.oslo_config_glue [-] oslo_limit.endpoint_id = None {{(pid=93295) log_opt_values /opt/stack/data/venv/lib/python3.12/site-packages/oslo_config/cfg.py:3253}}
Jun 26 18:08:25.187112 np0000003773 nova-scheduler[93295]: DEBUG cotyledon.oslo_config_glue [-] oslo_limit.endpoint_interface = public {{(pid=93295) log_opt_values /opt/stack/data/venv/lib/python3.12/site-packages/oslo_config/cfg.py:3253}}
Jun 26 18:08:25.187112 np0000003773 nova-scheduler[93295]: DEBUG cotyledon.oslo_config_glue [-] oslo_limit.endpoint_override = None {{(pid=93295) log_opt_values /opt/stack/data/venv/lib/python3.12/site-packages/oslo_config/cfg.py:3253}}
Jun 26 18:08:25.187112 np0000003773 nova-scheduler[93295]: DEBUG cotyledon.oslo_config_glue [-] oslo_limit.endpoint_region_name = None {{(pid=93295) log_opt_values /opt/stack/data/venv/lib/python3.12/site-packages/oslo_config/cfg.py:3253}}
Jun 26 18:08:25.187112 np0000003773 nova-scheduler[93295]: DEBUG cotyledon.oslo_config_glue [-] oslo_limit.endpoint_service_name = None {{(pid=93295) log_opt_values /opt/stack/data/venv/lib/python3.12/site-packages/oslo_config/cfg.py:3253}}
Jun 26 18:08:25.187112 np0000003773 nova-scheduler[93295]: DEBUG cotyledon.oslo_config_glue [-] oslo_limit.endpoint_service_type = None {{(pid=93295) log_opt_values /opt/stack/data/venv/lib/python3.12/site-packages/oslo_config/cfg.py:3253}}
Jun 26 18:08:25.187112 np0000003773 nova-scheduler[93295]: DEBUG cotyledon.oslo_config_glue [-] oslo_limit.insecure = False {{(pid=93295) log_opt_values /opt/stack/data/venv/lib/python3.12/site-packages/oslo_config/cfg.py:3253}}
Jun 26 18:08:25.187112 np0000003773 nova-scheduler[93295]: DEBUG cotyledon.oslo_config_glue [-] oslo_limit.keyfile = None {{(pid=93295) log_opt_values /opt/stack/data/venv/lib/python3.12/site-packages/oslo_config/cfg.py:3253}}
Jun 26 18:08:25.187112 np0000003773 nova-scheduler[93295]: DEBUG cotyledon.oslo_config_glue [-] oslo_limit.max_version = None {{(pid=93295) log_opt_values /opt/stack/data/venv/lib/python3.12/site-packages/oslo_config/cfg.py:3253}}
Jun 26 18:08:25.187446 np0000003773 nova-scheduler[93295]: DEBUG cotyledon.oslo_config_glue [-] oslo_limit.min_version = None {{(pid=93295) log_opt_values /opt/stack/data/venv/lib/python3.12/site-packages/oslo_config/cfg.py:3253}}
Jun 26 18:08:25.187446 np0000003773 nova-scheduler[93295]: DEBUG cotyledon.oslo_config_glue [-] oslo_limit.region_name = None {{(pid=93295) log_opt_values /opt/stack/data/venv/lib/python3.12/site-packages/oslo_config/cfg.py:3253}}
Jun 26 18:08:25.187446 np0000003773 nova-scheduler[93295]: DEBUG cotyledon.oslo_config_glue [-] oslo_limit.retriable_status_codes = None {{(pid=93295) log_opt_values /opt/stack/data/venv/lib/python3.12/site-packages/oslo_config/cfg.py:3253}}
Jun 26 18:08:25.187446 np0000003773 nova-scheduler[93295]: DEBUG cotyledon.oslo_config_glue [-] oslo_limit.service_name = None {{(pid=93295) log_opt_values /opt/stack/data/venv/lib/python3.12/site-packages/oslo_config/cfg.py:3253}}
Jun 26 18:08:25.187446 np0000003773 nova-scheduler[93295]: DEBUG cotyledon.oslo_config_glue [-] oslo_limit.service_type = None {{(pid=93295) log_opt_values /opt/stack/data/venv/lib/python3.12/site-packages/oslo_config/cfg.py:3253}}
Jun 26 18:08:25.187446 np0000003773 nova-scheduler[93295]: DEBUG cotyledon.oslo_config_glue [-] oslo_limit.split_loggers = False {{(pid=93295) log_opt_values /opt/stack/data/venv/lib/python3.12/site-packages/oslo_config/cfg.py:3253}}
Jun 26 18:08:25.187446 np0000003773 nova-scheduler[93295]: DEBUG cotyledon.oslo_config_glue [-] oslo_limit.status_code_retries = None {{(pid=93295) log_opt_values /opt/stack/data/venv/lib/python3.12/site-packages/oslo_config/cfg.py:3253}}
Jun 26 18:08:25.187446 np0000003773 nova-scheduler[93295]: DEBUG cotyledon.oslo_config_glue [-] oslo_limit.status_code_retry_delay = None {{(pid=93295) log_opt_values /opt/stack/data/venv/lib/python3.12/site-packages/oslo_config/cfg.py:3253}}
Jun 26 18:08:25.187446 np0000003773 nova-scheduler[93295]: DEBUG cotyledon.oslo_config_glue [-] oslo_limit.timeout = None {{(pid=93295) log_opt_values /opt/stack/data/venv/lib/python3.12/site-packages/oslo_config/cfg.py:3253}}
Jun 26 18:08:25.187790 np0000003773 nova-scheduler[93295]: DEBUG cotyledon.oslo_config_glue [-] oslo_limit.valid_interfaces = None {{(pid=93295) log_opt_values /opt/stack/data/venv/lib/python3.12/site-packages/oslo_config/cfg.py:3253}}
Jun 26 18:08:25.187790 np0000003773 nova-scheduler[93295]: DEBUG cotyledon.oslo_config_glue [-] oslo_limit.version = None {{(pid=93295) log_opt_values /opt/stack/data/venv/lib/python3.12/site-packages/oslo_config/cfg.py:3253}}
Jun 26 18:08:25.187790 np0000003773 nova-scheduler[93295]: DEBUG cotyledon.oslo_config_glue [-] oslo_reports.file_event_handler = None {{(pid=93295) log_opt_values /opt/stack/data/venv/lib/python3.12/site-packages/oslo_config/cfg.py:3253}}
Jun 26 18:08:25.187790 np0000003773 nova-scheduler[93295]: DEBUG cotyledon.oslo_config_glue [-] oslo_reports.file_event_handler_interval = 1 {{(pid=93295) log_opt_values /opt/stack/data/venv/lib/python3.12/site-packages/oslo_config/cfg.py:3253}}
Jun 26 18:08:25.187790 np0000003773 nova-scheduler[93295]: DEBUG cotyledon.oslo_config_glue [-] oslo_reports.log_dir = None {{(pid=93295) log_opt_values /opt/stack/data/venv/lib/python3.12/site-packages/oslo_config/cfg.py:3253}}
Jun 26 18:08:25.187790 np0000003773 nova-scheduler[93295]: DEBUG cotyledon.oslo_config_glue [-] ******************************************************************************** {{(pid=93295) log_opt_values /opt/stack/data/venv/lib/python3.12/site-packages/oslo_config/cfg.py:3260}}
Jun 26 18:08:25.187790 np0000003773 nova-scheduler[93295]: DEBUG cotyledon._service_worker [-] Run service ServiceWrapper(1) [93295] {{(pid=93295) wait_forever /opt/stack/data/venv/lib/python3.12/site-packages/cotyledon/_service_worker.py:218}}
Jun 26 18:08:25.187790 np0000003773 nova-scheduler[93295]: INFO nova.service [-] Starting scheduler node (version 33.1.0)
Jun 26 18:08:25.188051 np0000003773 nova-scheduler[93290]: DEBUG oslo_db.sqlalchemy.engines [None req-af2620d4-1eda-4e9e-ad79-b4aa0df3f11e None None] MySQL server mode set to STRICT_TRANS_TABLES,STRICT_ALL_TABLES,NO_ZERO_IN_DATE,NO_ZERO_DATE,ERROR_FOR_DIVISION_BY_ZERO,TRADITIONAL,NO_ENGINE_SUBSTITUTION {{(pid=93290) _check_effective_sql_mode /opt/stack/data/venv/lib/python3.12/site-packages/oslo_db/sqlalchemy/engines.py:325}}
Jun 26 18:08:25.188103 np0000003773 nova-scheduler[93295]: INFO dbcounter [None req-8612b757-0b28-4d02-8eab-22aacc3387b2 None None] Registered counter for database nova_cell0
Jun 26 18:08:25.188430 np0000003773 nova-scheduler[93298]: INFO dbcounter [None req-525c3f41-1678-4445-be10-2eadd62d935d None None] Registered counter for database nova_cell0
Jun 26 18:08:25.189566 np0000003773 nova-scheduler[93290]: DEBUG dbcounter [-] [93290] Writer thread running {{(pid=93290) stat_writer /opt/stack/data/venv/lib/python3.12/site-packages/dbcounter.py:102}}
Jun 26 18:08:25.216710 np0000003773 nova-scheduler[93290]: DEBUG nova.service [None req-af2620d4-1eda-4e9e-ad79-b4aa0df3f11e None None] Creating RPC server for service: nova-scheduler on topic: scheduler {{(pid=93290) start /opt/stack/nova/nova/service.py:196}}
Jun 26 18:08:25.220755 np0000003773 nova-scheduler[93295]: DEBUG oslo_db.sqlalchemy.engines [None req-8612b757-0b28-4d02-8eab-22aacc3387b2 None None] MySQL server mode set to STRICT_TRANS_TABLES,STRICT_ALL_TABLES,NO_ZERO_IN_DATE,NO_ZERO_DATE,ERROR_FOR_DIVISION_BY_ZERO,TRADITIONAL,NO_ENGINE_SUBSTITUTION {{(pid=93295) _check_effective_sql_mode /opt/stack/data/venv/lib/python3.12/site-packages/oslo_db/sqlalchemy/engines.py:325}}
Jun 26 18:08:25.232744 np0000003773 nova-scheduler[93298]: DEBUG oslo_db.sqlalchemy.engines [None req-525c3f41-1678-4445-be10-2eadd62d935d None None] MySQL server mode set to STRICT_TRANS_TABLES,STRICT_ALL_TABLES,NO_ZERO_IN_DATE,NO_ZERO_DATE,ERROR_FOR_DIVISION_BY_ZERO,TRADITIONAL,NO_ENGINE_SUBSTITUTION {{(pid=93298) _check_effective_sql_mode /opt/stack/data/venv/lib/python3.12/site-packages/oslo_db/sqlalchemy/engines.py:325}}
Jun 26 18:08:25.233295 np0000003773 nova-scheduler[93295]: DEBUG dbcounter [-] [93295] Writer thread running {{(pid=93295) stat_writer /opt/stack/data/venv/lib/python3.12/site-packages/dbcounter.py:102}}
Jun 26 18:08:25.237037 np0000003773 nova-scheduler[93295]: DEBUG nova.service [None req-8612b757-0b28-4d02-8eab-22aacc3387b2 None None] Creating RPC server for service: nova-scheduler on topic: scheduler {{(pid=93295) start /opt/stack/nova/nova/service.py:196}}
Jun 26 18:08:25.244158 np0000003773 nova-scheduler[93298]: DEBUG dbcounter [-] [93298] Writer thread running {{(pid=93298) stat_writer /opt/stack/data/venv/lib/python3.12/site-packages/dbcounter.py:102}}
Jun 26 18:08:25.248338 np0000003773 nova-scheduler[93298]: DEBUG nova.service [None req-525c3f41-1678-4445-be10-2eadd62d935d None None] Creating RPC server for service: nova-scheduler on topic: scheduler {{(pid=93298) start /opt/stack/nova/nova/service.py:196}}
Jun 26 18:08:25.264575 np0000003773 nova-scheduler[93290]: DEBUG nova.service [None req-af2620d4-1eda-4e9e-ad79-b4aa0df3f11e None None] Join ServiceGroup membership for this service scheduler {{(pid=93290) start /opt/stack/nova/nova/service.py:222}}
Jun 26 18:08:25.264772 np0000003773 nova-scheduler[93290]: DEBUG nova.servicegroup.drivers.db [None req-af2620d4-1eda-4e9e-ad79-b4aa0df3f11e None None] DB_Driver: join new ServiceGroup member np0000003773 to the scheduler group, service = {{(pid=93290) join /opt/stack/nova/nova/servicegroup/drivers/db.py:44}}
Jun 26 18:08:25.274032 np0000003773 nova-scheduler[93295]: DEBUG nova.service [None req-8612b757-0b28-4d02-8eab-22aacc3387b2 None None] Join ServiceGroup membership for this service scheduler {{(pid=93295) start /opt/stack/nova/nova/service.py:222}}
Jun 26 18:08:25.274283 np0000003773 nova-scheduler[93295]: DEBUG nova.servicegroup.drivers.db [None req-8612b757-0b28-4d02-8eab-22aacc3387b2 None None] DB_Driver: join new ServiceGroup member np0000003773 to the scheduler group, service = {{(pid=93295) join /opt/stack/nova/nova/servicegroup/drivers/db.py:44}}
Jun 26 18:08:25.275313 np0000003773 nova-scheduler[93298]: DEBUG nova.service [None req-525c3f41-1678-4445-be10-2eadd62d935d None None] Join ServiceGroup membership for this service scheduler {{(pid=93298) start /opt/stack/nova/nova/service.py:222}}
Jun 26 18:08:25.275495 np0000003773 nova-scheduler[93298]: DEBUG nova.servicegroup.drivers.db [None req-525c3f41-1678-4445-be10-2eadd62d935d None None] DB_Driver: join new ServiceGroup member np0000003773 to the scheduler group, service = {{(pid=93298) join /opt/stack/nova/nova/servicegroup/drivers/db.py:44}}
Jun 26 18:08:30.283879 np0000003773 nova-scheduler[93290]: DEBUG oslo.service.backend._threading.loopingcall [-] Fixed interval looping call 'nova.servicegroup.drivers.db.DbDriver._report_state' sleeping for 119.98 seconds {{(pid=93290) _run_loop /opt/stack/data/venv/lib/python3.12/site-packages/oslo_service/backend/_threading/loopingcall.py:125}}
Jun 26 18:08:30.289687 np0000003773 nova-scheduler[93295]: DEBUG oslo.service.backend._threading.loopingcall [-] Fixed interval looping call 'nova.servicegroup.drivers.db.DbDriver._report_state' sleeping for 119.99 seconds {{(pid=93295) _run_loop /opt/stack/data/venv/lib/python3.12/site-packages/oslo_service/backend/_threading/loopingcall.py:125}}
Jun 26 18:08:30.290040 np0000003773 nova-scheduler[93298]: DEBUG oslo.service.backend._threading.loopingcall [-] Fixed interval looping call 'nova.servicegroup.drivers.db.DbDriver._report_state' sleeping for 119.99 seconds {{(pid=93298) _run_loop /opt/stack/data/venv/lib/python3.12/site-packages/oslo_service/backend/_threading/loopingcall.py:125}}
Jun 26 18:08:33.793205 np0000003773 nova-scheduler[92082]: DEBUG dbcounter [-] [92082] Writing DB stats nova_api:SELECT=3 {{(pid=92082) stat_writer /opt/stack/data/venv/lib/python3.12/site-packages/dbcounter.py:115}}
Jun 26 18:08:33.910201 np0000003773 nova-scheduler[92082]: DEBUG dbcounter [-] [92082] Writing DB stats nova_cell1:SELECT=1 {{(pid=92082) stat_writer /opt/stack/data/venv/lib/python3.12/site-packages/dbcounter.py:115}}
Jun 26 18:08:33.918205 np0000003773 nova-scheduler[92082]: DEBUG dbcounter [-] [92082] Writing DB stats nova_cell0:SELECT=1 {{(pid=92082) stat_writer /opt/stack/data/venv/lib/python3.12/site-packages/dbcounter.py:115}}
Jun 26 18:08:38.276603 np0000003773 nova-scheduler[93295]: DEBUG oslo.service.backend._threading.loopingcall [None req-edb5b798-f7e7-4b79-b69e-85dab170c14e None None] Dynamic interval looping call 'nova.service.Service.periodic_tasks' sleeping for 60.00 seconds {{(pid=93295) _run_loop /opt/stack/data/venv/lib/python3.12/site-packages/oslo_service/backend/_threading/loopingcall.py:125}}
Jun 26 18:08:40.275910 np0000003773 nova-scheduler[93290]: DEBUG dbcounter [-] [93290] Writing DB stats nova_cell0:SELECT=4,nova_cell0:INSERT=1,nova_cell0:UPDATE=1 {{(pid=93290) stat_writer /opt/stack/data/venv/lib/python3.12/site-packages/dbcounter.py:115}}
Jun 26 18:08:40.288206 np0000003773 nova-scheduler[93295]: DEBUG dbcounter [-] [93295] Writing DB stats nova_cell0:SELECT=3 {{(pid=93295) stat_writer /opt/stack/data/venv/lib/python3.12/site-packages/dbcounter.py:115}}
Jun 26 18:08:40.288924 np0000003773 nova-scheduler[93298]: DEBUG dbcounter [-] [93298] Writing DB stats nova_cell0:SELECT=3 {{(pid=93298) stat_writer /opt/stack/data/venv/lib/python3.12/site-packages/dbcounter.py:115}}
Jun 26 18:08:41.266923 np0000003773 nova-scheduler[93290]: DEBUG oslo.service.backend._threading.loopingcall [None req-27b5796b-6e04-4eab-87f4-167ce6d8b28d None None] Dynamic interval looping call 'nova.service.Service.periodic_tasks' sleeping for 60.00 seconds {{(pid=93290) _run_loop /opt/stack/data/venv/lib/python3.12/site-packages/oslo_service/backend/_threading/loopingcall.py:125}}
Jun 26 18:08:57.278218 np0000003773 nova-scheduler[93298]: DEBUG oslo.service.backend._threading.loopingcall [None req-d8c6509e-1a94-422b-a73c-d0e3106393a5 None None] Dynamic interval looping call 'nova.service.Service.periodic_tasks' sleeping for 60.00 seconds {{(pid=93298) _run_loop /opt/stack/data/venv/lib/python3.12/site-packages/oslo_service/backend/_threading/loopingcall.py:125}}
Jun 26 18:09:38.277098 np0000003773 nova-scheduler[93295]: DEBUG oslo.service.backend._threading.loopingcall [None req-edb5b798-f7e7-4b79-b69e-85dab170c14e None None] Dynamic interval looping call 'nova.service.Service.periodic_tasks' sleeping for 60.00 seconds {{(pid=93295) _run_loop /opt/stack/data/venv/lib/python3.12/site-packages/oslo_service/backend/_threading/loopingcall.py:125}}
Jun 26 18:09:41.267382 np0000003773 nova-scheduler[93290]: DEBUG oslo.service.backend._threading.loopingcall [None req-27b5796b-6e04-4eab-87f4-167ce6d8b28d None None] Dynamic interval looping call 'nova.service.Service.periodic_tasks' sleeping for 60.00 seconds {{(pid=93290) _run_loop /opt/stack/data/venv/lib/python3.12/site-packages/oslo_service/backend/_threading/loopingcall.py:125}}
Jun 26 18:09:57.278213 np0000003773 nova-scheduler[93298]: DEBUG oslo.service.backend._threading.loopingcall [None req-d8c6509e-1a94-422b-a73c-d0e3106393a5 None None] Dynamic interval looping call 'nova.service.Service.periodic_tasks' sleeping for 60.00 seconds {{(pid=93298) _run_loop /opt/stack/data/venv/lib/python3.12/site-packages/oslo_service/backend/_threading/loopingcall.py:125}}
Jun 26 18:10:30.270191 np0000003773 nova-scheduler[93290]: DEBUG oslo.service.backend._threading.loopingcall [-] Fixed interval looping call 'nova.servicegroup.drivers.db.DbDriver._report_state' sleeping for 119.99 seconds {{(pid=93290) _run_loop /opt/stack/data/venv/lib/python3.12/site-packages/oslo_service/backend/_threading/loopingcall.py:125}}
Jun 26 18:10:30.283408 np0000003773 nova-scheduler[93295]: DEBUG oslo.service.backend._threading.loopingcall [-] Fixed interval looping call 'nova.servicegroup.drivers.db.DbDriver._report_state' sleeping for 120.00 seconds {{(pid=93295) _run_loop /opt/stack/data/venv/lib/python3.12/site-packages/oslo_service/backend/_threading/loopingcall.py:125}}
Jun 26 18:10:30.284025 np0000003773 nova-scheduler[93298]: DEBUG oslo.service.backend._threading.loopingcall [-] Fixed interval looping call 'nova.servicegroup.drivers.db.DbDriver._report_state' sleeping for 120.00 seconds {{(pid=93298) _run_loop /opt/stack/data/venv/lib/python3.12/site-packages/oslo_service/backend/_threading/loopingcall.py:125}}
Jun 26 18:10:38.277575 np0000003773 nova-scheduler[93295]: DEBUG oslo.service.backend._threading.loopingcall [None req-edb5b798-f7e7-4b79-b69e-85dab170c14e None None] Dynamic interval looping call 'nova.service.Service.periodic_tasks' sleeping for 60.00 seconds {{(pid=93295) _run_loop /opt/stack/data/venv/lib/python3.12/site-packages/oslo_service/backend/_threading/loopingcall.py:125}}
Jun 26 18:10:40.267013 np0000003773 nova-scheduler[93290]: DEBUG dbcounter [-] [93290] Writing DB stats nova_cell0:SELECT=1,nova_cell0:UPDATE=1 {{(pid=93290) stat_writer /opt/stack/data/venv/lib/python3.12/site-packages/dbcounter.py:115}}
Jun 26 18:10:40.281508 np0000003773 nova-scheduler[93298]: DEBUG dbcounter [-] [93298] Writing DB stats nova_cell0:SELECT=1 {{(pid=93298) stat_writer /opt/stack/data/venv/lib/python3.12/site-packages/dbcounter.py:115}}
Jun 26 18:10:40.281916 np0000003773 nova-scheduler[93295]: DEBUG dbcounter [-] [93295] Writing DB stats nova_cell0:SELECT=1 {{(pid=93295) stat_writer /opt/stack/data/venv/lib/python3.12/site-packages/dbcounter.py:115}}
Jun 26 18:10:41.267936 np0000003773 nova-scheduler[93290]: DEBUG oslo.service.backend._threading.loopingcall [None req-27b5796b-6e04-4eab-87f4-167ce6d8b28d None None] Dynamic interval looping call 'nova.service.Service.periodic_tasks' sleeping for 60.00 seconds {{(pid=93290) _run_loop /opt/stack/data/venv/lib/python3.12/site-packages/oslo_service/backend/_threading/loopingcall.py:125}}
Jun 26 18:10:57.279292 np0000003773 nova-scheduler[93298]: DEBUG oslo.service.backend._threading.loopingcall [None req-d8c6509e-1a94-422b-a73c-d0e3106393a5 None None] Dynamic interval looping call 'nova.service.Service.periodic_tasks' sleeping for 60.00 seconds {{(pid=93298) _run_loop /opt/stack/data/venv/lib/python3.12/site-packages/oslo_service/backend/_threading/loopingcall.py:125}}
Jun 26 18:11:20.252605 np0000003773 nova-scheduler[93290]: DEBUG nova.scheduler.manager [None req-b6cda611-4613-44fa-9e8b-367447b28397 tempest-DeleteServersTestJSON-811647842 tempest-DeleteServersTestJSON-811647842-project-member] Starting to schedule for instances: ['a810e026-4cc7-42fc-a0d3-3a742925c8e7'] {{(pid=93290) select_destinations /opt/stack/nova/nova/scheduler/manager.py:210}}
Jun 26 18:11:20.253442 np0000003773 nova-scheduler[93290]: DEBUG nova.scheduler.request_filter [None req-b6cda611-4613-44fa-9e8b-367447b28397 tempest-DeleteServersTestJSON-811647842 tempest-DeleteServersTestJSON-811647842-project-member] compute_status_filter request filter added forbidden trait COMPUTE_STATUS_DISABLED {{(pid=93290) compute_status_filter /opt/stack/nova/nova/scheduler/request_filter.py:253}}
Jun 26 18:11:20.253617 np0000003773 nova-scheduler[93290]: DEBUG nova.scheduler.request_filter [None req-b6cda611-4613-44fa-9e8b-367447b28397 tempest-DeleteServersTestJSON-811647842 tempest-DeleteServersTestJSON-811647842-project-member] Request filter 'compute_status_filter' took 0.0 seconds {{(pid=93290) wrapper /opt/stack/nova/nova/scheduler/request_filter.py:46}}
Jun 26 18:11:20.254007 np0000003773 nova-scheduler[93290]: DEBUG nova.scheduler.request_filter [None req-b6cda611-4613-44fa-9e8b-367447b28397 tempest-DeleteServersTestJSON-811647842 tempest-DeleteServersTestJSON-811647842-project-member] Request filter 'accelerators_filter' took 0.0 seconds {{(pid=93290) wrapper /opt/stack/nova/nova/scheduler/request_filter.py:46}}
Jun 26 18:11:20.254211 np0000003773 nova-scheduler[93290]: DEBUG nova.scheduler.request_filter [None req-b6cda611-4613-44fa-9e8b-367447b28397 tempest-DeleteServersTestJSON-811647842 tempest-DeleteServersTestJSON-811647842-project-member] Request filter 'packed_virtqueue_filter' took 0.0 seconds {{(pid=93290) wrapper /opt/stack/nova/nova/scheduler/request_filter.py:46}}
Jun 26 18:11:20.254538 np0000003773 nova-scheduler[93290]: DEBUG nova.scheduler.request_filter [None req-b6cda611-4613-44fa-9e8b-367447b28397 tempest-DeleteServersTestJSON-811647842 tempest-DeleteServersTestJSON-811647842-project-member] Request filter 'remote_managed_ports_filter' took 0.0 seconds {{(pid=93290) wrapper /opt/stack/nova/nova/scheduler/request_filter.py:46}}
Jun 26 18:11:20.255572 np0000003773 nova-scheduler[93290]: DEBUG nova.scheduler.request_filter [None req-b6cda611-4613-44fa-9e8b-367447b28397 tempest-DeleteServersTestJSON-811647842 tempest-DeleteServersTestJSON-811647842-project-member] ephemeral_encryption_filter skipped {{(pid=93290) ephemeral_encryption_filter /opt/stack/nova/nova/scheduler/request_filter.py:426}}
Jun 26 18:11:20.256198 np0000003773 nova-scheduler[93290]: DEBUG nova.scheduler.request_filter [None req-b6cda611-4613-44fa-9e8b-367447b28397 tempest-DeleteServersTestJSON-811647842 tempest-DeleteServersTestJSON-811647842-project-member] virtio_sound_filter skipped {{(pid=93290) virtio_sound_filter /opt/stack/nova/nova/scheduler/request_filter.py:460}}
Jun 26 18:11:20.256449 np0000003773 nova-scheduler[93290]: DEBUG nova.scheduler.request_filter [None req-b6cda611-4613-44fa-9e8b-367447b28397 tempest-DeleteServersTestJSON-811647842 tempest-DeleteServersTestJSON-811647842-project-member] tpm_secret_security_filter skipped {{(pid=93290) tpm_secret_security_filter /opt/stack/nova/nova/scheduler/request_filter.py:477}}
Jun 26 18:11:20.861643 np0000003773 nova-scheduler[93290]: INFO nova.utils [None req-b6cda611-4613-44fa-9e8b-367447b28397 tempest-DeleteServersTestJSON-811647842 tempest-DeleteServersTestJSON-811647842-project-member] The cell worker thread pool ForkProcess-1.cell_worker is initialized
Jun 26 18:11:20.862012 np0000003773 nova-scheduler[93290]: DEBUG oslo_concurrency.lockutils [None req-b6cda611-4613-44fa-9e8b-367447b28397 tempest-DeleteServersTestJSON-811647842 tempest-DeleteServersTestJSON-811647842-project-member] Acquiring lock "594eb990-94b1-41a2-a84e-f2b1103c68e0" by "nova.context.set_target_cell..get_or_set_cached_cell_and_set_connections" {{(pid=93290) inner /opt/stack/data/venv/lib/python3.12/site-packages/oslo_concurrency/lockutils.py:511}}
Jun 26 18:11:20.865705 np0000003773 nova-scheduler[93290]: DEBUG oslo_concurrency.lockutils [None req-b6cda611-4613-44fa-9e8b-367447b28397 tempest-DeleteServersTestJSON-811647842 tempest-DeleteServersTestJSON-811647842-project-member] Lock "594eb990-94b1-41a2-a84e-f2b1103c68e0" acquired by "nova.context.set_target_cell..get_or_set_cached_cell_and_set_connections" :: waited 0.000s {{(pid=93290) inner /opt/stack/data/venv/lib/python3.12/site-packages/oslo_concurrency/lockutils.py:524}}
Jun 26 18:11:20.865705 np0000003773 nova-scheduler[93290]: DEBUG oslo_concurrency.lockutils [None req-b6cda611-4613-44fa-9e8b-367447b28397 tempest-DeleteServersTestJSON-811647842 tempest-DeleteServersTestJSON-811647842-project-member] Lock "594eb990-94b1-41a2-a84e-f2b1103c68e0" "released" by "nova.context.set_target_cell..get_or_set_cached_cell_and_set_connections" :: held 0.001s {{(pid=93290) inner /opt/stack/data/venv/lib/python3.12/site-packages/oslo_concurrency/lockutils.py:543}}
Jun 26 18:11:20.865705 np0000003773 nova-scheduler[93290]: INFO dbcounter [None req-b6cda611-4613-44fa-9e8b-367447b28397 tempest-DeleteServersTestJSON-811647842 tempest-DeleteServersTestJSON-811647842-project-member] Registered counter for database nova_cell1
Jun 26 18:11:20.902474 np0000003773 nova-scheduler[93290]: DEBUG oslo_db.sqlalchemy.engines [None req-b6cda611-4613-44fa-9e8b-367447b28397 tempest-DeleteServersTestJSON-811647842 tempest-DeleteServersTestJSON-811647842-project-member] MySQL server mode set to STRICT_TRANS_TABLES,STRICT_ALL_TABLES,NO_ZERO_IN_DATE,NO_ZERO_DATE,ERROR_FOR_DIVISION_BY_ZERO,TRADITIONAL,NO_ENGINE_SUBSTITUTION {{(pid=93290) _check_effective_sql_mode /opt/stack/data/venv/lib/python3.12/site-packages/oslo_db/sqlalchemy/engines.py:325}}
Jun 26 18:11:20.907778 np0000003773 nova-scheduler[93290]: DEBUG dbcounter [-] [93290] Writer thread running {{(pid=93290) stat_writer /opt/stack/data/venv/lib/python3.12/site-packages/dbcounter.py:102}}
Jun 26 18:11:20.970326 np0000003773 nova-scheduler[93290]: DEBUG oslo_db.sqlalchemy.engines [None req-b6cda611-4613-44fa-9e8b-367447b28397 tempest-DeleteServersTestJSON-811647842 tempest-DeleteServersTestJSON-811647842-project-member] Parent process 92082 forked (93290) with an open database connection, which is being discarded and recreated. {{(pid=93290) checkout /opt/stack/data/venv/lib/python3.12/site-packages/oslo_db/sqlalchemy/engines.py:402}}
Jun 26 18:11:21.012816 np0000003773 nova-scheduler[93290]: DEBUG dbcounter [-] [93290] Writer thread running {{(pid=93290) stat_writer /opt/stack/data/venv/lib/python3.12/site-packages/dbcounter.py:102}}
Jun 26 18:11:21.016900 np0000003773 nova-scheduler[93290]: DEBUG oslo_concurrency.lockutils [None req-b6cda611-4613-44fa-9e8b-367447b28397 tempest-DeleteServersTestJSON-811647842 tempest-DeleteServersTestJSON-811647842-project-member] Acquiring lock "594eb990-94b1-41a2-a84e-f2b1103c68e0" by "nova.context.set_target_cell..get_or_set_cached_cell_and_set_connections" {{(pid=93290) inner /opt/stack/data/venv/lib/python3.12/site-packages/oslo_concurrency/lockutils.py:511}}
Jun 26 18:11:21.016900 np0000003773 nova-scheduler[93290]: DEBUG oslo_concurrency.lockutils [None req-b6cda611-4613-44fa-9e8b-367447b28397 tempest-DeleteServersTestJSON-811647842 tempest-DeleteServersTestJSON-811647842-project-member] Lock "594eb990-94b1-41a2-a84e-f2b1103c68e0" acquired by "nova.context.set_target_cell..get_or_set_cached_cell_and_set_connections" :: waited 0.000s {{(pid=93290) inner /opt/stack/data/venv/lib/python3.12/site-packages/oslo_concurrency/lockutils.py:524}}
Jun 26 18:11:21.016900 np0000003773 nova-scheduler[93290]: DEBUG oslo_concurrency.lockutils [None req-b6cda611-4613-44fa-9e8b-367447b28397 tempest-DeleteServersTestJSON-811647842 tempest-DeleteServersTestJSON-811647842-project-member] Lock "594eb990-94b1-41a2-a84e-f2b1103c68e0" "released" by "nova.context.set_target_cell..get_or_set_cached_cell_and_set_connections" :: held 0.000s {{(pid=93290) inner /opt/stack/data/venv/lib/python3.12/site-packages/oslo_concurrency/lockutils.py:543}}
Jun 26 18:11:21.049888 np0000003773 nova-scheduler[93290]: DEBUG oslo_concurrency.lockutils [None req-b6cda611-4613-44fa-9e8b-367447b28397 tempest-DeleteServersTestJSON-811647842 tempest-DeleteServersTestJSON-811647842-project-member] Acquiring lock "('np0000003773', 'np0000003773')" by "nova.scheduler.host_manager.HostState.update.._locked_update" {{(pid=93290) inner /opt/stack/data/venv/lib/python3.12/site-packages/oslo_concurrency/lockutils.py:511}}
Jun 26 18:11:21.050050 np0000003773 nova-scheduler[93290]: DEBUG oslo_concurrency.lockutils [None req-b6cda611-4613-44fa-9e8b-367447b28397 tempest-DeleteServersTestJSON-811647842 tempest-DeleteServersTestJSON-811647842-project-member] Lock "('np0000003773', 'np0000003773')" acquired by "nova.scheduler.host_manager.HostState.update.._locked_update" :: waited 0.000s {{(pid=93290) inner /opt/stack/data/venv/lib/python3.12/site-packages/oslo_concurrency/lockutils.py:524}}
Jun 26 18:11:21.051364 np0000003773 nova-scheduler[93290]: DEBUG nova.scheduler.host_manager [None req-b6cda611-4613-44fa-9e8b-367447b28397 tempest-DeleteServersTestJSON-811647842 tempest-DeleteServersTestJSON-811647842-project-member] Update host state from compute node: ComputeNode(cpu_allocation_ratio=4.0,cpu_info='{"arch": "x86_64", "model": "EPYC-Milan", "vendor": "AMD", "topology": {"cells": 1, "sockets": 16, "cores": 1, "threads": 1}, "maxphysaddr": {"mode": "emulate", "bits": 40}, "features": ["vme", "fxsr", "vmcb-clean", "pae", "pat", "rdseed", "pfthreshold", "de", "tsc-deadline", "clwb", "mmx", "xgetbv1", "hypervisor", "sse4.2", "amd-psfd", "cr8legacy", "cmov", "pdpe1gb", "tsc", "pse36", "cx8", "umip", "popcnt", "arch-capabilities", "vaes", "mca", "sse4.1", "apic", "lfence-always-serializing", "pschange-mc-no", "xsaves", "pni", "f16c", "ibpb", "movbe", "3dnowprefetch", "pge", "ibrs", "tsc-scale", "xsaveopt", "rdpid", "rdrand", "osvw", "wbnoinvd", "clflush", "fxsr_opt", "clzero", "smep", "fma", "msr", "flushbyasid", "cx16", "null-sel-clr-base", "pse", "npt", "sep", "stibp", "cmp_legacy", "xsaveerptr", "rdtscp", "pcid", "avx", "nx", "stibp-always-on", "ssse3", "pause-filter", "v-vmsave-vmload", "abm", "mce", "spec-ctrl", "amd-ssbd", "arat", "bmi1", "mds-no", "fpu", "smap", "virt-ssbd", "fsrm", "adx", "sse4a", "misalignsse", "tsc_adjust", "lbrv", "sse", "bmi2", "erms", "sha-ni", "syscall", "lahf_lm", "amd-stibp", "ssbd", "mtrr", "topoext", "skip-l1dfl-vmentry", "vgif", "clflushopt", "invpcid", "xsave", "xsavec", "svme-addr-chk", "vpclmulqdq", "sse2", "pclmuldq", "nrip-save", "lm", "no-nested-data-bp", "avx2", "x2apic", "gds-no", "perfctr_core", "aes", "pku", "fsgsbase", "rdctl-no", "mmxext", "svm"]}',created_at=2026-06-26T18:08:51Z,current_workload=0,deleted=False,deleted_at=None,disk_allocation_ratio=1.0,disk_available_least=73,free_disk_gb=95,free_ram_mb=62765,host='np0000003773',host_ip=10.4.3.167,hypervisor_hostname='np0000003773',hypervisor_type='QEMU',hypervisor_version=8002002,id=1,local_gb=95,local_gb_used=0,mapped=1,memory_mb=63277,memory_mb_used=512,metrics='[]',numa_topology='{"nova_object.name": "NUMATopology", "nova_object.namespace": "nova", "nova_object.version": "1.2", "nova_object.data": {"cells": [{"nova_object.name": "NUMACell", "nova_object.namespace": "nova", "nova_object.version": "1.5", "nova_object.data": {"id": 0, "cpuset": [0, 1, 2, 3, 4, 5, 6, 7, 8, 9, 10, 11, 12, 13, 14, 15], "pcpuset": [0, 1, 2, 3, 4, 5, 6, 7, 8, 9, 10, 11, 12, 13, 14, 15], "memory": 63277, "cpu_usage": 0, "memory_usage": 0, "pinned_cpus": [], "siblings": [[6], [12], [2], [15], [5], [11], [8], [14], [4], [1], [7], [10], [0], [13], [3], [9]], "mempages": [{"nova_object.name": "NUMAPagesTopology", "nova_object.namespace": "nova", "nova_object.version": "1.1", "nova_object.data": {"size_kb": 4, "total": 16177928, "used": 0, "reserved": 0}, "nova_object.changes": ["reserved", "total", "used", "size_kb"]}, {"nova_object.name": "NUMAPagesTopology", "nova_object.namespace": "nova", "nova_object.version": "1.1", "nova_object.data": {"size_kb": 2048, "total": 41, "used": 0, "reserved": 0}, "nova_object.changes": ["reserved", "total", "used", "size_kb"]}, {"nova_object.name": "NUMAPagesTopology", "nova_object.namespace": "nova", "nova_object.version": "1.1", "nova_object.data": {"size_kb": 1048576, "total": 0, "used": 0, "reserved": 0}, "nova_object.changes": ["reserved", "total", "used", "size_kb"]}], "network_metadata": {"nova_object.name": "NetworkMetadata", "nova_object.namespace": "nova", "nova_object.version": "1.0", "nova_object.data": {"physnets": [], "tunneled": false}, "nova_object.changes": ["physnets", "tunneled"]}, "socket": null}, "nova_object.changes": ["siblings", "id", "pinned_cpus", "cpu_usage", "socket", "mempages", "cpuset", "memory_usage", "network_metadata", "pcpuset", "memory"]}]}, "nova_object.changes": ["cells"]}',pci_device_pools=PciDevicePoolList,ram_allocation_ratio=1.0,running_vms=0,service_id=4,stats={failed_builds='0',uptime=' 18:10:36 up 15 min, 2 users, load average: 1.50, 1.60, 0.93
Jun 26 18:11:21.051364 np0000003773 nova-scheduler[93290]: '},supported_hv_specs=[HVSpec,HVSpec,HVSpec,HVSpec,HVSpec,HVSpec,HVSpec,HVSpec,HVSpec,HVSpec,HVSpec,HVSpec,HVSpec,HVSpec,HVSpec,HVSpec,HVSpec,HVSpec,HVSpec,HVSpec,HVSpec,HVSpec,HVSpec,HVSpec,HVSpec],updated_at=2026-06-26T18:10:38Z,uuid=2b55e972-a474-46ba-856f-6cc034d1618b,vcpus=16,vcpus_used=0) {{(pid=93290) _locked_update /opt/stack/nova/nova/scheduler/host_manager.py:168}}
Jun 26 18:11:21.052187 np0000003773 nova-scheduler[93290]: DEBUG nova.scheduler.host_manager [None req-b6cda611-4613-44fa-9e8b-367447b28397 tempest-DeleteServersTestJSON-811647842 tempest-DeleteServersTestJSON-811647842-project-member] Update host state with aggregates: [] {{(pid=93290) _locked_update /opt/stack/nova/nova/scheduler/host_manager.py:171}}
Jun 26 18:11:21.052397 np0000003773 nova-scheduler[93290]: DEBUG nova.scheduler.host_manager [None req-b6cda611-4613-44fa-9e8b-367447b28397 tempest-DeleteServersTestJSON-811647842 tempest-DeleteServersTestJSON-811647842-project-member] Update host state with service dict: {'id': 4, 'uuid': 'be73d517-a203-41e8-ad12-9b626b05e338', 'host': 'np0000003773', 'binary': 'nova-compute', 'topic': 'compute', 'report_count': 2, 'disabled': False, 'disabled_reason': None, 'last_seen_up': datetime.datetime(2026, 6, 26, 18, 11, tzinfo=datetime.timezone.utc), 'forced_down': False, 'version': 72, 'created_at': datetime.datetime(2026, 6, 26, 18, 8, 49, tzinfo=datetime.timezone.utc), 'updated_at': datetime.datetime(2026, 6, 26, 18, 11, tzinfo=datetime.timezone.utc), 'deleted_at': None, 'deleted': False} {{(pid=93290) _locked_update /opt/stack/nova/nova/scheduler/host_manager.py:174}}
Jun 26 18:11:21.057648 np0000003773 nova-scheduler[93290]: DEBUG nova.scheduler.host_manager [None req-b6cda611-4613-44fa-9e8b-367447b28397 tempest-DeleteServersTestJSON-811647842 tempest-DeleteServersTestJSON-811647842-project-member] Update host state with instances: [] {{(pid=93290) _locked_update /opt/stack/nova/nova/scheduler/host_manager.py:177}}
Jun 26 18:11:21.057648 np0000003773 nova-scheduler[93290]: DEBUG oslo_concurrency.lockutils [None req-b6cda611-4613-44fa-9e8b-367447b28397 tempest-DeleteServersTestJSON-811647842 tempest-DeleteServersTestJSON-811647842-project-member] Lock "('np0000003773', 'np0000003773')" "released" by "nova.scheduler.host_manager.HostState.update.._locked_update" :: held 0.003s {{(pid=93290) inner /opt/stack/data/venv/lib/python3.12/site-packages/oslo_concurrency/lockutils.py:543}}
Jun 26 18:11:21.057648 np0000003773 nova-scheduler[93290]: DEBUG nova.filters [None req-b6cda611-4613-44fa-9e8b-367447b28397 tempest-DeleteServersTestJSON-811647842 tempest-DeleteServersTestJSON-811647842-project-member] Starting with 1 host(s) {{(pid=93290) get_filtered_objects /opt/stack/nova/nova/filters.py:70}}
Jun 26 18:11:21.057648 np0000003773 nova-scheduler[93290]: DEBUG nova.filters [None req-b6cda611-4613-44fa-9e8b-367447b28397 tempest-DeleteServersTestJSON-811647842 tempest-DeleteServersTestJSON-811647842-project-member] Filter ComputeFilter returned 1 host(s) {{(pid=93290) get_filtered_objects /opt/stack/nova/nova/filters.py:102}}
Jun 26 18:11:21.057648 np0000003773 nova-scheduler[93290]: DEBUG nova.filters [None req-b6cda611-4613-44fa-9e8b-367447b28397 tempest-DeleteServersTestJSON-811647842 tempest-DeleteServersTestJSON-811647842-project-member] Filter ComputeCapabilitiesFilter returned 1 host(s) {{(pid=93290) get_filtered_objects /opt/stack/nova/nova/filters.py:102}}
Jun 26 18:11:21.057648 np0000003773 nova-scheduler[93290]: DEBUG nova.filters [None req-b6cda611-4613-44fa-9e8b-367447b28397 tempest-DeleteServersTestJSON-811647842 tempest-DeleteServersTestJSON-811647842-project-member] Filter ImagePropertiesFilter returned 1 host(s) {{(pid=93290) get_filtered_objects /opt/stack/nova/nova/filters.py:102}}
Jun 26 18:11:21.057648 np0000003773 nova-scheduler[93290]: DEBUG nova.filters [None req-b6cda611-4613-44fa-9e8b-367447b28397 tempest-DeleteServersTestJSON-811647842 tempest-DeleteServersTestJSON-811647842-project-member] Filter ServerGroupAntiAffinityFilter returned 1 host(s) {{(pid=93290) get_filtered_objects /opt/stack/nova/nova/filters.py:102}}
Jun 26 18:11:21.057648 np0000003773 nova-scheduler[93290]: DEBUG nova.filters [None req-b6cda611-4613-44fa-9e8b-367447b28397 tempest-DeleteServersTestJSON-811647842 tempest-DeleteServersTestJSON-811647842-project-member] Filter ServerGroupAffinityFilter returned 1 host(s) {{(pid=93290) get_filtered_objects /opt/stack/nova/nova/filters.py:102}}
Jun 26 18:11:21.057648 np0000003773 nova-scheduler[93290]: DEBUG nova.filters [None req-b6cda611-4613-44fa-9e8b-367447b28397 tempest-DeleteServersTestJSON-811647842 tempest-DeleteServersTestJSON-811647842-project-member] Filter SameHostFilter returned 1 host(s) {{(pid=93290) get_filtered_objects /opt/stack/nova/nova/filters.py:102}}
Jun 26 18:11:21.057648 np0000003773 nova-scheduler[93290]: DEBUG nova.filters [None req-b6cda611-4613-44fa-9e8b-367447b28397 tempest-DeleteServersTestJSON-811647842 tempest-DeleteServersTestJSON-811647842-project-member] Filter DifferentHostFilter returned 1 host(s) {{(pid=93290) get_filtered_objects /opt/stack/nova/nova/filters.py:102}}
Jun 26 18:11:21.057648 np0000003773 nova-scheduler[93290]: DEBUG nova.scheduler.manager [None req-b6cda611-4613-44fa-9e8b-367447b28397 tempest-DeleteServersTestJSON-811647842 tempest-DeleteServersTestJSON-811647842-project-member] Filtered [(np0000003773, np0000003773) ram: 62765MB disk: 74752MB io_ops: 0 instances: 0, allocation_candidates: 1] {{(pid=93290) _get_sorted_hosts /opt/stack/nova/nova/scheduler/manager.py:743}}
Jun 26 18:11:21.057648 np0000003773 nova-scheduler[93290]: DEBUG nova.scheduler.manager [None req-b6cda611-4613-44fa-9e8b-367447b28397 tempest-DeleteServersTestJSON-811647842 tempest-DeleteServersTestJSON-811647842-project-member] Weighed [WeighedHost [host: (np0000003773, np0000003773) ram: 62765MB disk: 74752MB io_ops: 0 instances: 0, allocation_candidates: 1, weight: 0.0]] {{(pid=93290) _get_sorted_hosts /opt/stack/nova/nova/scheduler/manager.py:765}}
Jun 26 18:11:21.057648 np0000003773 nova-scheduler[93290]: DEBUG nova.scheduler.utils [None req-b6cda611-4613-44fa-9e8b-367447b28397 tempest-DeleteServersTestJSON-811647842 tempest-DeleteServersTestJSON-811647842-project-member] Attempting to claim resources in the placement API for instance a810e026-4cc7-42fc-a0d3-3a742925c8e7 {{(pid=93290) claim_resources /opt/stack/nova/nova/scheduler/utils.py:1345}}
Jun 26 18:11:21.369943 np0000003773 nova-scheduler[93290]: DEBUG nova.scheduler.manager [None req-b6cda611-4613-44fa-9e8b-367447b28397 tempest-DeleteServersTestJSON-811647842 tempest-DeleteServersTestJSON-811647842-project-member] [instance: a810e026-4cc7-42fc-a0d3-3a742925c8e7] Selected host: (np0000003773, np0000003773) ram: 62765MB disk: 74752MB io_ops: 0 instances: 0, allocation_candidates: 1 {{(pid=93290) _consume_selected_host /opt/stack/nova/nova/scheduler/manager.py:625}}
Jun 26 18:11:21.370708 np0000003773 nova-scheduler[93290]: DEBUG oslo_concurrency.lockutils [None req-b6cda611-4613-44fa-9e8b-367447b28397 tempest-DeleteServersTestJSON-811647842 tempest-DeleteServersTestJSON-811647842-project-member] Acquiring lock "('np0000003773', 'np0000003773')" by "nova.scheduler.host_manager.HostState.consume_from_request.._locked" {{(pid=93290) inner /opt/stack/data/venv/lib/python3.12/site-packages/oslo_concurrency/lockutils.py:511}}
Jun 26 18:11:21.370708 np0000003773 nova-scheduler[93290]: DEBUG oslo_concurrency.lockutils [None req-b6cda611-4613-44fa-9e8b-367447b28397 tempest-DeleteServersTestJSON-811647842 tempest-DeleteServersTestJSON-811647842-project-member] Lock "('np0000003773', 'np0000003773')" acquired by "nova.scheduler.host_manager.HostState.consume_from_request.._locked" :: waited 0.000s {{(pid=93290) inner /opt/stack/data/venv/lib/python3.12/site-packages/oslo_concurrency/lockutils.py:524}}
Jun 26 18:11:21.370846 np0000003773 nova-scheduler[93290]: DEBUG oslo_concurrency.lockutils [None req-b6cda611-4613-44fa-9e8b-367447b28397 tempest-DeleteServersTestJSON-811647842 tempest-DeleteServersTestJSON-811647842-project-member] Lock "('np0000003773', 'np0000003773')" "released" by "nova.scheduler.host_manager.HostState.consume_from_request.._locked" :: held 0.000s {{(pid=93290) inner /opt/stack/data/venv/lib/python3.12/site-packages/oslo_concurrency/lockutils.py:543}}
Jun 26 18:11:27.284319 np0000003773 nova-scheduler[93295]: DEBUG nova.scheduler.manager [None req-d03073cd-25fc-4997-a1cf-7559611fdb64 tempest-ServerActionsTestOtherA-1833132987 tempest-ServerActionsTestOtherA-1833132987-project-member] Starting to schedule for instances: ['642e8e78-788c-47fb-afa4-8a8bfb6fd0d3'] {{(pid=93295) select_destinations /opt/stack/nova/nova/scheduler/manager.py:210}}
Jun 26 18:11:27.284925 np0000003773 nova-scheduler[93295]: DEBUG nova.scheduler.request_filter [None req-d03073cd-25fc-4997-a1cf-7559611fdb64 tempest-ServerActionsTestOtherA-1833132987 tempest-ServerActionsTestOtherA-1833132987-project-member] compute_status_filter request filter added forbidden trait COMPUTE_STATUS_DISABLED {{(pid=93295) compute_status_filter /opt/stack/nova/nova/scheduler/request_filter.py:253}}
Jun 26 18:11:27.285244 np0000003773 nova-scheduler[93295]: DEBUG nova.scheduler.request_filter [None req-d03073cd-25fc-4997-a1cf-7559611fdb64 tempest-ServerActionsTestOtherA-1833132987 tempest-ServerActionsTestOtherA-1833132987-project-member] Request filter 'compute_status_filter' took 0.0 seconds {{(pid=93295) wrapper /opt/stack/nova/nova/scheduler/request_filter.py:46}}
Jun 26 18:11:27.286352 np0000003773 nova-scheduler[93295]: DEBUG nova.scheduler.request_filter [None req-d03073cd-25fc-4997-a1cf-7559611fdb64 tempest-ServerActionsTestOtherA-1833132987 tempest-ServerActionsTestOtherA-1833132987-project-member] Request filter 'accelerators_filter' took 0.0 seconds {{(pid=93295) wrapper /opt/stack/nova/nova/scheduler/request_filter.py:46}}
Jun 26 18:11:27.286809 np0000003773 nova-scheduler[93295]: DEBUG nova.scheduler.request_filter [None req-d03073cd-25fc-4997-a1cf-7559611fdb64 tempest-ServerActionsTestOtherA-1833132987 tempest-ServerActionsTestOtherA-1833132987-project-member] Request filter 'packed_virtqueue_filter' took 0.0 seconds {{(pid=93295) wrapper /opt/stack/nova/nova/scheduler/request_filter.py:46}}
Jun 26 18:11:27.287455 np0000003773 nova-scheduler[93295]: DEBUG nova.scheduler.request_filter [None req-d03073cd-25fc-4997-a1cf-7559611fdb64 tempest-ServerActionsTestOtherA-1833132987 tempest-ServerActionsTestOtherA-1833132987-project-member] Request filter 'remote_managed_ports_filter' took 0.0 seconds {{(pid=93295) wrapper /opt/stack/nova/nova/scheduler/request_filter.py:46}}
Jun 26 18:11:27.287715 np0000003773 nova-scheduler[93295]: DEBUG nova.scheduler.request_filter [None req-d03073cd-25fc-4997-a1cf-7559611fdb64 tempest-ServerActionsTestOtherA-1833132987 tempest-ServerActionsTestOtherA-1833132987-project-member] ephemeral_encryption_filter skipped {{(pid=93295) ephemeral_encryption_filter /opt/stack/nova/nova/scheduler/request_filter.py:426}}
Jun 26 18:11:27.287946 np0000003773 nova-scheduler[93295]: DEBUG nova.scheduler.request_filter [None req-d03073cd-25fc-4997-a1cf-7559611fdb64 tempest-ServerActionsTestOtherA-1833132987 tempest-ServerActionsTestOtherA-1833132987-project-member] virtio_sound_filter skipped {{(pid=93295) virtio_sound_filter /opt/stack/nova/nova/scheduler/request_filter.py:460}}
Jun 26 18:11:27.288158 np0000003773 nova-scheduler[93295]: DEBUG nova.scheduler.request_filter [None req-d03073cd-25fc-4997-a1cf-7559611fdb64 tempest-ServerActionsTestOtherA-1833132987 tempest-ServerActionsTestOtherA-1833132987-project-member] tpm_secret_security_filter skipped {{(pid=93295) tpm_secret_security_filter /opt/stack/nova/nova/scheduler/request_filter.py:477}}
Jun 26 18:11:27.403219 np0000003773 nova-scheduler[93295]: INFO nova.utils [None req-d03073cd-25fc-4997-a1cf-7559611fdb64 tempest-ServerActionsTestOtherA-1833132987 tempest-ServerActionsTestOtherA-1833132987-project-member] The cell worker thread pool ForkProcess-2.cell_worker is initialized
Jun 26 18:11:27.403616 np0000003773 nova-scheduler[93295]: DEBUG oslo_concurrency.lockutils [None req-d03073cd-25fc-4997-a1cf-7559611fdb64 tempest-ServerActionsTestOtherA-1833132987 tempest-ServerActionsTestOtherA-1833132987-project-member] Acquiring lock "594eb990-94b1-41a2-a84e-f2b1103c68e0" by "nova.context.set_target_cell..get_or_set_cached_cell_and_set_connections" {{(pid=93295) inner /opt/stack/data/venv/lib/python3.12/site-packages/oslo_concurrency/lockutils.py:511}}
Jun 26 18:11:27.403867 np0000003773 nova-scheduler[93295]: DEBUG oslo_concurrency.lockutils [None req-d03073cd-25fc-4997-a1cf-7559611fdb64 tempest-ServerActionsTestOtherA-1833132987 tempest-ServerActionsTestOtherA-1833132987-project-member] Lock "594eb990-94b1-41a2-a84e-f2b1103c68e0" acquired by "nova.context.set_target_cell..get_or_set_cached_cell_and_set_connections" :: waited 0.000s {{(pid=93295) inner /opt/stack/data/venv/lib/python3.12/site-packages/oslo_concurrency/lockutils.py:524}}
Jun 26 18:11:27.405973 np0000003773 nova-scheduler[93295]: DEBUG oslo_concurrency.lockutils [None req-d03073cd-25fc-4997-a1cf-7559611fdb64 tempest-ServerActionsTestOtherA-1833132987 tempest-ServerActionsTestOtherA-1833132987-project-member] Lock "594eb990-94b1-41a2-a84e-f2b1103c68e0" "released" by "nova.context.set_target_cell..get_or_set_cached_cell_and_set_connections" :: held 0.001s {{(pid=93295) inner /opt/stack/data/venv/lib/python3.12/site-packages/oslo_concurrency/lockutils.py:543}}
Jun 26 18:11:27.408513 np0000003773 nova-scheduler[93295]: INFO dbcounter [None req-d03073cd-25fc-4997-a1cf-7559611fdb64 tempest-ServerActionsTestOtherA-1833132987 tempest-ServerActionsTestOtherA-1833132987-project-member] Registered counter for database nova_cell1
Jun 26 18:11:27.458083 np0000003773 nova-scheduler[93295]: DEBUG oslo_db.sqlalchemy.engines [None req-d03073cd-25fc-4997-a1cf-7559611fdb64 tempest-ServerActionsTestOtherA-1833132987 tempest-ServerActionsTestOtherA-1833132987-project-member] MySQL server mode set to STRICT_TRANS_TABLES,STRICT_ALL_TABLES,NO_ZERO_IN_DATE,NO_ZERO_DATE,ERROR_FOR_DIVISION_BY_ZERO,TRADITIONAL,NO_ENGINE_SUBSTITUTION {{(pid=93295) _check_effective_sql_mode /opt/stack/data/venv/lib/python3.12/site-packages/oslo_db/sqlalchemy/engines.py:325}}
Jun 26 18:11:27.468384 np0000003773 nova-scheduler[93295]: DEBUG dbcounter [-] [93295] Writer thread running {{(pid=93295) stat_writer /opt/stack/data/venv/lib/python3.12/site-packages/dbcounter.py:102}}
Jun 26 18:11:27.557675 np0000003773 nova-scheduler[93295]: DEBUG dbcounter [-] [93295] Writer thread running {{(pid=93295) stat_writer /opt/stack/data/venv/lib/python3.12/site-packages/dbcounter.py:102}}
Jun 26 18:11:27.561813 np0000003773 nova-scheduler[93295]: DEBUG oslo_concurrency.lockutils [None req-d03073cd-25fc-4997-a1cf-7559611fdb64 tempest-ServerActionsTestOtherA-1833132987 tempest-ServerActionsTestOtherA-1833132987-project-member] Acquiring lock "594eb990-94b1-41a2-a84e-f2b1103c68e0" by "nova.context.set_target_cell..get_or_set_cached_cell_and_set_connections" {{(pid=93295) inner /opt/stack/data/venv/lib/python3.12/site-packages/oslo_concurrency/lockutils.py:511}}
Jun 26 18:11:27.561813 np0000003773 nova-scheduler[93295]: DEBUG oslo_concurrency.lockutils [None req-d03073cd-25fc-4997-a1cf-7559611fdb64 tempest-ServerActionsTestOtherA-1833132987 tempest-ServerActionsTestOtherA-1833132987-project-member] Lock "594eb990-94b1-41a2-a84e-f2b1103c68e0" acquired by "nova.context.set_target_cell..get_or_set_cached_cell_and_set_connections" :: waited 0.000s {{(pid=93295) inner /opt/stack/data/venv/lib/python3.12/site-packages/oslo_concurrency/lockutils.py:524}}
Jun 26 18:11:27.561813 np0000003773 nova-scheduler[93295]: DEBUG oslo_concurrency.lockutils [None req-d03073cd-25fc-4997-a1cf-7559611fdb64 tempest-ServerActionsTestOtherA-1833132987 tempest-ServerActionsTestOtherA-1833132987-project-member] Lock "594eb990-94b1-41a2-a84e-f2b1103c68e0" "released" by "nova.context.set_target_cell..get_or_set_cached_cell_and_set_connections" :: held 0.000s {{(pid=93295) inner /opt/stack/data/venv/lib/python3.12/site-packages/oslo_concurrency/lockutils.py:543}}
Jun 26 18:11:27.567518 np0000003773 nova-scheduler[93295]: DEBUG oslo_concurrency.lockutils [None req-d03073cd-25fc-4997-a1cf-7559611fdb64 tempest-ServerActionsTestOtherA-1833132987 tempest-ServerActionsTestOtherA-1833132987-project-member] Acquiring lock "('np0000003773', 'np0000003773')" by "nova.scheduler.host_manager.HostState.update.._locked_update" {{(pid=93295) inner /opt/stack/data/venv/lib/python3.12/site-packages/oslo_concurrency/lockutils.py:511}}
